The Swift Package Index logo.Swift Package Index

Build Information

Failed to build ToothpasteSqueezer, reference master (2b2cbf), with Swift 6.4 for Wasm on 16 Sep 2026 22:33:01 UTC.

Build Command

bash -c docker run --pull=always --rm -v "checkouts-54344845-0":/host -w "$PWD" -e JAVA_HOME="/root/.sdkman/candidates/java/current" -e SPI_BUILD="1" -e SPI_PROCESSING="1" registry.gitlab.com/saguaro1/spi-images:wasm-6.4-latest swift build --swift-sdk swift-6.4.x-DEVELOPMENT-SNAPSHOT-2026-09-04-a_wasm 2>&1

Build Log

========================================
RunAll
========================================
Builder version: 5.1.0
Interrupt handler set up.
========================================
Checkout
========================================
Clone URL: https://github.com/Samasaur1/ToothpasteSqueezer.git
Reference: master
Initialized empty Git repository in /host/spi-builder-workspace/.git/
hint: Using 'master' as the name for the initial branch. This default branch name
hint: is subject to change. To configure the initial branch name to use in all
hint: of your new repositories, which will suppress this warning, call:
hint:
hint: 	git config --global init.defaultBranch <name>
hint:
hint: Names commonly chosen instead of 'master' are 'main', 'trunk' and
hint: 'development'. The just-created branch can be renamed via this command:
hint:
hint: 	git branch -m <name>
From https://github.com/Samasaur1/ToothpasteSqueezer
 * branch            master     -> FETCH_HEAD
 * [new branch]      master     -> origin/master
HEAD is now at 2b2cbf3 Add executable product
Cloned https://github.com/Samasaur1/ToothpasteSqueezer.git
Revision (git rev-parse @):
2b2cbf39ee5c3335c7295948ed770f1241ac7f38
SUCCESS checkout https://github.com/Samasaur1/ToothpasteSqueezer.git at master
========================================
Build
========================================
Selected platform:         wasm
Swift version:             6.4
Building package at path:  $PWD
https://github.com/Samasaur1/ToothpasteSqueezer.git
Running build ...
bash -c docker run --pull=always --rm -v "checkouts-54344845-0":/host -w "$PWD" -e JAVA_HOME="/root/.sdkman/candidates/java/current" -e SPI_BUILD="1" -e SPI_PROCESSING="1" registry.gitlab.com/saguaro1/spi-images:wasm-6.4-latest swift build --swift-sdk swift-6.4.x-DEVELOPMENT-SNAPSHOT-2026-09-04-a_wasm 2>&1
wasm-6.4-latest: Pulling from saguaro1/spi-images
Digest: sha256:4328fdb43c680d205c1d6761b1e3267aa38277eefdda9ddfb17b6a0f1a77857a
Status: Image is up to date for registry.gitlab.com/saguaro1/spi-images:wasm-6.4-latest
Fetching https://github.com/Samasaur1/SwiftySCADKit
[1/236] Fetching swiftyscadkit
Fetched https://github.com/Samasaur1/SwiftySCADKit (0.47s)
Creating working copy for https://github.com/Samasaur1/SwiftySCADKit
Working copy of https://github.com/Samasaur1/SwiftySCADKit resolved at master (e1c3080)
Building for debugging...
[Planning deferred tasks]
[27 / 37] SwiftySCADKit
[35 / 40] ToothpasteSqueezer-product
[36 / 40] ToothpasteSqueezer-product
[38 / 41] SwiftySCADKit
error: SwiftCompile normal wasm32 /host/spi-builder-workspace/.build/checkouts/SwiftySCADKit/Sources/SwiftySCADKit/OpenSCAD.swift failed with a nonzero exit code. Command line:     cd /host
    builtin-SwiftPerFileCompile OpenSCAD.swift
/host/spi-builder-workspace/.build/checkouts/SwiftySCADKit/Sources/SwiftySCADKit/OpenSCAD.swift:38:16: error: cannot find 'Process' in scope
36 | public func OPENSCAD_copyToClipboard(_ scad: OpenSCAD) {
37 |     let pipe = Pipe()
38 |     let echo = Process()
   |                `- error: cannot find 'Process' in scope
39 |     echo.launchPath = "/bin/echo"
40 |     echo.arguments = ["-n", "\(scad.SCADValue)"]
/host/spi-builder-workspace/.build/checkouts/SwiftySCADKit/Sources/SwiftySCADKit/OpenSCAD.swift:43:18: error: cannot find 'Process' in scope
41 |     echo.standardOutput = pipe
42 |     echo.launch()
43 |     let pbcopy = Process()
   |                  `- error: cannot find 'Process' in scope
44 |     pbcopy.launchPath = "/usr/bin/pbcopy"
45 |     pbcopy.standardInput = pipe
Failed frontend command:
/usr/bin/swift-frontend -frontend -c /host/spi-builder-workspace/.build/checkouts/SwiftySCADKit/Sources/SwiftySCADKit/BasicShapes.swift /host/spi-builder-workspace/.build/checkouts/SwiftySCADKit/Sources/SwiftySCADKit/BooleanOperators.swift /host/spi-builder-workspace/.build/checkouts/SwiftySCADKit/Sources/SwiftySCADKit/Import.swift -primary-file /host/spi-builder-workspace/.build/checkouts/SwiftySCADKit/Sources/SwiftySCADKit/OpenSCAD.swift /host/spi-builder-workspace/.build/checkouts/SwiftySCADKit/Sources/SwiftySCADKit/Transformations.swift -emit-dependencies-path /host/spi-builder-workspace/.build/out/Intermediates.noindex/SwiftySCADKit.build/Debug-webassembly-wasm32/SwiftySCADKit-t.build/Objects-normal/wasm32/OpenSCAD.d -emit-const-values-path /host/spi-builder-workspace/.build/out/Intermediates.noindex/SwiftySCADKit.build/Debug-webassembly-wasm32/SwiftySCADKit-t.build/Objects-normal/wasm32/OpenSCAD.swiftconstvalues -emit-reference-dependencies-path /host/spi-builder-workspace/.build/out/Intermediates.noindex/SwiftySCADKit.build/Debug-webassembly-wasm32/SwiftySCADKit-t.build/Objects-normal/wasm32/OpenSCAD.swiftdeps -serialize-diagnostics-path /host/spi-builder-workspace/.build/out/Intermediates.noindex/SwiftySCADKit.build/Debug-webassembly-wasm32/SwiftySCADKit-t.build/Objects-normal/wasm32/OpenSCAD.dia -target wasm32-unknown-wasip1 -disable-objc-interop -sdk /root/.swiftpm/swift-sdks/swift-6.4.x-DEVELOPMENT-SNAPSHOT-2026-09-04-a_wasm.artifactbundle/swift-6.4.x-DEVELOPMENT-SNAPSHOT-2026-09-04-a_wasm/wasm32-unknown-wasip1/WASI.sdk -sysroot /root/.swiftpm/swift-sdks/swift-6.4.x-DEVELOPMENT-SNAPSHOT-2026-09-04-a_wasm.artifactbundle/swift-6.4.x-DEVELOPMENT-SNAPSHOT-2026-09-04-a_wasm/wasm32-unknown-wasip1/WASI.sdk -I /host/spi-builder-workspace/.build/out/Products/Debug-webassembly-wasm32 -module-cache-path /host/spi-builder-workspace/.build/out/ModuleCache.noindex -color-diagnostics -Xcc -fcolor-diagnostics -enable-testing -g -debug-info-format\=dwarf -dwarf-version\=4 -suppress-warnings -swift-version 4.2 -Onone -D SWIFT_PACKAGE -D DEBUG -D SWIFT_MODULE_RESOURCE_BUNDLE_UNAVAILABLE -D Xcode -serialize-debugging-options -enable-experimental-feature DebugDescriptionMacro -empty-abi-descriptor -external-plugin-path /usr/lib/swift/host/plugins/testing\#/usr/bin/swift-plugin-server -validate-clang-modules-once -clang-build-session-file /host/spi-builder-workspace/.build/out/ModuleCache.noindex/Session.modulevalidation -Xcc -working-directory -Xcc /host -resource-dir /root/.swiftpm/swift-sdks/swift-6.4.x-DEVELOPMENT-SNAPSHOT-2026-09-04-a_wasm.artifactbundle/swift-6.4.x-DEVELOPMENT-SNAPSHOT-2026-09-04-a_wasm/wasm32-unknown-wasip1/swift.xctoolchain/usr/lib/swift_static -use-static-resource-dir -enable-anonymous-context-mangled-names -file-compilation-dir /host -Xcc -resource-dir -Xcc /root/.swiftpm/swift-sdks/swift-6.4.x-DEVELOPMENT-SNAPSHOT-2026-09-04-a_wasm.artifactbundle/swift-6.4.x-DEVELOPMENT-SNAPSHOT-2026-09-04-a_wasm/wasm32-unknown-wasip1/swift.xctoolchain/usr/lib/swift_static/clang -Xcc -D_LIBCPP_HARDENING_MODE\=_LIBCPP_HARDENING_MODE_DEBUG -Xcc -fmodules-prune-interval\=86400 -Xcc -fmodules-prune-after\=345600 -Xcc -I/host/spi-builder-workspace/.build/out/Products/Debug-webassembly-wasm32/include -Xcc -I/host/spi-builder-workspace/.build/out/Intermediates.noindex/SwiftySCADKit.build/Debug-webassembly-wasm32/SwiftySCADKit-t.build/DerivedSources-normal/wasm32 -Xcc -I/host/spi-builder-workspace/.build/out/Intermediates.noindex/SwiftySCADKit.build/Debug-webassembly-wasm32/SwiftySCADKit-t.build/DerivedSources/wasm32 -Xcc -I/host/spi-builder-workspace/.build/out/Intermediates.noindex/SwiftySCADKit.build/Debug-webassembly-wasm32/SwiftySCADKit-t.build/DerivedSources -Xcc -DSWIFT_PACKAGE -Xcc -DDEBUG\=1 -no-auto-bridging-header-chaining -module-name SwiftySCADKit -const-gather-protocols-file /host/spi-builder-workspace/.build/out/Intermediates.noindex/SwiftySCADKit.build/Debug-webassembly-wasm32/SwiftySCADKit-t.build/Objects-normal/wasm32/SwiftySCADKit_const_extract_protocols.json -in-process-plugin-server-path /usr/lib/swift/host/libSwiftInProcPluginServer.so -plugin-path /usr/lib/swift/host/plugins -plugin-path /usr/local/lib/swift/host/plugins -parse-as-library -o /host/spi-builder-workspace/.build/out/Intermediates.noindex/SwiftySCADKit.build/Debug-webassembly-wasm32/SwiftySCADKit-t.build/Objects-normal/wasm32/OpenSCAD.o -index-unit-output-path /SwiftySCADKit.build/Debug-webassembly-wasm32/SwiftySCADKit-t.build/Objects-normal/wasm32/OpenSCAD.o -index-store-path /host/spi-builder-workspace/.build/out -index-system-modules
error: Build failed
BUILD FAILURE 6.4 wasm