Build Information
Failed to build WWKeyboardShadowView, reference 1.1.3 (3fee0d), with Swift 6.4 for watchOS using Xcode 27.0 on 22 Sep 2026 06:34:14 UTC.
Build Command
env DEVELOPER_DIR=/Applications/Xcode-27.0.0-Release.Candidate.app xcrun xcodebuild -IDEClonedSourcePackagesDirPathOverride=$PWD/.dependencies -skipMacroValidation -skipPackagePluginValidation -derivedDataPath $PWD/.derivedData build -scheme WWKeyboardShadowView -destination generic/platform=watchOSBuild Log
========================================
RunAll
========================================
Builder version: 5.1.0
Interrupt handler set up.
========================================
Checkout
========================================
Clone URL: https://github.com/William-Weng/WWKeyboardShadowView.git
Reference: 1.1.3
Initialized empty Git repository in /Users/admin/builder/spi-builder-workspace/.git/
From https://github.com/William-Weng/WWKeyboardShadowView
* tag 1.1.3 -> FETCH_HEAD
HEAD is now at 3fee0df - 加上自訂底邊高度的設定值
Cloned https://github.com/William-Weng/WWKeyboardShadowView.git
Revision (git rev-parse @):
3fee0dfdaae1be49d694c8390598be49a588b27c
SUCCESS checkout https://github.com/William-Weng/WWKeyboardShadowView.git at 1.1.3
========================================
Build
========================================
Selected platform: watchOS
Swift version: 6.4
Building package at path: $PWD
https://github.com/William-Weng/WWKeyboardShadowView.git
Command line invocation:
/Applications/Xcode-27.0.0-Release.Candidate.app/Contents/Developer/usr/bin/xcodebuild -IDEClonedSourcePackagesDirPathOverride=/Users/admin/builder/spi-builder-workspace/.dependencies -resolvePackageDependencies
Resolve Package Graph
Resolve Package Graph
Resolved source packages:
WWKeyboardShadowView: /Users/admin/builder/spi-builder-workspace
resolved source packages: WWKeyboardShadowView
2026-09-22 02:33:25.836 xcodebuild[529:3036] [MT] IDERunDestination: Supported platforms for the buildables in the current scheme is empty.
{
"dependencies" : [
],
"manifest_display_name" : "WWKeyboardShadowView",
"name" : "WWKeyboardShadowView",
"path" : "/Users/admin/builder/spi-builder-workspace",
"platforms" : [
{
"name" : "ios",
"version" : "15.0"
}
],
"products" : [
{
"name" : "WWKeyboardShadowView",
"targets" : [
"WWKeyboardShadowView"
],
"type" : {
"library" : [
"automatic"
]
}
}
],
"swift_languages_versions" : [
"5"
],
"targets" : [
{
"c99name" : "WWKeyboardShadowView",
"module_type" : "SwiftTarget",
"name" : "WWKeyboardShadowView",
"path" : "Sources/WWKeyboardShadowView",
"product_memberships" : [
"WWKeyboardShadowView"
],
"resources" : [
{
"path" : "/Users/admin/builder/spi-builder-workspace/Sources/WWKeyboardShadowView/Privacy",
"rule" : {
"copy" : {
}
}
},
{
"path" : "/Users/admin/builder/spi-builder-workspace/Sources/WWKeyboardShadowView/Xib/WWKeyboardShadowView.xib",
"rule" : {
"process" : {
}
}
}
],
"sources" : [
"Utility/Constant.swift",
"Utility/Delegate.swift",
"Utility/Extension.swift",
"WWKeyboardShadowView.swift"
],
"type" : "library"
}
],
"tools_version" : "5.7"
}
{
"workspace" : {
"name" : "WWKeyboardShadowView",
"schemes" : [
"WWKeyboardShadowView"
]
}
}
2026-09-22 02:34:06.837 xcodebuild[654:4171] [MT] IDERunDestination: Supported platforms for the buildables in the current scheme is empty.
Running build ...
env DEVELOPER_DIR=/Applications/Xcode-27.0.0-Release.Candidate.app xcrun xcodebuild -IDEClonedSourcePackagesDirPathOverride=$PWD/.dependencies -skipMacroValidation -skipPackagePluginValidation -derivedDataPath $PWD/.derivedData build -scheme WWKeyboardShadowView -destination generic/platform=watchOS
Command line invocation:
/Applications/Xcode-27.0.0-Release.Candidate.app/Contents/Developer/usr/bin/xcodebuild -IDEClonedSourcePackagesDirPathOverride=/Users/admin/builder/spi-builder-workspace/.dependencies -skipMacroValidation -skipPackagePluginValidation -derivedDataPath /Users/admin/builder/spi-builder-workspace/.derivedData build -scheme WWKeyboardShadowView -destination generic/platform=watchOS
Resolve Package Graph
Resolved source packages:
WWKeyboardShadowView: /Users/admin/builder/spi-builder-workspace
ComputePackagePrebuildTargetDependencyGraph
Prepare packages
CreateBuildRequest
SendProjectDescription
CreateBuildOperation
ComputeTargetDependencyGraph
note: Building targets in dependency order
note: Target dependency graph (3 targets)
Target 'WWKeyboardShadowView-product' in project 'WWKeyboardShadowView'
➜ Explicit dependency on target 'WWKeyboardShadowView' in project 'WWKeyboardShadowView'
➜ Explicit dependency on target 'WWKeyboardShadowView_WWKeyboardShadowView' in project 'WWKeyboardShadowView'
Target 'WWKeyboardShadowView' in project 'WWKeyboardShadowView'
➜ Explicit dependency on target 'WWKeyboardShadowView_WWKeyboardShadowView' in project 'WWKeyboardShadowView'
Target 'WWKeyboardShadowView_WWKeyboardShadowView' in project 'WWKeyboardShadowView' (no dependencies)
GatherProvisioningInputs
CreateBuildDescription
ExecuteExternalTool /Applications/Xcode-27.0.0-Release.Candidate.app/Contents/Developer/Toolchains/XcodeDefault.xctoolchain/usr/bin/clang -v -E -dM -isysroot /Applications/Xcode-27.0.0-Release.Candidate.app/Contents/Developer/Platforms/WatchOS.platform/Developer/SDKs/WatchOS27.0.sdk -x c -c /dev/null
ExecuteExternalTool /Applications/Xcode-27.0.0-Release.Candidate.app/Contents/Developer/Toolchains/XcodeDefault.xctoolchain/usr/bin/swiftc --version
ExecuteExternalTool /Applications/Xcode-27.0.0-Release.Candidate.app/Contents/Developer/usr/bin/ibtool --version --output-format xml1
ExecuteExternalTool /Applications/Xcode-27.0.0-Release.Candidate.app/Contents/Developer/Toolchains/XcodeDefault.xctoolchain/usr/bin/ld -version_details
Build description signature: 6b039ba0a9257b28ce4cc131fa9854bc
Build description path: /Users/admin/builder/spi-builder-workspace/.derivedData/Build/Intermediates.noindex/XCBuildData/6b039ba0a9257b28ce4cc131fa9854bc.xcbuilddata
CreateBuildDirectory /Users/admin/builder/spi-builder-workspace/.derivedData/ModuleCache.noindex
cd /Users/admin/builder/spi-builder-workspace/.swiftpm/xcode
builtin-create-build-directory /Users/admin/builder/spi-builder-workspace/.derivedData/ModuleCache.noindex
CreateBuildDirectory /Users/admin/builder/spi-builder-workspace/.derivedData/SDKExplicitPrecompiledModules
cd /Users/admin/builder/spi-builder-workspace/.swiftpm/xcode
builtin-create-build-directory /Users/admin/builder/spi-builder-workspace/.derivedData/SDKExplicitPrecompiledModules
CreateBuildDirectory /Users/admin/builder/spi-builder-workspace/.derivedData/CompilationCache.noindex
cd /Users/admin/builder/spi-builder-workspace/.swiftpm/xcode
builtin-create-build-directory /Users/admin/builder/spi-builder-workspace/.derivedData/CompilationCache.noindex
CreateBuildDirectory /Users/admin/builder/spi-builder-workspace/.derivedData/Build/Products
cd /Users/admin/builder/spi-builder-workspace/.swiftpm/xcode
builtin-create-build-directory /Users/admin/builder/spi-builder-workspace/.derivedData/Build/Products
CreateBuildDirectory /Users/admin/builder/spi-builder-workspace/.derivedData/Build/Intermediates.noindex
cd /Users/admin/builder/spi-builder-workspace/.swiftpm/xcode
builtin-create-build-directory /Users/admin/builder/spi-builder-workspace/.derivedData/Build/Intermediates.noindex
ClangStatCache /Applications/Xcode-27.0.0-Release.Candidate.app/Contents/Developer/Toolchains/XcodeDefault.xctoolchain/usr/bin/clang-stat-cache /Applications/Xcode-27.0.0-Release.Candidate.app/Contents/Developer/Platforms/WatchOS.platform/Developer/SDKs/WatchOS27.0.sdk /Users/admin/builder/spi-builder-workspace/.derivedData/SDKStatCaches.noindex/watchos27.0-24R360-e829b21a6f8c9b70876ba0858053c04477534ef55a1706bf4c1112bbb242f0a2.sdkstatcache
cd /Users/admin/builder/spi-builder-workspace/.swiftpm/xcode
/Applications/Xcode-27.0.0-Release.Candidate.app/Contents/Developer/Toolchains/XcodeDefault.xctoolchain/usr/bin/clang-stat-cache /Applications/Xcode-27.0.0-Release.Candidate.app/Contents/Developer/Platforms/WatchOS.platform/Developer/SDKs/WatchOS27.0.sdk -o /Users/admin/builder/spi-builder-workspace/.derivedData/SDKStatCaches.noindex/watchos27.0-24R360-e829b21a6f8c9b70876ba0858053c04477534ef55a1706bf4c1112bbb242f0a2.sdkstatcache
CreateBuildDirectory /Users/admin/builder/spi-builder-workspace/.derivedData/Build/Intermediates.noindex/SwiftExplicitPrecompiledModules
cd /Users/admin/builder/spi-builder-workspace/.swiftpm/xcode
builtin-create-build-directory /Users/admin/builder/spi-builder-workspace/.derivedData/Build/Intermediates.noindex/SwiftExplicitPrecompiledModules
CreateBuildDirectory /Users/admin/builder/spi-builder-workspace/.derivedData/Build/Intermediates.noindex/PrecompiledHeaders
cd /Users/admin/builder/spi-builder-workspace/.swiftpm/xcode
builtin-create-build-directory /Users/admin/builder/spi-builder-workspace/.derivedData/Build/Intermediates.noindex/PrecompiledHeaders
CreateBuildDirectory /Users/admin/builder/spi-builder-workspace/.derivedData/Build/Intermediates.noindex/ExplicitPrecompiledModules
cd /Users/admin/builder/spi-builder-workspace/.swiftpm/xcode
builtin-create-build-directory /Users/admin/builder/spi-builder-workspace/.derivedData/Build/Intermediates.noindex/ExplicitPrecompiledModules
CreateBuildDirectory /Users/admin/builder/spi-builder-workspace/.derivedData/Build/Products/Debug-watchos
cd /Users/admin/builder/spi-builder-workspace/.swiftpm/xcode
builtin-create-build-directory /Users/admin/builder/spi-builder-workspace/.derivedData/Build/Products/Debug-watchos
CreateBuildDirectory /Users/admin/builder/spi-builder-workspace/.derivedData/Build/Intermediates.noindex/EagerLinkingTBDs/Debug-watchos
cd /Users/admin/builder/spi-builder-workspace/.swiftpm/xcode
builtin-create-build-directory /Users/admin/builder/spi-builder-workspace/.derivedData/Build/Intermediates.noindex/EagerLinkingTBDs/Debug-watchos
CreateBuildDirectory /Users/admin/builder/spi-builder-workspace/.derivedData/Build/Products/Debug-watchos/PackageFrameworks
cd /Users/admin/builder/spi-builder-workspace/.swiftpm/xcode
builtin-create-build-directory /Users/admin/builder/spi-builder-workspace/.derivedData/Build/Products/Debug-watchos/PackageFrameworks
MkDir /Users/admin/builder/spi-builder-workspace/.derivedData/Build/Products/Debug-watchos/WWKeyboardShadowView_WWKeyboardShadowView.bundle (in target 'WWKeyboardShadowView_WWKeyboardShadowView' from project 'WWKeyboardShadowView')
cd /Users/admin/builder/spi-builder-workspace
/bin/mkdir -p /Users/admin/builder/spi-builder-workspace/.derivedData/Build/Products/Debug-watchos/WWKeyboardShadowView_WWKeyboardShadowView.bundle
WriteAuxiliaryFile /Users/admin/builder/spi-builder-workspace/.derivedData/Build/Intermediates.noindex/WWKeyboardShadowView.build/Debug-watchos/WWKeyboardShadowView-t.build/WWKeyboardShadowView.modulemap (in target 'WWKeyboardShadowView' from project 'WWKeyboardShadowView')
cd /Users/admin/builder/spi-builder-workspace
write-file /Users/admin/builder/spi-builder-workspace/.derivedData/Build/Intermediates.noindex/WWKeyboardShadowView.build/Debug-watchos/WWKeyboardShadowView-t.build/WWKeyboardShadowView.modulemap
WriteAuxiliaryFile /Users/admin/builder/spi-builder-workspace/.derivedData/Build/Intermediates.noindex/WWKeyboardShadowView.build/Debug-watchos/WWKeyboardShadowView_WWKeyboardShadowView-b.build/empty-WWKeyboardShadowView_WWKeyboardShadowView.plist (in target 'WWKeyboardShadowView_WWKeyboardShadowView' from project 'WWKeyboardShadowView')
cd /Users/admin/builder/spi-builder-workspace
write-file /Users/admin/builder/spi-builder-workspace/.derivedData/Build/Intermediates.noindex/WWKeyboardShadowView.build/Debug-watchos/WWKeyboardShadowView_WWKeyboardShadowView-b.build/empty-WWKeyboardShadowView_WWKeyboardShadowView.plist
WriteAuxiliaryFile /Users/admin/builder/spi-builder-workspace/.derivedData/Build/Intermediates.noindex/WWKeyboardShadowView.build/Debug-watchos/WWKeyboardShadowView_WWKeyboardShadowView-b.build/WWKeyboardShadowView_WWKeyboardShadowView.DependencyStaticMetadataFileList (in target 'WWKeyboardShadowView_WWKeyboardShadowView' from project 'WWKeyboardShadowView')
cd /Users/admin/builder/spi-builder-workspace
write-file /Users/admin/builder/spi-builder-workspace/.derivedData/Build/Intermediates.noindex/WWKeyboardShadowView.build/Debug-watchos/WWKeyboardShadowView_WWKeyboardShadowView-b.build/WWKeyboardShadowView_WWKeyboardShadowView.DependencyStaticMetadataFileList
WriteAuxiliaryFile /Users/admin/builder/spi-builder-workspace/.derivedData/Build/Intermediates.noindex/WWKeyboardShadowView.build/Debug-watchos/WWKeyboardShadowView-t.build/WWKeyboardShadowView.DependencyMetadataFileList (in target 'WWKeyboardShadowView' from project 'WWKeyboardShadowView')
cd /Users/admin/builder/spi-builder-workspace
write-file /Users/admin/builder/spi-builder-workspace/.derivedData/Build/Intermediates.noindex/WWKeyboardShadowView.build/Debug-watchos/WWKeyboardShadowView-t.build/WWKeyboardShadowView.DependencyMetadataFileList
WriteAuxiliaryFile /Users/admin/builder/spi-builder-workspace/.derivedData/Build/Intermediates.noindex/WWKeyboardShadowView.build/Debug-watchos/WWKeyboardShadowView_WWKeyboardShadowView-b.build/WWKeyboardShadowView_WWKeyboardShadowView.DependencyMetadataFileList (in target 'WWKeyboardShadowView_WWKeyboardShadowView' from project 'WWKeyboardShadowView')
cd /Users/admin/builder/spi-builder-workspace
write-file /Users/admin/builder/spi-builder-workspace/.derivedData/Build/Intermediates.noindex/WWKeyboardShadowView.build/Debug-watchos/WWKeyboardShadowView_WWKeyboardShadowView-b.build/WWKeyboardShadowView_WWKeyboardShadowView.DependencyMetadataFileList
WriteAuxiliaryFile /Users/admin/builder/spi-builder-workspace/.derivedData/Build/Intermediates.noindex/WWKeyboardShadowView.build/Debug-watchos/WWKeyboardShadowView-t.build/WWKeyboardShadowView.DependencyStaticMetadataFileList (in target 'WWKeyboardShadowView' from project 'WWKeyboardShadowView')
cd /Users/admin/builder/spi-builder-workspace
write-file /Users/admin/builder/spi-builder-workspace/.derivedData/Build/Intermediates.noindex/WWKeyboardShadowView.build/Debug-watchos/WWKeyboardShadowView-t.build/WWKeyboardShadowView.DependencyStaticMetadataFileList
WriteAuxiliaryFile /Users/admin/builder/spi-builder-workspace/.derivedData/Build/Intermediates.noindex/WWKeyboardShadowView.build/Debug-watchos/WWKeyboardShadowView-t.build/Objects-normal/arm64_32/WWKeyboardShadowView.SwiftConstValuesFileList (in target 'WWKeyboardShadowView' from project 'WWKeyboardShadowView')
cd /Users/admin/builder/spi-builder-workspace
write-file /Users/admin/builder/spi-builder-workspace/.derivedData/Build/Intermediates.noindex/WWKeyboardShadowView.build/Debug-watchos/WWKeyboardShadowView-t.build/Objects-normal/arm64_32/WWKeyboardShadowView.SwiftConstValuesFileList
WriteAuxiliaryFile /Users/admin/builder/spi-builder-workspace/.derivedData/Build/Intermediates.noindex/WWKeyboardShadowView.build/Debug-watchos/WWKeyboardShadowView-t.build/Objects-normal/arm64_32/WWKeyboardShadowView_const_extract_protocols.json (in target 'WWKeyboardShadowView' from project 'WWKeyboardShadowView')
cd /Users/admin/builder/spi-builder-workspace
write-file /Users/admin/builder/spi-builder-workspace/.derivedData/Build/Intermediates.noindex/WWKeyboardShadowView.build/Debug-watchos/WWKeyboardShadowView-t.build/Objects-normal/arm64_32/WWKeyboardShadowView_const_extract_protocols.json
WriteAuxiliaryFile /Users/admin/builder/spi-builder-workspace/.derivedData/Build/Intermediates.noindex/WWKeyboardShadowView.build/Debug-watchos/WWKeyboardShadowView-t.build/Objects-normal/arm64_32/WWKeyboardShadowView.SwiftFileList (in target 'WWKeyboardShadowView' from project 'WWKeyboardShadowView')
cd /Users/admin/builder/spi-builder-workspace
write-file /Users/admin/builder/spi-builder-workspace/.derivedData/Build/Intermediates.noindex/WWKeyboardShadowView.build/Debug-watchos/WWKeyboardShadowView-t.build/Objects-normal/arm64_32/WWKeyboardShadowView.SwiftFileList
WriteAuxiliaryFile /Users/admin/builder/spi-builder-workspace/.derivedData/Build/Intermediates.noindex/WWKeyboardShadowView.build/Debug-watchos/WWKeyboardShadowView-t.build/Objects-normal/arm64_32/WWKeyboardShadowView.LinkFileList (in target 'WWKeyboardShadowView' from project 'WWKeyboardShadowView')
cd /Users/admin/builder/spi-builder-workspace
write-file /Users/admin/builder/spi-builder-workspace/.derivedData/Build/Intermediates.noindex/WWKeyboardShadowView.build/Debug-watchos/WWKeyboardShadowView-t.build/Objects-normal/arm64_32/WWKeyboardShadowView.LinkFileList
WriteAuxiliaryFile /Users/admin/builder/spi-builder-workspace/.derivedData/Build/Intermediates.noindex/WWKeyboardShadowView.build/Debug-watchos/WWKeyboardShadowView-t.build/Objects-normal/arm64_32/WWKeyboardShadowView-OutputFileMap.json (in target 'WWKeyboardShadowView' from project 'WWKeyboardShadowView')
cd /Users/admin/builder/spi-builder-workspace
write-file /Users/admin/builder/spi-builder-workspace/.derivedData/Build/Intermediates.noindex/WWKeyboardShadowView.build/Debug-watchos/WWKeyboardShadowView-t.build/Objects-normal/arm64_32/WWKeyboardShadowView-OutputFileMap.json
WriteAuxiliaryFile /Users/admin/builder/spi-builder-workspace/.derivedData/Build/Intermediates.noindex/WWKeyboardShadowView.build/Debug-watchos/WWKeyboardShadowView-t.build/Objects-normal/arm64/WWKeyboardShadowView.SwiftFileList (in target 'WWKeyboardShadowView' from project 'WWKeyboardShadowView')
cd /Users/admin/builder/spi-builder-workspace
write-file /Users/admin/builder/spi-builder-workspace/.derivedData/Build/Intermediates.noindex/WWKeyboardShadowView.build/Debug-watchos/WWKeyboardShadowView-t.build/Objects-normal/arm64/WWKeyboardShadowView.SwiftFileList
WriteAuxiliaryFile /Users/admin/builder/spi-builder-workspace/.derivedData/Build/Intermediates.noindex/WWKeyboardShadowView.build/Debug-watchos/WWKeyboardShadowView-t.build/Objects-normal/arm64/WWKeyboardShadowView_const_extract_protocols.json (in target 'WWKeyboardShadowView' from project 'WWKeyboardShadowView')
cd /Users/admin/builder/spi-builder-workspace
write-file /Users/admin/builder/spi-builder-workspace/.derivedData/Build/Intermediates.noindex/WWKeyboardShadowView.build/Debug-watchos/WWKeyboardShadowView-t.build/Objects-normal/arm64/WWKeyboardShadowView_const_extract_protocols.json
WriteAuxiliaryFile /Users/admin/builder/spi-builder-workspace/.derivedData/Build/Intermediates.noindex/WWKeyboardShadowView.build/Debug-watchos/WWKeyboardShadowView-t.build/Objects-normal/arm64/WWKeyboardShadowView.SwiftConstValuesFileList (in target 'WWKeyboardShadowView' from project 'WWKeyboardShadowView')
cd /Users/admin/builder/spi-builder-workspace
write-file /Users/admin/builder/spi-builder-workspace/.derivedData/Build/Intermediates.noindex/WWKeyboardShadowView.build/Debug-watchos/WWKeyboardShadowView-t.build/Objects-normal/arm64/WWKeyboardShadowView.SwiftConstValuesFileList
WriteAuxiliaryFile /Users/admin/builder/spi-builder-workspace/.derivedData/Build/Intermediates.noindex/WWKeyboardShadowView.build/Debug-watchos/WWKeyboardShadowView-t.build/Objects-normal/arm64/WWKeyboardShadowView.LinkFileList (in target 'WWKeyboardShadowView' from project 'WWKeyboardShadowView')
cd /Users/admin/builder/spi-builder-workspace
write-file /Users/admin/builder/spi-builder-workspace/.derivedData/Build/Intermediates.noindex/WWKeyboardShadowView.build/Debug-watchos/WWKeyboardShadowView-t.build/Objects-normal/arm64/WWKeyboardShadowView.LinkFileList
WriteAuxiliaryFile /Users/admin/builder/spi-builder-workspace/.derivedData/Build/Intermediates.noindex/WWKeyboardShadowView.build/Debug-watchos/WWKeyboardShadowView-t.build/Objects-normal/arm64/WWKeyboardShadowView-OutputFileMap.json (in target 'WWKeyboardShadowView' from project 'WWKeyboardShadowView')
cd /Users/admin/builder/spi-builder-workspace
write-file /Users/admin/builder/spi-builder-workspace/.derivedData/Build/Intermediates.noindex/WWKeyboardShadowView.build/Debug-watchos/WWKeyboardShadowView-t.build/Objects-normal/arm64/WWKeyboardShadowView-OutputFileMap.json
WriteAuxiliaryFile /Users/admin/builder/spi-builder-workspace/.derivedData/Build/Intermediates.noindex/WWKeyboardShadowView.build/Debug-watchos/WWKeyboardShadowView-t.build/DerivedSources/resource_bundle_accessor.swift (in target 'WWKeyboardShadowView' from project 'WWKeyboardShadowView')
cd /Users/admin/builder/spi-builder-workspace
write-file /Users/admin/builder/spi-builder-workspace/.derivedData/Build/Intermediates.noindex/WWKeyboardShadowView.build/Debug-watchos/WWKeyboardShadowView-t.build/DerivedSources/resource_bundle_accessor.swift
Copy /Users/admin/builder/spi-builder-workspace/.derivedData/Build/Intermediates.noindex/GeneratedModuleMaps-watchos/WWKeyboardShadowView.modulemap /Users/admin/builder/spi-builder-workspace/.derivedData/Build/Intermediates.noindex/WWKeyboardShadowView.build/Debug-watchos/WWKeyboardShadowView-t.build/WWKeyboardShadowView.modulemap (in target 'WWKeyboardShadowView' from project 'WWKeyboardShadowView')
cd /Users/admin/builder/spi-builder-workspace
builtin-copy -exclude .DS_Store -exclude CVS -exclude .svn -exclude .git -exclude .hg -resolve-src-symlinks /Users/admin/builder/spi-builder-workspace/.derivedData/Build/Intermediates.noindex/WWKeyboardShadowView.build/Debug-watchos/WWKeyboardShadowView-t.build/WWKeyboardShadowView.modulemap /Users/admin/builder/spi-builder-workspace/.derivedData/Build/Intermediates.noindex/GeneratedModuleMaps-watchos
CpResource /Users/admin/builder/spi-builder-workspace/.derivedData/Build/Products/Debug-watchos/WWKeyboardShadowView_WWKeyboardShadowView.bundle/Privacy /Users/admin/builder/spi-builder-workspace/Sources/WWKeyboardShadowView/Privacy (in target 'WWKeyboardShadowView_WWKeyboardShadowView' from project 'WWKeyboardShadowView')
cd /Users/admin/builder/spi-builder-workspace
builtin-copy -exclude .DS_Store -exclude CVS -exclude .svn -exclude .git -exclude .hg -resolve-src-symlinks /Users/admin/builder/spi-builder-workspace/Sources/WWKeyboardShadowView/Privacy /Users/admin/builder/spi-builder-workspace/.derivedData/Build/Products/Debug-watchos/WWKeyboardShadowView_WWKeyboardShadowView.bundle
CompileXIB /Users/admin/builder/spi-builder-workspace/Sources/WWKeyboardShadowView/Xib/WWKeyboardShadowView.xib (in target 'WWKeyboardShadowView_WWKeyboardShadowView' from project 'WWKeyboardShadowView')
cd /Users/admin/builder/spi-builder-workspace
/Applications/Xcode-27.0.0-Release.Candidate.app/Contents/Developer/usr/bin/ibtool --errors --warnings --notices --module WWKeyboardShadowView_WWKeyboardShadowView --output-partial-info-plist /Users/admin/builder/spi-builder-workspace/.derivedData/Build/Intermediates.noindex/WWKeyboardShadowView.build/Debug-watchos/WWKeyboardShadowView_WWKeyboardShadowView-b.build/WWKeyboardShadowView-PartialInfo.plist --auto-activate-custom-fonts --target-device watch --minimum-deployment-target 9.0 --output-format human-readable-text --compile /Users/admin/builder/spi-builder-workspace/.derivedData/Build/Products/Debug-watchos/WWKeyboardShadowView_WWKeyboardShadowView.bundle/WWKeyboardShadowView.nib /Users/admin/builder/spi-builder-workspace/Sources/WWKeyboardShadowView/Xib/WWKeyboardShadowView.xib
/* com.apple.ibtool.errors */
/Users/admin/builder/spi-builder-workspace/Sources/WWKeyboardShadowView/Xib/WWKeyboardShadowView.xib: error: iOS xibs do not support target device type "watch".
PruneExplicitPrecompiledModules /Users/admin/builder/spi-builder-workspace/.derivedData/Build/Intermediates.noindex/SwiftExplicitPrecompiledModules
PruneExplicitPrecompiledModules /Users/admin/builder/spi-builder-workspace/.derivedData/SDKExplicitPrecompiledModules
PruneExplicitPrecompiledModules /Users/admin/builder/spi-builder-workspace/.derivedData/Build/Intermediates.noindex/ExplicitPrecompiledModules
2026-09-22 02:34:08.442 xcodebuild[655:4220] [MT] IDERunDestination: Supported platforms for the buildables in the current scheme is empty.
** BUILD FAILED **
The following build commands failed:
CompileXIB /Users/admin/builder/spi-builder-workspace/Sources/WWKeyboardShadowView/Xib/WWKeyboardShadowView.xib (in target 'WWKeyboardShadowView_WWKeyboardShadowView' from project 'WWKeyboardShadowView')
Building workspace WWKeyboardShadowView with scheme WWKeyboardShadowView
(2 failures)
Command line invocation:
/Applications/Xcode-27.0.0-Release.Candidate.app/Contents/Developer/usr/bin/xcodebuild -IDEClonedSourcePackagesDirPathOverride=/Users/admin/builder/spi-builder-workspace/.dependencies -resolvePackageDependencies
Resolve Package Graph
Resolved source packages:
WWKeyboardShadowView: /Users/admin/builder/spi-builder-workspace
resolved source packages: WWKeyboardShadowView
2026-09-22 02:34:11.938 xcodebuild[674:4363] [MT] IDERunDestination: Supported platforms for the buildables in the current scheme is empty.
{
"dependencies" : [
],
"manifest_display_name" : "WWKeyboardShadowView",
"name" : "WWKeyboardShadowView",
"path" : "/Users/admin/builder/spi-builder-workspace",
"platforms" : [
{
"name" : "ios",
"version" : "15.0"
}
],
"products" : [
{
"name" : "WWKeyboardShadowView",
"targets" : [
"WWKeyboardShadowView"
],
"type" : {
"library" : [
"automatic"
]
}
}
],
"swift_languages_versions" : [
"5"
],
"targets" : [
{
"c99name" : "WWKeyboardShadowView",
"module_type" : "SwiftTarget",
"name" : "WWKeyboardShadowView",
"path" : "Sources/WWKeyboardShadowView",
"product_memberships" : [
"WWKeyboardShadowView"
],
"resources" : [
{
"path" : "/Users/admin/builder/spi-builder-workspace/Sources/WWKeyboardShadowView/Privacy",
"rule" : {
"copy" : {
}
}
},
{
"path" : "/Users/admin/builder/spi-builder-workspace/Sources/WWKeyboardShadowView/Xib/WWKeyboardShadowView.xib",
"rule" : {
"process" : {
}
}
}
],
"sources" : [
"Utility/Constant.swift",
"Utility/Delegate.swift",
"Utility/Extension.swift",
"WWKeyboardShadowView.swift"
],
"type" : "library"
}
],
"tools_version" : "5.7"
}
{
"workspace" : {
"name" : "WWKeyboardShadowView",
"schemes" : [
"WWKeyboardShadowView"
]
}
}
2026-09-22 02:34:13.090 xcodebuild[682:4428] [MT] IDERunDestination: Supported platforms for the buildables in the current scheme is empty.
Running build ...
env DEVELOPER_DIR=/Applications/Xcode-27.0.0-Release.Candidate.app xcrun xcodebuild -IDEClonedSourcePackagesDirPathOverride=$PWD/.dependencies -skipMacroValidation -skipPackagePluginValidation -derivedDataPath $PWD/.derivedData build -scheme WWKeyboardShadowView -destination generic/platform=watchOS
Command line invocation:
/Applications/Xcode-27.0.0-Release.Candidate.app/Contents/Developer/usr/bin/xcodebuild -IDEClonedSourcePackagesDirPathOverride=/Users/admin/builder/spi-builder-workspace/.dependencies -skipMacroValidation -skipPackagePluginValidation -derivedDataPath /Users/admin/builder/spi-builder-workspace/.derivedData build -scheme WWKeyboardShadowView -destination generic/platform=watchOS
Resolve Package Graph
Resolved source packages:
WWKeyboardShadowView: /Users/admin/builder/spi-builder-workspace
ComputePackagePrebuildTargetDependencyGraph
Prepare packages
CreateBuildRequest
SendProjectDescription
CreateBuildOperation
ComputeTargetDependencyGraph
note: Building targets in dependency order
note: Target dependency graph (3 targets)
Target 'WWKeyboardShadowView-product' in project 'WWKeyboardShadowView'
➜ Explicit dependency on target 'WWKeyboardShadowView' in project 'WWKeyboardShadowView'
➜ Explicit dependency on target 'WWKeyboardShadowView_WWKeyboardShadowView' in project 'WWKeyboardShadowView'
Target 'WWKeyboardShadowView' in project 'WWKeyboardShadowView'
➜ Explicit dependency on target 'WWKeyboardShadowView_WWKeyboardShadowView' in project 'WWKeyboardShadowView'
Target 'WWKeyboardShadowView_WWKeyboardShadowView' in project 'WWKeyboardShadowView' (no dependencies)
GatherProvisioningInputs
CreateBuildDescription
ClangStatCache /Applications/Xcode-27.0.0-Release.Candidate.app/Contents/Developer/Toolchains/XcodeDefault.xctoolchain/usr/bin/clang-stat-cache /Applications/Xcode-27.0.0-Release.Candidate.app/Contents/Developer/Platforms/WatchOS.platform/Developer/SDKs/WatchOS27.0.sdk /Users/admin/builder/spi-builder-workspace/.derivedData/SDKStatCaches.noindex/watchos27.0-24R360-e829b21a6f8c9b70876ba0858053c04477534ef55a1706bf4c1112bbb242f0a2.sdkstatcache
cd /Users/admin/builder/spi-builder-workspace/.swiftpm/xcode
/Applications/Xcode-27.0.0-Release.Candidate.app/Contents/Developer/Toolchains/XcodeDefault.xctoolchain/usr/bin/clang-stat-cache /Applications/Xcode-27.0.0-Release.Candidate.app/Contents/Developer/Platforms/WatchOS.platform/Developer/SDKs/WatchOS27.0.sdk -o /Users/admin/builder/spi-builder-workspace/.derivedData/SDKStatCaches.noindex/watchos27.0-24R360-e829b21a6f8c9b70876ba0858053c04477534ef55a1706bf4c1112bbb242f0a2.sdkstatcache
CompileXIB /Users/admin/builder/spi-builder-workspace/Sources/WWKeyboardShadowView/Xib/WWKeyboardShadowView.xib (in target 'WWKeyboardShadowView_WWKeyboardShadowView' from project 'WWKeyboardShadowView')
cd /Users/admin/builder/spi-builder-workspace
/Applications/Xcode-27.0.0-Release.Candidate.app/Contents/Developer/usr/bin/ibtool --errors --warnings --notices --module WWKeyboardShadowView_WWKeyboardShadowView --output-partial-info-plist /Users/admin/builder/spi-builder-workspace/.derivedData/Build/Intermediates.noindex/WWKeyboardShadowView.build/Debug-watchos/WWKeyboardShadowView_WWKeyboardShadowView-b.build/WWKeyboardShadowView-PartialInfo.plist --auto-activate-custom-fonts --target-device watch --minimum-deployment-target 9.0 --output-format human-readable-text --compile /Users/admin/builder/spi-builder-workspace/.derivedData/Build/Products/Debug-watchos/WWKeyboardShadowView_WWKeyboardShadowView.bundle/WWKeyboardShadowView.nib /Users/admin/builder/spi-builder-workspace/Sources/WWKeyboardShadowView/Xib/WWKeyboardShadowView.xib
/* com.apple.ibtool.errors */
/Users/admin/builder/spi-builder-workspace/Sources/WWKeyboardShadowView/Xib/WWKeyboardShadowView.xib: error: iOS xibs do not support target device type "watch".
PruneExplicitPrecompiledModules /Users/admin/builder/spi-builder-workspace/.derivedData/Build/Intermediates.noindex/ExplicitPrecompiledModules
PruneExplicitPrecompiledModules /Users/admin/builder/spi-builder-workspace/.derivedData/SDKExplicitPrecompiledModules
PruneExplicitPrecompiledModules /Users/admin/builder/spi-builder-workspace/.derivedData/Build/Intermediates.noindex/SwiftExplicitPrecompiledModules
2026-09-22 02:34:13.963 xcodebuild[683:4455] [MT] IDERunDestination: Supported platforms for the buildables in the current scheme is empty.
** BUILD FAILED **
The following build commands failed:
CompileXIB /Users/admin/builder/spi-builder-workspace/Sources/WWKeyboardShadowView/Xib/WWKeyboardShadowView.xib (in target 'WWKeyboardShadowView_WWKeyboardShadowView' from project 'WWKeyboardShadowView')
Building workspace WWKeyboardShadowView with scheme WWKeyboardShadowView
(2 failures)
BUILD FAILURE 6.4 watchOS