Build Information
Failed to build swift-dropbox-client, reference v0.8.1 (b7871d
), with Swift 6.0 for watchOS using Xcode 16.0 on 3 Nov 2024 09:06:01 UTC.
Build Command
env DEVELOPER_DIR=/Applications/Xcode-16.1.0.app xcrun xcodebuild -IDEClonedSourcePackagesDirPathOverride=$PWD/.dependencies -skipMacroValidation -skipPackagePluginValidation -derivedDataPath $PWD/.derivedData build -scheme swift-dropbox-client -destination generic/platform=watchOS OTHER_SWIFT_FLAGS=-stats-output-dir .stats -strict-concurrency=complete
Build Log
SwiftCompile normal arm64 /Users/admin/builder/spi-builder-workspace/Sources/DropboxClient/PKCEUtils.swift (in target 'DropboxClient' from project 'swift-dropbox-client')
cd /Users/admin/builder/spi-builder-workspace/.swiftpm/xcode
/Applications/Xcode-16.1.0.app/Contents/Developer/Toolchains/XcodeDefault.xctoolchain/usr/bin/swift-frontend -c /Users/admin/builder/spi-builder-workspace/Sources/DropboxClient/ActorIsolated.swift /Users/admin/builder/spi-builder-workspace/Sources/DropboxClient/Auth.swift /Users/admin/builder/spi-builder-workspace/Sources/DropboxClient/Client.swift /Users/admin/builder/spi-builder-workspace/Sources/DropboxClient/Coding.swift /Users/admin/builder/spi-builder-workspace/Sources/DropboxClient/Config.swift /Users/admin/builder/spi-builder-workspace/Sources/DropboxClient/Credentials.swift /Users/admin/builder/spi-builder-workspace/Sources/DropboxClient/CurrentValueAsyncSequence.swift /Users/admin/builder/spi-builder-workspace/Sources/DropboxClient/DateGenerator.swift /Users/admin/builder/spi-builder-workspace/Sources/DropboxClient/DeleteFile.swift /Users/admin/builder/spi-builder-workspace/Sources/DropboxClient/DownloadFile.swift /Users/admin/builder/spi-builder-workspace/Sources/DropboxClient/FileMetadata.swift /Users/admin/builder/spi-builder-workspace/Sources/DropboxClient/GetMetadata.swift /Users/admin/builder/spi-builder-workspace/Sources/DropboxClient/HTTPClient.swift /Users/admin/builder/spi-builder-workspace/Sources/DropboxClient/Keychain.swift /Users/admin/builder/spi-builder-workspace/Sources/DropboxClient/ListFolder.swift /Users/admin/builder/spi-builder-workspace/Sources/DropboxClient/Metadata.swift -primary-file /Users/admin/builder/spi-builder-workspace/Sources/DropboxClient/OpenURL.swift -primary-file /Users/admin/builder/spi-builder-workspace/Sources/DropboxClient/PKCEUtils.swift /Users/admin/builder/spi-builder-workspace/Sources/DropboxClient/UploadFile.swift -emit-dependencies-path /Users/admin/builder/spi-builder-workspace/.derivedData/Build/Intermediates.noindex/swift-dropbox-client.build/Debug-watchos/DropboxClient.build/Objects-normal/arm64/OpenURL.d -emit-const-values-path /Users/admin/builder/spi-builder-workspace/.derivedData/Build/Intermediates.noindex/swift-dropbox-client.build/Debug-watchos/DropboxClient.build/Objects-normal/arm64/OpenURL.swiftconstvalues -emit-reference-dependencies-path /Users/admin/builder/spi-builder-workspace/.derivedData/Build/Intermediates.noindex/swift-dropbox-client.build/Debug-watchos/DropboxClient.build/Objects-normal/arm64/OpenURL.swiftdeps -serialize-diagnostics-path /Users/admin/builder/spi-builder-workspace/.derivedData/Build/Intermediates.noindex/swift-dropbox-client.build/Debug-watchos/DropboxClient.build/Objects-normal/arm64/OpenURL.dia -emit-dependencies-path /Users/admin/builder/spi-builder-workspace/.derivedData/Build/Intermediates.noindex/swift-dropbox-client.build/Debug-watchos/DropboxClient.build/Objects-normal/arm64/PKCEUtils.d -emit-const-values-path /Users/admin/builder/spi-builder-workspace/.derivedData/Build/Intermediates.noindex/swift-dropbox-client.build/Debug-watchos/DropboxClient.build/Objects-normal/arm64/PKCEUtils.swiftconstvalues -emit-reference-dependencies-path /Users/admin/builder/spi-builder-workspace/.derivedData/Build/Intermediates.noindex/swift-dropbox-client.build/Debug-watchos/DropboxClient.build/Objects-normal/arm64/PKCEUtils.swiftdeps -serialize-diagnostics-path /Users/admin/builder/spi-builder-workspace/.derivedData/Build/Intermediates.noindex/swift-dropbox-client.build/Debug-watchos/DropboxClient.build/Objects-normal/arm64/PKCEUtils.dia -target arm64-apple-watchos9.0 -Xllvm -aarch64-use-tbi -enable-objc-interop -stack-check -sdk /Applications/Xcode-16.1.0.app/Contents/Developer/Platforms/WatchOS.platform/Developer/SDKs/WatchOS11.1.sdk -I /Users/admin/builder/spi-builder-workspace/.derivedData/Build/Products/Debug-watchos -I /Applications/Xcode-16.1.0.app/Contents/Developer/Platforms/WatchOS.platform/Developer/usr/lib -F /Users/admin/builder/spi-builder-workspace/.derivedData/Build/Products/Debug-watchos -F /Applications/Xcode-16.1.0.app/Contents/Developer/Platforms/WatchOS.platform/Developer/Library/Frameworks -F /Applications/Xcode-16.1.0.app/Contents/Developer/Platforms/WatchOS.platform/Developer/SDKs/WatchOS11.1.sdk/Developer/Library/Frameworks -no-color-diagnostics -enable-testing -g -debug-info-format\=dwarf -dwarf-version\=4 -module-cache-path /Users/admin/builder/spi-builder-workspace/.derivedData/ModuleCache.noindex -profile-generate -profile-coverage-mapping -swift-version 5 -enforce-exclusivity\=checked -stats-output-dir /Users/admin/builder/spi-builder-workspace/.swiftpm/xcode/.stats -Onone -D SWIFT_PACKAGE -D DEBUG -serialize-debugging-options -const-gather-protocols-file /Users/admin/builder/spi-builder-workspace/.derivedData/Build/Intermediates.noindex/swift-dropbox-client.build/Debug-watchos/DropboxClient.build/Objects-normal/arm64/DropboxClient_const_extract_protocols.json -enable-experimental-feature DebugDescriptionMacro -enable-experimental-feature OpaqueTypeErasure -strict-concurrency\=complete -empty-abi-descriptor -plugin-path /Applications/Xcode-16.1.0.app/Contents/Developer/Toolchains/XcodeDefault.xctoolchain/usr/lib/swift/host/plugins/testing -validate-clang-modules-once -clang-build-session-file /Users/admin/builder/spi-builder-workspace/.derivedData/ModuleCache.noindex/Session.modulevalidation -Xcc -working-directory -Xcc /Users/admin/builder/spi-builder-workspace/.swiftpm/xcode -resource-dir /Applications/Xcode-16.1.0.app/Contents/Developer/Toolchains/XcodeDefault.xctoolchain/usr/lib/swift -enable-anonymous-context-mangled-names -file-compilation-dir /Users/admin/builder/spi-builder-workspace/.swiftpm/xcode -Xcc -D_LIBCPP_HARDENING_MODE\=_LIBCPP_HARDENING_MODE_DEBUG -Xcc -ivfsstatcache -Xcc /Users/admin/builder/spi-builder-workspace/.derivedData/SDKStatCaches.noindex/watchos11.1-22R574-7b9df0bda16bb4641b33636c68f04660.sdkstatcache -Xcc -I/Users/admin/builder/spi-builder-workspace/.derivedData/Build/Intermediates.noindex/swift-dropbox-client.build/Debug-watchos/DropboxClient.build/swift-overrides.hmap -Xcc -I/Users/admin/builder/spi-builder-workspace/.derivedData/Build/Products/Debug-watchos/include -Xcc -I/Users/admin/builder/spi-builder-workspace/.derivedData/Build/Intermediates.noindex/swift-dropbox-client.build/Debug-watchos/DropboxClient.build/DerivedSources-normal/arm64 -Xcc -I/Users/admin/builder/spi-builder-workspace/.derivedData/Build/Intermediates.noindex/swift-dropbox-client.build/Debug-watchos/DropboxClient.build/DerivedSources/arm64 -Xcc -I/Users/admin/builder/spi-builder-workspace/.derivedData/Build/Intermediates.noindex/swift-dropbox-client.build/Debug-watchos/DropboxClient.build/DerivedSources -Xcc -DSWIFT_PACKAGE -Xcc -DDEBUG\=1 -module-name DropboxClient -frontend-parseable-output -disable-clang-spi -target-sdk-version 11.1 -target-sdk-name watchos11.1 -external-plugin-path /Applications/Xcode-16.1.0.app/Contents/Developer/Platforms/WatchOS.platform/Developer/usr/lib/swift/host/plugins\#/Applications/Xcode-16.1.0.app/Contents/Developer/Platforms/WatchOS.platform/Developer/usr/bin/swift-plugin-server -external-plugin-path /Applications/Xcode-16.1.0.app/Contents/Developer/Platforms/WatchOS.platform/Developer/usr/local/lib/swift/host/plugins\#/Applications/Xcode-16.1.0.app/Contents/Developer/Platforms/WatchOS.platform/Developer/usr/bin/swift-plugin-server -plugin-path /Applications/Xcode-16.1.0.app/Contents/Developer/Toolchains/XcodeDefault.xctoolchain/usr/lib/swift/host/plugins -plugin-path /Applications/Xcode-16.1.0.app/Contents/Developer/Toolchains/XcodeDefault.xctoolchain/usr/local/lib/swift/host/plugins -o /Users/admin/builder/spi-builder-workspace/.derivedData/Build/Intermediates.noindex/swift-dropbox-client.build/Debug-watchos/DropboxClient.build/Objects-normal/arm64/OpenURL.o -o /Users/admin/builder/spi-builder-workspace/.derivedData/Build/Intermediates.noindex/swift-dropbox-client.build/Debug-watchos/DropboxClient.build/Objects-normal/arm64/PKCEUtils.o -index-unit-output-path /swift-dropbox-client.build/Debug-watchos/DropboxClient.build/Objects-normal/arm64/OpenURL.o -index-unit-output-path /swift-dropbox-client.build/Debug-watchos/DropboxClient.build/Objects-normal/arm64/PKCEUtils.o -index-store-path /Users/admin/builder/spi-builder-workspace/.derivedData/Index.noindex/DataStore -index-system-modules
SwiftCompile normal arm64 Compiling\ UploadFile.swift /Users/admin/builder/spi-builder-workspace/Sources/DropboxClient/UploadFile.swift (in target 'DropboxClient' from project 'swift-dropbox-client')
cd /Users/admin/builder/spi-builder-workspace/.swiftpm/xcode
builtin-swiftTaskExecution -- /Applications/Xcode-16.1.0.app/Contents/Developer/Toolchains/XcodeDefault.xctoolchain/usr/bin/swift-frontend -frontend -c /Users/admin/builder/spi-builder-workspace/Sources/DropboxClient/ActorIsolated.swift /Users/admin/builder/spi-builder-workspace/Sources/DropboxClient/Auth.swift /Users/admin/builder/spi-builder-workspace/Sources/DropboxClient/Client.swift /Users/admin/builder/spi-builder-workspace/Sources/DropboxClient/Coding.swift /Users/admin/builder/spi-builder-workspace/Sources/DropboxClient/Config.swift /Users/admin/builder/spi-builder-workspace/Sources/DropboxClient/Credentials.swift /Users/admin/builder/spi-builder-workspace/Sources/DropboxClient/CurrentValueAsyncSequence.swift /Users/admin/builder/spi-builder-workspace/Sources/DropboxClient/DateGenerator.swift /Users/admin/builder/spi-builder-workspace/Sources/DropboxClient/DeleteFile.swift /Users/admin/builder/spi-builder-workspace/Sources/DropboxClient/DownloadFile.swift /Users/admin/builder/spi-builder-workspace/Sources/DropboxClient/FileMetadata.swift /Users/admin/builder/spi-builder-workspace/Sources/DropboxClient/GetMetadata.swift /Users/admin/builder/spi-builder-workspace/Sources/DropboxClient/HTTPClient.swift /Users/admin/builder/spi-builder-workspace/Sources/DropboxClient/Keychain.swift /Users/admin/builder/spi-builder-workspace/Sources/DropboxClient/ListFolder.swift /Users/admin/builder/spi-builder-workspace/Sources/DropboxClient/Metadata.swift /Users/admin/builder/spi-builder-workspace/Sources/DropboxClient/OpenURL.swift /Users/admin/builder/spi-builder-workspace/Sources/DropboxClient/PKCEUtils.swift -primary-file /Users/admin/builder/spi-builder-workspace/Sources/DropboxClient/UploadFile.swift -emit-dependencies-path /Users/admin/builder/spi-builder-workspace/.derivedData/Build/Intermediates.noindex/swift-dropbox-client.build/Debug-watchos/DropboxClient.build/Objects-normal/arm64/UploadFile.d -emit-const-values-path /Users/admin/builder/spi-builder-workspace/.derivedData/Build/Intermediates.noindex/swift-dropbox-client.build/Debug-watchos/DropboxClient.build/Objects-normal/arm64/UploadFile.swiftconstvalues -emit-reference-dependencies-path /Users/admin/builder/spi-builder-workspace/.derivedData/Build/Intermediates.noindex/swift-dropbox-client.build/Debug-watchos/DropboxClient.build/Objects-normal/arm64/UploadFile.swiftdeps -serialize-diagnostics-path /Users/admin/builder/spi-builder-workspace/.derivedData/Build/Intermediates.noindex/swift-dropbox-client.build/Debug-watchos/DropboxClient.build/Objects-normal/arm64/UploadFile.dia -target arm64-apple-watchos9.0 -Xllvm -aarch64-use-tbi -enable-objc-interop -stack-check -sdk /Applications/Xcode-16.1.0.app/Contents/Developer/Platforms/WatchOS.platform/Developer/SDKs/WatchOS11.1.sdk -I /Users/admin/builder/spi-builder-workspace/.derivedData/Build/Products/Debug-watchos -I /Applications/Xcode-16.1.0.app/Contents/Developer/Platforms/WatchOS.platform/Developer/usr/lib -F /Users/admin/builder/spi-builder-workspace/.derivedData/Build/Products/Debug-watchos -F /Applications/Xcode-16.1.0.app/Contents/Developer/Platforms/WatchOS.platform/Developer/Library/Frameworks -F /Applications/Xcode-16.1.0.app/Contents/Developer/Platforms/WatchOS.platform/Developer/SDKs/WatchOS11.1.sdk/Developer/Library/Frameworks -no-color-diagnostics -enable-testing -g -debug-info-format\=dwarf -dwarf-version\=4 -module-cache-path /Users/admin/builder/spi-builder-workspace/.derivedData/ModuleCache.noindex -profile-generate -profile-coverage-mapping -swift-version 5 -enforce-exclusivity\=checked -stats-output-dir /Users/admin/builder/spi-builder-workspace/.swiftpm/xcode/.stats -Onone -D SWIFT_PACKAGE -D DEBUG -serialize-debugging-options -const-gather-protocols-file /Users/admin/builder/spi-builder-workspace/.derivedData/Build/Intermediates.noindex/swift-dropbox-client.build/Debug-watchos/DropboxClient.build/Objects-normal/arm64/DropboxClient_const_extract_protocols.json -enable-experimental-feature DebugDescriptionMacro -enable-experimental-feature OpaqueTypeErasure -strict-concurrency\=complete -empty-abi-descriptor -plugin-path /Applications/Xcode-16.1.0.app/Contents/Developer/Toolchains/XcodeDefault.xctoolchain/usr/lib/swift/host/plugins/testing -validate-clang-modules-once -clang-build-session-file /Users/admin/builder/spi-builder-workspace/.derivedData/ModuleCache.noindex/Session.modulevalidation -Xcc -working-directory -Xcc /Users/admin/builder/spi-builder-workspace/.swiftpm/xcode -resource-dir /Applications/Xcode-16.1.0.app/Contents/Developer/Toolchains/XcodeDefault.xctoolchain/usr/lib/swift -enable-anonymous-context-mangled-names -file-compilation-dir /Users/admin/builder/spi-builder-workspace/.swiftpm/xcode -Xcc -D_LIBCPP_HARDENING_MODE\=_LIBCPP_HARDENING_MODE_DEBUG -Xcc -ivfsstatcache -Xcc /Users/admin/builder/spi-builder-workspace/.derivedData/SDKStatCaches.noindex/watchos11.1-22R574-7b9df0bda16bb4641b33636c68f04660.sdkstatcache -Xcc -I/Users/admin/builder/spi-builder-workspace/.derivedData/Build/Intermediates.noindex/swift-dropbox-client.build/Debug-watchos/DropboxClient.build/swift-overrides.hmap -Xcc -I/Users/admin/builder/spi-builder-workspace/.derivedData/Build/Products/Debug-watchos/include -Xcc -I/Users/admin/builder/spi-builder-workspace/.derivedData/Build/Intermediates.noindex/swift-dropbox-client.build/Debug-watchos/DropboxClient.build/DerivedSources-normal/arm64 -Xcc -I/Users/admin/builder/spi-builder-workspace/.derivedData/Build/Intermediates.noindex/swift-dropbox-client.build/Debug-watchos/DropboxClient.build/DerivedSources/arm64 -Xcc -I/Users/admin/builder/spi-builder-workspace/.derivedData/Build/Intermediates.noindex/swift-dropbox-client.build/Debug-watchos/DropboxClient.build/DerivedSources -Xcc -DSWIFT_PACKAGE -Xcc -DDEBUG\=1 -module-name DropboxClient -frontend-parseable-output -disable-clang-spi -target-sdk-version 11.1 -target-sdk-name watchos11.1 -external-plugin-path /Applications/Xcode-16.1.0.app/Contents/Developer/Platforms/WatchOS.platform/Developer/usr/lib/swift/host/plugins\#/Applications/Xcode-16.1.0.app/Contents/Developer/Platforms/WatchOS.platform/Developer/usr/bin/swift-plugin-server -external-plugin-path /Applications/Xcode-16.1.0.app/Contents/Developer/Platforms/WatchOS.platform/Developer/usr/local/lib/swift/host/plugins\#/Applications/Xcode-16.1.0.app/Contents/Developer/Platforms/WatchOS.platform/Developer/usr/bin/swift-plugin-server -plugin-path /Applications/Xcode-16.1.0.app/Contents/Developer/Toolchains/XcodeDefault.xctoolchain/usr/lib/swift/host/plugins -plugin-path /Applications/Xcode-16.1.0.app/Contents/Developer/Toolchains/XcodeDefault.xctoolchain/usr/local/lib/swift/host/plugins -o /Users/admin/builder/spi-builder-workspace/.derivedData/Build/Intermediates.noindex/swift-dropbox-client.build/Debug-watchos/DropboxClient.build/Objects-normal/arm64/UploadFile.o -index-unit-output-path /swift-dropbox-client.build/Debug-watchos/DropboxClient.build/Objects-normal/arm64/UploadFile.o -index-store-path /Users/admin/builder/spi-builder-workspace/.derivedData/Index.noindex/DataStore -index-system-modules
SwiftCompile normal arm64 /Users/admin/builder/spi-builder-workspace/Sources/DropboxClient/UploadFile.swift (in target 'DropboxClient' from project 'swift-dropbox-client')
cd /Users/admin/builder/spi-builder-workspace/.swiftpm/xcode
/Applications/Xcode-16.1.0.app/Contents/Developer/Toolchains/XcodeDefault.xctoolchain/usr/bin/swift-frontend -c /Users/admin/builder/spi-builder-workspace/Sources/DropboxClient/ActorIsolated.swift /Users/admin/builder/spi-builder-workspace/Sources/DropboxClient/Auth.swift /Users/admin/builder/spi-builder-workspace/Sources/DropboxClient/Client.swift /Users/admin/builder/spi-builder-workspace/Sources/DropboxClient/Coding.swift /Users/admin/builder/spi-builder-workspace/Sources/DropboxClient/Config.swift /Users/admin/builder/spi-builder-workspace/Sources/DropboxClient/Credentials.swift /Users/admin/builder/spi-builder-workspace/Sources/DropboxClient/CurrentValueAsyncSequence.swift /Users/admin/builder/spi-builder-workspace/Sources/DropboxClient/DateGenerator.swift /Users/admin/builder/spi-builder-workspace/Sources/DropboxClient/DeleteFile.swift /Users/admin/builder/spi-builder-workspace/Sources/DropboxClient/DownloadFile.swift /Users/admin/builder/spi-builder-workspace/Sources/DropboxClient/FileMetadata.swift /Users/admin/builder/spi-builder-workspace/Sources/DropboxClient/GetMetadata.swift /Users/admin/builder/spi-builder-workspace/Sources/DropboxClient/HTTPClient.swift /Users/admin/builder/spi-builder-workspace/Sources/DropboxClient/Keychain.swift /Users/admin/builder/spi-builder-workspace/Sources/DropboxClient/ListFolder.swift /Users/admin/builder/spi-builder-workspace/Sources/DropboxClient/Metadata.swift /Users/admin/builder/spi-builder-workspace/Sources/DropboxClient/OpenURL.swift /Users/admin/builder/spi-builder-workspace/Sources/DropboxClient/PKCEUtils.swift -primary-file /Users/admin/builder/spi-builder-workspace/Sources/DropboxClient/UploadFile.swift -emit-dependencies-path /Users/admin/builder/spi-builder-workspace/.derivedData/Build/Intermediates.noindex/swift-dropbox-client.build/Debug-watchos/DropboxClient.build/Objects-normal/arm64/UploadFile.d -emit-const-values-path /Users/admin/builder/spi-builder-workspace/.derivedData/Build/Intermediates.noindex/swift-dropbox-client.build/Debug-watchos/DropboxClient.build/Objects-normal/arm64/UploadFile.swiftconstvalues -emit-reference-dependencies-path /Users/admin/builder/spi-builder-workspace/.derivedData/Build/Intermediates.noindex/swift-dropbox-client.build/Debug-watchos/DropboxClient.build/Objects-normal/arm64/UploadFile.swiftdeps -serialize-diagnostics-path /Users/admin/builder/spi-builder-workspace/.derivedData/Build/Intermediates.noindex/swift-dropbox-client.build/Debug-watchos/DropboxClient.build/Objects-normal/arm64/UploadFile.dia -target arm64-apple-watchos9.0 -Xllvm -aarch64-use-tbi -enable-objc-interop -stack-check -sdk /Applications/Xcode-16.1.0.app/Contents/Developer/Platforms/WatchOS.platform/Developer/SDKs/WatchOS11.1.sdk -I /Users/admin/builder/spi-builder-workspace/.derivedData/Build/Products/Debug-watchos -I /Applications/Xcode-16.1.0.app/Contents/Developer/Platforms/WatchOS.platform/Developer/usr/lib -F /Users/admin/builder/spi-builder-workspace/.derivedData/Build/Products/Debug-watchos -F /Applications/Xcode-16.1.0.app/Contents/Developer/Platforms/WatchOS.platform/Developer/Library/Frameworks -F /Applications/Xcode-16.1.0.app/Contents/Developer/Platforms/WatchOS.platform/Developer/SDKs/WatchOS11.1.sdk/Developer/Library/Frameworks -no-color-diagnostics -enable-testing -g -debug-info-format\=dwarf -dwarf-version\=4 -module-cache-path /Users/admin/builder/spi-builder-workspace/.derivedData/ModuleCache.noindex -profile-generate -profile-coverage-mapping -swift-version 5 -enforce-exclusivity\=checked -stats-output-dir /Users/admin/builder/spi-builder-workspace/.swiftpm/xcode/.stats -Onone -D SWIFT_PACKAGE -D DEBUG -serialize-debugging-options -const-gather-protocols-file /Users/admin/builder/spi-builder-workspace/.derivedData/Build/Intermediates.noindex/swift-dropbox-client.build/Debug-watchos/DropboxClient.build/Objects-normal/arm64/DropboxClient_const_extract_protocols.json -enable-experimental-feature DebugDescriptionMacro -enable-experimental-feature OpaqueTypeErasure -strict-concurrency\=complete -empty-abi-descriptor -plugin-path /Applications/Xcode-16.1.0.app/Contents/Developer/Toolchains/XcodeDefault.xctoolchain/usr/lib/swift/host/plugins/testing -validate-clang-modules-once -clang-build-session-file /Users/admin/builder/spi-builder-workspace/.derivedData/ModuleCache.noindex/Session.modulevalidation -Xcc -working-directory -Xcc /Users/admin/builder/spi-builder-workspace/.swiftpm/xcode -resource-dir /Applications/Xcode-16.1.0.app/Contents/Developer/Toolchains/XcodeDefault.xctoolchain/usr/lib/swift -enable-anonymous-context-mangled-names -file-compilation-dir /Users/admin/builder/spi-builder-workspace/.swiftpm/xcode -Xcc -D_LIBCPP_HARDENING_MODE\=_LIBCPP_HARDENING_MODE_DEBUG -Xcc -ivfsstatcache -Xcc /Users/admin/builder/spi-builder-workspace/.derivedData/SDKStatCaches.noindex/watchos11.1-22R574-7b9df0bda16bb4641b33636c68f04660.sdkstatcache -Xcc -I/Users/admin/builder/spi-builder-workspace/.derivedData/Build/Intermediates.noindex/swift-dropbox-client.build/Debug-watchos/DropboxClient.build/swift-overrides.hmap -Xcc -I/Users/admin/builder/spi-builder-workspace/.derivedData/Build/Products/Debug-watchos/include -Xcc -I/Users/admin/builder/spi-builder-workspace/.derivedData/Build/Intermediates.noindex/swift-dropbox-client.build/Debug-watchos/DropboxClient.build/DerivedSources-normal/arm64 -Xcc -I/Users/admin/builder/spi-builder-workspace/.derivedData/Build/Intermediates.noindex/swift-dropbox-client.build/Debug-watchos/DropboxClient.build/DerivedSources/arm64 -Xcc -I/Users/admin/builder/spi-builder-workspace/.derivedData/Build/Intermediates.noindex/swift-dropbox-client.build/Debug-watchos/DropboxClient.build/DerivedSources -Xcc -DSWIFT_PACKAGE -Xcc -DDEBUG\=1 -module-name DropboxClient -frontend-parseable-output -disable-clang-spi -target-sdk-version 11.1 -target-sdk-name watchos11.1 -external-plugin-path /Applications/Xcode-16.1.0.app/Contents/Developer/Platforms/WatchOS.platform/Developer/usr/lib/swift/host/plugins\#/Applications/Xcode-16.1.0.app/Contents/Developer/Platforms/WatchOS.platform/Developer/usr/bin/swift-plugin-server -external-plugin-path /Applications/Xcode-16.1.0.app/Contents/Developer/Platforms/WatchOS.platform/Developer/usr/local/lib/swift/host/plugins\#/Applications/Xcode-16.1.0.app/Contents/Developer/Platforms/WatchOS.platform/Developer/usr/bin/swift-plugin-server -plugin-path /Applications/Xcode-16.1.0.app/Contents/Developer/Toolchains/XcodeDefault.xctoolchain/usr/lib/swift/host/plugins -plugin-path /Applications/Xcode-16.1.0.app/Contents/Developer/Toolchains/XcodeDefault.xctoolchain/usr/local/lib/swift/host/plugins -o /Users/admin/builder/spi-builder-workspace/.derivedData/Build/Intermediates.noindex/swift-dropbox-client.build/Debug-watchos/DropboxClient.build/Objects-normal/arm64/UploadFile.o -index-unit-output-path /swift-dropbox-client.build/Debug-watchos/DropboxClient.build/Objects-normal/arm64/UploadFile.o -index-store-path /Users/admin/builder/spi-builder-workspace/.derivedData/Index.noindex/DataStore -index-system-modules
SwiftCompile normal arm64 Compiling\ ListFolder.swift,\ Metadata.swift /Users/admin/builder/spi-builder-workspace/Sources/DropboxClient/ListFolder.swift /Users/admin/builder/spi-builder-workspace/Sources/DropboxClient/Metadata.swift (in target 'DropboxClient' from project 'swift-dropbox-client')
cd /Users/admin/builder/spi-builder-workspace/.swiftpm/xcode
builtin-swiftTaskExecution -- /Applications/Xcode-16.1.0.app/Contents/Developer/Toolchains/XcodeDefault.xctoolchain/usr/bin/swift-frontend -frontend -c /Users/admin/builder/spi-builder-workspace/Sources/DropboxClient/ActorIsolated.swift /Users/admin/builder/spi-builder-workspace/Sources/DropboxClient/Auth.swift /Users/admin/builder/spi-builder-workspace/Sources/DropboxClient/Client.swift /Users/admin/builder/spi-builder-workspace/Sources/DropboxClient/Coding.swift /Users/admin/builder/spi-builder-workspace/Sources/DropboxClient/Config.swift /Users/admin/builder/spi-builder-workspace/Sources/DropboxClient/Credentials.swift /Users/admin/builder/spi-builder-workspace/Sources/DropboxClient/CurrentValueAsyncSequence.swift /Users/admin/builder/spi-builder-workspace/Sources/DropboxClient/DateGenerator.swift /Users/admin/builder/spi-builder-workspace/Sources/DropboxClient/DeleteFile.swift /Users/admin/builder/spi-builder-workspace/Sources/DropboxClient/DownloadFile.swift /Users/admin/builder/spi-builder-workspace/Sources/DropboxClient/FileMetadata.swift /Users/admin/builder/spi-builder-workspace/Sources/DropboxClient/GetMetadata.swift /Users/admin/builder/spi-builder-workspace/Sources/DropboxClient/HTTPClient.swift /Users/admin/builder/spi-builder-workspace/Sources/DropboxClient/Keychain.swift -primary-file /Users/admin/builder/spi-builder-workspace/Sources/DropboxClient/ListFolder.swift -primary-file /Users/admin/builder/spi-builder-workspace/Sources/DropboxClient/Metadata.swift /Users/admin/builder/spi-builder-workspace/Sources/DropboxClient/OpenURL.swift /Users/admin/builder/spi-builder-workspace/Sources/DropboxClient/PKCEUtils.swift /Users/admin/builder/spi-builder-workspace/Sources/DropboxClient/UploadFile.swift -emit-dependencies-path /Users/admin/builder/spi-builder-workspace/.derivedData/Build/Intermediates.noindex/swift-dropbox-client.build/Debug-watchos/DropboxClient.build/Objects-normal/arm64/ListFolder.d -emit-const-values-path /Users/admin/builder/spi-builder-workspace/.derivedData/Build/Intermediates.noindex/swift-dropbox-client.build/Debug-watchos/DropboxClient.build/Objects-normal/arm64/ListFolder.swiftconstvalues -emit-reference-dependencies-path /Users/admin/builder/spi-builder-workspace/.derivedData/Build/Intermediates.noindex/swift-dropbox-client.build/Debug-watchos/DropboxClient.build/Objects-normal/arm64/ListFolder.swiftdeps -serialize-diagnostics-path /Users/admin/builder/spi-builder-workspace/.derivedData/Build/Intermediates.noindex/swift-dropbox-client.build/Debug-watchos/DropboxClient.build/Objects-normal/arm64/ListFolder.dia -emit-dependencies-path /Users/admin/builder/spi-builder-workspace/.derivedData/Build/Intermediates.noindex/swift-dropbox-client.build/Debug-watchos/DropboxClient.build/Objects-normal/arm64/Metadata.d -emit-const-values-path /Users/admin/builder/spi-builder-workspace/.derivedData/Build/Intermediates.noindex/swift-dropbox-client.build/Debug-watchos/DropboxClient.build/Objects-normal/arm64/Metadata.swiftconstvalues -emit-reference-dependencies-path /Users/admin/builder/spi-builder-workspace/.derivedData/Build/Intermediates.noindex/swift-dropbox-client.build/Debug-watchos/DropboxClient.build/Objects-normal/arm64/Metadata.swiftdeps -serialize-diagnostics-path /Users/admin/builder/spi-builder-workspace/.derivedData/Build/Intermediates.noindex/swift-dropbox-client.build/Debug-watchos/DropboxClient.build/Objects-normal/arm64/Metadata.dia -target arm64-apple-watchos9.0 -Xllvm -aarch64-use-tbi -enable-objc-interop -stack-check -sdk /Applications/Xcode-16.1.0.app/Contents/Developer/Platforms/WatchOS.platform/Developer/SDKs/WatchOS11.1.sdk -I /Users/admin/builder/spi-builder-workspace/.derivedData/Build/Products/Debug-watchos -I /Applications/Xcode-16.1.0.app/Contents/Developer/Platforms/WatchOS.platform/Developer/usr/lib -F /Users/admin/builder/spi-builder-workspace/.derivedData/Build/Products/Debug-watchos -F /Applications/Xcode-16.1.0.app/Contents/Developer/Platforms/WatchOS.platform/Developer/Library/Frameworks -F /Applications/Xcode-16.1.0.app/Contents/Developer/Platforms/WatchOS.platform/Developer/SDKs/WatchOS11.1.sdk/Developer/Library/Frameworks -no-color-diagnostics -enable-testing -g -debug-info-format\=dwarf -dwarf-version\=4 -module-cache-path /Users/admin/builder/spi-builder-workspace/.derivedData/ModuleCache.noindex -profile-generate -profile-coverage-mapping -swift-version 5 -enforce-exclusivity\=checked -stats-output-dir /Users/admin/builder/spi-builder-workspace/.swiftpm/xcode/.stats -Onone -D SWIFT_PACKAGE -D DEBUG -serialize-debugging-options -const-gather-protocols-file /Users/admin/builder/spi-builder-workspace/.derivedData/Build/Intermediates.noindex/swift-dropbox-client.build/Debug-watchos/DropboxClient.build/Objects-normal/arm64/DropboxClient_const_extract_protocols.json -enable-experimental-feature DebugDescriptionMacro -enable-experimental-feature OpaqueTypeErasure -strict-concurrency\=complete -empty-abi-descriptor -plugin-path /Applications/Xcode-16.1.0.app/Contents/Developer/Toolchains/XcodeDefault.xctoolchain/usr/lib/swift/host/plugins/testing -validate-clang-modules-once -clang-build-session-file /Users/admin/builder/spi-builder-workspace/.derivedData/ModuleCache.noindex/Session.modulevalidation -Xcc -working-directory -Xcc /Users/admin/builder/spi-builder-workspace/.swiftpm/xcode -resource-dir /Applications/Xcode-16.1.0.app/Contents/Developer/Toolchains/XcodeDefault.xctoolchain/usr/lib/swift -enable-anonymous-context-mangled-names -file-compilation-dir /Users/admin/builder/spi-builder-workspace/.swiftpm/xcode -Xcc -D_LIBCPP_HARDENING_MODE\=_LIBCPP_HARDENING_MODE_DEBUG -Xcc -ivfsstatcache -Xcc /Users/admin/builder/spi-builder-workspace/.derivedData/SDKStatCaches.noindex/watchos11.1-22R574-7b9df0bda16bb4641b33636c68f04660.sdkstatcache -Xcc -I/Users/admin/builder/spi-builder-workspace/.derivedData/Build/Intermediates.noindex/swift-dropbox-client.build/Debug-watchos/DropboxClient.build/swift-overrides.hmap -Xcc -I/Users/admin/builder/spi-builder-workspace/.derivedData/Build/Products/Debug-watchos/include -Xcc -I/Users/admin/builder/spi-builder-workspace/.derivedData/Build/Intermediates.noindex/swift-dropbox-client.build/Debug-watchos/DropboxClient.build/DerivedSources-normal/arm64 -Xcc -I/Users/admin/builder/spi-builder-workspace/.derivedData/Build/Intermediates.noindex/swift-dropbox-client.build/Debug-watchos/DropboxClient.build/DerivedSources/arm64 -Xcc -I/Users/admin/builder/spi-builder-workspace/.derivedData/Build/Intermediates.noindex/swift-dropbox-client.build/Debug-watchos/DropboxClient.build/DerivedSources -Xcc -DSWIFT_PACKAGE -Xcc -DDEBUG\=1 -module-name DropboxClient -frontend-parseable-output -disable-clang-spi -target-sdk-version 11.1 -target-sdk-name watchos11.1 -external-plugin-path /Applications/Xcode-16.1.0.app/Contents/Developer/Platforms/WatchOS.platform/Developer/usr/lib/swift/host/plugins\#/Applications/Xcode-16.1.0.app/Contents/Developer/Platforms/WatchOS.platform/Developer/usr/bin/swift-plugin-server -external-plugin-path /Applications/Xcode-16.1.0.app/Contents/Developer/Platforms/WatchOS.platform/Developer/usr/local/lib/swift/host/plugins\#/Applications/Xcode-16.1.0.app/Contents/Developer/Platforms/WatchOS.platform/Developer/usr/bin/swift-plugin-server -plugin-path /Applications/Xcode-16.1.0.app/Contents/Developer/Toolchains/XcodeDefault.xctoolchain/usr/lib/swift/host/plugins -plugin-path /Applications/Xcode-16.1.0.app/Contents/Developer/Toolchains/XcodeDefault.xctoolchain/usr/local/lib/swift/host/plugins -o /Users/admin/builder/spi-builder-workspace/.derivedData/Build/Intermediates.noindex/swift-dropbox-client.build/Debug-watchos/DropboxClient.build/Objects-normal/arm64/ListFolder.o -o /Users/admin/builder/spi-builder-workspace/.derivedData/Build/Intermediates.noindex/swift-dropbox-client.build/Debug-watchos/DropboxClient.build/Objects-normal/arm64/Metadata.o -index-unit-output-path /swift-dropbox-client.build/Debug-watchos/DropboxClient.build/Objects-normal/arm64/ListFolder.o -index-unit-output-path /swift-dropbox-client.build/Debug-watchos/DropboxClient.build/Objects-normal/arm64/Metadata.o -index-store-path /Users/admin/builder/spi-builder-workspace/.derivedData/Index.noindex/DataStore -index-system-modules
SwiftCompile normal arm64 /Users/admin/builder/spi-builder-workspace/Sources/DropboxClient/ListFolder.swift (in target 'DropboxClient' from project 'swift-dropbox-client')
cd /Users/admin/builder/spi-builder-workspace/.swiftpm/xcode
/Applications/Xcode-16.1.0.app/Contents/Developer/Toolchains/XcodeDefault.xctoolchain/usr/bin/swift-frontend -c /Users/admin/builder/spi-builder-workspace/Sources/DropboxClient/ActorIsolated.swift /Users/admin/builder/spi-builder-workspace/Sources/DropboxClient/Auth.swift /Users/admin/builder/spi-builder-workspace/Sources/DropboxClient/Client.swift /Users/admin/builder/spi-builder-workspace/Sources/DropboxClient/Coding.swift /Users/admin/builder/spi-builder-workspace/Sources/DropboxClient/Config.swift /Users/admin/builder/spi-builder-workspace/Sources/DropboxClient/Credentials.swift /Users/admin/builder/spi-builder-workspace/Sources/DropboxClient/CurrentValueAsyncSequence.swift /Users/admin/builder/spi-builder-workspace/Sources/DropboxClient/DateGenerator.swift /Users/admin/builder/spi-builder-workspace/Sources/DropboxClient/DeleteFile.swift /Users/admin/builder/spi-builder-workspace/Sources/DropboxClient/DownloadFile.swift /Users/admin/builder/spi-builder-workspace/Sources/DropboxClient/FileMetadata.swift /Users/admin/builder/spi-builder-workspace/Sources/DropboxClient/GetMetadata.swift /Users/admin/builder/spi-builder-workspace/Sources/DropboxClient/HTTPClient.swift /Users/admin/builder/spi-builder-workspace/Sources/DropboxClient/Keychain.swift -primary-file /Users/admin/builder/spi-builder-workspace/Sources/DropboxClient/ListFolder.swift -primary-file /Users/admin/builder/spi-builder-workspace/Sources/DropboxClient/Metadata.swift /Users/admin/builder/spi-builder-workspace/Sources/DropboxClient/OpenURL.swift /Users/admin/builder/spi-builder-workspace/Sources/DropboxClient/PKCEUtils.swift /Users/admin/builder/spi-builder-workspace/Sources/DropboxClient/UploadFile.swift -emit-dependencies-path /Users/admin/builder/spi-builder-workspace/.derivedData/Build/Intermediates.noindex/swift-dropbox-client.build/Debug-watchos/DropboxClient.build/Objects-normal/arm64/ListFolder.d -emit-const-values-path /Users/admin/builder/spi-builder-workspace/.derivedData/Build/Intermediates.noindex/swift-dropbox-client.build/Debug-watchos/DropboxClient.build/Objects-normal/arm64/ListFolder.swiftconstvalues -emit-reference-dependencies-path /Users/admin/builder/spi-builder-workspace/.derivedData/Build/Intermediates.noindex/swift-dropbox-client.build/Debug-watchos/DropboxClient.build/Objects-normal/arm64/ListFolder.swiftdeps -serialize-diagnostics-path /Users/admin/builder/spi-builder-workspace/.derivedData/Build/Intermediates.noindex/swift-dropbox-client.build/Debug-watchos/DropboxClient.build/Objects-normal/arm64/ListFolder.dia -emit-dependencies-path /Users/admin/builder/spi-builder-workspace/.derivedData/Build/Intermediates.noindex/swift-dropbox-client.build/Debug-watchos/DropboxClient.build/Objects-normal/arm64/Metadata.d -emit-const-values-path /Users/admin/builder/spi-builder-workspace/.derivedData/Build/Intermediates.noindex/swift-dropbox-client.build/Debug-watchos/DropboxClient.build/Objects-normal/arm64/Metadata.swiftconstvalues -emit-reference-dependencies-path /Users/admin/builder/spi-builder-workspace/.derivedData/Build/Intermediates.noindex/swift-dropbox-client.build/Debug-watchos/DropboxClient.build/Objects-normal/arm64/Metadata.swiftdeps -serialize-diagnostics-path /Users/admin/builder/spi-builder-workspace/.derivedData/Build/Intermediates.noindex/swift-dropbox-client.build/Debug-watchos/DropboxClient.build/Objects-normal/arm64/Metadata.dia -target arm64-apple-watchos9.0 -Xllvm -aarch64-use-tbi -enable-objc-interop -stack-check -sdk /Applications/Xcode-16.1.0.app/Contents/Developer/Platforms/WatchOS.platform/Developer/SDKs/WatchOS11.1.sdk -I /Users/admin/builder/spi-builder-workspace/.derivedData/Build/Products/Debug-watchos -I /Applications/Xcode-16.1.0.app/Contents/Developer/Platforms/WatchOS.platform/Developer/usr/lib -F /Users/admin/builder/spi-builder-workspace/.derivedData/Build/Products/Debug-watchos -F /Applications/Xcode-16.1.0.app/Contents/Developer/Platforms/WatchOS.platform/Developer/Library/Frameworks -F /Applications/Xcode-16.1.0.app/Contents/Developer/Platforms/WatchOS.platform/Developer/SDKs/WatchOS11.1.sdk/Developer/Library/Frameworks -no-color-diagnostics -enable-testing -g -debug-info-format\=dwarf -dwarf-version\=4 -module-cache-path /Users/admin/builder/spi-builder-workspace/.derivedData/ModuleCache.noindex -profile-generate -profile-coverage-mapping -swift-version 5 -enforce-exclusivity\=checked -stats-output-dir /Users/admin/builder/spi-builder-workspace/.swiftpm/xcode/.stats -Onone -D SWIFT_PACKAGE -D DEBUG -serialize-debugging-options -const-gather-protocols-file /Users/admin/builder/spi-builder-workspace/.derivedData/Build/Intermediates.noindex/swift-dropbox-client.build/Debug-watchos/DropboxClient.build/Objects-normal/arm64/DropboxClient_const_extract_protocols.json -enable-experimental-feature DebugDescriptionMacro -enable-experimental-feature OpaqueTypeErasure -strict-concurrency\=complete -empty-abi-descriptor -plugin-path /Applications/Xcode-16.1.0.app/Contents/Developer/Toolchains/XcodeDefault.xctoolchain/usr/lib/swift/host/plugins/testing -validate-clang-modules-once -clang-build-session-file /Users/admin/builder/spi-builder-workspace/.derivedData/ModuleCache.noindex/Session.modulevalidation -Xcc -working-directory -Xcc /Users/admin/builder/spi-builder-workspace/.swiftpm/xcode -resource-dir /Applications/Xcode-16.1.0.app/Contents/Developer/Toolchains/XcodeDefault.xctoolchain/usr/lib/swift -enable-anonymous-context-mangled-names -file-compilation-dir /Users/admin/builder/spi-builder-workspace/.swiftpm/xcode -Xcc -D_LIBCPP_HARDENING_MODE\=_LIBCPP_HARDENING_MODE_DEBUG -Xcc -ivfsstatcache -Xcc /Users/admin/builder/spi-builder-workspace/.derivedData/SDKStatCaches.noindex/watchos11.1-22R574-7b9df0bda16bb4641b33636c68f04660.sdkstatcache -Xcc -I/Users/admin/builder/spi-builder-workspace/.derivedData/Build/Intermediates.noindex/swift-dropbox-client.build/Debug-watchos/DropboxClient.build/swift-overrides.hmap -Xcc -I/Users/admin/builder/spi-builder-workspace/.derivedData/Build/Products/Debug-watchos/include -Xcc -I/Users/admin/builder/spi-builder-workspace/.derivedData/Build/Intermediates.noindex/swift-dropbox-client.build/Debug-watchos/DropboxClient.build/DerivedSources-normal/arm64 -Xcc -I/Users/admin/builder/spi-builder-workspace/.derivedData/Build/Intermediates.noindex/swift-dropbox-client.build/Debug-watchos/DropboxClient.build/DerivedSources/arm64 -Xcc -I/Users/admin/builder/spi-builder-workspace/.derivedData/Build/Intermediates.noindex/swift-dropbox-client.build/Debug-watchos/DropboxClient.build/DerivedSources -Xcc -DSWIFT_PACKAGE -Xcc -DDEBUG\=1 -module-name DropboxClient -frontend-parseable-output -disable-clang-spi -target-sdk-version 11.1 -target-sdk-name watchos11.1 -external-plugin-path /Applications/Xcode-16.1.0.app/Contents/Developer/Platforms/WatchOS.platform/Developer/usr/lib/swift/host/plugins\#/Applications/Xcode-16.1.0.app/Contents/Developer/Platforms/WatchOS.platform/Developer/usr/bin/swift-plugin-server -external-plugin-path /Applications/Xcode-16.1.0.app/Contents/Developer/Platforms/WatchOS.platform/Developer/usr/local/lib/swift/host/plugins\#/Applications/Xcode-16.1.0.app/Contents/Developer/Platforms/WatchOS.platform/Developer/usr/bin/swift-plugin-server -plugin-path /Applications/Xcode-16.1.0.app/Contents/Developer/Toolchains/XcodeDefault.xctoolchain/usr/lib/swift/host/plugins -plugin-path /Applications/Xcode-16.1.0.app/Contents/Developer/Toolchains/XcodeDefault.xctoolchain/usr/local/lib/swift/host/plugins -o /Users/admin/builder/spi-builder-workspace/.derivedData/Build/Intermediates.noindex/swift-dropbox-client.build/Debug-watchos/DropboxClient.build/Objects-normal/arm64/ListFolder.o -o /Users/admin/builder/spi-builder-workspace/.derivedData/Build/Intermediates.noindex/swift-dropbox-client.build/Debug-watchos/DropboxClient.build/Objects-normal/arm64/Metadata.o -index-unit-output-path /swift-dropbox-client.build/Debug-watchos/DropboxClient.build/Objects-normal/arm64/ListFolder.o -index-unit-output-path /swift-dropbox-client.build/Debug-watchos/DropboxClient.build/Objects-normal/arm64/Metadata.o -index-store-path /Users/admin/builder/spi-builder-workspace/.derivedData/Index.noindex/DataStore -index-system-modules
SwiftCompile normal arm64 /Users/admin/builder/spi-builder-workspace/Sources/DropboxClient/Metadata.swift (in target 'DropboxClient' from project 'swift-dropbox-client')
cd /Users/admin/builder/spi-builder-workspace/.swiftpm/xcode
/Applications/Xcode-16.1.0.app/Contents/Developer/Toolchains/XcodeDefault.xctoolchain/usr/bin/swift-frontend -c /Users/admin/builder/spi-builder-workspace/Sources/DropboxClient/ActorIsolated.swift /Users/admin/builder/spi-builder-workspace/Sources/DropboxClient/Auth.swift /Users/admin/builder/spi-builder-workspace/Sources/DropboxClient/Client.swift /Users/admin/builder/spi-builder-workspace/Sources/DropboxClient/Coding.swift /Users/admin/builder/spi-builder-workspace/Sources/DropboxClient/Config.swift /Users/admin/builder/spi-builder-workspace/Sources/DropboxClient/Credentials.swift /Users/admin/builder/spi-builder-workspace/Sources/DropboxClient/CurrentValueAsyncSequence.swift /Users/admin/builder/spi-builder-workspace/Sources/DropboxClient/DateGenerator.swift /Users/admin/builder/spi-builder-workspace/Sources/DropboxClient/DeleteFile.swift /Users/admin/builder/spi-builder-workspace/Sources/DropboxClient/DownloadFile.swift /Users/admin/builder/spi-builder-workspace/Sources/DropboxClient/FileMetadata.swift /Users/admin/builder/spi-builder-workspace/Sources/DropboxClient/GetMetadata.swift /Users/admin/builder/spi-builder-workspace/Sources/DropboxClient/HTTPClient.swift /Users/admin/builder/spi-builder-workspace/Sources/DropboxClient/Keychain.swift -primary-file /Users/admin/builder/spi-builder-workspace/Sources/DropboxClient/ListFolder.swift -primary-file /Users/admin/builder/spi-builder-workspace/Sources/DropboxClient/Metadata.swift /Users/admin/builder/spi-builder-workspace/Sources/DropboxClient/OpenURL.swift /Users/admin/builder/spi-builder-workspace/Sources/DropboxClient/PKCEUtils.swift /Users/admin/builder/spi-builder-workspace/Sources/DropboxClient/UploadFile.swift -emit-dependencies-path /Users/admin/builder/spi-builder-workspace/.derivedData/Build/Intermediates.noindex/swift-dropbox-client.build/Debug-watchos/DropboxClient.build/Objects-normal/arm64/ListFolder.d -emit-const-values-path /Users/admin/builder/spi-builder-workspace/.derivedData/Build/Intermediates.noindex/swift-dropbox-client.build/Debug-watchos/DropboxClient.build/Objects-normal/arm64/ListFolder.swiftconstvalues -emit-reference-dependencies-path /Users/admin/builder/spi-builder-workspace/.derivedData/Build/Intermediates.noindex/swift-dropbox-client.build/Debug-watchos/DropboxClient.build/Objects-normal/arm64/ListFolder.swiftdeps -serialize-diagnostics-path /Users/admin/builder/spi-builder-workspace/.derivedData/Build/Intermediates.noindex/swift-dropbox-client.build/Debug-watchos/DropboxClient.build/Objects-normal/arm64/ListFolder.dia -emit-dependencies-path /Users/admin/builder/spi-builder-workspace/.derivedData/Build/Intermediates.noindex/swift-dropbox-client.build/Debug-watchos/DropboxClient.build/Objects-normal/arm64/Metadata.d -emit-const-values-path /Users/admin/builder/spi-builder-workspace/.derivedData/Build/Intermediates.noindex/swift-dropbox-client.build/Debug-watchos/DropboxClient.build/Objects-normal/arm64/Metadata.swiftconstvalues -emit-reference-dependencies-path /Users/admin/builder/spi-builder-workspace/.derivedData/Build/Intermediates.noindex/swift-dropbox-client.build/Debug-watchos/DropboxClient.build/Objects-normal/arm64/Metadata.swiftdeps -serialize-diagnostics-path /Users/admin/builder/spi-builder-workspace/.derivedData/Build/Intermediates.noindex/swift-dropbox-client.build/Debug-watchos/DropboxClient.build/Objects-normal/arm64/Metadata.dia -target arm64-apple-watchos9.0 -Xllvm -aarch64-use-tbi -enable-objc-interop -stack-check -sdk /Applications/Xcode-16.1.0.app/Contents/Developer/Platforms/WatchOS.platform/Developer/SDKs/WatchOS11.1.sdk -I /Users/admin/builder/spi-builder-workspace/.derivedData/Build/Products/Debug-watchos -I /Applications/Xcode-16.1.0.app/Contents/Developer/Platforms/WatchOS.platform/Developer/usr/lib -F /Users/admin/builder/spi-builder-workspace/.derivedData/Build/Products/Debug-watchos -F /Applications/Xcode-16.1.0.app/Contents/Developer/Platforms/WatchOS.platform/Developer/Library/Frameworks -F /Applications/Xcode-16.1.0.app/Contents/Developer/Platforms/WatchOS.platform/Developer/SDKs/WatchOS11.1.sdk/Developer/Library/Frameworks -no-color-diagnostics -enable-testing -g -debug-info-format\=dwarf -dwarf-version\=4 -module-cache-path /Users/admin/builder/spi-builder-workspace/.derivedData/ModuleCache.noindex -profile-generate -profile-coverage-mapping -swift-version 5 -enforce-exclusivity\=checked -stats-output-dir /Users/admin/builder/spi-builder-workspace/.swiftpm/xcode/.stats -Onone -D SWIFT_PACKAGE -D DEBUG -serialize-debugging-options -const-gather-protocols-file /Users/admin/builder/spi-builder-workspace/.derivedData/Build/Intermediates.noindex/swift-dropbox-client.build/Debug-watchos/DropboxClient.build/Objects-normal/arm64/DropboxClient_const_extract_protocols.json -enable-experimental-feature DebugDescriptionMacro -enable-experimental-feature OpaqueTypeErasure -strict-concurrency\=complete -empty-abi-descriptor -plugin-path /Applications/Xcode-16.1.0.app/Contents/Developer/Toolchains/XcodeDefault.xctoolchain/usr/lib/swift/host/plugins/testing -validate-clang-modules-once -clang-build-session-file /Users/admin/builder/spi-builder-workspace/.derivedData/ModuleCache.noindex/Session.modulevalidation -Xcc -working-directory -Xcc /Users/admin/builder/spi-builder-workspace/.swiftpm/xcode -resource-dir /Applications/Xcode-16.1.0.app/Contents/Developer/Toolchains/XcodeDefault.xctoolchain/usr/lib/swift -enable-anonymous-context-mangled-names -file-compilation-dir /Users/admin/builder/spi-builder-workspace/.swiftpm/xcode -Xcc -D_LIBCPP_HARDENING_MODE\=_LIBCPP_HARDENING_MODE_DEBUG -Xcc -ivfsstatcache -Xcc /Users/admin/builder/spi-builder-workspace/.derivedData/SDKStatCaches.noindex/watchos11.1-22R574-7b9df0bda16bb4641b33636c68f04660.sdkstatcache -Xcc -I/Users/admin/builder/spi-builder-workspace/.derivedData/Build/Intermediates.noindex/swift-dropbox-client.build/Debug-watchos/DropboxClient.build/swift-overrides.hmap -Xcc -I/Users/admin/builder/spi-builder-workspace/.derivedData/Build/Products/Debug-watchos/include -Xcc -I/Users/admin/builder/spi-builder-workspace/.derivedData/Build/Intermediates.noindex/swift-dropbox-client.build/Debug-watchos/DropboxClient.build/DerivedSources-normal/arm64 -Xcc -I/Users/admin/builder/spi-builder-workspace/.derivedData/Build/Intermediates.noindex/swift-dropbox-client.build/Debug-watchos/DropboxClient.build/DerivedSources/arm64 -Xcc -I/Users/admin/builder/spi-builder-workspace/.derivedData/Build/Intermediates.noindex/swift-dropbox-client.build/Debug-watchos/DropboxClient.build/DerivedSources -Xcc -DSWIFT_PACKAGE -Xcc -DDEBUG\=1 -module-name DropboxClient -frontend-parseable-output -disable-clang-spi -target-sdk-version 11.1 -target-sdk-name watchos11.1 -external-plugin-path /Applications/Xcode-16.1.0.app/Contents/Developer/Platforms/WatchOS.platform/Developer/usr/lib/swift/host/plugins\#/Applications/Xcode-16.1.0.app/Contents/Developer/Platforms/WatchOS.platform/Developer/usr/bin/swift-plugin-server -external-plugin-path /Applications/Xcode-16.1.0.app/Contents/Developer/Platforms/WatchOS.platform/Developer/usr/local/lib/swift/host/plugins\#/Applications/Xcode-16.1.0.app/Contents/Developer/Platforms/WatchOS.platform/Developer/usr/bin/swift-plugin-server -plugin-path /Applications/Xcode-16.1.0.app/Contents/Developer/Toolchains/XcodeDefault.xctoolchain/usr/lib/swift/host/plugins -plugin-path /Applications/Xcode-16.1.0.app/Contents/Developer/Toolchains/XcodeDefault.xctoolchain/usr/local/lib/swift/host/plugins -o /Users/admin/builder/spi-builder-workspace/.derivedData/Build/Intermediates.noindex/swift-dropbox-client.build/Debug-watchos/DropboxClient.build/Objects-normal/arm64/ListFolder.o -o /Users/admin/builder/spi-builder-workspace/.derivedData/Build/Intermediates.noindex/swift-dropbox-client.build/Debug-watchos/DropboxClient.build/Objects-normal/arm64/Metadata.o -index-unit-output-path /swift-dropbox-client.build/Debug-watchos/DropboxClient.build/Objects-normal/arm64/ListFolder.o -index-unit-output-path /swift-dropbox-client.build/Debug-watchos/DropboxClient.build/Objects-normal/arm64/Metadata.o -index-store-path /Users/admin/builder/spi-builder-workspace/.derivedData/Index.noindex/DataStore -index-system-modules
SwiftCompile normal arm64 Compiling\ FileMetadata.swift,\ GetMetadata.swift /Users/admin/builder/spi-builder-workspace/Sources/DropboxClient/FileMetadata.swift /Users/admin/builder/spi-builder-workspace/Sources/DropboxClient/GetMetadata.swift (in target 'DropboxClient' from project 'swift-dropbox-client')
cd /Users/admin/builder/spi-builder-workspace/.swiftpm/xcode
builtin-swiftTaskExecution -- /Applications/Xcode-16.1.0.app/Contents/Developer/Toolchains/XcodeDefault.xctoolchain/usr/bin/swift-frontend -frontend -c /Users/admin/builder/spi-builder-workspace/Sources/DropboxClient/ActorIsolated.swift /Users/admin/builder/spi-builder-workspace/Sources/DropboxClient/Auth.swift /Users/admin/builder/spi-builder-workspace/Sources/DropboxClient/Client.swift /Users/admin/builder/spi-builder-workspace/Sources/DropboxClient/Coding.swift /Users/admin/builder/spi-builder-workspace/Sources/DropboxClient/Config.swift /Users/admin/builder/spi-builder-workspace/Sources/DropboxClient/Credentials.swift /Users/admin/builder/spi-builder-workspace/Sources/DropboxClient/CurrentValueAsyncSequence.swift /Users/admin/builder/spi-builder-workspace/Sources/DropboxClient/DateGenerator.swift /Users/admin/builder/spi-builder-workspace/Sources/DropboxClient/DeleteFile.swift /Users/admin/builder/spi-builder-workspace/Sources/DropboxClient/DownloadFile.swift -primary-file /Users/admin/builder/spi-builder-workspace/Sources/DropboxClient/FileMetadata.swift -primary-file /Users/admin/builder/spi-builder-workspace/Sources/DropboxClient/GetMetadata.swift /Users/admin/builder/spi-builder-workspace/Sources/DropboxClient/HTTPClient.swift /Users/admin/builder/spi-builder-workspace/Sources/DropboxClient/Keychain.swift /Users/admin/builder/spi-builder-workspace/Sources/DropboxClient/ListFolder.swift /Users/admin/builder/spi-builder-workspace/Sources/DropboxClient/Metadata.swift /Users/admin/builder/spi-builder-workspace/Sources/DropboxClient/OpenURL.swift /Users/admin/builder/spi-builder-workspace/Sources/DropboxClient/PKCEUtils.swift /Users/admin/builder/spi-builder-workspace/Sources/DropboxClient/UploadFile.swift -emit-dependencies-path /Users/admin/builder/spi-builder-workspace/.derivedData/Build/Intermediates.noindex/swift-dropbox-client.build/Debug-watchos/DropboxClient.build/Objects-normal/arm64/FileMetadata.d -emit-const-values-path /Users/admin/builder/spi-builder-workspace/.derivedData/Build/Intermediates.noindex/swift-dropbox-client.build/Debug-watchos/DropboxClient.build/Objects-normal/arm64/FileMetadata.swiftconstvalues -emit-reference-dependencies-path /Users/admin/builder/spi-builder-workspace/.derivedData/Build/Intermediates.noindex/swift-dropbox-client.build/Debug-watchos/DropboxClient.build/Objects-normal/arm64/FileMetadata.swiftdeps -serialize-diagnostics-path /Users/admin/builder/spi-builder-workspace/.derivedData/Build/Intermediates.noindex/swift-dropbox-client.build/Debug-watchos/DropboxClient.build/Objects-normal/arm64/FileMetadata.dia -emit-dependencies-path /Users/admin/builder/spi-builder-workspace/.derivedData/Build/Intermediates.noindex/swift-dropbox-client.build/Debug-watchos/DropboxClient.build/Objects-normal/arm64/GetMetadata.d -emit-const-values-path /Users/admin/builder/spi-builder-workspace/.derivedData/Build/Intermediates.noindex/swift-dropbox-client.build/Debug-watchos/DropboxClient.build/Objects-normal/arm64/GetMetadata.swiftconstvalues -emit-reference-dependencies-path /Users/admin/builder/spi-builder-workspace/.derivedData/Build/Intermediates.noindex/swift-dropbox-client.build/Debug-watchos/DropboxClient.build/Objects-normal/arm64/GetMetadata.swiftdeps -serialize-diagnostics-path /Users/admin/builder/spi-builder-workspace/.derivedData/Build/Intermediates.noindex/swift-dropbox-client.build/Debug-watchos/DropboxClient.build/Objects-normal/arm64/GetMetadata.dia -target arm64-apple-watchos9.0 -Xllvm -aarch64-use-tbi -enable-objc-interop -stack-check -sdk /Applications/Xcode-16.1.0.app/Contents/Developer/Platforms/WatchOS.platform/Developer/SDKs/WatchOS11.1.sdk -I /Users/admin/builder/spi-builder-workspace/.derivedData/Build/Products/Debug-watchos -I /Applications/Xcode-16.1.0.app/Contents/Developer/Platforms/WatchOS.platform/Developer/usr/lib -F /Users/admin/builder/spi-builder-workspace/.derivedData/Build/Products/Debug-watchos -F /Applications/Xcode-16.1.0.app/Contents/Developer/Platforms/WatchOS.platform/Developer/Library/Frameworks -F /Applications/Xcode-16.1.0.app/Contents/Developer/Platforms/WatchOS.platform/Developer/SDKs/WatchOS11.1.sdk/Developer/Library/Frameworks -no-color-diagnostics -enable-testing -g -debug-info-format\=dwarf -dwarf-version\=4 -module-cache-path /Users/admin/builder/spi-builder-workspace/.derivedData/ModuleCache.noindex -profile-generate -profile-coverage-mapping -swift-version 5 -enforce-exclusivity\=checked -stats-output-dir /Users/admin/builder/spi-builder-workspace/.swiftpm/xcode/.stats -Onone -D SWIFT_PACKAGE -D DEBUG -serialize-debugging-options -const-gather-protocols-file /Users/admin/builder/spi-builder-workspace/.derivedData/Build/Intermediates.noindex/swift-dropbox-client.build/Debug-watchos/DropboxClient.build/Objects-normal/arm64/DropboxClient_const_extract_protocols.json -enable-experimental-feature DebugDescriptionMacro -enable-experimental-feature OpaqueTypeErasure -strict-concurrency\=complete -empty-abi-descriptor -plugin-path /Applications/Xcode-16.1.0.app/Contents/Developer/Toolchains/XcodeDefault.xctoolchain/usr/lib/swift/host/plugins/testing -validate-clang-modules-once -clang-build-session-file /Users/admin/builder/spi-builder-workspace/.derivedData/ModuleCache.noindex/Session.modulevalidation -Xcc -working-directory -Xcc /Users/admin/builder/spi-builder-workspace/.swiftpm/xcode -resource-dir /Applications/Xcode-16.1.0.app/Contents/Developer/Toolchains/XcodeDefault.xctoolchain/usr/lib/swift -enable-anonymous-context-mangled-names -file-compilation-dir /Users/admin/builder/spi-builder-workspace/.swiftpm/xcode -Xcc -D_LIBCPP_HARDENING_MODE\=_LIBCPP_HARDENING_MODE_DEBUG -Xcc -ivfsstatcache -Xcc /Users/admin/builder/spi-builder-workspace/.derivedData/SDKStatCaches.noindex/watchos11.1-22R574-7b9df0bda16bb4641b33636c68f04660.sdkstatcache -Xcc -I/Users/admin/builder/spi-builder-workspace/.derivedData/Build/Intermediates.noindex/swift-dropbox-client.build/Debug-watchos/DropboxClient.build/swift-overrides.hmap -Xcc -I/Users/admin/builder/spi-builder-workspace/.derivedData/Build/Products/Debug-watchos/include -Xcc -I/Users/admin/builder/spi-builder-workspace/.derivedData/Build/Intermediates.noindex/swift-dropbox-client.build/Debug-watchos/DropboxClient.build/DerivedSources-normal/arm64 -Xcc -I/Users/admin/builder/spi-builder-workspace/.derivedData/Build/Intermediates.noindex/swift-dropbox-client.build/Debug-watchos/DropboxClient.build/DerivedSources/arm64 -Xcc -I/Users/admin/builder/spi-builder-workspace/.derivedData/Build/Intermediates.noindex/swift-dropbox-client.build/Debug-watchos/DropboxClient.build/DerivedSources -Xcc -DSWIFT_PACKAGE -Xcc -DDEBUG\=1 -module-name DropboxClient -frontend-parseable-output -disable-clang-spi -target-sdk-version 11.1 -target-sdk-name watchos11.1 -external-plugin-path /Applications/Xcode-16.1.0.app/Contents/Developer/Platforms/WatchOS.platform/Developer/usr/lib/swift/host/plugins\#/Applications/Xcode-16.1.0.app/Contents/Developer/Platforms/WatchOS.platform/Developer/usr/bin/swift-plugin-server -external-plugin-path /Applications/Xcode-16.1.0.app/Contents/Developer/Platforms/WatchOS.platform/Developer/usr/local/lib/swift/host/plugins\#/Applications/Xcode-16.1.0.app/Contents/Developer/Platforms/WatchOS.platform/Developer/usr/bin/swift-plugin-server -plugin-path /Applications/Xcode-16.1.0.app/Contents/Developer/Toolchains/XcodeDefault.xctoolchain/usr/lib/swift/host/plugins -plugin-path /Applications/Xcode-16.1.0.app/Contents/Developer/Toolchains/XcodeDefault.xctoolchain/usr/local/lib/swift/host/plugins -o /Users/admin/builder/spi-builder-workspace/.derivedData/Build/Intermediates.noindex/swift-dropbox-client.build/Debug-watchos/DropboxClient.build/Objects-normal/arm64/FileMetadata.o -o /Users/admin/builder/spi-builder-workspace/.derivedData/Build/Intermediates.noindex/swift-dropbox-client.build/Debug-watchos/DropboxClient.build/Objects-normal/arm64/GetMetadata.o -index-unit-output-path /swift-dropbox-client.build/Debug-watchos/DropboxClient.build/Objects-normal/arm64/FileMetadata.o -index-unit-output-path /swift-dropbox-client.build/Debug-watchos/DropboxClient.build/Objects-normal/arm64/GetMetadata.o -index-store-path /Users/admin/builder/spi-builder-workspace/.derivedData/Index.noindex/DataStore -index-system-modules
SwiftCompile normal arm64 /Users/admin/builder/spi-builder-workspace/Sources/DropboxClient/FileMetadata.swift (in target 'DropboxClient' from project 'swift-dropbox-client')
cd /Users/admin/builder/spi-builder-workspace/.swiftpm/xcode
/Applications/Xcode-16.1.0.app/Contents/Developer/Toolchains/XcodeDefault.xctoolchain/usr/bin/swift-frontend -c /Users/admin/builder/spi-builder-workspace/Sources/DropboxClient/ActorIsolated.swift /Users/admin/builder/spi-builder-workspace/Sources/DropboxClient/Auth.swift /Users/admin/builder/spi-builder-workspace/Sources/DropboxClient/Client.swift /Users/admin/builder/spi-builder-workspace/Sources/DropboxClient/Coding.swift /Users/admin/builder/spi-builder-workspace/Sources/DropboxClient/Config.swift /Users/admin/builder/spi-builder-workspace/Sources/DropboxClient/Credentials.swift /Users/admin/builder/spi-builder-workspace/Sources/DropboxClient/CurrentValueAsyncSequence.swift /Users/admin/builder/spi-builder-workspace/Sources/DropboxClient/DateGenerator.swift /Users/admin/builder/spi-builder-workspace/Sources/DropboxClient/DeleteFile.swift /Users/admin/builder/spi-builder-workspace/Sources/DropboxClient/DownloadFile.swift -primary-file /Users/admin/builder/spi-builder-workspace/Sources/DropboxClient/FileMetadata.swift -primary-file /Users/admin/builder/spi-builder-workspace/Sources/DropboxClient/GetMetadata.swift /Users/admin/builder/spi-builder-workspace/Sources/DropboxClient/HTTPClient.swift /Users/admin/builder/spi-builder-workspace/Sources/DropboxClient/Keychain.swift /Users/admin/builder/spi-builder-workspace/Sources/DropboxClient/ListFolder.swift /Users/admin/builder/spi-builder-workspace/Sources/DropboxClient/Metadata.swift /Users/admin/builder/spi-builder-workspace/Sources/DropboxClient/OpenURL.swift /Users/admin/builder/spi-builder-workspace/Sources/DropboxClient/PKCEUtils.swift /Users/admin/builder/spi-builder-workspace/Sources/DropboxClient/UploadFile.swift -emit-dependencies-path /Users/admin/builder/spi-builder-workspace/.derivedData/Build/Intermediates.noindex/swift-dropbox-client.build/Debug-watchos/DropboxClient.build/Objects-normal/arm64/FileMetadata.d -emit-const-values-path /Users/admin/builder/spi-builder-workspace/.derivedData/Build/Intermediates.noindex/swift-dropbox-client.build/Debug-watchos/DropboxClient.build/Objects-normal/arm64/FileMetadata.swiftconstvalues -emit-reference-dependencies-path /Users/admin/builder/spi-builder-workspace/.derivedData/Build/Intermediates.noindex/swift-dropbox-client.build/Debug-watchos/DropboxClient.build/Objects-normal/arm64/FileMetadata.swiftdeps -serialize-diagnostics-path /Users/admin/builder/spi-builder-workspace/.derivedData/Build/Intermediates.noindex/swift-dropbox-client.build/Debug-watchos/DropboxClient.build/Objects-normal/arm64/FileMetadata.dia -emit-dependencies-path /Users/admin/builder/spi-builder-workspace/.derivedData/Build/Intermediates.noindex/swift-dropbox-client.build/Debug-watchos/DropboxClient.build/Objects-normal/arm64/GetMetadata.d -emit-const-values-path /Users/admin/builder/spi-builder-workspace/.derivedData/Build/Intermediates.noindex/swift-dropbox-client.build/Debug-watchos/DropboxClient.build/Objects-normal/arm64/GetMetadata.swiftconstvalues -emit-reference-dependencies-path /Users/admin/builder/spi-builder-workspace/.derivedData/Build/Intermediates.noindex/swift-dropbox-client.build/Debug-watchos/DropboxClient.build/Objects-normal/arm64/GetMetadata.swiftdeps -serialize-diagnostics-path /Users/admin/builder/spi-builder-workspace/.derivedData/Build/Intermediates.noindex/swift-dropbox-client.build/Debug-watchos/DropboxClient.build/Objects-normal/arm64/GetMetadata.dia -target arm64-apple-watchos9.0 -Xllvm -aarch64-use-tbi -enable-objc-interop -stack-check -sdk /Applications/Xcode-16.1.0.app/Contents/Developer/Platforms/WatchOS.platform/Developer/SDKs/WatchOS11.1.sdk -I /Users/admin/builder/spi-builder-workspace/.derivedData/Build/Products/Debug-watchos -I /Applications/Xcode-16.1.0.app/Contents/Developer/Platforms/WatchOS.platform/Developer/usr/lib -F /Users/admin/builder/spi-builder-workspace/.derivedData/Build/Products/Debug-watchos -F /Applications/Xcode-16.1.0.app/Contents/Developer/Platforms/WatchOS.platform/Developer/Library/Frameworks -F /Applications/Xcode-16.1.0.app/Contents/Developer/Platforms/WatchOS.platform/Developer/SDKs/WatchOS11.1.sdk/Developer/Library/Frameworks -no-color-diagnostics -enable-testing -g -debug-info-format\=dwarf -dwarf-version\=4 -module-cache-path /Users/admin/builder/spi-builder-workspace/.derivedData/ModuleCache.noindex -profile-generate -profile-coverage-mapping -swift-version 5 -enforce-exclusivity\=checked -stats-output-dir /Users/admin/builder/spi-builder-workspace/.swiftpm/xcode/.stats -Onone -D SWIFT_PACKAGE -D DEBUG -serialize-debugging-options -const-gather-protocols-file /Users/admin/builder/spi-builder-workspace/.derivedData/Build/Intermediates.noindex/swift-dropbox-client.build/Debug-watchos/DropboxClient.build/Objects-normal/arm64/DropboxClient_const_extract_protocols.json -enable-experimental-feature DebugDescriptionMacro -enable-experimental-feature OpaqueTypeErasure -strict-concurrency\=complete -empty-abi-descriptor -plugin-path /Applications/Xcode-16.1.0.app/Contents/Developer/Toolchains/XcodeDefault.xctoolchain/usr/lib/swift/host/plugins/testing -validate-clang-modules-once -clang-build-session-file /Users/admin/builder/spi-builder-workspace/.derivedData/ModuleCache.noindex/Session.modulevalidation -Xcc -working-directory -Xcc /Users/admin/builder/spi-builder-workspace/.swiftpm/xcode -resource-dir /Applications/Xcode-16.1.0.app/Contents/Developer/Toolchains/XcodeDefault.xctoolchain/usr/lib/swift -enable-anonymous-context-mangled-names -file-compilation-dir /Users/admin/builder/spi-builder-workspace/.swiftpm/xcode -Xcc -D_LIBCPP_HARDENING_MODE\=_LIBCPP_HARDENING_MODE_DEBUG -Xcc -ivfsstatcache -Xcc /Users/admin/builder/spi-builder-workspace/.derivedData/SDKStatCaches.noindex/watchos11.1-22R574-7b9df0bda16bb4641b33636c68f04660.sdkstatcache -Xcc -I/Users/admin/builder/spi-builder-workspace/.derivedData/Build/Intermediates.noindex/swift-dropbox-client.build/Debug-watchos/DropboxClient.build/swift-overrides.hmap -Xcc -I/Users/admin/builder/spi-builder-workspace/.derivedData/Build/Products/Debug-watchos/include -Xcc -I/Users/admin/builder/spi-builder-workspace/.derivedData/Build/Intermediates.noindex/swift-dropbox-client.build/Debug-watchos/DropboxClient.build/DerivedSources-normal/arm64 -Xcc -I/Users/admin/builder/spi-builder-workspace/.derivedData/Build/Intermediates.noindex/swift-dropbox-client.build/Debug-watchos/DropboxClient.build/DerivedSources/arm64 -Xcc -I/Users/admin/builder/spi-builder-workspace/.derivedData/Build/Intermediates.noindex/swift-dropbox-client.build/Debug-watchos/DropboxClient.build/DerivedSources -Xcc -DSWIFT_PACKAGE -Xcc -DDEBUG\=1 -module-name DropboxClient -frontend-parseable-output -disable-clang-spi -target-sdk-version 11.1 -target-sdk-name watchos11.1 -external-plugin-path /Applications/Xcode-16.1.0.app/Contents/Developer/Platforms/WatchOS.platform/Developer/usr/lib/swift/host/plugins\#/Applications/Xcode-16.1.0.app/Contents/Developer/Platforms/WatchOS.platform/Developer/usr/bin/swift-plugin-server -external-plugin-path /Applications/Xcode-16.1.0.app/Contents/Developer/Platforms/WatchOS.platform/Developer/usr/local/lib/swift/host/plugins\#/Applications/Xcode-16.1.0.app/Contents/Developer/Platforms/WatchOS.platform/Developer/usr/bin/swift-plugin-server -plugin-path /Applications/Xcode-16.1.0.app/Contents/Developer/Toolchains/XcodeDefault.xctoolchain/usr/lib/swift/host/plugins -plugin-path /Applications/Xcode-16.1.0.app/Contents/Developer/Toolchains/XcodeDefault.xctoolchain/usr/local/lib/swift/host/plugins -o /Users/admin/builder/spi-builder-workspace/.derivedData/Build/Intermediates.noindex/swift-dropbox-client.build/Debug-watchos/DropboxClient.build/Objects-normal/arm64/FileMetadata.o -o /Users/admin/builder/spi-builder-workspace/.derivedData/Build/Intermediates.noindex/swift-dropbox-client.build/Debug-watchos/DropboxClient.build/Objects-normal/arm64/GetMetadata.o -index-unit-output-path /swift-dropbox-client.build/Debug-watchos/DropboxClient.build/Objects-normal/arm64/FileMetadata.o -index-unit-output-path /swift-dropbox-client.build/Debug-watchos/DropboxClient.build/Objects-normal/arm64/GetMetadata.o -index-store-path /Users/admin/builder/spi-builder-workspace/.derivedData/Index.noindex/DataStore -index-system-modules
SwiftCompile normal arm64 /Users/admin/builder/spi-builder-workspace/Sources/DropboxClient/GetMetadata.swift (in target 'DropboxClient' from project 'swift-dropbox-client')
cd /Users/admin/builder/spi-builder-workspace/.swiftpm/xcode
/Applications/Xcode-16.1.0.app/Contents/Developer/Toolchains/XcodeDefault.xctoolchain/usr/bin/swift-frontend -c /Users/admin/builder/spi-builder-workspace/Sources/DropboxClient/ActorIsolated.swift /Users/admin/builder/spi-builder-workspace/Sources/DropboxClient/Auth.swift /Users/admin/builder/spi-builder-workspace/Sources/DropboxClient/Client.swift /Users/admin/builder/spi-builder-workspace/Sources/DropboxClient/Coding.swift /Users/admin/builder/spi-builder-workspace/Sources/DropboxClient/Config.swift /Users/admin/builder/spi-builder-workspace/Sources/DropboxClient/Credentials.swift /Users/admin/builder/spi-builder-workspace/Sources/DropboxClient/CurrentValueAsyncSequence.swift /Users/admin/builder/spi-builder-workspace/Sources/DropboxClient/DateGenerator.swift /Users/admin/builder/spi-builder-workspace/Sources/DropboxClient/DeleteFile.swift /Users/admin/builder/spi-builder-workspace/Sources/DropboxClient/DownloadFile.swift -primary-file /Users/admin/builder/spi-builder-workspace/Sources/DropboxClient/FileMetadata.swift -primary-file /Users/admin/builder/spi-builder-workspace/Sources/DropboxClient/GetMetadata.swift /Users/admin/builder/spi-builder-workspace/Sources/DropboxClient/HTTPClient.swift /Users/admin/builder/spi-builder-workspace/Sources/DropboxClient/Keychain.swift /Users/admin/builder/spi-builder-workspace/Sources/DropboxClient/ListFolder.swift /Users/admin/builder/spi-builder-workspace/Sources/DropboxClient/Metadata.swift /Users/admin/builder/spi-builder-workspace/Sources/DropboxClient/OpenURL.swift /Users/admin/builder/spi-builder-workspace/Sources/DropboxClient/PKCEUtils.swift /Users/admin/builder/spi-builder-workspace/Sources/DropboxClient/UploadFile.swift -emit-dependencies-path /Users/admin/builder/spi-builder-workspace/.derivedData/Build/Intermediates.noindex/swift-dropbox-client.build/Debug-watchos/DropboxClient.build/Objects-normal/arm64/FileMetadata.d -emit-const-values-path /Users/admin/builder/spi-builder-workspace/.derivedData/Build/Intermediates.noindex/swift-dropbox-client.build/Debug-watchos/DropboxClient.build/Objects-normal/arm64/FileMetadata.swiftconstvalues -emit-reference-dependencies-path /Users/admin/builder/spi-builder-workspace/.derivedData/Build/Intermediates.noindex/swift-dropbox-client.build/Debug-watchos/DropboxClient.build/Objects-normal/arm64/FileMetadata.swiftdeps -serialize-diagnostics-path /Users/admin/builder/spi-builder-workspace/.derivedData/Build/Intermediates.noindex/swift-dropbox-client.build/Debug-watchos/DropboxClient.build/Objects-normal/arm64/FileMetadata.dia -emit-dependencies-path /Users/admin/builder/spi-builder-workspace/.derivedData/Build/Intermediates.noindex/swift-dropbox-client.build/Debug-watchos/DropboxClient.build/Objects-normal/arm64/GetMetadata.d -emit-const-values-path /Users/admin/builder/spi-builder-workspace/.derivedData/Build/Intermediates.noindex/swift-dropbox-client.build/Debug-watchos/DropboxClient.build/Objects-normal/arm64/GetMetadata.swiftconstvalues -emit-reference-dependencies-path /Users/admin/builder/spi-builder-workspace/.derivedData/Build/Intermediates.noindex/swift-dropbox-client.build/Debug-watchos/DropboxClient.build/Objects-normal/arm64/GetMetadata.swiftdeps -serialize-diagnostics-path /Users/admin/builder/spi-builder-workspace/.derivedData/Build/Intermediates.noindex/swift-dropbox-client.build/Debug-watchos/DropboxClient.build/Objects-normal/arm64/GetMetadata.dia -target arm64-apple-watchos9.0 -Xllvm -aarch64-use-tbi -enable-objc-interop -stack-check -sdk /Applications/Xcode-16.1.0.app/Contents/Developer/Platforms/WatchOS.platform/Developer/SDKs/WatchOS11.1.sdk -I /Users/admin/builder/spi-builder-workspace/.derivedData/Build/Products/Debug-watchos -I /Applications/Xcode-16.1.0.app/Contents/Developer/Platforms/WatchOS.platform/Developer/usr/lib -F /Users/admin/builder/spi-builder-workspace/.derivedData/Build/Products/Debug-watchos -F /Applications/Xcode-16.1.0.app/Contents/Developer/Platforms/WatchOS.platform/Developer/Library/Frameworks -F /Applications/Xcode-16.1.0.app/Contents/Developer/Platforms/WatchOS.platform/Developer/SDKs/WatchOS11.1.sdk/Developer/Library/Frameworks -no-color-diagnostics -enable-testing -g -debug-info-format\=dwarf -dwarf-version\=4 -module-cache-path /Users/admin/builder/spi-builder-workspace/.derivedData/ModuleCache.noindex -profile-generate -profile-coverage-mapping -swift-version 5 -enforce-exclusivity\=checked -stats-output-dir /Users/admin/builder/spi-builder-workspace/.swiftpm/xcode/.stats -Onone -D SWIFT_PACKAGE -D DEBUG -serialize-debugging-options -const-gather-protocols-file /Users/admin/builder/spi-builder-workspace/.derivedData/Build/Intermediates.noindex/swift-dropbox-client.build/Debug-watchos/DropboxClient.build/Objects-normal/arm64/DropboxClient_const_extract_protocols.json -enable-experimental-feature DebugDescriptionMacro -enable-experimental-feature OpaqueTypeErasure -strict-concurrency\=complete -empty-abi-descriptor -plugin-path /Applications/Xcode-16.1.0.app/Contents/Developer/Toolchains/XcodeDefault.xctoolchain/usr/lib/swift/host/plugins/testing -validate-clang-modules-once -clang-build-session-file /Users/admin/builder/spi-builder-workspace/.derivedData/ModuleCache.noindex/Session.modulevalidation -Xcc -working-directory -Xcc /Users/admin/builder/spi-builder-workspace/.swiftpm/xcode -resource-dir /Applications/Xcode-16.1.0.app/Contents/Developer/Toolchains/XcodeDefault.xctoolchain/usr/lib/swift -enable-anonymous-context-mangled-names -file-compilation-dir /Users/admin/builder/spi-builder-workspace/.swiftpm/xcode -Xcc -D_LIBCPP_HARDENING_MODE\=_LIBCPP_HARDENING_MODE_DEBUG -Xcc -ivfsstatcache -Xcc /Users/admin/builder/spi-builder-workspace/.derivedData/SDKStatCaches.noindex/watchos11.1-22R574-7b9df0bda16bb4641b33636c68f04660.sdkstatcache -Xcc -I/Users/admin/builder/spi-builder-workspace/.derivedData/Build/Intermediates.noindex/swift-dropbox-client.build/Debug-watchos/DropboxClient.build/swift-overrides.hmap -Xcc -I/Users/admin/builder/spi-builder-workspace/.derivedData/Build/Products/Debug-watchos/include -Xcc -I/Users/admin/builder/spi-builder-workspace/.derivedData/Build/Intermediates.noindex/swift-dropbox-client.build/Debug-watchos/DropboxClient.build/DerivedSources-normal/arm64 -Xcc -I/Users/admin/builder/spi-builder-workspace/.derivedData/Build/Intermediates.noindex/swift-dropbox-client.build/Debug-watchos/DropboxClient.build/DerivedSources/arm64 -Xcc -I/Users/admin/builder/spi-builder-workspace/.derivedData/Build/Intermediates.noindex/swift-dropbox-client.build/Debug-watchos/DropboxClient.build/DerivedSources -Xcc -DSWIFT_PACKAGE -Xcc -DDEBUG\=1 -module-name DropboxClient -frontend-parseable-output -disable-clang-spi -target-sdk-version 11.1 -target-sdk-name watchos11.1 -external-plugin-path /Applications/Xcode-16.1.0.app/Contents/Developer/Platforms/WatchOS.platform/Developer/usr/lib/swift/host/plugins\#/Applications/Xcode-16.1.0.app/Contents/Developer/Platforms/WatchOS.platform/Developer/usr/bin/swift-plugin-server -external-plugin-path /Applications/Xcode-16.1.0.app/Contents/Developer/Platforms/WatchOS.platform/Developer/usr/local/lib/swift/host/plugins\#/Applications/Xcode-16.1.0.app/Contents/Developer/Platforms/WatchOS.platform/Developer/usr/bin/swift-plugin-server -plugin-path /Applications/Xcode-16.1.0.app/Contents/Developer/Toolchains/XcodeDefault.xctoolchain/usr/lib/swift/host/plugins -plugin-path /Applications/Xcode-16.1.0.app/Contents/Developer/Toolchains/XcodeDefault.xctoolchain/usr/local/lib/swift/host/plugins -o /Users/admin/builder/spi-builder-workspace/.derivedData/Build/Intermediates.noindex/swift-dropbox-client.build/Debug-watchos/DropboxClient.build/Objects-normal/arm64/FileMetadata.o -o /Users/admin/builder/spi-builder-workspace/.derivedData/Build/Intermediates.noindex/swift-dropbox-client.build/Debug-watchos/DropboxClient.build/Objects-normal/arm64/GetMetadata.o -index-unit-output-path /swift-dropbox-client.build/Debug-watchos/DropboxClient.build/Objects-normal/arm64/FileMetadata.o -index-unit-output-path /swift-dropbox-client.build/Debug-watchos/DropboxClient.build/Objects-normal/arm64/GetMetadata.o -index-store-path /Users/admin/builder/spi-builder-workspace/.derivedData/Index.noindex/DataStore -index-system-modules
SwiftCompile normal arm64 Compiling\ Client.swift,\ Coding.swift /Users/admin/builder/spi-builder-workspace/Sources/DropboxClient/Client.swift /Users/admin/builder/spi-builder-workspace/Sources/DropboxClient/Coding.swift (in target 'DropboxClient' from project 'swift-dropbox-client')
cd /Users/admin/builder/spi-builder-workspace/.swiftpm/xcode
builtin-swiftTaskExecution -- /Applications/Xcode-16.1.0.app/Contents/Developer/Toolchains/XcodeDefault.xctoolchain/usr/bin/swift-frontend -frontend -c /Users/admin/builder/spi-builder-workspace/Sources/DropboxClient/ActorIsolated.swift /Users/admin/builder/spi-builder-workspace/Sources/DropboxClient/Auth.swift -primary-file /Users/admin/builder/spi-builder-workspace/Sources/DropboxClient/Client.swift -primary-file /Users/admin/builder/spi-builder-workspace/Sources/DropboxClient/Coding.swift /Users/admin/builder/spi-builder-workspace/Sources/DropboxClient/Config.swift /Users/admin/builder/spi-builder-workspace/Sources/DropboxClient/Credentials.swift /Users/admin/builder/spi-builder-workspace/Sources/DropboxClient/CurrentValueAsyncSequence.swift /Users/admin/builder/spi-builder-workspace/Sources/DropboxClient/DateGenerator.swift /Users/admin/builder/spi-builder-workspace/Sources/DropboxClient/DeleteFile.swift /Users/admin/builder/spi-builder-workspace/Sources/DropboxClient/DownloadFile.swift /Users/admin/builder/spi-builder-workspace/Sources/DropboxClient/FileMetadata.swift /Users/admin/builder/spi-builder-workspace/Sources/DropboxClient/GetMetadata.swift /Users/admin/builder/spi-builder-workspace/Sources/DropboxClient/HTTPClient.swift /Users/admin/builder/spi-builder-workspace/Sources/DropboxClient/Keychain.swift /Users/admin/builder/spi-builder-workspace/Sources/DropboxClient/ListFolder.swift /Users/admin/builder/spi-builder-workspace/Sources/DropboxClient/Metadata.swift /Users/admin/builder/spi-builder-workspace/Sources/DropboxClient/OpenURL.swift /Users/admin/builder/spi-builder-workspace/Sources/DropboxClient/PKCEUtils.swift /Users/admin/builder/spi-builder-workspace/Sources/DropboxClient/UploadFile.swift -emit-dependencies-path /Users/admin/builder/spi-builder-workspace/.derivedData/Build/Intermediates.noindex/swift-dropbox-client.build/Debug-watchos/DropboxClient.build/Objects-normal/arm64/Client.d -emit-const-values-path /Users/admin/builder/spi-builder-workspace/.derivedData/Build/Intermediates.noindex/swift-dropbox-client.build/Debug-watchos/DropboxClient.build/Objects-normal/arm64/Client.swiftconstvalues -emit-reference-dependencies-path /Users/admin/builder/spi-builder-workspace/.derivedData/Build/Intermediates.noindex/swift-dropbox-client.build/Debug-watchos/DropboxClient.build/Objects-normal/arm64/Client.swiftdeps -serialize-diagnostics-path /Users/admin/builder/spi-builder-workspace/.derivedData/Build/Intermediates.noindex/swift-dropbox-client.build/Debug-watchos/DropboxClient.build/Objects-normal/arm64/Client.dia -emit-dependencies-path /Users/admin/builder/spi-builder-workspace/.derivedData/Build/Intermediates.noindex/swift-dropbox-client.build/Debug-watchos/DropboxClient.build/Objects-normal/arm64/Coding.d -emit-const-values-path /Users/admin/builder/spi-builder-workspace/.derivedData/Build/Intermediates.noindex/swift-dropbox-client.build/Debug-watchos/DropboxClient.build/Objects-normal/arm64/Coding.swiftconstvalues -emit-reference-dependencies-path /Users/admin/builder/spi-builder-workspace/.derivedData/Build/Intermediates.noindex/swift-dropbox-client.build/Debug-watchos/DropboxClient.build/Objects-normal/arm64/Coding.swiftdeps -serialize-diagnostics-path /Users/admin/builder/spi-builder-workspace/.derivedData/Build/Intermediates.noindex/swift-dropbox-client.build/Debug-watchos/DropboxClient.build/Objects-normal/arm64/Coding.dia -target arm64-apple-watchos9.0 -Xllvm -aarch64-use-tbi -enable-objc-interop -stack-check -sdk /Applications/Xcode-16.1.0.app/Contents/Developer/Platforms/WatchOS.platform/Developer/SDKs/WatchOS11.1.sdk -I /Users/admin/builder/spi-builder-workspace/.derivedData/Build/Products/Debug-watchos -I /Applications/Xcode-16.1.0.app/Contents/Developer/Platforms/WatchOS.platform/Developer/usr/lib -F /Users/admin/builder/spi-builder-workspace/.derivedData/Build/Products/Debug-watchos -F /Applications/Xcode-16.1.0.app/Contents/Developer/Platforms/WatchOS.platform/Developer/Library/Frameworks -F /Applications/Xcode-16.1.0.app/Contents/Developer/Platforms/WatchOS.platform/Developer/SDKs/WatchOS11.1.sdk/Developer/Library/Frameworks -no-color-diagnostics -enable-testing -g -debug-info-format\=dwarf -dwarf-version\=4 -module-cache-path /Users/admin/builder/spi-builder-workspace/.derivedData/ModuleCache.noindex -profile-generate -profile-coverage-mapping -swift-version 5 -enforce-exclusivity\=checked -stats-output-dir /Users/admin/builder/spi-builder-workspace/.swiftpm/xcode/.stats -Onone -D SWIFT_PACKAGE -D DEBUG -serialize-debugging-options -const-gather-protocols-file /Users/admin/builder/spi-builder-workspace/.derivedData/Build/Intermediates.noindex/swift-dropbox-client.build/Debug-watchos/DropboxClient.build/Objects-normal/arm64/DropboxClient_const_extract_protocols.json -enable-experimental-feature DebugDescriptionMacro -enable-experimental-feature OpaqueTypeErasure -strict-concurrency\=complete -empty-abi-descriptor -plugin-path /Applications/Xcode-16.1.0.app/Contents/Developer/Toolchains/XcodeDefault.xctoolchain/usr/lib/swift/host/plugins/testing -validate-clang-modules-once -clang-build-session-file /Users/admin/builder/spi-builder-workspace/.derivedData/ModuleCache.noindex/Session.modulevalidation -Xcc -working-directory -Xcc /Users/admin/builder/spi-builder-workspace/.swiftpm/xcode -resource-dir /Applications/Xcode-16.1.0.app/Contents/Developer/Toolchains/XcodeDefault.xctoolchain/usr/lib/swift -enable-anonymous-context-mangled-names -file-compilation-dir /Users/admin/builder/spi-builder-workspace/.swiftpm/xcode -Xcc -D_LIBCPP_HARDENING_MODE\=_LIBCPP_HARDENING_MODE_DEBUG -Xcc -ivfsstatcache -Xcc /Users/admin/builder/spi-builder-workspace/.derivedData/SDKStatCaches.noindex/watchos11.1-22R574-7b9df0bda16bb4641b33636c68f04660.sdkstatcache -Xcc -I/Users/admin/builder/spi-builder-workspace/.derivedData/Build/Intermediates.noindex/swift-dropbox-client.build/Debug-watchos/DropboxClient.build/swift-overrides.hmap -Xcc -I/Users/admin/builder/spi-builder-workspace/.derivedData/Build/Products/Debug-watchos/include -Xcc -I/Users/admin/builder/spi-builder-workspace/.derivedData/Build/Intermediates.noindex/swift-dropbox-client.build/Debug-watchos/DropboxClient.build/DerivedSources-normal/arm64 -Xcc -I/Users/admin/builder/spi-builder-workspace/.derivedData/Build/Intermediates.noindex/swift-dropbox-client.build/Debug-watchos/DropboxClient.build/DerivedSources/arm64 -Xcc -I/Users/admin/builder/spi-builder-workspace/.derivedData/Build/Intermediates.noindex/swift-dropbox-client.build/Debug-watchos/DropboxClient.build/DerivedSources -Xcc -DSWIFT_PACKAGE -Xcc -DDEBUG\=1 -module-name DropboxClient -frontend-parseable-output -disable-clang-spi -target-sdk-version 11.1 -target-sdk-name watchos11.1 -external-plugin-path /Applications/Xcode-16.1.0.app/Contents/Developer/Platforms/WatchOS.platform/Developer/usr/lib/swift/host/plugins\#/Applications/Xcode-16.1.0.app/Contents/Developer/Platforms/WatchOS.platform/Developer/usr/bin/swift-plugin-server -external-plugin-path /Applications/Xcode-16.1.0.app/Contents/Developer/Platforms/WatchOS.platform/Developer/usr/local/lib/swift/host/plugins\#/Applications/Xcode-16.1.0.app/Contents/Developer/Platforms/WatchOS.platform/Developer/usr/bin/swift-plugin-server -plugin-path /Applications/Xcode-16.1.0.app/Contents/Developer/Toolchains/XcodeDefault.xctoolchain/usr/lib/swift/host/plugins -plugin-path /Applications/Xcode-16.1.0.app/Contents/Developer/Toolchains/XcodeDefault.xctoolchain/usr/local/lib/swift/host/plugins -o /Users/admin/builder/spi-builder-workspace/.derivedData/Build/Intermediates.noindex/swift-dropbox-client.build/Debug-watchos/DropboxClient.build/Objects-normal/arm64/Client.o -o /Users/admin/builder/spi-builder-workspace/.derivedData/Build/Intermediates.noindex/swift-dropbox-client.build/Debug-watchos/DropboxClient.build/Objects-normal/arm64/Coding.o -index-unit-output-path /swift-dropbox-client.build/Debug-watchos/DropboxClient.build/Objects-normal/arm64/Client.o -index-unit-output-path /swift-dropbox-client.build/Debug-watchos/DropboxClient.build/Objects-normal/arm64/Coding.o -index-store-path /Users/admin/builder/spi-builder-workspace/.derivedData/Index.noindex/DataStore -index-system-modules
SwiftCompile normal arm64 /Users/admin/builder/spi-builder-workspace/Sources/DropboxClient/Client.swift (in target 'DropboxClient' from project 'swift-dropbox-client')
cd /Users/admin/builder/spi-builder-workspace/.swiftpm/xcode
/Applications/Xcode-16.1.0.app/Contents/Developer/Toolchains/XcodeDefault.xctoolchain/usr/bin/swift-frontend -c /Users/admin/builder/spi-builder-workspace/Sources/DropboxClient/ActorIsolated.swift /Users/admin/builder/spi-builder-workspace/Sources/DropboxClient/Auth.swift -primary-file /Users/admin/builder/spi-builder-workspace/Sources/DropboxClient/Client.swift -primary-file /Users/admin/builder/spi-builder-workspace/Sources/DropboxClient/Coding.swift /Users/admin/builder/spi-builder-workspace/Sources/DropboxClient/Config.swift /Users/admin/builder/spi-builder-workspace/Sources/DropboxClient/Credentials.swift /Users/admin/builder/spi-builder-workspace/Sources/DropboxClient/CurrentValueAsyncSequence.swift /Users/admin/builder/spi-builder-workspace/Sources/DropboxClient/DateGenerator.swift /Users/admin/builder/spi-builder-workspace/Sources/DropboxClient/DeleteFile.swift /Users/admin/builder/spi-builder-workspace/Sources/DropboxClient/DownloadFile.swift /Users/admin/builder/spi-builder-workspace/Sources/DropboxClient/FileMetadata.swift /Users/admin/builder/spi-builder-workspace/Sources/DropboxClient/GetMetadata.swift /Users/admin/builder/spi-builder-workspace/Sources/DropboxClient/HTTPClient.swift /Users/admin/builder/spi-builder-workspace/Sources/DropboxClient/Keychain.swift /Users/admin/builder/spi-builder-workspace/Sources/DropboxClient/ListFolder.swift /Users/admin/builder/spi-builder-workspace/Sources/DropboxClient/Metadata.swift /Users/admin/builder/spi-builder-workspace/Sources/DropboxClient/OpenURL.swift /Users/admin/builder/spi-builder-workspace/Sources/DropboxClient/PKCEUtils.swift /Users/admin/builder/spi-builder-workspace/Sources/DropboxClient/UploadFile.swift -emit-dependencies-path /Users/admin/builder/spi-builder-workspace/.derivedData/Build/Intermediates.noindex/swift-dropbox-client.build/Debug-watchos/DropboxClient.build/Objects-normal/arm64/Client.d -emit-const-values-path /Users/admin/builder/spi-builder-workspace/.derivedData/Build/Intermediates.noindex/swift-dropbox-client.build/Debug-watchos/DropboxClient.build/Objects-normal/arm64/Client.swiftconstvalues -emit-reference-dependencies-path /Users/admin/builder/spi-builder-workspace/.derivedData/Build/Intermediates.noindex/swift-dropbox-client.build/Debug-watchos/DropboxClient.build/Objects-normal/arm64/Client.swiftdeps -serialize-diagnostics-path /Users/admin/builder/spi-builder-workspace/.derivedData/Build/Intermediates.noindex/swift-dropbox-client.build/Debug-watchos/DropboxClient.build/Objects-normal/arm64/Client.dia -emit-dependencies-path /Users/admin/builder/spi-builder-workspace/.derivedData/Build/Intermediates.noindex/swift-dropbox-client.build/Debug-watchos/DropboxClient.build/Objects-normal/arm64/Coding.d -emit-const-values-path /Users/admin/builder/spi-builder-workspace/.derivedData/Build/Intermediates.noindex/swift-dropbox-client.build/Debug-watchos/DropboxClient.build/Objects-normal/arm64/Coding.swiftconstvalues -emit-reference-dependencies-path /Users/admin/builder/spi-builder-workspace/.derivedData/Build/Intermediates.noindex/swift-dropbox-client.build/Debug-watchos/DropboxClient.build/Objects-normal/arm64/Coding.swiftdeps -serialize-diagnostics-path /Users/admin/builder/spi-builder-workspace/.derivedData/Build/Intermediates.noindex/swift-dropbox-client.build/Debug-watchos/DropboxClient.build/Objects-normal/arm64/Coding.dia -target arm64-apple-watchos9.0 -Xllvm -aarch64-use-tbi -enable-objc-interop -stack-check -sdk /Applications/Xcode-16.1.0.app/Contents/Developer/Platforms/WatchOS.platform/Developer/SDKs/WatchOS11.1.sdk -I /Users/admin/builder/spi-builder-workspace/.derivedData/Build/Products/Debug-watchos -I /Applications/Xcode-16.1.0.app/Contents/Developer/Platforms/WatchOS.platform/Developer/usr/lib -F /Users/admin/builder/spi-builder-workspace/.derivedData/Build/Products/Debug-watchos -F /Applications/Xcode-16.1.0.app/Contents/Developer/Platforms/WatchOS.platform/Developer/Library/Frameworks -F /Applications/Xcode-16.1.0.app/Contents/Developer/Platforms/WatchOS.platform/Developer/SDKs/WatchOS11.1.sdk/Developer/Library/Frameworks -no-color-diagnostics -enable-testing -g -debug-info-format\=dwarf -dwarf-version\=4 -module-cache-path /Users/admin/builder/spi-builder-workspace/.derivedData/ModuleCache.noindex -profile-generate -profile-coverage-mapping -swift-version 5 -enforce-exclusivity\=checked -stats-output-dir /Users/admin/builder/spi-builder-workspace/.swiftpm/xcode/.stats -Onone -D SWIFT_PACKAGE -D DEBUG -serialize-debugging-options -const-gather-protocols-file /Users/admin/builder/spi-builder-workspace/.derivedData/Build/Intermediates.noindex/swift-dropbox-client.build/Debug-watchos/DropboxClient.build/Objects-normal/arm64/DropboxClient_const_extract_protocols.json -enable-experimental-feature DebugDescriptionMacro -enable-experimental-feature OpaqueTypeErasure -strict-concurrency\=complete -empty-abi-descriptor -plugin-path /Applications/Xcode-16.1.0.app/Contents/Developer/Toolchains/XcodeDefault.xctoolchain/usr/lib/swift/host/plugins/testing -validate-clang-modules-once -clang-build-session-file /Users/admin/builder/spi-builder-workspace/.derivedData/ModuleCache.noindex/Session.modulevalidation -Xcc -working-directory -Xcc /Users/admin/builder/spi-builder-workspace/.swiftpm/xcode -resource-dir /Applications/Xcode-16.1.0.app/Contents/Developer/Toolchains/XcodeDefault.xctoolchain/usr/lib/swift -enable-anonymous-context-mangled-names -file-compilation-dir /Users/admin/builder/spi-builder-workspace/.swiftpm/xcode -Xcc -D_LIBCPP_HARDENING_MODE\=_LIBCPP_HARDENING_MODE_DEBUG -Xcc -ivfsstatcache -Xcc /Users/admin/builder/spi-builder-workspace/.derivedData/SDKStatCaches.noindex/watchos11.1-22R574-7b9df0bda16bb4641b33636c68f04660.sdkstatcache -Xcc -I/Users/admin/builder/spi-builder-workspace/.derivedData/Build/Intermediates.noindex/swift-dropbox-client.build/Debug-watchos/DropboxClient.build/swift-overrides.hmap -Xcc -I/Users/admin/builder/spi-builder-workspace/.derivedData/Build/Products/Debug-watchos/include -Xcc -I/Users/admin/builder/spi-builder-workspace/.derivedData/Build/Intermediates.noindex/swift-dropbox-client.build/Debug-watchos/DropboxClient.build/DerivedSources-normal/arm64 -Xcc -I/Users/admin/builder/spi-builder-workspace/.derivedData/Build/Intermediates.noindex/swift-dropbox-client.build/Debug-watchos/DropboxClient.build/DerivedSources/arm64 -Xcc -I/Users/admin/builder/spi-builder-workspace/.derivedData/Build/Intermediates.noindex/swift-dropbox-client.build/Debug-watchos/DropboxClient.build/DerivedSources -Xcc -DSWIFT_PACKAGE -Xcc -DDEBUG\=1 -module-name DropboxClient -frontend-parseable-output -disable-clang-spi -target-sdk-version 11.1 -target-sdk-name watchos11.1 -external-plugin-path /Applications/Xcode-16.1.0.app/Contents/Developer/Platforms/WatchOS.platform/Developer/usr/lib/swift/host/plugins\#/Applications/Xcode-16.1.0.app/Contents/Developer/Platforms/WatchOS.platform/Developer/usr/bin/swift-plugin-server -external-plugin-path /Applications/Xcode-16.1.0.app/Contents/Developer/Platforms/WatchOS.platform/Developer/usr/local/lib/swift/host/plugins\#/Applications/Xcode-16.1.0.app/Contents/Developer/Platforms/WatchOS.platform/Developer/usr/bin/swift-plugin-server -plugin-path /Applications/Xcode-16.1.0.app/Contents/Developer/Toolchains/XcodeDefault.xctoolchain/usr/lib/swift/host/plugins -plugin-path /Applications/Xcode-16.1.0.app/Contents/Developer/Toolchains/XcodeDefault.xctoolchain/usr/local/lib/swift/host/plugins -o /Users/admin/builder/spi-builder-workspace/.derivedData/Build/Intermediates.noindex/swift-dropbox-client.build/Debug-watchos/DropboxClient.build/Objects-normal/arm64/Client.o -o /Users/admin/builder/spi-builder-workspace/.derivedData/Build/Intermediates.noindex/swift-dropbox-client.build/Debug-watchos/DropboxClient.build/Objects-normal/arm64/Coding.o -index-unit-output-path /swift-dropbox-client.build/Debug-watchos/DropboxClient.build/Objects-normal/arm64/Client.o -index-unit-output-path /swift-dropbox-client.build/Debug-watchos/DropboxClient.build/Objects-normal/arm64/Coding.o -index-store-path /Users/admin/builder/spi-builder-workspace/.derivedData/Index.noindex/DataStore -index-system-modules
SwiftCompile normal arm64 /Users/admin/builder/spi-builder-workspace/Sources/DropboxClient/Coding.swift (in target 'DropboxClient' from project 'swift-dropbox-client')
cd /Users/admin/builder/spi-builder-workspace/.swiftpm/xcode
/Applications/Xcode-16.1.0.app/Contents/Developer/Toolchains/XcodeDefault.xctoolchain/usr/bin/swift-frontend -c /Users/admin/builder/spi-builder-workspace/Sources/DropboxClient/ActorIsolated.swift /Users/admin/builder/spi-builder-workspace/Sources/DropboxClient/Auth.swift -primary-file /Users/admin/builder/spi-builder-workspace/Sources/DropboxClient/Client.swift -primary-file /Users/admin/builder/spi-builder-workspace/Sources/DropboxClient/Coding.swift /Users/admin/builder/spi-builder-workspace/Sources/DropboxClient/Config.swift /Users/admin/builder/spi-builder-workspace/Sources/DropboxClient/Credentials.swift /Users/admin/builder/spi-builder-workspace/Sources/DropboxClient/CurrentValueAsyncSequence.swift /Users/admin/builder/spi-builder-workspace/Sources/DropboxClient/DateGenerator.swift /Users/admin/builder/spi-builder-workspace/Sources/DropboxClient/DeleteFile.swift /Users/admin/builder/spi-builder-workspace/Sources/DropboxClient/DownloadFile.swift /Users/admin/builder/spi-builder-workspace/Sources/DropboxClient/FileMetadata.swift /Users/admin/builder/spi-builder-workspace/Sources/DropboxClient/GetMetadata.swift /Users/admin/builder/spi-builder-workspace/Sources/DropboxClient/HTTPClient.swift /Users/admin/builder/spi-builder-workspace/Sources/DropboxClient/Keychain.swift /Users/admin/builder/spi-builder-workspace/Sources/DropboxClient/ListFolder.swift /Users/admin/builder/spi-builder-workspace/Sources/DropboxClient/Metadata.swift /Users/admin/builder/spi-builder-workspace/Sources/DropboxClient/OpenURL.swift /Users/admin/builder/spi-builder-workspace/Sources/DropboxClient/PKCEUtils.swift /Users/admin/builder/spi-builder-workspace/Sources/DropboxClient/UploadFile.swift -emit-dependencies-path /Users/admin/builder/spi-builder-workspace/.derivedData/Build/Intermediates.noindex/swift-dropbox-client.build/Debug-watchos/DropboxClient.build/Objects-normal/arm64/Client.d -emit-const-values-path /Users/admin/builder/spi-builder-workspace/.derivedData/Build/Intermediates.noindex/swift-dropbox-client.build/Debug-watchos/DropboxClient.build/Objects-normal/arm64/Client.swiftconstvalues -emit-reference-dependencies-path /Users/admin/builder/spi-builder-workspace/.derivedData/Build/Intermediates.noindex/swift-dropbox-client.build/Debug-watchos/DropboxClient.build/Objects-normal/arm64/Client.swiftdeps -serialize-diagnostics-path /Users/admin/builder/spi-builder-workspace/.derivedData/Build/Intermediates.noindex/swift-dropbox-client.build/Debug-watchos/DropboxClient.build/Objects-normal/arm64/Client.dia -emit-dependencies-path /Users/admin/builder/spi-builder-workspace/.derivedData/Build/Intermediates.noindex/swift-dropbox-client.build/Debug-watchos/DropboxClient.build/Objects-normal/arm64/Coding.d -emit-const-values-path /Users/admin/builder/spi-builder-workspace/.derivedData/Build/Intermediates.noindex/swift-dropbox-client.build/Debug-watchos/DropboxClient.build/Objects-normal/arm64/Coding.swiftconstvalues -emit-reference-dependencies-path /Users/admin/builder/spi-builder-workspace/.derivedData/Build/Intermediates.noindex/swift-dropbox-client.build/Debug-watchos/DropboxClient.build/Objects-normal/arm64/Coding.swiftdeps -serialize-diagnostics-path /Users/admin/builder/spi-builder-workspace/.derivedData/Build/Intermediates.noindex/swift-dropbox-client.build/Debug-watchos/DropboxClient.build/Objects-normal/arm64/Coding.dia -target arm64-apple-watchos9.0 -Xllvm -aarch64-use-tbi -enable-objc-interop -stack-check -sdk /Applications/Xcode-16.1.0.app/Contents/Developer/Platforms/WatchOS.platform/Developer/SDKs/WatchOS11.1.sdk -I /Users/admin/builder/spi-builder-workspace/.derivedData/Build/Products/Debug-watchos -I /Applications/Xcode-16.1.0.app/Contents/Developer/Platforms/WatchOS.platform/Developer/usr/lib -F /Users/admin/builder/spi-builder-workspace/.derivedData/Build/Products/Debug-watchos -F /Applications/Xcode-16.1.0.app/Contents/Developer/Platforms/WatchOS.platform/Developer/Library/Frameworks -F /Applications/Xcode-16.1.0.app/Contents/Developer/Platforms/WatchOS.platform/Developer/SDKs/WatchOS11.1.sdk/Developer/Library/Frameworks -no-color-diagnostics -enable-testing -g -debug-info-format\=dwarf -dwarf-version\=4 -module-cache-path /Users/admin/builder/spi-builder-workspace/.derivedData/ModuleCache.noindex -profile-generate -profile-coverage-mapping -swift-version 5 -enforce-exclusivity\=checked -stats-output-dir /Users/admin/builder/spi-builder-workspace/.swiftpm/xcode/.stats -Onone -D SWIFT_PACKAGE -D DEBUG -serialize-debugging-options -const-gather-protocols-file /Users/admin/builder/spi-builder-workspace/.derivedData/Build/Intermediates.noindex/swift-dropbox-client.build/Debug-watchos/DropboxClient.build/Objects-normal/arm64/DropboxClient_const_extract_protocols.json -enable-experimental-feature DebugDescriptionMacro -enable-experimental-feature OpaqueTypeErasure -strict-concurrency\=complete -empty-abi-descriptor -plugin-path /Applications/Xcode-16.1.0.app/Contents/Developer/Toolchains/XcodeDefault.xctoolchain/usr/lib/swift/host/plugins/testing -validate-clang-modules-once -clang-build-session-file /Users/admin/builder/spi-builder-workspace/.derivedData/ModuleCache.noindex/Session.modulevalidation -Xcc -working-directory -Xcc /Users/admin/builder/spi-builder-workspace/.swiftpm/xcode -resource-dir /Applications/Xcode-16.1.0.app/Contents/Developer/Toolchains/XcodeDefault.xctoolchain/usr/lib/swift -enable-anonymous-context-mangled-names -file-compilation-dir /Users/admin/builder/spi-builder-workspace/.swiftpm/xcode -Xcc -D_LIBCPP_HARDENING_MODE\=_LIBCPP_HARDENING_MODE_DEBUG -Xcc -ivfsstatcache -Xcc /Users/admin/builder/spi-builder-workspace/.derivedData/SDKStatCaches.noindex/watchos11.1-22R574-7b9df0bda16bb4641b33636c68f04660.sdkstatcache -Xcc -I/Users/admin/builder/spi-builder-workspace/.derivedData/Build/Intermediates.noindex/swift-dropbox-client.build/Debug-watchos/DropboxClient.build/swift-overrides.hmap -Xcc -I/Users/admin/builder/spi-builder-workspace/.derivedData/Build/Products/Debug-watchos/include -Xcc -I/Users/admin/builder/spi-builder-workspace/.derivedData/Build/Intermediates.noindex/swift-dropbox-client.build/Debug-watchos/DropboxClient.build/DerivedSources-normal/arm64 -Xcc -I/Users/admin/builder/spi-builder-workspace/.derivedData/Build/Intermediates.noindex/swift-dropbox-client.build/Debug-watchos/DropboxClient.build/DerivedSources/arm64 -Xcc -I/Users/admin/builder/spi-builder-workspace/.derivedData/Build/Intermediates.noindex/swift-dropbox-client.build/Debug-watchos/DropboxClient.build/DerivedSources -Xcc -DSWIFT_PACKAGE -Xcc -DDEBUG\=1 -module-name DropboxClient -frontend-parseable-output -disable-clang-spi -target-sdk-version 11.1 -target-sdk-name watchos11.1 -external-plugin-path /Applications/Xcode-16.1.0.app/Contents/Developer/Platforms/WatchOS.platform/Developer/usr/lib/swift/host/plugins\#/Applications/Xcode-16.1.0.app/Contents/Developer/Platforms/WatchOS.platform/Developer/usr/bin/swift-plugin-server -external-plugin-path /Applications/Xcode-16.1.0.app/Contents/Developer/Platforms/WatchOS.platform/Developer/usr/local/lib/swift/host/plugins\#/Applications/Xcode-16.1.0.app/Contents/Developer/Platforms/WatchOS.platform/Developer/usr/bin/swift-plugin-server -plugin-path /Applications/Xcode-16.1.0.app/Contents/Developer/Toolchains/XcodeDefault.xctoolchain/usr/lib/swift/host/plugins -plugin-path /Applications/Xcode-16.1.0.app/Contents/Developer/Toolchains/XcodeDefault.xctoolchain/usr/local/lib/swift/host/plugins -o /Users/admin/builder/spi-builder-workspace/.derivedData/Build/Intermediates.noindex/swift-dropbox-client.build/Debug-watchos/DropboxClient.build/Objects-normal/arm64/Client.o -o /Users/admin/builder/spi-builder-workspace/.derivedData/Build/Intermediates.noindex/swift-dropbox-client.build/Debug-watchos/DropboxClient.build/Objects-normal/arm64/Coding.o -index-unit-output-path /swift-dropbox-client.build/Debug-watchos/DropboxClient.build/Objects-normal/arm64/Client.o -index-unit-output-path /swift-dropbox-client.build/Debug-watchos/DropboxClient.build/Objects-normal/arm64/Coding.o -index-store-path /Users/admin/builder/spi-builder-workspace/.derivedData/Index.noindex/DataStore -index-system-modules
SwiftCompile normal arm64 Compiling\ Config.swift,\ Credentials.swift /Users/admin/builder/spi-builder-workspace/Sources/DropboxClient/Config.swift /Users/admin/builder/spi-builder-workspace/Sources/DropboxClient/Credentials.swift (in target 'DropboxClient' from project 'swift-dropbox-client')
cd /Users/admin/builder/spi-builder-workspace/.swiftpm/xcode
builtin-swiftTaskExecution -- /Applications/Xcode-16.1.0.app/Contents/Developer/Toolchains/XcodeDefault.xctoolchain/usr/bin/swift-frontend -frontend -c /Users/admin/builder/spi-builder-workspace/Sources/DropboxClient/ActorIsolated.swift /Users/admin/builder/spi-builder-workspace/Sources/DropboxClient/Auth.swift /Users/admin/builder/spi-builder-workspace/Sources/DropboxClient/Client.swift /Users/admin/builder/spi-builder-workspace/Sources/DropboxClient/Coding.swift -primary-file /Users/admin/builder/spi-builder-workspace/Sources/DropboxClient/Config.swift -primary-file /Users/admin/builder/spi-builder-workspace/Sources/DropboxClient/Credentials.swift /Users/admin/builder/spi-builder-workspace/Sources/DropboxClient/CurrentValueAsyncSequence.swift /Users/admin/builder/spi-builder-workspace/Sources/DropboxClient/DateGenerator.swift /Users/admin/builder/spi-builder-workspace/Sources/DropboxClient/DeleteFile.swift /Users/admin/builder/spi-builder-workspace/Sources/DropboxClient/DownloadFile.swift /Users/admin/builder/spi-builder-workspace/Sources/DropboxClient/FileMetadata.swift /Users/admin/builder/spi-builder-workspace/Sources/DropboxClient/GetMetadata.swift /Users/admin/builder/spi-builder-workspace/Sources/DropboxClient/HTTPClient.swift /Users/admin/builder/spi-builder-workspace/Sources/DropboxClient/Keychain.swift /Users/admin/builder/spi-builder-workspace/Sources/DropboxClient/ListFolder.swift /Users/admin/builder/spi-builder-workspace/Sources/DropboxClient/Metadata.swift /Users/admin/builder/spi-builder-workspace/Sources/DropboxClient/OpenURL.swift /Users/admin/builder/spi-builder-workspace/Sources/DropboxClient/PKCEUtils.swift /Users/admin/builder/spi-builder-workspace/Sources/DropboxClient/UploadFile.swift -emit-dependencies-path /Users/admin/builder/spi-builder-workspace/.derivedData/Build/Intermediates.noindex/swift-dropbox-client.build/Debug-watchos/DropboxClient.build/Objects-normal/arm64/Config.d -emit-const-values-path /Users/admin/builder/spi-builder-workspace/.derivedData/Build/Intermediates.noindex/swift-dropbox-client.build/Debug-watchos/DropboxClient.build/Objects-normal/arm64/Config.swiftconstvalues -emit-reference-dependencies-path /Users/admin/builder/spi-builder-workspace/.derivedData/Build/Intermediates.noindex/swift-dropbox-client.build/Debug-watchos/DropboxClient.build/Objects-normal/arm64/Config.swiftdeps -serialize-diagnostics-path /Users/admin/builder/spi-builder-workspace/.derivedData/Build/Intermediates.noindex/swift-dropbox-client.build/Debug-watchos/DropboxClient.build/Objects-normal/arm64/Config.dia -emit-dependencies-path /Users/admin/builder/spi-builder-workspace/.derivedData/Build/Intermediates.noindex/swift-dropbox-client.build/Debug-watchos/DropboxClient.build/Objects-normal/arm64/Credentials.d -emit-const-values-path /Users/admin/builder/spi-builder-workspace/.derivedData/Build/Intermediates.noindex/swift-dropbox-client.build/Debug-watchos/DropboxClient.build/Objects-normal/arm64/Credentials.swiftconstvalues -emit-reference-dependencies-path /Users/admin/builder/spi-builder-workspace/.derivedData/Build/Intermediates.noindex/swift-dropbox-client.build/Debug-watchos/DropboxClient.build/Objects-normal/arm64/Credentials.swiftdeps -serialize-diagnostics-path /Users/admin/builder/spi-builder-workspace/.derivedData/Build/Intermediates.noindex/swift-dropbox-client.build/Debug-watchos/DropboxClient.build/Objects-normal/arm64/Credentials.dia -target arm64-apple-watchos9.0 -Xllvm -aarch64-use-tbi -enable-objc-interop -stack-check -sdk /Applications/Xcode-16.1.0.app/Contents/Developer/Platforms/WatchOS.platform/Developer/SDKs/WatchOS11.1.sdk -I /Users/admin/builder/spi-builder-workspace/.derivedData/Build/Products/Debug-watchos -I /Applications/Xcode-16.1.0.app/Contents/Developer/Platforms/WatchOS.platform/Developer/usr/lib -F /Users/admin/builder/spi-builder-workspace/.derivedData/Build/Products/Debug-watchos -F /Applications/Xcode-16.1.0.app/Contents/Developer/Platforms/WatchOS.platform/Developer/Library/Frameworks -F /Applications/Xcode-16.1.0.app/Contents/Developer/Platforms/WatchOS.platform/Developer/SDKs/WatchOS11.1.sdk/Developer/Library/Frameworks -no-color-diagnostics -enable-testing -g -debug-info-format\=dwarf -dwarf-version\=4 -module-cache-path /Users/admin/builder/spi-builder-workspace/.derivedData/ModuleCache.noindex -profile-generate -profile-coverage-mapping -swift-version 5 -enforce-exclusivity\=checked -stats-output-dir /Users/admin/builder/spi-builder-workspace/.swiftpm/xcode/.stats -Onone -D SWIFT_PACKAGE -D DEBUG -serialize-debugging-options -const-gather-protocols-file /Users/admin/builder/spi-builder-workspace/.derivedData/Build/Intermediates.noindex/swift-dropbox-client.build/Debug-watchos/DropboxClient.build/Objects-normal/arm64/DropboxClient_const_extract_protocols.json -enable-experimental-feature DebugDescriptionMacro -enable-experimental-feature OpaqueTypeErasure -strict-concurrency\=complete -empty-abi-descriptor -plugin-path /Applications/Xcode-16.1.0.app/Contents/Developer/Toolchains/XcodeDefault.xctoolchain/usr/lib/swift/host/plugins/testing -validate-clang-modules-once -clang-build-session-file /Users/admin/builder/spi-builder-workspace/.derivedData/ModuleCache.noindex/Session.modulevalidation -Xcc -working-directory -Xcc /Users/admin/builder/spi-builder-workspace/.swiftpm/xcode -resource-dir /Applications/Xcode-16.1.0.app/Contents/Developer/Toolchains/XcodeDefault.xctoolchain/usr/lib/swift -enable-anonymous-context-mangled-names -file-compilation-dir /Users/admin/builder/spi-builder-workspace/.swiftpm/xcode -Xcc -D_LIBCPP_HARDENING_MODE\=_LIBCPP_HARDENING_MODE_DEBUG -Xcc -ivfsstatcache -Xcc /Users/admin/builder/spi-builder-workspace/.derivedData/SDKStatCaches.noindex/watchos11.1-22R574-7b9df0bda16bb4641b33636c68f04660.sdkstatcache -Xcc -I/Users/admin/builder/spi-builder-workspace/.derivedData/Build/Intermediates.noindex/swift-dropbox-client.build/Debug-watchos/DropboxClient.build/swift-overrides.hmap -Xcc -I/Users/admin/builder/spi-builder-workspace/.derivedData/Build/Products/Debug-watchos/include -Xcc -I/Users/admin/builder/spi-builder-workspace/.derivedData/Build/Intermediates.noindex/swift-dropbox-client.build/Debug-watchos/DropboxClient.build/DerivedSources-normal/arm64 -Xcc -I/Users/admin/builder/spi-builder-workspace/.derivedData/Build/Intermediates.noindex/swift-dropbox-client.build/Debug-watchos/DropboxClient.build/DerivedSources/arm64 -Xcc -I/Users/admin/builder/spi-builder-workspace/.derivedData/Build/Intermediates.noindex/swift-dropbox-client.build/Debug-watchos/DropboxClient.build/DerivedSources -Xcc -DSWIFT_PACKAGE -Xcc -DDEBUG\=1 -module-name DropboxClient -frontend-parseable-output -disable-clang-spi -target-sdk-version 11.1 -target-sdk-name watchos11.1 -external-plugin-path /Applications/Xcode-16.1.0.app/Contents/Developer/Platforms/WatchOS.platform/Developer/usr/lib/swift/host/plugins\#/Applications/Xcode-16.1.0.app/Contents/Developer/Platforms/WatchOS.platform/Developer/usr/bin/swift-plugin-server -external-plugin-path /Applications/Xcode-16.1.0.app/Contents/Developer/Platforms/WatchOS.platform/Developer/usr/local/lib/swift/host/plugins\#/Applications/Xcode-16.1.0.app/Contents/Developer/Platforms/WatchOS.platform/Developer/usr/bin/swift-plugin-server -plugin-path /Applications/Xcode-16.1.0.app/Contents/Developer/Toolchains/XcodeDefault.xctoolchain/usr/lib/swift/host/plugins -plugin-path /Applications/Xcode-16.1.0.app/Contents/Developer/Toolchains/XcodeDefault.xctoolchain/usr/local/lib/swift/host/plugins -o /Users/admin/builder/spi-builder-workspace/.derivedData/Build/Intermediates.noindex/swift-dropbox-client.build/Debug-watchos/DropboxClient.build/Objects-normal/arm64/Config.o -o /Users/admin/builder/spi-builder-workspace/.derivedData/Build/Intermediates.noindex/swift-dropbox-client.build/Debug-watchos/DropboxClient.build/Objects-normal/arm64/Credentials.o -index-unit-output-path /swift-dropbox-client.build/Debug-watchos/DropboxClient.build/Objects-normal/arm64/Config.o -index-unit-output-path /swift-dropbox-client.build/Debug-watchos/DropboxClient.build/Objects-normal/arm64/Credentials.o -index-store-path /Users/admin/builder/spi-builder-workspace/.derivedData/Index.noindex/DataStore -index-system-modules
SwiftCompile normal arm64 /Users/admin/builder/spi-builder-workspace/Sources/DropboxClient/Config.swift (in target 'DropboxClient' from project 'swift-dropbox-client')
cd /Users/admin/builder/spi-builder-workspace/.swiftpm/xcode
/Applications/Xcode-16.1.0.app/Contents/Developer/Toolchains/XcodeDefault.xctoolchain/usr/bin/swift-frontend -c /Users/admin/builder/spi-builder-workspace/Sources/DropboxClient/ActorIsolated.swift /Users/admin/builder/spi-builder-workspace/Sources/DropboxClient/Auth.swift /Users/admin/builder/spi-builder-workspace/Sources/DropboxClient/Client.swift /Users/admin/builder/spi-builder-workspace/Sources/DropboxClient/Coding.swift -primary-file /Users/admin/builder/spi-builder-workspace/Sources/DropboxClient/Config.swift -primary-file /Users/admin/builder/spi-builder-workspace/Sources/DropboxClient/Credentials.swift /Users/admin/builder/spi-builder-workspace/Sources/DropboxClient/CurrentValueAsyncSequence.swift /Users/admin/builder/spi-builder-workspace/Sources/DropboxClient/DateGenerator.swift /Users/admin/builder/spi-builder-workspace/Sources/DropboxClient/DeleteFile.swift /Users/admin/builder/spi-builder-workspace/Sources/DropboxClient/DownloadFile.swift /Users/admin/builder/spi-builder-workspace/Sources/DropboxClient/FileMetadata.swift /Users/admin/builder/spi-builder-workspace/Sources/DropboxClient/GetMetadata.swift /Users/admin/builder/spi-builder-workspace/Sources/DropboxClient/HTTPClient.swift /Users/admin/builder/spi-builder-workspace/Sources/DropboxClient/Keychain.swift /Users/admin/builder/spi-builder-workspace/Sources/DropboxClient/ListFolder.swift /Users/admin/builder/spi-builder-workspace/Sources/DropboxClient/Metadata.swift /Users/admin/builder/spi-builder-workspace/Sources/DropboxClient/OpenURL.swift /Users/admin/builder/spi-builder-workspace/Sources/DropboxClient/PKCEUtils.swift /Users/admin/builder/spi-builder-workspace/Sources/DropboxClient/UploadFile.swift -emit-dependencies-path /Users/admin/builder/spi-builder-workspace/.derivedData/Build/Intermediates.noindex/swift-dropbox-client.build/Debug-watchos/DropboxClient.build/Objects-normal/arm64/Config.d -emit-const-values-path /Users/admin/builder/spi-builder-workspace/.derivedData/Build/Intermediates.noindex/swift-dropbox-client.build/Debug-watchos/DropboxClient.build/Objects-normal/arm64/Config.swiftconstvalues -emit-reference-dependencies-path /Users/admin/builder/spi-builder-workspace/.derivedData/Build/Intermediates.noindex/swift-dropbox-client.build/Debug-watchos/DropboxClient.build/Objects-normal/arm64/Config.swiftdeps -serialize-diagnostics-path /Users/admin/builder/spi-builder-workspace/.derivedData/Build/Intermediates.noindex/swift-dropbox-client.build/Debug-watchos/DropboxClient.build/Objects-normal/arm64/Config.dia -emit-dependencies-path /Users/admin/builder/spi-builder-workspace/.derivedData/Build/Intermediates.noindex/swift-dropbox-client.build/Debug-watchos/DropboxClient.build/Objects-normal/arm64/Credentials.d -emit-const-values-path /Users/admin/builder/spi-builder-workspace/.derivedData/Build/Intermediates.noindex/swift-dropbox-client.build/Debug-watchos/DropboxClient.build/Objects-normal/arm64/Credentials.swiftconstvalues -emit-reference-dependencies-path /Users/admin/builder/spi-builder-workspace/.derivedData/Build/Intermediates.noindex/swift-dropbox-client.build/Debug-watchos/DropboxClient.build/Objects-normal/arm64/Credentials.swiftdeps -serialize-diagnostics-path /Users/admin/builder/spi-builder-workspace/.derivedData/Build/Intermediates.noindex/swift-dropbox-client.build/Debug-watchos/DropboxClient.build/Objects-normal/arm64/Credentials.dia -target arm64-apple-watchos9.0 -Xllvm -aarch64-use-tbi -enable-objc-interop -stack-check -sdk /Applications/Xcode-16.1.0.app/Contents/Developer/Platforms/WatchOS.platform/Developer/SDKs/WatchOS11.1.sdk -I /Users/admin/builder/spi-builder-workspace/.derivedData/Build/Products/Debug-watchos -I /Applications/Xcode-16.1.0.app/Contents/Developer/Platforms/WatchOS.platform/Developer/usr/lib -F /Users/admin/builder/spi-builder-workspace/.derivedData/Build/Products/Debug-watchos -F /Applications/Xcode-16.1.0.app/Contents/Developer/Platforms/WatchOS.platform/Developer/Library/Frameworks -F /Applications/Xcode-16.1.0.app/Contents/Developer/Platforms/WatchOS.platform/Developer/SDKs/WatchOS11.1.sdk/Developer/Library/Frameworks -no-color-diagnostics -enable-testing -g -debug-info-format\=dwarf -dwarf-version\=4 -module-cache-path /Users/admin/builder/spi-builder-workspace/.derivedData/ModuleCache.noindex -profile-generate -profile-coverage-mapping -swift-version 5 -enforce-exclusivity\=checked -stats-output-dir /Users/admin/builder/spi-builder-workspace/.swiftpm/xcode/.stats -Onone -D SWIFT_PACKAGE -D DEBUG -serialize-debugging-options -const-gather-protocols-file /Users/admin/builder/spi-builder-workspace/.derivedData/Build/Intermediates.noindex/swift-dropbox-client.build/Debug-watchos/DropboxClient.build/Objects-normal/arm64/DropboxClient_const_extract_protocols.json -enable-experimental-feature DebugDescriptionMacro -enable-experimental-feature OpaqueTypeErasure -strict-concurrency\=complete -empty-abi-descriptor -plugin-path /Applications/Xcode-16.1.0.app/Contents/Developer/Toolchains/XcodeDefault.xctoolchain/usr/lib/swift/host/plugins/testing -validate-clang-modules-once -clang-build-session-file /Users/admin/builder/spi-builder-workspace/.derivedData/ModuleCache.noindex/Session.modulevalidation -Xcc -working-directory -Xcc /Users/admin/builder/spi-builder-workspace/.swiftpm/xcode -resource-dir /Applications/Xcode-16.1.0.app/Contents/Developer/Toolchains/XcodeDefault.xctoolchain/usr/lib/swift -enable-anonymous-context-mangled-names -file-compilation-dir /Users/admin/builder/spi-builder-workspace/.swiftpm/xcode -Xcc -D_LIBCPP_HARDENING_MODE\=_LIBCPP_HARDENING_MODE_DEBUG -Xcc -ivfsstatcache -Xcc /Users/admin/builder/spi-builder-workspace/.derivedData/SDKStatCaches.noindex/watchos11.1-22R574-7b9df0bda16bb4641b33636c68f04660.sdkstatcache -Xcc -I/Users/admin/builder/spi-builder-workspace/.derivedData/Build/Intermediates.noindex/swift-dropbox-client.build/Debug-watchos/DropboxClient.build/swift-overrides.hmap -Xcc -I/Users/admin/builder/spi-builder-workspace/.derivedData/Build/Products/Debug-watchos/include -Xcc -I/Users/admin/builder/spi-builder-workspace/.derivedData/Build/Intermediates.noindex/swift-dropbox-client.build/Debug-watchos/DropboxClient.build/DerivedSources-normal/arm64 -Xcc -I/Users/admin/builder/spi-builder-workspace/.derivedData/Build/Intermediates.noindex/swift-dropbox-client.build/Debug-watchos/DropboxClient.build/DerivedSources/arm64 -Xcc -I/Users/admin/builder/spi-builder-workspace/.derivedData/Build/Intermediates.noindex/swift-dropbox-client.build/Debug-watchos/DropboxClient.build/DerivedSources -Xcc -DSWIFT_PACKAGE -Xcc -DDEBUG\=1 -module-name DropboxClient -frontend-parseable-output -disable-clang-spi -target-sdk-version 11.1 -target-sdk-name watchos11.1 -external-plugin-path /Applications/Xcode-16.1.0.app/Contents/Developer/Platforms/WatchOS.platform/Developer/usr/lib/swift/host/plugins\#/Applications/Xcode-16.1.0.app/Contents/Developer/Platforms/WatchOS.platform/Developer/usr/bin/swift-plugin-server -external-plugin-path /Applications/Xcode-16.1.0.app/Contents/Developer/Platforms/WatchOS.platform/Developer/usr/local/lib/swift/host/plugins\#/Applications/Xcode-16.1.0.app/Contents/Developer/Platforms/WatchOS.platform/Developer/usr/bin/swift-plugin-server -plugin-path /Applications/Xcode-16.1.0.app/Contents/Developer/Toolchains/XcodeDefault.xctoolchain/usr/lib/swift/host/plugins -plugin-path /Applications/Xcode-16.1.0.app/Contents/Developer/Toolchains/XcodeDefault.xctoolchain/usr/local/lib/swift/host/plugins -o /Users/admin/builder/spi-builder-workspace/.derivedData/Build/Intermediates.noindex/swift-dropbox-client.build/Debug-watchos/DropboxClient.build/Objects-normal/arm64/Config.o -o /Users/admin/builder/spi-builder-workspace/.derivedData/Build/Intermediates.noindex/swift-dropbox-client.build/Debug-watchos/DropboxClient.build/Objects-normal/arm64/Credentials.o -index-unit-output-path /swift-dropbox-client.build/Debug-watchos/DropboxClient.build/Objects-normal/arm64/Config.o -index-unit-output-path /swift-dropbox-client.build/Debug-watchos/DropboxClient.build/Objects-normal/arm64/Credentials.o -index-store-path /Users/admin/builder/spi-builder-workspace/.derivedData/Index.noindex/DataStore -index-system-modules
SwiftCompile normal arm64 /Users/admin/builder/spi-builder-workspace/Sources/DropboxClient/Credentials.swift (in target 'DropboxClient' from project 'swift-dropbox-client')
cd /Users/admin/builder/spi-builder-workspace/.swiftpm/xcode
/Applications/Xcode-16.1.0.app/Contents/Developer/Toolchains/XcodeDefault.xctoolchain/usr/bin/swift-frontend -c /Users/admin/builder/spi-builder-workspace/Sources/DropboxClient/ActorIsolated.swift /Users/admin/builder/spi-builder-workspace/Sources/DropboxClient/Auth.swift /Users/admin/builder/spi-builder-workspace/Sources/DropboxClient/Client.swift /Users/admin/builder/spi-builder-workspace/Sources/DropboxClient/Coding.swift -primary-file /Users/admin/builder/spi-builder-workspace/Sources/DropboxClient/Config.swift -primary-file /Users/admin/builder/spi-builder-workspace/Sources/DropboxClient/Credentials.swift /Users/admin/builder/spi-builder-workspace/Sources/DropboxClient/CurrentValueAsyncSequence.swift /Users/admin/builder/spi-builder-workspace/Sources/DropboxClient/DateGenerator.swift /Users/admin/builder/spi-builder-workspace/Sources/DropboxClient/DeleteFile.swift /Users/admin/builder/spi-builder-workspace/Sources/DropboxClient/DownloadFile.swift /Users/admin/builder/spi-builder-workspace/Sources/DropboxClient/FileMetadata.swift /Users/admin/builder/spi-builder-workspace/Sources/DropboxClient/GetMetadata.swift /Users/admin/builder/spi-builder-workspace/Sources/DropboxClient/HTTPClient.swift /Users/admin/builder/spi-builder-workspace/Sources/DropboxClient/Keychain.swift /Users/admin/builder/spi-builder-workspace/Sources/DropboxClient/ListFolder.swift /Users/admin/builder/spi-builder-workspace/Sources/DropboxClient/Metadata.swift /Users/admin/builder/spi-builder-workspace/Sources/DropboxClient/OpenURL.swift /Users/admin/builder/spi-builder-workspace/Sources/DropboxClient/PKCEUtils.swift /Users/admin/builder/spi-builder-workspace/Sources/DropboxClient/UploadFile.swift -emit-dependencies-path /Users/admin/builder/spi-builder-workspace/.derivedData/Build/Intermediates.noindex/swift-dropbox-client.build/Debug-watchos/DropboxClient.build/Objects-normal/arm64/Config.d -emit-const-values-path /Users/admin/builder/spi-builder-workspace/.derivedData/Build/Intermediates.noindex/swift-dropbox-client.build/Debug-watchos/DropboxClient.build/Objects-normal/arm64/Config.swiftconstvalues -emit-reference-dependencies-path /Users/admin/builder/spi-builder-workspace/.derivedData/Build/Intermediates.noindex/swift-dropbox-client.build/Debug-watchos/DropboxClient.build/Objects-normal/arm64/Config.swiftdeps -serialize-diagnostics-path /Users/admin/builder/spi-builder-workspace/.derivedData/Build/Intermediates.noindex/swift-dropbox-client.build/Debug-watchos/DropboxClient.build/Objects-normal/arm64/Config.dia -emit-dependencies-path /Users/admin/builder/spi-builder-workspace/.derivedData/Build/Intermediates.noindex/swift-dropbox-client.build/Debug-watchos/DropboxClient.build/Objects-normal/arm64/Credentials.d -emit-const-values-path /Users/admin/builder/spi-builder-workspace/.derivedData/Build/Intermediates.noindex/swift-dropbox-client.build/Debug-watchos/DropboxClient.build/Objects-normal/arm64/Credentials.swiftconstvalues -emit-reference-dependencies-path /Users/admin/builder/spi-builder-workspace/.derivedData/Build/Intermediates.noindex/swift-dropbox-client.build/Debug-watchos/DropboxClient.build/Objects-normal/arm64/Credentials.swiftdeps -serialize-diagnostics-path /Users/admin/builder/spi-builder-workspace/.derivedData/Build/Intermediates.noindex/swift-dropbox-client.build/Debug-watchos/DropboxClient.build/Objects-normal/arm64/Credentials.dia -target arm64-apple-watchos9.0 -Xllvm -aarch64-use-tbi -enable-objc-interop -stack-check -sdk /Applications/Xcode-16.1.0.app/Contents/Developer/Platforms/WatchOS.platform/Developer/SDKs/WatchOS11.1.sdk -I /Users/admin/builder/spi-builder-workspace/.derivedData/Build/Products/Debug-watchos -I /Applications/Xcode-16.1.0.app/Contents/Developer/Platforms/WatchOS.platform/Developer/usr/lib -F /Users/admin/builder/spi-builder-workspace/.derivedData/Build/Products/Debug-watchos -F /Applications/Xcode-16.1.0.app/Contents/Developer/Platforms/WatchOS.platform/Developer/Library/Frameworks -F /Applications/Xcode-16.1.0.app/Contents/Developer/Platforms/WatchOS.platform/Developer/SDKs/WatchOS11.1.sdk/Developer/Library/Frameworks -no-color-diagnostics -enable-testing -g -debug-info-format\=dwarf -dwarf-version\=4 -module-cache-path /Users/admin/builder/spi-builder-workspace/.derivedData/ModuleCache.noindex -profile-generate -profile-coverage-mapping -swift-version 5 -enforce-exclusivity\=checked -stats-output-dir /Users/admin/builder/spi-builder-workspace/.swiftpm/xcode/.stats -Onone -D SWIFT_PACKAGE -D DEBUG -serialize-debugging-options -const-gather-protocols-file /Users/admin/builder/spi-builder-workspace/.derivedData/Build/Intermediates.noindex/swift-dropbox-client.build/Debug-watchos/DropboxClient.build/Objects-normal/arm64/DropboxClient_const_extract_protocols.json -enable-experimental-feature DebugDescriptionMacro -enable-experimental-feature OpaqueTypeErasure -strict-concurrency\=complete -empty-abi-descriptor -plugin-path /Applications/Xcode-16.1.0.app/Contents/Developer/Toolchains/XcodeDefault.xctoolchain/usr/lib/swift/host/plugins/testing -validate-clang-modules-once -clang-build-session-file /Users/admin/builder/spi-builder-workspace/.derivedData/ModuleCache.noindex/Session.modulevalidation -Xcc -working-directory -Xcc /Users/admin/builder/spi-builder-workspace/.swiftpm/xcode -resource-dir /Applications/Xcode-16.1.0.app/Contents/Developer/Toolchains/XcodeDefault.xctoolchain/usr/lib/swift -enable-anonymous-context-mangled-names -file-compilation-dir /Users/admin/builder/spi-builder-workspace/.swiftpm/xcode -Xcc -D_LIBCPP_HARDENING_MODE\=_LIBCPP_HARDENING_MODE_DEBUG -Xcc -ivfsstatcache -Xcc /Users/admin/builder/spi-builder-workspace/.derivedData/SDKStatCaches.noindex/watchos11.1-22R574-7b9df0bda16bb4641b33636c68f04660.sdkstatcache -Xcc -I/Users/admin/builder/spi-builder-workspace/.derivedData/Build/Intermediates.noindex/swift-dropbox-client.build/Debug-watchos/DropboxClient.build/swift-overrides.hmap -Xcc -I/Users/admin/builder/spi-builder-workspace/.derivedData/Build/Products/Debug-watchos/include -Xcc -I/Users/admin/builder/spi-builder-workspace/.derivedData/Build/Intermediates.noindex/swift-dropbox-client.build/Debug-watchos/DropboxClient.build/DerivedSources-normal/arm64 -Xcc -I/Users/admin/builder/spi-builder-workspace/.derivedData/Build/Intermediates.noindex/swift-dropbox-client.build/Debug-watchos/DropboxClient.build/DerivedSources/arm64 -Xcc -I/Users/admin/builder/spi-builder-workspace/.derivedData/Build/Intermediates.noindex/swift-dropbox-client.build/Debug-watchos/DropboxClient.build/DerivedSources -Xcc -DSWIFT_PACKAGE -Xcc -DDEBUG\=1 -module-name DropboxClient -frontend-parseable-output -disable-clang-spi -target-sdk-version 11.1 -target-sdk-name watchos11.1 -external-plugin-path /Applications/Xcode-16.1.0.app/Contents/Developer/Platforms/WatchOS.platform/Developer/usr/lib/swift/host/plugins\#/Applications/Xcode-16.1.0.app/Contents/Developer/Platforms/WatchOS.platform/Developer/usr/bin/swift-plugin-server -external-plugin-path /Applications/Xcode-16.1.0.app/Contents/Developer/Platforms/WatchOS.platform/Developer/usr/local/lib/swift/host/plugins\#/Applications/Xcode-16.1.0.app/Contents/Developer/Platforms/WatchOS.platform/Developer/usr/bin/swift-plugin-server -plugin-path /Applications/Xcode-16.1.0.app/Contents/Developer/Toolchains/XcodeDefault.xctoolchain/usr/lib/swift/host/plugins -plugin-path /Applications/Xcode-16.1.0.app/Contents/Developer/Toolchains/XcodeDefault.xctoolchain/usr/local/lib/swift/host/plugins -o /Users/admin/builder/spi-builder-workspace/.derivedData/Build/Intermediates.noindex/swift-dropbox-client.build/Debug-watchos/DropboxClient.build/Objects-normal/arm64/Config.o -o /Users/admin/builder/spi-builder-workspace/.derivedData/Build/Intermediates.noindex/swift-dropbox-client.build/Debug-watchos/DropboxClient.build/Objects-normal/arm64/Credentials.o -index-unit-output-path /swift-dropbox-client.build/Debug-watchos/DropboxClient.build/Objects-normal/arm64/Config.o -index-unit-output-path /swift-dropbox-client.build/Debug-watchos/DropboxClient.build/Objects-normal/arm64/Credentials.o -index-store-path /Users/admin/builder/spi-builder-workspace/.derivedData/Index.noindex/DataStore -index-system-modules
SwiftCompile normal arm64 Compiling\ ActorIsolated.swift,\ Auth.swift /Users/admin/builder/spi-builder-workspace/Sources/DropboxClient/ActorIsolated.swift /Users/admin/builder/spi-builder-workspace/Sources/DropboxClient/Auth.swift (in target 'DropboxClient' from project 'swift-dropbox-client')
cd /Users/admin/builder/spi-builder-workspace/.swiftpm/xcode
builtin-swiftTaskExecution -- /Applications/Xcode-16.1.0.app/Contents/Developer/Toolchains/XcodeDefault.xctoolchain/usr/bin/swift-frontend -frontend -c -primary-file /Users/admin/builder/spi-builder-workspace/Sources/DropboxClient/ActorIsolated.swift -primary-file /Users/admin/builder/spi-builder-workspace/Sources/DropboxClient/Auth.swift /Users/admin/builder/spi-builder-workspace/Sources/DropboxClient/Client.swift /Users/admin/builder/spi-builder-workspace/Sources/DropboxClient/Coding.swift /Users/admin/builder/spi-builder-workspace/Sources/DropboxClient/Config.swift /Users/admin/builder/spi-builder-workspace/Sources/DropboxClient/Credentials.swift /Users/admin/builder/spi-builder-workspace/Sources/DropboxClient/CurrentValueAsyncSequence.swift /Users/admin/builder/spi-builder-workspace/Sources/DropboxClient/DateGenerator.swift /Users/admin/builder/spi-builder-workspace/Sources/DropboxClient/DeleteFile.swift /Users/admin/builder/spi-builder-workspace/Sources/DropboxClient/DownloadFile.swift /Users/admin/builder/spi-builder-workspace/Sources/DropboxClient/FileMetadata.swift /Users/admin/builder/spi-builder-workspace/Sources/DropboxClient/GetMetadata.swift /Users/admin/builder/spi-builder-workspace/Sources/DropboxClient/HTTPClient.swift /Users/admin/builder/spi-builder-workspace/Sources/DropboxClient/Keychain.swift /Users/admin/builder/spi-builder-workspace/Sources/DropboxClient/ListFolder.swift /Users/admin/builder/spi-builder-workspace/Sources/DropboxClient/Metadata.swift /Users/admin/builder/spi-builder-workspace/Sources/DropboxClient/OpenURL.swift /Users/admin/builder/spi-builder-workspace/Sources/DropboxClient/PKCEUtils.swift /Users/admin/builder/spi-builder-workspace/Sources/DropboxClient/UploadFile.swift -emit-dependencies-path /Users/admin/builder/spi-builder-workspace/.derivedData/Build/Intermediates.noindex/swift-dropbox-client.build/Debug-watchos/DropboxClient.build/Objects-normal/arm64/ActorIsolated.d -emit-const-values-path /Users/admin/builder/spi-builder-workspace/.derivedData/Build/Intermediates.noindex/swift-dropbox-client.build/Debug-watchos/DropboxClient.build/Objects-normal/arm64/ActorIsolated.swiftconstvalues -emit-reference-dependencies-path /Users/admin/builder/spi-builder-workspace/.derivedData/Build/Intermediates.noindex/swift-dropbox-client.build/Debug-watchos/DropboxClient.build/Objects-normal/arm64/ActorIsolated.swiftdeps -serialize-diagnostics-path /Users/admin/builder/spi-builder-workspace/.derivedData/Build/Intermediates.noindex/swift-dropbox-client.build/Debug-watchos/DropboxClient.build/Objects-normal/arm64/ActorIsolated.dia -emit-dependencies-path /Users/admin/builder/spi-builder-workspace/.derivedData/Build/Intermediates.noindex/swift-dropbox-client.build/Debug-watchos/DropboxClient.build/Objects-normal/arm64/Auth.d -emit-const-values-path /Users/admin/builder/spi-builder-workspace/.derivedData/Build/Intermediates.noindex/swift-dropbox-client.build/Debug-watchos/DropboxClient.build/Objects-normal/arm64/Auth.swiftconstvalues -emit-reference-dependencies-path /Users/admin/builder/spi-builder-workspace/.derivedData/Build/Intermediates.noindex/swift-dropbox-client.build/Debug-watchos/DropboxClient.build/Objects-normal/arm64/Auth.swiftdeps -serialize-diagnostics-path /Users/admin/builder/spi-builder-workspace/.derivedData/Build/Intermediates.noindex/swift-dropbox-client.build/Debug-watchos/DropboxClient.build/Objects-normal/arm64/Auth.dia -target arm64-apple-watchos9.0 -Xllvm -aarch64-use-tbi -enable-objc-interop -stack-check -sdk /Applications/Xcode-16.1.0.app/Contents/Developer/Platforms/WatchOS.platform/Developer/SDKs/WatchOS11.1.sdk -I /Users/admin/builder/spi-builder-workspace/.derivedData/Build/Products/Debug-watchos -I /Applications/Xcode-16.1.0.app/Contents/Developer/Platforms/WatchOS.platform/Developer/usr/lib -F /Users/admin/builder/spi-builder-workspace/.derivedData/Build/Products/Debug-watchos -F /Applications/Xcode-16.1.0.app/Contents/Developer/Platforms/WatchOS.platform/Developer/Library/Frameworks -F /Applications/Xcode-16.1.0.app/Contents/Developer/Platforms/WatchOS.platform/Developer/SDKs/WatchOS11.1.sdk/Developer/Library/Frameworks -no-color-diagnostics -enable-testing -g -debug-info-format\=dwarf -dwarf-version\=4 -module-cache-path /Users/admin/builder/spi-builder-workspace/.derivedData/ModuleCache.noindex -profile-generate -profile-coverage-mapping -swift-version 5 -enforce-exclusivity\=checked -stats-output-dir /Users/admin/builder/spi-builder-workspace/.swiftpm/xcode/.stats -Onone -D SWIFT_PACKAGE -D DEBUG -serialize-debugging-options -const-gather-protocols-file /Users/admin/builder/spi-builder-workspace/.derivedData/Build/Intermediates.noindex/swift-dropbox-client.build/Debug-watchos/DropboxClient.build/Objects-normal/arm64/DropboxClient_const_extract_protocols.json -enable-experimental-feature DebugDescriptionMacro -enable-experimental-feature OpaqueTypeErasure -strict-concurrency\=complete -empty-abi-descriptor -plugin-path /Applications/Xcode-16.1.0.app/Contents/Developer/Toolchains/XcodeDefault.xctoolchain/usr/lib/swift/host/plugins/testing -validate-clang-modules-once -clang-build-session-file /Users/admin/builder/spi-builder-workspace/.derivedData/ModuleCache.noindex/Session.modulevalidation -Xcc -working-directory -Xcc /Users/admin/builder/spi-builder-workspace/.swiftpm/xcode -resource-dir /Applications/Xcode-16.1.0.app/Contents/Developer/Toolchains/XcodeDefault.xctoolchain/usr/lib/swift -enable-anonymous-context-mangled-names -file-compilation-dir /Users/admin/builder/spi-builder-workspace/.swiftpm/xcode -Xcc -D_LIBCPP_HARDENING_MODE\=_LIBCPP_HARDENING_MODE_DEBUG -Xcc -ivfsstatcache -Xcc /Users/admin/builder/spi-builder-workspace/.derivedData/SDKStatCaches.noindex/watchos11.1-22R574-7b9df0bda16bb4641b33636c68f04660.sdkstatcache -Xcc -I/Users/admin/builder/spi-builder-workspace/.derivedData/Build/Intermediates.noindex/swift-dropbox-client.build/Debug-watchos/DropboxClient.build/swift-overrides.hmap -Xcc -I/Users/admin/builder/spi-builder-workspace/.derivedData/Build/Products/Debug-watchos/include -Xcc -I/Users/admin/builder/spi-builder-workspace/.derivedData/Build/Intermediates.noindex/swift-dropbox-client.build/Debug-watchos/DropboxClient.build/DerivedSources-normal/arm64 -Xcc -I/Users/admin/builder/spi-builder-workspace/.derivedData/Build/Intermediates.noindex/swift-dropbox-client.build/Debug-watchos/DropboxClient.build/DerivedSources/arm64 -Xcc -I/Users/admin/builder/spi-builder-workspace/.derivedData/Build/Intermediates.noindex/swift-dropbox-client.build/Debug-watchos/DropboxClient.build/DerivedSources -Xcc -DSWIFT_PACKAGE -Xcc -DDEBUG\=1 -module-name DropboxClient -frontend-parseable-output -disable-clang-spi -target-sdk-version 11.1 -target-sdk-name watchos11.1 -external-plugin-path /Applications/Xcode-16.1.0.app/Contents/Developer/Platforms/WatchOS.platform/Developer/usr/lib/swift/host/plugins\#/Applications/Xcode-16.1.0.app/Contents/Developer/Platforms/WatchOS.platform/Developer/usr/bin/swift-plugin-server -external-plugin-path /Applications/Xcode-16.1.0.app/Contents/Developer/Platforms/WatchOS.platform/Developer/usr/local/lib/swift/host/plugins\#/Applications/Xcode-16.1.0.app/Contents/Developer/Platforms/WatchOS.platform/Developer/usr/bin/swift-plugin-server -plugin-path /Applications/Xcode-16.1.0.app/Contents/Developer/Toolchains/XcodeDefault.xctoolchain/usr/lib/swift/host/plugins -plugin-path /Applications/Xcode-16.1.0.app/Contents/Developer/Toolchains/XcodeDefault.xctoolchain/usr/local/lib/swift/host/plugins -o /Users/admin/builder/spi-builder-workspace/.derivedData/Build/Intermediates.noindex/swift-dropbox-client.build/Debug-watchos/DropboxClient.build/Objects-normal/arm64/ActorIsolated.o -o /Users/admin/builder/spi-builder-workspace/.derivedData/Build/Intermediates.noindex/swift-dropbox-client.build/Debug-watchos/DropboxClient.build/Objects-normal/arm64/Auth.o -index-unit-output-path /swift-dropbox-client.build/Debug-watchos/DropboxClient.build/Objects-normal/arm64/ActorIsolated.o -index-unit-output-path /swift-dropbox-client.build/Debug-watchos/DropboxClient.build/Objects-normal/arm64/Auth.o -index-store-path /Users/admin/builder/spi-builder-workspace/.derivedData/Index.noindex/DataStore -index-system-modules
SwiftCompile normal arm64 /Users/admin/builder/spi-builder-workspace/Sources/DropboxClient/ActorIsolated.swift (in target 'DropboxClient' from project 'swift-dropbox-client')
cd /Users/admin/builder/spi-builder-workspace/.swiftpm/xcode
/Applications/Xcode-16.1.0.app/Contents/Developer/Toolchains/XcodeDefault.xctoolchain/usr/bin/swift-frontend -c -primary-file /Users/admin/builder/spi-builder-workspace/Sources/DropboxClient/ActorIsolated.swift -primary-file /Users/admin/builder/spi-builder-workspace/Sources/DropboxClient/Auth.swift /Users/admin/builder/spi-builder-workspace/Sources/DropboxClient/Client.swift /Users/admin/builder/spi-builder-workspace/Sources/DropboxClient/Coding.swift /Users/admin/builder/spi-builder-workspace/Sources/DropboxClient/Config.swift /Users/admin/builder/spi-builder-workspace/Sources/DropboxClient/Credentials.swift /Users/admin/builder/spi-builder-workspace/Sources/DropboxClient/CurrentValueAsyncSequence.swift /Users/admin/builder/spi-builder-workspace/Sources/DropboxClient/DateGenerator.swift /Users/admin/builder/spi-builder-workspace/Sources/DropboxClient/DeleteFile.swift /Users/admin/builder/spi-builder-workspace/Sources/DropboxClient/DownloadFile.swift /Users/admin/builder/spi-builder-workspace/Sources/DropboxClient/FileMetadata.swift /Users/admin/builder/spi-builder-workspace/Sources/DropboxClient/GetMetadata.swift /Users/admin/builder/spi-builder-workspace/Sources/DropboxClient/HTTPClient.swift /Users/admin/builder/spi-builder-workspace/Sources/DropboxClient/Keychain.swift /Users/admin/builder/spi-builder-workspace/Sources/DropboxClient/ListFolder.swift /Users/admin/builder/spi-builder-workspace/Sources/DropboxClient/Metadata.swift /Users/admin/builder/spi-builder-workspace/Sources/DropboxClient/OpenURL.swift /Users/admin/builder/spi-builder-workspace/Sources/DropboxClient/PKCEUtils.swift /Users/admin/builder/spi-builder-workspace/Sources/DropboxClient/UploadFile.swift -emit-dependencies-path /Users/admin/builder/spi-builder-workspace/.derivedData/Build/Intermediates.noindex/swift-dropbox-client.build/Debug-watchos/DropboxClient.build/Objects-normal/arm64/ActorIsolated.d -emit-const-values-path /Users/admin/builder/spi-builder-workspace/.derivedData/Build/Intermediates.noindex/swift-dropbox-client.build/Debug-watchos/DropboxClient.build/Objects-normal/arm64/ActorIsolated.swiftconstvalues -emit-reference-dependencies-path /Users/admin/builder/spi-builder-workspace/.derivedData/Build/Intermediates.noindex/swift-dropbox-client.build/Debug-watchos/DropboxClient.build/Objects-normal/arm64/ActorIsolated.swiftdeps -serialize-diagnostics-path /Users/admin/builder/spi-builder-workspace/.derivedData/Build/Intermediates.noindex/swift-dropbox-client.build/Debug-watchos/DropboxClient.build/Objects-normal/arm64/ActorIsolated.dia -emit-dependencies-path /Users/admin/builder/spi-builder-workspace/.derivedData/Build/Intermediates.noindex/swift-dropbox-client.build/Debug-watchos/DropboxClient.build/Objects-normal/arm64/Auth.d -emit-const-values-path /Users/admin/builder/spi-builder-workspace/.derivedData/Build/Intermediates.noindex/swift-dropbox-client.build/Debug-watchos/DropboxClient.build/Objects-normal/arm64/Auth.swiftconstvalues -emit-reference-dependencies-path /Users/admin/builder/spi-builder-workspace/.derivedData/Build/Intermediates.noindex/swift-dropbox-client.build/Debug-watchos/DropboxClient.build/Objects-normal/arm64/Auth.swiftdeps -serialize-diagnostics-path /Users/admin/builder/spi-builder-workspace/.derivedData/Build/Intermediates.noindex/swift-dropbox-client.build/Debug-watchos/DropboxClient.build/Objects-normal/arm64/Auth.dia -target arm64-apple-watchos9.0 -Xllvm -aarch64-use-tbi -enable-objc-interop -stack-check -sdk /Applications/Xcode-16.1.0.app/Contents/Developer/Platforms/WatchOS.platform/Developer/SDKs/WatchOS11.1.sdk -I /Users/admin/builder/spi-builder-workspace/.derivedData/Build/Products/Debug-watchos -I /Applications/Xcode-16.1.0.app/Contents/Developer/Platforms/WatchOS.platform/Developer/usr/lib -F /Users/admin/builder/spi-builder-workspace/.derivedData/Build/Products/Debug-watchos -F /Applications/Xcode-16.1.0.app/Contents/Developer/Platforms/WatchOS.platform/Developer/Library/Frameworks -F /Applications/Xcode-16.1.0.app/Contents/Developer/Platforms/WatchOS.platform/Developer/SDKs/WatchOS11.1.sdk/Developer/Library/Frameworks -no-color-diagnostics -enable-testing -g -debug-info-format\=dwarf -dwarf-version\=4 -module-cache-path /Users/admin/builder/spi-builder-workspace/.derivedData/ModuleCache.noindex -profile-generate -profile-coverage-mapping -swift-version 5 -enforce-exclusivity\=checked -stats-output-dir /Users/admin/builder/spi-builder-workspace/.swiftpm/xcode/.stats -Onone -D SWIFT_PACKAGE -D DEBUG -serialize-debugging-options -const-gather-protocols-file /Users/admin/builder/spi-builder-workspace/.derivedData/Build/Intermediates.noindex/swift-dropbox-client.build/Debug-watchos/DropboxClient.build/Objects-normal/arm64/DropboxClient_const_extract_protocols.json -enable-experimental-feature DebugDescriptionMacro -enable-experimental-feature OpaqueTypeErasure -strict-concurrency\=complete -empty-abi-descriptor -plugin-path /Applications/Xcode-16.1.0.app/Contents/Developer/Toolchains/XcodeDefault.xctoolchain/usr/lib/swift/host/plugins/testing -validate-clang-modules-once -clang-build-session-file /Users/admin/builder/spi-builder-workspace/.derivedData/ModuleCache.noindex/Session.modulevalidation -Xcc -working-directory -Xcc /Users/admin/builder/spi-builder-workspace/.swiftpm/xcode -resource-dir /Applications/Xcode-16.1.0.app/Contents/Developer/Toolchains/XcodeDefault.xctoolchain/usr/lib/swift -enable-anonymous-context-mangled-names -file-compilation-dir /Users/admin/builder/spi-builder-workspace/.swiftpm/xcode -Xcc -D_LIBCPP_HARDENING_MODE\=_LIBCPP_HARDENING_MODE_DEBUG -Xcc -ivfsstatcache -Xcc /Users/admin/builder/spi-builder-workspace/.derivedData/SDKStatCaches.noindex/watchos11.1-22R574-7b9df0bda16bb4641b33636c68f04660.sdkstatcache -Xcc -I/Users/admin/builder/spi-builder-workspace/.derivedData/Build/Intermediates.noindex/swift-dropbox-client.build/Debug-watchos/DropboxClient.build/swift-overrides.hmap -Xcc -I/Users/admin/builder/spi-builder-workspace/.derivedData/Build/Products/Debug-watchos/include -Xcc -I/Users/admin/builder/spi-builder-workspace/.derivedData/Build/Intermediates.noindex/swift-dropbox-client.build/Debug-watchos/DropboxClient.build/DerivedSources-normal/arm64 -Xcc -I/Users/admin/builder/spi-builder-workspace/.derivedData/Build/Intermediates.noindex/swift-dropbox-client.build/Debug-watchos/DropboxClient.build/DerivedSources/arm64 -Xcc -I/Users/admin/builder/spi-builder-workspace/.derivedData/Build/Intermediates.noindex/swift-dropbox-client.build/Debug-watchos/DropboxClient.build/DerivedSources -Xcc -DSWIFT_PACKAGE -Xcc -DDEBUG\=1 -module-name DropboxClient -frontend-parseable-output -disable-clang-spi -target-sdk-version 11.1 -target-sdk-name watchos11.1 -external-plugin-path /Applications/Xcode-16.1.0.app/Contents/Developer/Platforms/WatchOS.platform/Developer/usr/lib/swift/host/plugins\#/Applications/Xcode-16.1.0.app/Contents/Developer/Platforms/WatchOS.platform/Developer/usr/bin/swift-plugin-server -external-plugin-path /Applications/Xcode-16.1.0.app/Contents/Developer/Platforms/WatchOS.platform/Developer/usr/local/lib/swift/host/plugins\#/Applications/Xcode-16.1.0.app/Contents/Developer/Platforms/WatchOS.platform/Developer/usr/bin/swift-plugin-server -plugin-path /Applications/Xcode-16.1.0.app/Contents/Developer/Toolchains/XcodeDefault.xctoolchain/usr/lib/swift/host/plugins -plugin-path /Applications/Xcode-16.1.0.app/Contents/Developer/Toolchains/XcodeDefault.xctoolchain/usr/local/lib/swift/host/plugins -o /Users/admin/builder/spi-builder-workspace/.derivedData/Build/Intermediates.noindex/swift-dropbox-client.build/Debug-watchos/DropboxClient.build/Objects-normal/arm64/ActorIsolated.o -o /Users/admin/builder/spi-builder-workspace/.derivedData/Build/Intermediates.noindex/swift-dropbox-client.build/Debug-watchos/DropboxClient.build/Objects-normal/arm64/Auth.o -index-unit-output-path /swift-dropbox-client.build/Debug-watchos/DropboxClient.build/Objects-normal/arm64/ActorIsolated.o -index-unit-output-path /swift-dropbox-client.build/Debug-watchos/DropboxClient.build/Objects-normal/arm64/Auth.o -index-store-path /Users/admin/builder/spi-builder-workspace/.derivedData/Index.noindex/DataStore -index-system-modules
SwiftCompile normal arm64 /Users/admin/builder/spi-builder-workspace/Sources/DropboxClient/Auth.swift (in target 'DropboxClient' from project 'swift-dropbox-client')
cd /Users/admin/builder/spi-builder-workspace/.swiftpm/xcode
/Applications/Xcode-16.1.0.app/Contents/Developer/Toolchains/XcodeDefault.xctoolchain/usr/bin/swift-frontend -c -primary-file /Users/admin/builder/spi-builder-workspace/Sources/DropboxClient/ActorIsolated.swift -primary-file /Users/admin/builder/spi-builder-workspace/Sources/DropboxClient/Auth.swift /Users/admin/builder/spi-builder-workspace/Sources/DropboxClient/Client.swift /Users/admin/builder/spi-builder-workspace/Sources/DropboxClient/Coding.swift /Users/admin/builder/spi-builder-workspace/Sources/DropboxClient/Config.swift /Users/admin/builder/spi-builder-workspace/Sources/DropboxClient/Credentials.swift /Users/admin/builder/spi-builder-workspace/Sources/DropboxClient/CurrentValueAsyncSequence.swift /Users/admin/builder/spi-builder-workspace/Sources/DropboxClient/DateGenerator.swift /Users/admin/builder/spi-builder-workspace/Sources/DropboxClient/DeleteFile.swift /Users/admin/builder/spi-builder-workspace/Sources/DropboxClient/DownloadFile.swift /Users/admin/builder/spi-builder-workspace/Sources/DropboxClient/FileMetadata.swift /Users/admin/builder/spi-builder-workspace/Sources/DropboxClient/GetMetadata.swift /Users/admin/builder/spi-builder-workspace/Sources/DropboxClient/HTTPClient.swift /Users/admin/builder/spi-builder-workspace/Sources/DropboxClient/Keychain.swift /Users/admin/builder/spi-builder-workspace/Sources/DropboxClient/ListFolder.swift /Users/admin/builder/spi-builder-workspace/Sources/DropboxClient/Metadata.swift /Users/admin/builder/spi-builder-workspace/Sources/DropboxClient/OpenURL.swift /Users/admin/builder/spi-builder-workspace/Sources/DropboxClient/PKCEUtils.swift /Users/admin/builder/spi-builder-workspace/Sources/DropboxClient/UploadFile.swift -emit-dependencies-path /Users/admin/builder/spi-builder-workspace/.derivedData/Build/Intermediates.noindex/swift-dropbox-client.build/Debug-watchos/DropboxClient.build/Objects-normal/arm64/ActorIsolated.d -emit-const-values-path /Users/admin/builder/spi-builder-workspace/.derivedData/Build/Intermediates.noindex/swift-dropbox-client.build/Debug-watchos/DropboxClient.build/Objects-normal/arm64/ActorIsolated.swiftconstvalues -emit-reference-dependencies-path /Users/admin/builder/spi-builder-workspace/.derivedData/Build/Intermediates.noindex/swift-dropbox-client.build/Debug-watchos/DropboxClient.build/Objects-normal/arm64/ActorIsolated.swiftdeps -serialize-diagnostics-path /Users/admin/builder/spi-builder-workspace/.derivedData/Build/Intermediates.noindex/swift-dropbox-client.build/Debug-watchos/DropboxClient.build/Objects-normal/arm64/ActorIsolated.dia -emit-dependencies-path /Users/admin/builder/spi-builder-workspace/.derivedData/Build/Intermediates.noindex/swift-dropbox-client.build/Debug-watchos/DropboxClient.build/Objects-normal/arm64/Auth.d -emit-const-values-path /Users/admin/builder/spi-builder-workspace/.derivedData/Build/Intermediates.noindex/swift-dropbox-client.build/Debug-watchos/DropboxClient.build/Objects-normal/arm64/Auth.swiftconstvalues -emit-reference-dependencies-path /Users/admin/builder/spi-builder-workspace/.derivedData/Build/Intermediates.noindex/swift-dropbox-client.build/Debug-watchos/DropboxClient.build/Objects-normal/arm64/Auth.swiftdeps -serialize-diagnostics-path /Users/admin/builder/spi-builder-workspace/.derivedData/Build/Intermediates.noindex/swift-dropbox-client.build/Debug-watchos/DropboxClient.build/Objects-normal/arm64/Auth.dia -target arm64-apple-watchos9.0 -Xllvm -aarch64-use-tbi -enable-objc-interop -stack-check -sdk /Applications/Xcode-16.1.0.app/Contents/Developer/Platforms/WatchOS.platform/Developer/SDKs/WatchOS11.1.sdk -I /Users/admin/builder/spi-builder-workspace/.derivedData/Build/Products/Debug-watchos -I /Applications/Xcode-16.1.0.app/Contents/Developer/Platforms/WatchOS.platform/Developer/usr/lib -F /Users/admin/builder/spi-builder-workspace/.derivedData/Build/Products/Debug-watchos -F /Applications/Xcode-16.1.0.app/Contents/Developer/Platforms/WatchOS.platform/Developer/Library/Frameworks -F /Applications/Xcode-16.1.0.app/Contents/Developer/Platforms/WatchOS.platform/Developer/SDKs/WatchOS11.1.sdk/Developer/Library/Frameworks -no-color-diagnostics -enable-testing -g -debug-info-format\=dwarf -dwarf-version\=4 -module-cache-path /Users/admin/builder/spi-builder-workspace/.derivedData/ModuleCache.noindex -profile-generate -profile-coverage-mapping -swift-version 5 -enforce-exclusivity\=checked -stats-output-dir /Users/admin/builder/spi-builder-workspace/.swiftpm/xcode/.stats -Onone -D SWIFT_PACKAGE -D DEBUG -serialize-debugging-options -const-gather-protocols-file /Users/admin/builder/spi-builder-workspace/.derivedData/Build/Intermediates.noindex/swift-dropbox-client.build/Debug-watchos/DropboxClient.build/Objects-normal/arm64/DropboxClient_const_extract_protocols.json -enable-experimental-feature DebugDescriptionMacro -enable-experimental-feature OpaqueTypeErasure -strict-concurrency\=complete -empty-abi-descriptor -plugin-path /Applications/Xcode-16.1.0.app/Contents/Developer/Toolchains/XcodeDefault.xctoolchain/usr/lib/swift/host/plugins/testing -validate-clang-modules-once -clang-build-session-file /Users/admin/builder/spi-builder-workspace/.derivedData/ModuleCache.noindex/Session.modulevalidation -Xcc -working-directory -Xcc /Users/admin/builder/spi-builder-workspace/.swiftpm/xcode -resource-dir /Applications/Xcode-16.1.0.app/Contents/Developer/Toolchains/XcodeDefault.xctoolchain/usr/lib/swift -enable-anonymous-context-mangled-names -file-compilation-dir /Users/admin/builder/spi-builder-workspace/.swiftpm/xcode -Xcc -D_LIBCPP_HARDENING_MODE\=_LIBCPP_HARDENING_MODE_DEBUG -Xcc -ivfsstatcache -Xcc /Users/admin/builder/spi-builder-workspace/.derivedData/SDKStatCaches.noindex/watchos11.1-22R574-7b9df0bda16bb4641b33636c68f04660.sdkstatcache -Xcc -I/Users/admin/builder/spi-builder-workspace/.derivedData/Build/Intermediates.noindex/swift-dropbox-client.build/Debug-watchos/DropboxClient.build/swift-overrides.hmap -Xcc -I/Users/admin/builder/spi-builder-workspace/.derivedData/Build/Products/Debug-watchos/include -Xcc -I/Users/admin/builder/spi-builder-workspace/.derivedData/Build/Intermediates.noindex/swift-dropbox-client.build/Debug-watchos/DropboxClient.build/DerivedSources-normal/arm64 -Xcc -I/Users/admin/builder/spi-builder-workspace/.derivedData/Build/Intermediates.noindex/swift-dropbox-client.build/Debug-watchos/DropboxClient.build/DerivedSources/arm64 -Xcc -I/Users/admin/builder/spi-builder-workspace/.derivedData/Build/Intermediates.noindex/swift-dropbox-client.build/Debug-watchos/DropboxClient.build/DerivedSources -Xcc -DSWIFT_PACKAGE -Xcc -DDEBUG\=1 -module-name DropboxClient -frontend-parseable-output -disable-clang-spi -target-sdk-version 11.1 -target-sdk-name watchos11.1 -external-plugin-path /Applications/Xcode-16.1.0.app/Contents/Developer/Platforms/WatchOS.platform/Developer/usr/lib/swift/host/plugins\#/Applications/Xcode-16.1.0.app/Contents/Developer/Platforms/WatchOS.platform/Developer/usr/bin/swift-plugin-server -external-plugin-path /Applications/Xcode-16.1.0.app/Contents/Developer/Platforms/WatchOS.platform/Developer/usr/local/lib/swift/host/plugins\#/Applications/Xcode-16.1.0.app/Contents/Developer/Platforms/WatchOS.platform/Developer/usr/bin/swift-plugin-server -plugin-path /Applications/Xcode-16.1.0.app/Contents/Developer/Toolchains/XcodeDefault.xctoolchain/usr/lib/swift/host/plugins -plugin-path /Applications/Xcode-16.1.0.app/Contents/Developer/Toolchains/XcodeDefault.xctoolchain/usr/local/lib/swift/host/plugins -o /Users/admin/builder/spi-builder-workspace/.derivedData/Build/Intermediates.noindex/swift-dropbox-client.build/Debug-watchos/DropboxClient.build/Objects-normal/arm64/ActorIsolated.o -o /Users/admin/builder/spi-builder-workspace/.derivedData/Build/Intermediates.noindex/swift-dropbox-client.build/Debug-watchos/DropboxClient.build/Objects-normal/arm64/Auth.o -index-unit-output-path /swift-dropbox-client.build/Debug-watchos/DropboxClient.build/Objects-normal/arm64/ActorIsolated.o -index-unit-output-path /swift-dropbox-client.build/Debug-watchos/DropboxClient.build/Objects-normal/arm64/Auth.o -index-store-path /Users/admin/builder/spi-builder-workspace/.derivedData/Index.noindex/DataStore -index-system-modules
SwiftEmitModule normal arm64_32 Emitting\ module\ for\ DropboxClient (in target 'DropboxClient' from project 'swift-dropbox-client')
cd /Users/admin/builder/spi-builder-workspace/.swiftpm/xcode
builtin-swiftTaskExecution -- /Applications/Xcode-16.1.0.app/Contents/Developer/Toolchains/XcodeDefault.xctoolchain/usr/bin/swift-frontend -frontend -emit-module -experimental-skip-non-inlinable-function-bodies-without-types /Users/admin/builder/spi-builder-workspace/Sources/DropboxClient/ActorIsolated.swift /Users/admin/builder/spi-builder-workspace/Sources/DropboxClient/Auth.swift /Users/admin/builder/spi-builder-workspace/Sources/DropboxClient/Client.swift /Users/admin/builder/spi-builder-workspace/Sources/DropboxClient/Coding.swift /Users/admin/builder/spi-builder-workspace/Sources/DropboxClient/Config.swift /Users/admin/builder/spi-builder-workspace/Sources/DropboxClient/Credentials.swift /Users/admin/builder/spi-builder-workspace/Sources/DropboxClient/CurrentValueAsyncSequence.swift /Users/admin/builder/spi-builder-workspace/Sources/DropboxClient/DateGenerator.swift /Users/admin/builder/spi-builder-workspace/Sources/DropboxClient/DeleteFile.swift /Users/admin/builder/spi-builder-workspace/Sources/DropboxClient/DownloadFile.swift /Users/admin/builder/spi-builder-workspace/Sources/DropboxClient/FileMetadata.swift /Users/admin/builder/spi-builder-workspace/Sources/DropboxClient/GetMetadata.swift /Users/admin/builder/spi-builder-workspace/Sources/DropboxClient/HTTPClient.swift /Users/admin/builder/spi-builder-workspace/Sources/DropboxClient/Keychain.swift /Users/admin/builder/spi-builder-workspace/Sources/DropboxClient/ListFolder.swift /Users/admin/builder/spi-builder-workspace/Sources/DropboxClient/Metadata.swift /Users/admin/builder/spi-builder-workspace/Sources/DropboxClient/OpenURL.swift /Users/admin/builder/spi-builder-workspace/Sources/DropboxClient/PKCEUtils.swift /Users/admin/builder/spi-builder-workspace/Sources/DropboxClient/UploadFile.swift -target arm64_32-apple-watchos9.0 -enable-objc-interop -sdk /Applications/Xcode-16.1.0.app/Contents/Developer/Platforms/WatchOS.platform/Developer/SDKs/WatchOS11.1.sdk -I /Users/admin/builder/spi-builder-workspace/.derivedData/Build/Products/Debug-watchos -I /Applications/Xcode-16.1.0.app/Contents/Developer/Platforms/WatchOS.platform/Developer/usr/lib -F /Users/admin/builder/spi-builder-workspace/.derivedData/Build/Products/Debug-watchos -F /Applications/Xcode-16.1.0.app/Contents/Developer/Platforms/WatchOS.platform/Developer/Library/Frameworks -F /Applications/Xcode-16.1.0.app/Contents/Developer/Platforms/WatchOS.platform/Developer/SDKs/WatchOS11.1.sdk/Developer/Library/Frameworks -no-color-diagnostics -enable-testing -g -debug-info-format\=dwarf -dwarf-version\=4 -module-cache-path /Users/admin/builder/spi-builder-workspace/.derivedData/ModuleCache.noindex -profile-generate -profile-coverage-mapping -swift-version 5 -enforce-exclusivity\=checked -stats-output-dir /Users/admin/builder/spi-builder-workspace/.swiftpm/xcode/.stats -Onone -D SWIFT_PACKAGE -D DEBUG -serialize-debugging-options -const-gather-protocols-file /Users/admin/builder/spi-builder-workspace/.derivedData/Build/Intermediates.noindex/swift-dropbox-client.build/Debug-watchos/DropboxClient.build/Objects-normal/arm64_32/DropboxClient_const_extract_protocols.json -enable-experimental-feature DebugDescriptionMacro -enable-experimental-feature OpaqueTypeErasure -strict-concurrency\=complete -empty-abi-descriptor -plugin-path /Applications/Xcode-16.1.0.app/Contents/Developer/Toolchains/XcodeDefault.xctoolchain/usr/lib/swift/host/plugins/testing -validate-clang-modules-once -clang-build-session-file /Users/admin/builder/spi-builder-workspace/.derivedData/ModuleCache.noindex/Session.modulevalidation -Xcc -working-directory -Xcc /Users/admin/builder/spi-builder-workspace/.swiftpm/xcode -resource-dir /Applications/Xcode-16.1.0.app/Contents/Developer/Toolchains/XcodeDefault.xctoolchain/usr/lib/swift -enable-anonymous-context-mangled-names -file-compilation-dir /Users/admin/builder/spi-builder-workspace/.swiftpm/xcode -Xcc -D_LIBCPP_HARDENING_MODE\=_LIBCPP_HARDENING_MODE_DEBUG -Xcc -ivfsstatcache -Xcc /Users/admin/builder/spi-builder-workspace/.derivedData/SDKStatCaches.noindex/watchos11.1-22R574-7b9df0bda16bb4641b33636c68f04660.sdkstatcache -Xcc -I/Users/admin/builder/spi-builder-workspace/.derivedData/Build/Intermediates.noindex/swift-dropbox-client.build/Debug-watchos/DropboxClient.build/swift-overrides.hmap -Xcc -I/Users/admin/builder/spi-builder-workspace/.derivedData/Build/Products/Debug-watchos/include -Xcc -I/Users/admin/builder/spi-builder-workspace/.derivedData/Build/Intermediates.noindex/swift-dropbox-client.build/Debug-watchos/DropboxClient.build/DerivedSources-normal/arm64_32 -Xcc -I/Users/admin/builder/spi-builder-workspace/.derivedData/Build/Intermediates.noindex/swift-dropbox-client.build/Debug-watchos/DropboxClient.build/DerivedSources/arm64_32 -Xcc -I/Users/admin/builder/spi-builder-workspace/.derivedData/Build/Intermediates.noindex/swift-dropbox-client.build/Debug-watchos/DropboxClient.build/DerivedSources -Xcc -DSWIFT_PACKAGE -Xcc -DDEBUG\=1 -module-name DropboxClient -frontend-parseable-output -disable-clang-spi -target-sdk-version 11.1 -target-sdk-name watchos11.1 -external-plugin-path /Applications/Xcode-16.1.0.app/Contents/Developer/Platforms/WatchOS.platform/Developer/usr/lib/swift/host/plugins\#/Applications/Xcode-16.1.0.app/Contents/Developer/Platforms/WatchOS.platform/Developer/usr/bin/swift-plugin-server -external-plugin-path /Applications/Xcode-16.1.0.app/Contents/Developer/Platforms/WatchOS.platform/Developer/usr/local/lib/swift/host/plugins\#/Applications/Xcode-16.1.0.app/Contents/Developer/Platforms/WatchOS.platform/Developer/usr/bin/swift-plugin-server -plugin-path /Applications/Xcode-16.1.0.app/Contents/Developer/Toolchains/XcodeDefault.xctoolchain/usr/lib/swift/host/plugins -plugin-path /Applications/Xcode-16.1.0.app/Contents/Developer/Toolchains/XcodeDefault.xctoolchain/usr/local/lib/swift/host/plugins -emit-module-doc-path /Users/admin/builder/spi-builder-workspace/.derivedData/Build/Intermediates.noindex/swift-dropbox-client.build/Debug-watchos/DropboxClient.build/Objects-normal/arm64_32/DropboxClient.swiftdoc -emit-module-source-info-path /Users/admin/builder/spi-builder-workspace/.derivedData/Build/Intermediates.noindex/swift-dropbox-client.build/Debug-watchos/DropboxClient.build/Objects-normal/arm64_32/DropboxClient.swiftsourceinfo -emit-objc-header-path /Users/admin/builder/spi-builder-workspace/.derivedData/Build/Intermediates.noindex/swift-dropbox-client.build/Debug-watchos/DropboxClient.build/Objects-normal/arm64_32/DropboxClient-Swift.h -serialize-diagnostics-path /Users/admin/builder/spi-builder-workspace/.derivedData/Build/Intermediates.noindex/swift-dropbox-client.build/Debug-watchos/DropboxClient.build/Objects-normal/arm64_32/DropboxClient-master-emit-module.dia -emit-dependencies-path /Users/admin/builder/spi-builder-workspace/.derivedData/Build/Intermediates.noindex/swift-dropbox-client.build/Debug-watchos/DropboxClient.build/Objects-normal/arm64_32/DropboxClient-master-emit-module.d -o /Users/admin/builder/spi-builder-workspace/.derivedData/Build/Intermediates.noindex/swift-dropbox-client.build/Debug-watchos/DropboxClient.build/Objects-normal/arm64_32/DropboxClient.swiftmodule -emit-abi-descriptor-path /Users/admin/builder/spi-builder-workspace/.derivedData/Build/Intermediates.noindex/swift-dropbox-client.build/Debug-watchos/DropboxClient.build/Objects-normal/arm64_32/DropboxClient.abi.json
EmitSwiftModule normal arm64_32 (in target 'DropboxClient' from project 'swift-dropbox-client')
cd /Users/admin/builder/spi-builder-workspace/.swiftpm/xcode
/Applications/Xcode-16.1.0.app/Contents/Developer/Toolchains/XcodeDefault.xctoolchain/usr/bin/swift-frontend -emit-module -experimental-skip-non-inlinable-function-bodies-without-types /Users/admin/builder/spi-builder-workspace/Sources/DropboxClient/ActorIsolated.swift /Users/admin/builder/spi-builder-workspace/Sources/DropboxClient/Auth.swift /Users/admin/builder/spi-builder-workspace/Sources/DropboxClient/Client.swift /Users/admin/builder/spi-builder-workspace/Sources/DropboxClient/Coding.swift /Users/admin/builder/spi-builder-workspace/Sources/DropboxClient/Config.swift /Users/admin/builder/spi-builder-workspace/Sources/DropboxClient/Credentials.swift /Users/admin/builder/spi-builder-workspace/Sources/DropboxClient/CurrentValueAsyncSequence.swift /Users/admin/builder/spi-builder-workspace/Sources/DropboxClient/DateGenerator.swift /Users/admin/builder/spi-builder-workspace/Sources/DropboxClient/DeleteFile.swift /Users/admin/builder/spi-builder-workspace/Sources/DropboxClient/DownloadFile.swift /Users/admin/builder/spi-builder-workspace/Sources/DropboxClient/FileMetadata.swift /Users/admin/builder/spi-builder-workspace/Sources/DropboxClient/GetMetadata.swift /Users/admin/builder/spi-builder-workspace/Sources/DropboxClient/HTTPClient.swift /Users/admin/builder/spi-builder-workspace/Sources/DropboxClient/Keychain.swift /Users/admin/builder/spi-builder-workspace/Sources/DropboxClient/ListFolder.swift /Users/admin/builder/spi-builder-workspace/Sources/DropboxClient/Metadata.swift /Users/admin/builder/spi-builder-workspace/Sources/DropboxClient/OpenURL.swift /Users/admin/builder/spi-builder-workspace/Sources/DropboxClient/PKCEUtils.swift /Users/admin/builder/spi-builder-workspace/Sources/DropboxClient/UploadFile.swift -target arm64_32-apple-watchos9.0 -enable-objc-interop -sdk /Applications/Xcode-16.1.0.app/Contents/Developer/Platforms/WatchOS.platform/Developer/SDKs/WatchOS11.1.sdk -I /Users/admin/builder/spi-builder-workspace/.derivedData/Build/Products/Debug-watchos -I /Applications/Xcode-16.1.0.app/Contents/Developer/Platforms/WatchOS.platform/Developer/usr/lib -F /Users/admin/builder/spi-builder-workspace/.derivedData/Build/Products/Debug-watchos -F /Applications/Xcode-16.1.0.app/Contents/Developer/Platforms/WatchOS.platform/Developer/Library/Frameworks -F /Applications/Xcode-16.1.0.app/Contents/Developer/Platforms/WatchOS.platform/Developer/SDKs/WatchOS11.1.sdk/Developer/Library/Frameworks -no-color-diagnostics -enable-testing -g -debug-info-format\=dwarf -dwarf-version\=4 -module-cache-path /Users/admin/builder/spi-builder-workspace/.derivedData/ModuleCache.noindex -profile-generate -profile-coverage-mapping -swift-version 5 -enforce-exclusivity\=checked -stats-output-dir /Users/admin/builder/spi-builder-workspace/.swiftpm/xcode/.stats -Onone -D SWIFT_PACKAGE -D DEBUG -serialize-debugging-options -const-gather-protocols-file /Users/admin/builder/spi-builder-workspace/.derivedData/Build/Intermediates.noindex/swift-dropbox-client.build/Debug-watchos/DropboxClient.build/Objects-normal/arm64_32/DropboxClient_const_extract_protocols.json -enable-experimental-feature DebugDescriptionMacro -enable-experimental-feature OpaqueTypeErasure -strict-concurrency\=complete -empty-abi-descriptor -plugin-path /Applications/Xcode-16.1.0.app/Contents/Developer/Toolchains/XcodeDefault.xctoolchain/usr/lib/swift/host/plugins/testing -validate-clang-modules-once -clang-build-session-file /Users/admin/builder/spi-builder-workspace/.derivedData/ModuleCache.noindex/Session.modulevalidation -Xcc -working-directory -Xcc /Users/admin/builder/spi-builder-workspace/.swiftpm/xcode -resource-dir /Applications/Xcode-16.1.0.app/Contents/Developer/Toolchains/XcodeDefault.xctoolchain/usr/lib/swift -enable-anonymous-context-mangled-names -file-compilation-dir /Users/admin/builder/spi-builder-workspace/.swiftpm/xcode -Xcc -D_LIBCPP_HARDENING_MODE\=_LIBCPP_HARDENING_MODE_DEBUG -Xcc -ivfsstatcache -Xcc /Users/admin/builder/spi-builder-workspace/.derivedData/SDKStatCaches.noindex/watchos11.1-22R574-7b9df0bda16bb4641b33636c68f04660.sdkstatcache -Xcc -I/Users/admin/builder/spi-builder-workspace/.derivedData/Build/Intermediates.noindex/swift-dropbox-client.build/Debug-watchos/DropboxClient.build/swift-overrides.hmap -Xcc -I/Users/admin/builder/spi-builder-workspace/.derivedData/Build/Products/Debug-watchos/include -Xcc -I/Users/admin/builder/spi-builder-workspace/.derivedData/Build/Intermediates.noindex/swift-dropbox-client.build/Debug-watchos/DropboxClient.build/DerivedSources-normal/arm64_32 -Xcc -I/Users/admin/builder/spi-builder-workspace/.derivedData/Build/Intermediates.noindex/swift-dropbox-client.build/Debug-watchos/DropboxClient.build/DerivedSources/arm64_32 -Xcc -I/Users/admin/builder/spi-builder-workspace/.derivedData/Build/Intermediates.noindex/swift-dropbox-client.build/Debug-watchos/DropboxClient.build/DerivedSources -Xcc -DSWIFT_PACKAGE -Xcc -DDEBUG\=1 -module-name DropboxClient -frontend-parseable-output -disable-clang-spi -target-sdk-version 11.1 -target-sdk-name watchos11.1 -external-plugin-path /Applications/Xcode-16.1.0.app/Contents/Developer/Platforms/WatchOS.platform/Developer/usr/lib/swift/host/plugins\#/Applications/Xcode-16.1.0.app/Contents/Developer/Platforms/WatchOS.platform/Developer/usr/bin/swift-plugin-server -external-plugin-path /Applications/Xcode-16.1.0.app/Contents/Developer/Platforms/WatchOS.platform/Developer/usr/local/lib/swift/host/plugins\#/Applications/Xcode-16.1.0.app/Contents/Developer/Platforms/WatchOS.platform/Developer/usr/bin/swift-plugin-server -plugin-path /Applications/Xcode-16.1.0.app/Contents/Developer/Toolchains/XcodeDefault.xctoolchain/usr/lib/swift/host/plugins -plugin-path /Applications/Xcode-16.1.0.app/Contents/Developer/Toolchains/XcodeDefault.xctoolchain/usr/local/lib/swift/host/plugins -emit-module-doc-path /Users/admin/builder/spi-builder-workspace/.derivedData/Build/Intermediates.noindex/swift-dropbox-client.build/Debug-watchos/DropboxClient.build/Objects-normal/arm64_32/DropboxClient.swiftdoc -emit-module-source-info-path /Users/admin/builder/spi-builder-workspace/.derivedData/Build/Intermediates.noindex/swift-dropbox-client.build/Debug-watchos/DropboxClient.build/Objects-normal/arm64_32/DropboxClient.swiftsourceinfo -emit-objc-header-path /Users/admin/builder/spi-builder-workspace/.derivedData/Build/Intermediates.noindex/swift-dropbox-client.build/Debug-watchos/DropboxClient.build/Objects-normal/arm64_32/DropboxClient-Swift.h -serialize-diagnostics-path /Users/admin/builder/spi-builder-workspace/.derivedData/Build/Intermediates.noindex/swift-dropbox-client.build/Debug-watchos/DropboxClient.build/Objects-normal/arm64_32/DropboxClient-master-emit-module.dia -emit-dependencies-path /Users/admin/builder/spi-builder-workspace/.derivedData/Build/Intermediates.noindex/swift-dropbox-client.build/Debug-watchos/DropboxClient.build/Objects-normal/arm64_32/DropboxClient-master-emit-module.d -o /Users/admin/builder/spi-builder-workspace/.derivedData/Build/Intermediates.noindex/swift-dropbox-client.build/Debug-watchos/DropboxClient.build/Objects-normal/arm64_32/DropboxClient.swiftmodule -emit-abi-descriptor-path /Users/admin/builder/spi-builder-workspace/.derivedData/Build/Intermediates.noindex/swift-dropbox-client.build/Debug-watchos/DropboxClient.build/Objects-normal/arm64_32/DropboxClient.abi.json
/Users/admin/builder/spi-builder-workspace/Sources/DropboxClient/Auth.swift:81:16: warning: capture of 'iterator' with non-sendable type 'AsyncStream<Bool>.Iterator?' in a `@Sendable` closure; this is an error in the Swift 6 language mode
if iterator == nil {
^
_Concurrency.AsyncStream:3:19: note: struct 'Iterator' does not conform to the 'Sendable' protocol
public struct Iterator : AsyncIteratorProtocol {
^
/Users/admin/builder/spi-builder-workspace/Sources/DropboxClient/Auth.swift:81:16: warning: reference to captured var 'iterator' in concurrently-executing code; this is an error in the Swift 6 language mode
if iterator == nil {
^
/Users/admin/builder/spi-builder-workspace/Sources/DropboxClient/Auth.swift:82:15: warning: mutation of captured var 'iterator' in concurrently-executing code; this is an error in the Swift 6 language mode
iterator = isSignedIn.makeAsyncIterator()
^
/Users/admin/builder/spi-builder-workspace/Sources/DropboxClient/Auth.swift:84:26: warning: mutation of captured var 'iterator' in concurrently-executing code; this is an error in the Swift 6 language mode
return await iterator?.next()
^
/Users/admin/builder/spi-builder-workspace/Sources/DropboxClient/OpenURL.swift:23:36: error: 'callAsFunction(_:completion:)' is unavailable in watchOS
EnvironmentValues().openURL(url) { canOpen in
^
SwiftUICore.OpenURLAction:14:44: note: 'callAsFunction(_:completion:)' has been explicitly marked unavailable here
@MainActor @preconcurrency public func callAsFunction(_ url: URL, completion: @escaping (_ accepted: Bool) -> Void)
^
SwiftEmitModule normal arm64 Emitting\ module\ for\ DropboxClient (in target 'DropboxClient' from project 'swift-dropbox-client')
cd /Users/admin/builder/spi-builder-workspace/.swiftpm/xcode
builtin-swiftTaskExecution -- /Applications/Xcode-16.1.0.app/Contents/Developer/Toolchains/XcodeDefault.xctoolchain/usr/bin/swift-frontend -frontend -emit-module -experimental-skip-non-inlinable-function-bodies-without-types /Users/admin/builder/spi-builder-workspace/Sources/DropboxClient/ActorIsolated.swift /Users/admin/builder/spi-builder-workspace/Sources/DropboxClient/Auth.swift /Users/admin/builder/spi-builder-workspace/Sources/DropboxClient/Client.swift /Users/admin/builder/spi-builder-workspace/Sources/DropboxClient/Coding.swift /Users/admin/builder/spi-builder-workspace/Sources/DropboxClient/Config.swift /Users/admin/builder/spi-builder-workspace/Sources/DropboxClient/Credentials.swift /Users/admin/builder/spi-builder-workspace/Sources/DropboxClient/CurrentValueAsyncSequence.swift /Users/admin/builder/spi-builder-workspace/Sources/DropboxClient/DateGenerator.swift /Users/admin/builder/spi-builder-workspace/Sources/DropboxClient/DeleteFile.swift /Users/admin/builder/spi-builder-workspace/Sources/DropboxClient/DownloadFile.swift /Users/admin/builder/spi-builder-workspace/Sources/DropboxClient/FileMetadata.swift /Users/admin/builder/spi-builder-workspace/Sources/DropboxClient/GetMetadata.swift /Users/admin/builder/spi-builder-workspace/Sources/DropboxClient/HTTPClient.swift /Users/admin/builder/spi-builder-workspace/Sources/DropboxClient/Keychain.swift /Users/admin/builder/spi-builder-workspace/Sources/DropboxClient/ListFolder.swift /Users/admin/builder/spi-builder-workspace/Sources/DropboxClient/Metadata.swift /Users/admin/builder/spi-builder-workspace/Sources/DropboxClient/OpenURL.swift /Users/admin/builder/spi-builder-workspace/Sources/DropboxClient/PKCEUtils.swift /Users/admin/builder/spi-builder-workspace/Sources/DropboxClient/UploadFile.swift -target arm64-apple-watchos9.0 -Xllvm -aarch64-use-tbi -enable-objc-interop -stack-check -sdk /Applications/Xcode-16.1.0.app/Contents/Developer/Platforms/WatchOS.platform/Developer/SDKs/WatchOS11.1.sdk -I /Users/admin/builder/spi-builder-workspace/.derivedData/Build/Products/Debug-watchos -I /Applications/Xcode-16.1.0.app/Contents/Developer/Platforms/WatchOS.platform/Developer/usr/lib -F /Users/admin/builder/spi-builder-workspace/.derivedData/Build/Products/Debug-watchos -F /Applications/Xcode-16.1.0.app/Contents/Developer/Platforms/WatchOS.platform/Developer/Library/Frameworks -F /Applications/Xcode-16.1.0.app/Contents/Developer/Platforms/WatchOS.platform/Developer/SDKs/WatchOS11.1.sdk/Developer/Library/Frameworks -no-color-diagnostics -enable-testing -g -debug-info-format\=dwarf -dwarf-version\=4 -module-cache-path /Users/admin/builder/spi-builder-workspace/.derivedData/ModuleCache.noindex -profile-generate -profile-coverage-mapping -swift-version 5 -enforce-exclusivity\=checked -stats-output-dir /Users/admin/builder/spi-builder-workspace/.swiftpm/xcode/.stats -Onone -D SWIFT_PACKAGE -D DEBUG -serialize-debugging-options -const-gather-protocols-file /Users/admin/builder/spi-builder-workspace/.derivedData/Build/Intermediates.noindex/swift-dropbox-client.build/Debug-watchos/DropboxClient.build/Objects-normal/arm64/DropboxClient_const_extract_protocols.json -enable-experimental-feature DebugDescriptionMacro -enable-experimental-feature OpaqueTypeErasure -strict-concurrency\=complete -empty-abi-descriptor -plugin-path /Applications/Xcode-16.1.0.app/Contents/Developer/Toolchains/XcodeDefault.xctoolchain/usr/lib/swift/host/plugins/testing -validate-clang-modules-once -clang-build-session-file /Users/admin/builder/spi-builder-workspace/.derivedData/ModuleCache.noindex/Session.modulevalidation -Xcc -working-directory -Xcc /Users/admin/builder/spi-builder-workspace/.swiftpm/xcode -resource-dir /Applications/Xcode-16.1.0.app/Contents/Developer/Toolchains/XcodeDefault.xctoolchain/usr/lib/swift -enable-anonymous-context-mangled-names -file-compilation-dir /Users/admin/builder/spi-builder-workspace/.swiftpm/xcode -Xcc -D_LIBCPP_HARDENING_MODE\=_LIBCPP_HARDENING_MODE_DEBUG -Xcc -ivfsstatcache -Xcc /Users/admin/builder/spi-builder-workspace/.derivedData/SDKStatCaches.noindex/watchos11.1-22R574-7b9df0bda16bb4641b33636c68f04660.sdkstatcache -Xcc -I/Users/admin/builder/spi-builder-workspace/.derivedData/Build/Intermediates.noindex/swift-dropbox-client.build/Debug-watchos/DropboxClient.build/swift-overrides.hmap -Xcc -I/Users/admin/builder/spi-builder-workspace/.derivedData/Build/Products/Debug-watchos/include -Xcc -I/Users/admin/builder/spi-builder-workspace/.derivedData/Build/Intermediates.noindex/swift-dropbox-client.build/Debug-watchos/DropboxClient.build/DerivedSources-normal/arm64 -Xcc -I/Users/admin/builder/spi-builder-workspace/.derivedData/Build/Intermediates.noindex/swift-dropbox-client.build/Debug-watchos/DropboxClient.build/DerivedSources/arm64 -Xcc -I/Users/admin/builder/spi-builder-workspace/.derivedData/Build/Intermediates.noindex/swift-dropbox-client.build/Debug-watchos/DropboxClient.build/DerivedSources -Xcc -DSWIFT_PACKAGE -Xcc -DDEBUG\=1 -module-name DropboxClient -frontend-parseable-output -disable-clang-spi -target-sdk-version 11.1 -target-sdk-name watchos11.1 -external-plugin-path /Applications/Xcode-16.1.0.app/Contents/Developer/Platforms/WatchOS.platform/Developer/usr/lib/swift/host/plugins\#/Applications/Xcode-16.1.0.app/Contents/Developer/Platforms/WatchOS.platform/Developer/usr/bin/swift-plugin-server -external-plugin-path /Applications/Xcode-16.1.0.app/Contents/Developer/Platforms/WatchOS.platform/Developer/usr/local/lib/swift/host/plugins\#/Applications/Xcode-16.1.0.app/Contents/Developer/Platforms/WatchOS.platform/Developer/usr/bin/swift-plugin-server -plugin-path /Applications/Xcode-16.1.0.app/Contents/Developer/Toolchains/XcodeDefault.xctoolchain/usr/lib/swift/host/plugins -plugin-path /Applications/Xcode-16.1.0.app/Contents/Developer/Toolchains/XcodeDefault.xctoolchain/usr/local/lib/swift/host/plugins -emit-module-doc-path /Users/admin/builder/spi-builder-workspace/.derivedData/Build/Intermediates.noindex/swift-dropbox-client.build/Debug-watchos/DropboxClient.build/Objects-normal/arm64/DropboxClient.swiftdoc -emit-module-source-info-path /Users/admin/builder/spi-builder-workspace/.derivedData/Build/Intermediates.noindex/swift-dropbox-client.build/Debug-watchos/DropboxClient.build/Objects-normal/arm64/DropboxClient.swiftsourceinfo -emit-objc-header-path /Users/admin/builder/spi-builder-workspace/.derivedData/Build/Intermediates.noindex/swift-dropbox-client.build/Debug-watchos/DropboxClient.build/Objects-normal/arm64/DropboxClient-Swift.h -serialize-diagnostics-path /Users/admin/builder/spi-builder-workspace/.derivedData/Build/Intermediates.noindex/swift-dropbox-client.build/Debug-watchos/DropboxClient.build/Objects-normal/arm64/DropboxClient-master-emit-module.dia -emit-dependencies-path /Users/admin/builder/spi-builder-workspace/.derivedData/Build/Intermediates.noindex/swift-dropbox-client.build/Debug-watchos/DropboxClient.build/Objects-normal/arm64/DropboxClient-master-emit-module.d -o /Users/admin/builder/spi-builder-workspace/.derivedData/Build/Intermediates.noindex/swift-dropbox-client.build/Debug-watchos/DropboxClient.build/Objects-normal/arm64/DropboxClient.swiftmodule -emit-abi-descriptor-path /Users/admin/builder/spi-builder-workspace/.derivedData/Build/Intermediates.noindex/swift-dropbox-client.build/Debug-watchos/DropboxClient.build/Objects-normal/arm64/DropboxClient.abi.json
EmitSwiftModule normal arm64 (in target 'DropboxClient' from project 'swift-dropbox-client')
cd /Users/admin/builder/spi-builder-workspace/.swiftpm/xcode
/Applications/Xcode-16.1.0.app/Contents/Developer/Toolchains/XcodeDefault.xctoolchain/usr/bin/swift-frontend -emit-module -experimental-skip-non-inlinable-function-bodies-without-types /Users/admin/builder/spi-builder-workspace/Sources/DropboxClient/ActorIsolated.swift /Users/admin/builder/spi-builder-workspace/Sources/DropboxClient/Auth.swift /Users/admin/builder/spi-builder-workspace/Sources/DropboxClient/Client.swift /Users/admin/builder/spi-builder-workspace/Sources/DropboxClient/Coding.swift /Users/admin/builder/spi-builder-workspace/Sources/DropboxClient/Config.swift /Users/admin/builder/spi-builder-workspace/Sources/DropboxClient/Credentials.swift /Users/admin/builder/spi-builder-workspace/Sources/DropboxClient/CurrentValueAsyncSequence.swift /Users/admin/builder/spi-builder-workspace/Sources/DropboxClient/DateGenerator.swift /Users/admin/builder/spi-builder-workspace/Sources/DropboxClient/DeleteFile.swift /Users/admin/builder/spi-builder-workspace/Sources/DropboxClient/DownloadFile.swift /Users/admin/builder/spi-builder-workspace/Sources/DropboxClient/FileMetadata.swift /Users/admin/builder/spi-builder-workspace/Sources/DropboxClient/GetMetadata.swift /Users/admin/builder/spi-builder-workspace/Sources/DropboxClient/HTTPClient.swift /Users/admin/builder/spi-builder-workspace/Sources/DropboxClient/Keychain.swift /Users/admin/builder/spi-builder-workspace/Sources/DropboxClient/ListFolder.swift /Users/admin/builder/spi-builder-workspace/Sources/DropboxClient/Metadata.swift /Users/admin/builder/spi-builder-workspace/Sources/DropboxClient/OpenURL.swift /Users/admin/builder/spi-builder-workspace/Sources/DropboxClient/PKCEUtils.swift /Users/admin/builder/spi-builder-workspace/Sources/DropboxClient/UploadFile.swift -target arm64-apple-watchos9.0 -Xllvm -aarch64-use-tbi -enable-objc-interop -stack-check -sdk /Applications/Xcode-16.1.0.app/Contents/Developer/Platforms/WatchOS.platform/Developer/SDKs/WatchOS11.1.sdk -I /Users/admin/builder/spi-builder-workspace/.derivedData/Build/Products/Debug-watchos -I /Applications/Xcode-16.1.0.app/Contents/Developer/Platforms/WatchOS.platform/Developer/usr/lib -F /Users/admin/builder/spi-builder-workspace/.derivedData/Build/Products/Debug-watchos -F /Applications/Xcode-16.1.0.app/Contents/Developer/Platforms/WatchOS.platform/Developer/Library/Frameworks -F /Applications/Xcode-16.1.0.app/Contents/Developer/Platforms/WatchOS.platform/Developer/SDKs/WatchOS11.1.sdk/Developer/Library/Frameworks -no-color-diagnostics -enable-testing -g -debug-info-format\=dwarf -dwarf-version\=4 -module-cache-path /Users/admin/builder/spi-builder-workspace/.derivedData/ModuleCache.noindex -profile-generate -profile-coverage-mapping -swift-version 5 -enforce-exclusivity\=checked -stats-output-dir /Users/admin/builder/spi-builder-workspace/.swiftpm/xcode/.stats -Onone -D SWIFT_PACKAGE -D DEBUG -serialize-debugging-options -const-gather-protocols-file /Users/admin/builder/spi-builder-workspace/.derivedData/Build/Intermediates.noindex/swift-dropbox-client.build/Debug-watchos/DropboxClient.build/Objects-normal/arm64/DropboxClient_const_extract_protocols.json -enable-experimental-feature DebugDescriptionMacro -enable-experimental-feature OpaqueTypeErasure -strict-concurrency\=complete -empty-abi-descriptor -plugin-path /Applications/Xcode-16.1.0.app/Contents/Developer/Toolchains/XcodeDefault.xctoolchain/usr/lib/swift/host/plugins/testing -validate-clang-modules-once -clang-build-session-file /Users/admin/builder/spi-builder-workspace/.derivedData/ModuleCache.noindex/Session.modulevalidation -Xcc -working-directory -Xcc /Users/admin/builder/spi-builder-workspace/.swiftpm/xcode -resource-dir /Applications/Xcode-16.1.0.app/Contents/Developer/Toolchains/XcodeDefault.xctoolchain/usr/lib/swift -enable-anonymous-context-mangled-names -file-compilation-dir /Users/admin/builder/spi-builder-workspace/.swiftpm/xcode -Xcc -D_LIBCPP_HARDENING_MODE\=_LIBCPP_HARDENING_MODE_DEBUG -Xcc -ivfsstatcache -Xcc /Users/admin/builder/spi-builder-workspace/.derivedData/SDKStatCaches.noindex/watchos11.1-22R574-7b9df0bda16bb4641b33636c68f04660.sdkstatcache -Xcc -I/Users/admin/builder/spi-builder-workspace/.derivedData/Build/Intermediates.noindex/swift-dropbox-client.build/Debug-watchos/DropboxClient.build/swift-overrides.hmap -Xcc -I/Users/admin/builder/spi-builder-workspace/.derivedData/Build/Products/Debug-watchos/include -Xcc -I/Users/admin/builder/spi-builder-workspace/.derivedData/Build/Intermediates.noindex/swift-dropbox-client.build/Debug-watchos/DropboxClient.build/DerivedSources-normal/arm64 -Xcc -I/Users/admin/builder/spi-builder-workspace/.derivedData/Build/Intermediates.noindex/swift-dropbox-client.build/Debug-watchos/DropboxClient.build/DerivedSources/arm64 -Xcc -I/Users/admin/builder/spi-builder-workspace/.derivedData/Build/Intermediates.noindex/swift-dropbox-client.build/Debug-watchos/DropboxClient.build/DerivedSources -Xcc -DSWIFT_PACKAGE -Xcc -DDEBUG\=1 -module-name DropboxClient -frontend-parseable-output -disable-clang-spi -target-sdk-version 11.1 -target-sdk-name watchos11.1 -external-plugin-path /Applications/Xcode-16.1.0.app/Contents/Developer/Platforms/WatchOS.platform/Developer/usr/lib/swift/host/plugins\#/Applications/Xcode-16.1.0.app/Contents/Developer/Platforms/WatchOS.platform/Developer/usr/bin/swift-plugin-server -external-plugin-path /Applications/Xcode-16.1.0.app/Contents/Developer/Platforms/WatchOS.platform/Developer/usr/local/lib/swift/host/plugins\#/Applications/Xcode-16.1.0.app/Contents/Developer/Platforms/WatchOS.platform/Developer/usr/bin/swift-plugin-server -plugin-path /Applications/Xcode-16.1.0.app/Contents/Developer/Toolchains/XcodeDefault.xctoolchain/usr/lib/swift/host/plugins -plugin-path /Applications/Xcode-16.1.0.app/Contents/Developer/Toolchains/XcodeDefault.xctoolchain/usr/local/lib/swift/host/plugins -emit-module-doc-path /Users/admin/builder/spi-builder-workspace/.derivedData/Build/Intermediates.noindex/swift-dropbox-client.build/Debug-watchos/DropboxClient.build/Objects-normal/arm64/DropboxClient.swiftdoc -emit-module-source-info-path /Users/admin/builder/spi-builder-workspace/.derivedData/Build/Intermediates.noindex/swift-dropbox-client.build/Debug-watchos/DropboxClient.build/Objects-normal/arm64/DropboxClient.swiftsourceinfo -emit-objc-header-path /Users/admin/builder/spi-builder-workspace/.derivedData/Build/Intermediates.noindex/swift-dropbox-client.build/Debug-watchos/DropboxClient.build/Objects-normal/arm64/DropboxClient-Swift.h -serialize-diagnostics-path /Users/admin/builder/spi-builder-workspace/.derivedData/Build/Intermediates.noindex/swift-dropbox-client.build/Debug-watchos/DropboxClient.build/Objects-normal/arm64/DropboxClient-master-emit-module.dia -emit-dependencies-path /Users/admin/builder/spi-builder-workspace/.derivedData/Build/Intermediates.noindex/swift-dropbox-client.build/Debug-watchos/DropboxClient.build/Objects-normal/arm64/DropboxClient-master-emit-module.d -o /Users/admin/builder/spi-builder-workspace/.derivedData/Build/Intermediates.noindex/swift-dropbox-client.build/Debug-watchos/DropboxClient.build/Objects-normal/arm64/DropboxClient.swiftmodule -emit-abi-descriptor-path /Users/admin/builder/spi-builder-workspace/.derivedData/Build/Intermediates.noindex/swift-dropbox-client.build/Debug-watchos/DropboxClient.build/Objects-normal/arm64/DropboxClient.abi.json
/Users/admin/builder/spi-builder-workspace/Sources/DropboxClient/Auth.swift:81:16: warning: capture of 'iterator' with non-sendable type 'AsyncStream<Bool>.Iterator?' in a `@Sendable` closure; this is an error in the Swift 6 language mode
if iterator == nil {
^
_Concurrency.AsyncStream:3:19: note: struct 'Iterator' does not conform to the 'Sendable' protocol
public struct Iterator : AsyncIteratorProtocol {
^
/Users/admin/builder/spi-builder-workspace/Sources/DropboxClient/Auth.swift:81:16: warning: reference to captured var 'iterator' in concurrently-executing code; this is an error in the Swift 6 language mode
if iterator == nil {
^
/Users/admin/builder/spi-builder-workspace/Sources/DropboxClient/Auth.swift:82:15: warning: mutation of captured var 'iterator' in concurrently-executing code; this is an error in the Swift 6 language mode
iterator = isSignedIn.makeAsyncIterator()
^
/Users/admin/builder/spi-builder-workspace/Sources/DropboxClient/Auth.swift:84:26: warning: mutation of captured var 'iterator' in concurrently-executing code; this is an error in the Swift 6 language mode
return await iterator?.next()
^
/Users/admin/builder/spi-builder-workspace/Sources/DropboxClient/OpenURL.swift:23:36: error: 'callAsFunction(_:completion:)' is unavailable in watchOS
EnvironmentValues().openURL(url) { canOpen in
^
SwiftUICore.OpenURLAction:14:44: note: 'callAsFunction(_:completion:)' has been explicitly marked unavailable here
@MainActor @preconcurrency public func callAsFunction(_ url: URL, completion: @escaping (_ accepted: Bool) -> Void)
^
SwiftCompile normal arm64_32 Compiling\ ActorIsolated.swift,\ Auth.swift /Users/admin/builder/spi-builder-workspace/Sources/DropboxClient/ActorIsolated.swift /Users/admin/builder/spi-builder-workspace/Sources/DropboxClient/Auth.swift (in target 'DropboxClient' from project 'swift-dropbox-client')
cd /Users/admin/builder/spi-builder-workspace/.swiftpm/xcode
builtin-swiftTaskExecution -- /Applications/Xcode-16.1.0.app/Contents/Developer/Toolchains/XcodeDefault.xctoolchain/usr/bin/swift-frontend -frontend -c -primary-file /Users/admin/builder/spi-builder-workspace/Sources/DropboxClient/ActorIsolated.swift -primary-file /Users/admin/builder/spi-builder-workspace/Sources/DropboxClient/Auth.swift /Users/admin/builder/spi-builder-workspace/Sources/DropboxClient/Client.swift /Users/admin/builder/spi-builder-workspace/Sources/DropboxClient/Coding.swift /Users/admin/builder/spi-builder-workspace/Sources/DropboxClient/Config.swift /Users/admin/builder/spi-builder-workspace/Sources/DropboxClient/Credentials.swift /Users/admin/builder/spi-builder-workspace/Sources/DropboxClient/CurrentValueAsyncSequence.swift /Users/admin/builder/spi-builder-workspace/Sources/DropboxClient/DateGenerator.swift /Users/admin/builder/spi-builder-workspace/Sources/DropboxClient/DeleteFile.swift /Users/admin/builder/spi-builder-workspace/Sources/DropboxClient/DownloadFile.swift /Users/admin/builder/spi-builder-workspace/Sources/DropboxClient/FileMetadata.swift /Users/admin/builder/spi-builder-workspace/Sources/DropboxClient/GetMetadata.swift /Users/admin/builder/spi-builder-workspace/Sources/DropboxClient/HTTPClient.swift /Users/admin/builder/spi-builder-workspace/Sources/DropboxClient/Keychain.swift /Users/admin/builder/spi-builder-workspace/Sources/DropboxClient/ListFolder.swift /Users/admin/builder/spi-builder-workspace/Sources/DropboxClient/Metadata.swift /Users/admin/builder/spi-builder-workspace/Sources/DropboxClient/OpenURL.swift /Users/admin/builder/spi-builder-workspace/Sources/DropboxClient/PKCEUtils.swift /Users/admin/builder/spi-builder-workspace/Sources/DropboxClient/UploadFile.swift -emit-dependencies-path /Users/admin/builder/spi-builder-workspace/.derivedData/Build/Intermediates.noindex/swift-dropbox-client.build/Debug-watchos/DropboxClient.build/Objects-normal/arm64_32/ActorIsolated.d -emit-const-values-path /Users/admin/builder/spi-builder-workspace/.derivedData/Build/Intermediates.noindex/swift-dropbox-client.build/Debug-watchos/DropboxClient.build/Objects-normal/arm64_32/ActorIsolated.swiftconstvalues -emit-reference-dependencies-path /Users/admin/builder/spi-builder-workspace/.derivedData/Build/Intermediates.noindex/swift-dropbox-client.build/Debug-watchos/DropboxClient.build/Objects-normal/arm64_32/ActorIsolated.swiftdeps -serialize-diagnostics-path /Users/admin/builder/spi-builder-workspace/.derivedData/Build/Intermediates.noindex/swift-dropbox-client.build/Debug-watchos/DropboxClient.build/Objects-normal/arm64_32/ActorIsolated.dia -emit-dependencies-path /Users/admin/builder/spi-builder-workspace/.derivedData/Build/Intermediates.noindex/swift-dropbox-client.build/Debug-watchos/DropboxClient.build/Objects-normal/arm64_32/Auth.d -emit-const-values-path /Users/admin/builder/spi-builder-workspace/.derivedData/Build/Intermediates.noindex/swift-dropbox-client.build/Debug-watchos/DropboxClient.build/Objects-normal/arm64_32/Auth.swiftconstvalues -emit-reference-dependencies-path /Users/admin/builder/spi-builder-workspace/.derivedData/Build/Intermediates.noindex/swift-dropbox-client.build/Debug-watchos/DropboxClient.build/Objects-normal/arm64_32/Auth.swiftdeps -serialize-diagnostics-path /Users/admin/builder/spi-builder-workspace/.derivedData/Build/Intermediates.noindex/swift-dropbox-client.build/Debug-watchos/DropboxClient.build/Objects-normal/arm64_32/Auth.dia -target arm64_32-apple-watchos9.0 -enable-objc-interop -sdk /Applications/Xcode-16.1.0.app/Contents/Developer/Platforms/WatchOS.platform/Developer/SDKs/WatchOS11.1.sdk -I /Users/admin/builder/spi-builder-workspace/.derivedData/Build/Products/Debug-watchos -I /Applications/Xcode-16.1.0.app/Contents/Developer/Platforms/WatchOS.platform/Developer/usr/lib -F /Users/admin/builder/spi-builder-workspace/.derivedData/Build/Products/Debug-watchos -F /Applications/Xcode-16.1.0.app/Contents/Developer/Platforms/WatchOS.platform/Developer/Library/Frameworks -F /Applications/Xcode-16.1.0.app/Contents/Developer/Platforms/WatchOS.platform/Developer/SDKs/WatchOS11.1.sdk/Developer/Library/Frameworks -no-color-diagnostics -enable-testing -g -debug-info-format\=dwarf -dwarf-version\=4 -module-cache-path /Users/admin/builder/spi-builder-workspace/.derivedData/ModuleCache.noindex -profile-generate -profile-coverage-mapping -swift-version 5 -enforce-exclusivity\=checked -stats-output-dir /Users/admin/builder/spi-builder-workspace/.swiftpm/xcode/.stats -Onone -D SWIFT_PACKAGE -D DEBUG -serialize-debugging-options -const-gather-protocols-file /Users/admin/builder/spi-builder-workspace/.derivedData/Build/Intermediates.noindex/swift-dropbox-client.build/Debug-watchos/DropboxClient.build/Objects-normal/arm64_32/DropboxClient_const_extract_protocols.json -enable-experimental-feature DebugDescriptionMacro -enable-experimental-feature OpaqueTypeErasure -strict-concurrency\=complete -empty-abi-descriptor -plugin-path /Applications/Xcode-16.1.0.app/Contents/Developer/Toolchains/XcodeDefault.xctoolchain/usr/lib/swift/host/plugins/testing -validate-clang-modules-once -clang-build-session-file /Users/admin/builder/spi-builder-workspace/.derivedData/ModuleCache.noindex/Session.modulevalidation -Xcc -working-directory -Xcc /Users/admin/builder/spi-builder-workspace/.swiftpm/xcode -resource-dir /Applications/Xcode-16.1.0.app/Contents/Developer/Toolchains/XcodeDefault.xctoolchain/usr/lib/swift -enable-anonymous-context-mangled-names -file-compilation-dir /Users/admin/builder/spi-builder-workspace/.swiftpm/xcode -Xcc -D_LIBCPP_HARDENING_MODE\=_LIBCPP_HARDENING_MODE_DEBUG -Xcc -ivfsstatcache -Xcc /Users/admin/builder/spi-builder-workspace/.derivedData/SDKStatCaches.noindex/watchos11.1-22R574-7b9df0bda16bb4641b33636c68f04660.sdkstatcache -Xcc -I/Users/admin/builder/spi-builder-workspace/.derivedData/Build/Intermediates.noindex/swift-dropbox-client.build/Debug-watchos/DropboxClient.build/swift-overrides.hmap -Xcc -I/Users/admin/builder/spi-builder-workspace/.derivedData/Build/Products/Debug-watchos/include -Xcc -I/Users/admin/builder/spi-builder-workspace/.derivedData/Build/Intermediates.noindex/swift-dropbox-client.build/Debug-watchos/DropboxClient.build/DerivedSources-normal/arm64_32 -Xcc -I/Users/admin/builder/spi-builder-workspace/.derivedData/Build/Intermediates.noindex/swift-dropbox-client.build/Debug-watchos/DropboxClient.build/DerivedSources/arm64_32 -Xcc -I/Users/admin/builder/spi-builder-workspace/.derivedData/Build/Intermediates.noindex/swift-dropbox-client.build/Debug-watchos/DropboxClient.build/DerivedSources -Xcc -DSWIFT_PACKAGE -Xcc -DDEBUG\=1 -module-name DropboxClient -frontend-parseable-output -disable-clang-spi -target-sdk-version 11.1 -target-sdk-name watchos11.1 -external-plugin-path /Applications/Xcode-16.1.0.app/Contents/Developer/Platforms/WatchOS.platform/Developer/usr/lib/swift/host/plugins\#/Applications/Xcode-16.1.0.app/Contents/Developer/Platforms/WatchOS.platform/Developer/usr/bin/swift-plugin-server -external-plugin-path /Applications/Xcode-16.1.0.app/Contents/Developer/Platforms/WatchOS.platform/Developer/usr/local/lib/swift/host/plugins\#/Applications/Xcode-16.1.0.app/Contents/Developer/Platforms/WatchOS.platform/Developer/usr/bin/swift-plugin-server -plugin-path /Applications/Xcode-16.1.0.app/Contents/Developer/Toolchains/XcodeDefault.xctoolchain/usr/lib/swift/host/plugins -plugin-path /Applications/Xcode-16.1.0.app/Contents/Developer/Toolchains/XcodeDefault.xctoolchain/usr/local/lib/swift/host/plugins -o /Users/admin/builder/spi-builder-workspace/.derivedData/Build/Intermediates.noindex/swift-dropbox-client.build/Debug-watchos/DropboxClient.build/Objects-normal/arm64_32/ActorIsolated.o -o /Users/admin/builder/spi-builder-workspace/.derivedData/Build/Intermediates.noindex/swift-dropbox-client.build/Debug-watchos/DropboxClient.build/Objects-normal/arm64_32/Auth.o -index-unit-output-path /swift-dropbox-client.build/Debug-watchos/DropboxClient.build/Objects-normal/arm64_32/ActorIsolated.o -index-unit-output-path /swift-dropbox-client.build/Debug-watchos/DropboxClient.build/Objects-normal/arm64_32/Auth.o -index-store-path /Users/admin/builder/spi-builder-workspace/.derivedData/Index.noindex/DataStore -index-system-modules
Command SwiftCompile failed with a nonzero exit code
** BUILD FAILED **
The following build commands failed:
SwiftEmitModule normal arm64_32 Emitting\ module\ for\ DropboxClient (in target 'DropboxClient' from project 'swift-dropbox-client')
EmitSwiftModule normal arm64_32 (in target 'DropboxClient' from project 'swift-dropbox-client')
SwiftEmitModule normal arm64 Emitting\ module\ for\ DropboxClient (in target 'DropboxClient' from project 'swift-dropbox-client')
EmitSwiftModule normal arm64 (in target 'DropboxClient' from project 'swift-dropbox-client')
SwiftCompile normal arm64_32 Compiling\ ActorIsolated.swift,\ Auth.swift /Users/admin/builder/spi-builder-workspace/Sources/DropboxClient/ActorIsolated.swift /Users/admin/builder/spi-builder-workspace/Sources/DropboxClient/Auth.swift (in target 'DropboxClient' from project 'swift-dropbox-client')
Building workspace spi-builder-workspace with scheme swift-dropbox-client
(6 failures)
BUILD FAILURE 6.0 watchOS