The Swift Package Index logo.Swift Package Index

Build Information

Failed to build GoogleBigQueryMigrationV2, reference main (4d1396), with Swift 6.2 for Android on 11 Oct 2026 00:07:32 UTC.

Build Command

bash -c docker run --pull=always --rm -v "checkouts-54344845-1":/host -w "$PWD" -e JAVA_HOME="/root/.sdkman/candidates/java/current" -e SPI_BUILD="1" -e SPI_PROCESSING="1" registry.gitlab.com/saguaro1/spi-images:android-6.2-latest swift build --swift-sdk aarch64-unknown-linux-android28 2>&1

Build Log

========================================
RunAll
========================================
Builder version: 5.1.1
Interrupt handler set up.
========================================
Checkout
========================================
Clone URL: https://github.com/googleapis/swift-google-cloud-bigquery-migration-v2.git
Reference: main
Initialized empty Git repository in /host/spi-builder-workspace/.git/
hint: Using 'master' as the name for the initial branch. This default branch name
hint: is subject to change. To configure the initial branch name to use in all
hint: of your new repositories, which will suppress this warning, call:
hint:
hint: 	git config --global init.defaultBranch <name>
hint:
hint: Names commonly chosen instead of 'master' are 'main', 'trunk' and
hint: 'development'. The just-created branch can be renamed via this command:
hint:
hint: 	git branch -m <name>
From https://github.com/googleapis/swift-google-cloud-bigquery-migration-v2
 * branch            main       -> FETCH_HEAD
 * [new branch]      main       -> origin/main
HEAD is now at 4d13961 chore: release circa 2026-10-07 (#1382)
Cloned https://github.com/googleapis/swift-google-cloud-bigquery-migration-v2.git
Revision (git rev-parse @):
4d13961bd2b19493b96b51afe52e987518f1961c
SPI manifest file found: $PWD/.spi.yml
SUCCESS checkout https://github.com/googleapis/swift-google-cloud-bigquery-migration-v2.git at main
========================================
Build
========================================
Selected platform:         android
Swift version:             6.2
Building package at path:  $PWD
https://github.com/googleapis/swift-google-cloud-bigquery-migration-v2.git
Running build ...
bash -c docker run --pull=always --rm -v "checkouts-54344845-1":/host -w "$PWD" -e JAVA_HOME="/root/.sdkman/candidates/java/current" -e SPI_BUILD="1" -e SPI_PROCESSING="1" registry.gitlab.com/saguaro1/spi-images:android-6.2-latest swift build --swift-sdk aarch64-unknown-linux-android28 2>&1
android-6.2-latest: Pulling from saguaro1/spi-images
Digest: sha256:a839c9ce201f1dacc8eb056626ec7ab0a1c6d53d7b77c83feda395f4507c51be
Status: Image is up to date for registry.gitlab.com/saguaro1/spi-images:android-6.2-latest
Fetching https://github.com/googleapis/swift-google-gax
Fetching https://github.com/apple/swift-log
Fetching https://github.com/googleapis/swift-google-api
Fetching https://github.com/googleapis/swift-google-auth
Fetching https://github.com/googleapis/swift-google-rpc
Fetching https://github.com/googleapis/swift-google-wkt
[1/1748] Fetching swift-google-gax
[404/2170] Fetching swift-google-gax, swift-google-rpc
[507/3233] Fetching swift-google-gax, swift-google-rpc, swift-google-api
[1060/11490] Fetching swift-google-gax, swift-google-rpc, swift-google-api, swift-log
[1087/12513] Fetching swift-google-gax, swift-google-rpc, swift-google-api, swift-log, swift-google-auth
[1257/13536] Fetching swift-google-gax, swift-google-rpc, swift-google-api, swift-log, swift-google-auth, swift-google-wkt
Fetched https://github.com/googleapis/swift-google-auth from cache (0.43s)
Fetched https://github.com/googleapis/swift-google-api from cache (0.43s)
[6661/11450] Fetching swift-google-gax, swift-google-rpc, swift-log, swift-google-wkt
Fetched https://github.com/googleapis/swift-google-rpc from cache (0.43s)
Fetched https://github.com/googleapis/swift-google-wkt from cache (0.43s)
[5299/10005] Fetching swift-google-gax, swift-log
Fetched https://github.com/googleapis/swift-google-gax from cache (0.51s)
Fetched https://github.com/apple/swift-log from cache (0.51s)
Computing version for https://github.com/googleapis/swift-google-wkt
Computed https://github.com/googleapis/swift-google-wkt at 0.5.0 (0.67s)
Fetching https://github.com/swift-extras/swift-extras-base64
[1/954] Fetching swift-extras-base64
Fetched https://github.com/swift-extras/swift-extras-base64 from cache (0.45s)
Computing version for https://github.com/googleapis/swift-google-rpc
Computed https://github.com/googleapis/swift-google-rpc at 0.5.0 (0.61s)
Computing version for https://github.com/googleapis/swift-google-gax
Computed https://github.com/googleapis/swift-google-gax at 0.5.0 (0.17s)
Fetching https://github.com/apple/swift-nio
Fetching https://github.com/swift-server/async-http-client.git
[1/16464] Fetching async-http-client
[16465/102838] Fetching async-http-client, swift-nio
Fetched https://github.com/swift-server/async-http-client.git from cache (3.24s)
Fetched https://github.com/apple/swift-nio from cache (3.27s)
Computing version for https://github.com/googleapis/swift-google-auth
Computed https://github.com/googleapis/swift-google-auth at 0.5.0 (3.43s)
Fetching https://github.com/apple/swift-system.git
Fetching https://github.com/vapor/jwt-kit.git
[1/7241] Fetching swift-system
[2463/17495] Fetching swift-system, jwt-kit
Fetched https://github.com/apple/swift-system.git from cache (0.87s)
Fetched https://github.com/vapor/jwt-kit.git from cache (0.87s)
Computing version for https://github.com/googleapis/swift-google-api
Computed https://github.com/googleapis/swift-google-api at 0.5.0 (1.04s)
Computing version for https://github.com/swift-extras/swift-extras-base64
Computed https://github.com/swift-extras/swift-extras-base64 at 1.2.0 (0.14s)
Computing version for https://github.com/swift-server/async-http-client.git
Computed https://github.com/swift-server/async-http-client.git at 1.36.2 (0.20s)
Fetching https://github.com/apple/swift-nio-ssl.git
Fetching https://github.com/apple/swift-configuration.git
Fetching https://github.com/apple/swift-distributed-tracing.git
Fetching https://github.com/apple/swift-algorithms.git
Fetching https://github.com/apple/swift-service-context.git
[1/16861] Fetching swift-nio-ssl
[2/18361] Fetching swift-nio-ssl, swift-service-context
[17/22289] Fetching swift-nio-ssl, swift-service-context, swift-configuration
[1103/28840] Fetching swift-nio-ssl, swift-service-context, swift-configuration, swift-distributed-tracing
[1781/35004] Fetching swift-nio-ssl, swift-service-context, swift-configuration, swift-distributed-tracing, swift-algorithms
Fetched https://github.com/apple/swift-service-context.git from cache (0.44s)
[4345/33504] Fetching swift-nio-ssl, swift-configuration, swift-distributed-tracing, swift-algorithms
Fetching https://github.com/apple/swift-nio-transport-services.git
Fetched https://github.com/apple/swift-algorithms.git from cache (0.56s)
Fetching https://github.com/apple/swift-nio-extras.git
[13177/27340] Fetching swift-nio-ssl, swift-configuration, swift-distributed-tracing
Fetched https://github.com/apple/swift-configuration.git from cache (0.58s)
Fetched https://github.com/apple/swift-distributed-tracing.git from cache (0.58s)
Fetching https://github.com/apple/swift-nio-http2.git
[3035/16861] Fetching swift-nio-ssl
[12984/19728] Fetching swift-nio-ssl, swift-nio-transport-services
Fetched https://github.com/apple/swift-nio-transport-services.git from cache (0.46s)
[1/6703] Fetching swift-nio-extras
[6637/18997] Fetching swift-nio-extras, swift-nio-http2
Fetched https://github.com/apple/swift-nio-extras.git from cache (0.59s)
[2582/12294] Fetching swift-nio-http2
Fetching https://github.com/apple/swift-atomics.git
Fetched https://github.com/apple/swift-nio-ssl.git from cache (1.46s)
Fetched https://github.com/apple/swift-nio-http2.git from cache (1.04s)
[1/1889] Fetching swift-atomics
Fetched https://github.com/apple/swift-atomics.git from cache (0.47s)
Computing version for https://github.com/apple/swift-service-context.git
Computed https://github.com/apple/swift-service-context.git at 1.3.0 (2.07s)
Computing version for https://github.com/apple/swift-algorithms.git
Computed https://github.com/apple/swift-algorithms.git at 1.2.1 (0.90s)
Fetching https://github.com/apple/swift-numerics.git
[1/6728] Fetching swift-numerics
Fetched https://github.com/apple/swift-numerics.git from cache (0.55s)
Computing version for https://github.com/apple/swift-log
Computed https://github.com/apple/swift-log at 1.16.1 (0.72s)
Computing version for https://github.com/apple/swift-distributed-tracing.git
Computed https://github.com/apple/swift-distributed-tracing.git at 1.5.0 (0.16s)
Computing version for https://github.com/apple/swift-atomics.git
Computed https://github.com/apple/swift-atomics.git at 1.3.1 (0.16s)
Computing version for https://github.com/apple/swift-numerics.git
Computed https://github.com/apple/swift-numerics.git at 1.1.1 (0.15s)
Computing version for https://github.com/apple/swift-nio
Computed https://github.com/apple/swift-nio at 2.104.0 (0.36s)
Fetching https://github.com/apple/swift-collections.git
[1/28703] Fetching swift-collections
Fetched https://github.com/apple/swift-collections.git from cache (1.19s)
Computing version for https://github.com/apple/swift-configuration.git
Computed https://github.com/apple/swift-configuration.git at 1.2.2 (1.99s)
Fetching https://github.com/swift-server/swift-service-lifecycle
[1/2867] Fetching swift-service-lifecycle
Fetched https://github.com/swift-server/swift-service-lifecycle from cache (0.46s)
Computing version for https://github.com/apple/swift-nio-transport-services.git
Computed https://github.com/apple/swift-nio-transport-services.git at 1.28.0 (0.63s)
Computing version for https://github.com/swift-server/swift-service-lifecycle
Computed https://github.com/swift-server/swift-service-lifecycle at 2.12.1 (0.16s)
Fetching https://github.com/apple/swift-async-algorithms.git
[1/6820] Fetching swift-async-algorithms
Fetched https://github.com/apple/swift-async-algorithms.git from cache (0.56s)
Computing version for https://github.com/apple/swift-async-algorithms.git
Computed https://github.com/apple/swift-async-algorithms.git at 1.1.7 (0.78s)
Computing version for https://github.com/apple/swift-collections.git
Computed https://github.com/apple/swift-collections.git at 1.7.2 (0.24s)
Computing version for https://github.com/apple/swift-nio-http2.git
Computed https://github.com/apple/swift-nio-http2.git at 1.46.0 (0.17s)
Computing version for https://github.com/vapor/jwt-kit.git
Computed https://github.com/vapor/jwt-kit.git at 5.7.1 (0.16s)
Fetching https://github.com/apple/swift-certificates.git
Fetching https://github.com/apple/swift-crypto.git
[1/18629] Fetching swift-crypto
[374/26238] Fetching swift-crypto, swift-certificates
Fetched https://github.com/apple/swift-certificates.git from cache (1.22s)
Fetched https://github.com/apple/swift-crypto.git from cache (1.24s)
Computing version for https://github.com/apple/swift-crypto.git
Computed https://github.com/apple/swift-crypto.git at 4.5.2 (1.85s)
Fetching https://github.com/apple/swift-asn1.git
[1/2009] Fetching swift-asn1
Fetched https://github.com/apple/swift-asn1.git from cache (0.43s)
Computing version for https://github.com/apple/swift-asn1.git
Computed https://github.com/apple/swift-asn1.git at 1.7.3 (0.63s)
Computing version for https://github.com/apple/swift-certificates.git
Computed https://github.com/apple/swift-certificates.git at 1.21.0 (0.22s)
Computing version for https://github.com/apple/swift-nio-ssl.git
Computed https://github.com/apple/swift-nio-ssl.git at 2.37.5 (0.19s)
Computing version for https://github.com/apple/swift-system.git
Computed https://github.com/apple/swift-system.git at 1.8.1 (0.18s)
Computing version for https://github.com/apple/swift-nio-extras.git
Computed https://github.com/apple/swift-nio-extras.git at 1.35.1 (0.28s)
Fetching https://github.com/apple/swift-http-types.git
Fetching https://github.com/apple/swift-http-structured-headers.git
[1/1253] Fetching swift-http-structured-headers
[828/3192] Fetching swift-http-structured-headers, swift-http-types
Fetched https://github.com/apple/swift-http-structured-headers.git from cache (0.39s)
Fetched https://github.com/apple/swift-http-types.git from cache (0.39s)
Computing version for https://github.com/apple/swift-http-structured-headers.git
Computed https://github.com/apple/swift-http-structured-headers.git at 1.7.0 (0.55s)
Computing version for https://github.com/apple/swift-http-types.git
Computed https://github.com/apple/swift-http-types.git at 1.8.0 (0.18s)
Creating working copy for https://github.com/apple/swift-nio
Working copy of https://github.com/apple/swift-nio resolved at 2.104.0
Creating working copy for https://github.com/apple/swift-asn1.git
Working copy of https://github.com/apple/swift-asn1.git resolved at 1.7.3
Creating working copy for https://github.com/apple/swift-service-context.git
Working copy of https://github.com/apple/swift-service-context.git resolved at 1.3.0
Creating working copy for https://github.com/googleapis/swift-google-api
Working copy of https://github.com/googleapis/swift-google-api resolved at 0.5.0
Creating working copy for https://github.com/apple/swift-async-algorithms.git
Working copy of https://github.com/apple/swift-async-algorithms.git resolved at 1.1.7
Creating working copy for https://github.com/apple/swift-crypto.git
Working copy of https://github.com/apple/swift-crypto.git resolved at 4.5.2
Creating working copy for https://github.com/apple/swift-system.git
Working copy of https://github.com/apple/swift-system.git resolved at 1.8.1
Creating working copy for https://github.com/apple/swift-numerics.git
Working copy of https://github.com/apple/swift-numerics.git resolved at 1.1.1
Creating working copy for https://github.com/googleapis/swift-google-auth
Working copy of https://github.com/googleapis/swift-google-auth resolved at 0.5.0
Creating working copy for https://github.com/apple/swift-collections.git
Working copy of https://github.com/apple/swift-collections.git resolved at 1.7.2
Creating working copy for https://github.com/apple/swift-distributed-tracing.git
Working copy of https://github.com/apple/swift-distributed-tracing.git resolved at 1.5.0
Creating working copy for https://github.com/apple/swift-algorithms.git
Working copy of https://github.com/apple/swift-algorithms.git resolved at 1.2.1
Creating working copy for https://github.com/apple/swift-log
Working copy of https://github.com/apple/swift-log resolved at 1.16.1
Creating working copy for https://github.com/googleapis/swift-google-gax
Working copy of https://github.com/googleapis/swift-google-gax resolved at 0.5.0
Creating working copy for https://github.com/vapor/jwt-kit.git
Working copy of https://github.com/vapor/jwt-kit.git resolved at 5.7.1
Creating working copy for https://github.com/apple/swift-atomics.git
Working copy of https://github.com/apple/swift-atomics.git resolved at 1.3.1
Creating working copy for https://github.com/apple/swift-http-types.git
Working copy of https://github.com/apple/swift-http-types.git resolved at 1.8.0
Creating working copy for https://github.com/apple/swift-nio-extras.git
Working copy of https://github.com/apple/swift-nio-extras.git resolved at 1.35.1
Creating working copy for https://github.com/googleapis/swift-google-rpc
Working copy of https://github.com/googleapis/swift-google-rpc resolved at 0.5.0
Creating working copy for https://github.com/apple/swift-nio-transport-services.git
Working copy of https://github.com/apple/swift-nio-transport-services.git resolved at 1.28.0
Creating working copy for https://github.com/swift-server/swift-service-lifecycle
Working copy of https://github.com/swift-server/swift-service-lifecycle resolved at 2.12.1
Creating working copy for https://github.com/apple/swift-nio-http2.git
Working copy of https://github.com/apple/swift-nio-http2.git resolved at 1.46.0
Creating working copy for https://github.com/apple/swift-configuration.git
Working copy of https://github.com/apple/swift-configuration.git resolved at 1.2.2
Creating working copy for https://github.com/swift-extras/swift-extras-base64
Working copy of https://github.com/swift-extras/swift-extras-base64 resolved at 1.2.0
Creating working copy for https://github.com/apple/swift-http-structured-headers.git
Working copy of https://github.com/apple/swift-http-structured-headers.git resolved at 1.7.0
Creating working copy for https://github.com/googleapis/swift-google-wkt
Working copy of https://github.com/googleapis/swift-google-wkt resolved at 0.5.0
Creating working copy for https://github.com/apple/swift-nio-ssl.git
Working copy of https://github.com/apple/swift-nio-ssl.git resolved at 2.37.5
Creating working copy for https://github.com/swift-server/async-http-client.git
Working copy of https://github.com/swift-server/async-http-client.git resolved at 1.36.2
Creating working copy for https://github.com/apple/swift-certificates.git
Working copy of https://github.com/apple/swift-certificates.git resolved at 1.21.0
Building for debugging...
[0/920] Write sources
[15/920] Compiling stack.cc
[16/920] Compiling _NumericsShims _NumericsShims.c
[16/920] Write sources
[21/920] Compiling _AtomicsShims.c
[22/920] Write sources
[52/920] Compiling CXKCPShims shims.c
[53/920] Compiling SimpleFIPS202.c
[54/920] Compiling KeccakSponge.c
[55/920] Compiling obj_xref.cc
[56/920] Compiling KeccakHash.c
[57/920] Compiling CSystem shims.c
[58/920] Compiling CNIOWindows shim.c
[59/920] Compiling obj.cc
[60/920] Compiling pem_oth.cc
[61/920] Compiling CNIOWindows WSAStartup.c
[62/920] Compiling CNIOWASI CNIOWASI.c
[63/920] Compiling CNIOPosix event_loop_id.c
[64/920] Compiling CNIOOpenBSD shim.c
[65/920] Compiling CNIOLinux liburing_shims.c
[66/920] Compiling CNIOLLHTTP c_nio_http.c
[67/920] Compiling pem_all.cc
[68/920] Compiling pem_lib.cc
[69/920] Compiling CNIOFreeBSD shim.c
[70/920] Compiling CNIOLLHTTP c_nio_api.c
[71/920] Compiling CNIOExtrasZlib zutil.c
[72/920] Compiling CNIOLinux shim.c
[73/920] Compiling CNIOExtrasZlib inftrees.c
[74/920] Compiling CNIOExtrasZlib inffast.c
[75/920] Compiling KeccakP-1600-opt64.c
[76/920] Compiling CNIOExtrasZlib trees.c
[77/920] Write swift-version--11D90AFD9DD3AB2.txt
[78/920] Compiling pem_info.cc
[79/920] Compiling CNIODarwin shim.c
[80/920] Compiling CNIOExtrasZlib inflate.c
[81/920] Compiling CNIOExtrasZlib adler32.c
[82/920] Compiling CNIOExtrasZlib crc32.c
[83/927] Compiling CNIOExtrasZlib deflate.c
[84/928] Compiling CNIOLLHTTP c_nio_llhttp.c
[85/996] Compiling CNIOBoringSSLShims shims.c
[87/1007] Emitting module Logging
[88/1008] Compiling _NIODataStructures _TinyArray.swift
[89/1008] Compiling RealModule RealFunctions.swift
[90/1009] Compiling RealModule RelaxedArithmetic.swift
[91/1009] Compiling SwiftASN1 ASN1OctetString.swift
[92/1009] Compiling SwiftASN1 ASN1Strings.swift
[93/1011] Compiling ServiceContextModule ServiceContext.swift
[94/1011] Compiling ServiceContextModule ServiceContextKey.swift
[95/1011] Emitting module ServiceContextModule
[96/1012] Compiling Logging LogHandler.swift
[97/1012] Compiling Logging SwiftLogNoOpLogHandler.swift
[98/1012] Compiling Logging MultiplexLogHandler.swift
[99/1012] Compiling Logging StreamLogHandler.swift
[100/1012] Compiling Logging LogEvent.swift
[101/1012] Compiling Logging Locks.swift
[102/1012] Compiling SwiftASN1 BER.swift
[103/1012] Compiling SwiftASN1 ASN1Any.swift
[104/1012] Compiling _NIODataStructures PriorityQueue.swift
[105/1012] Compiling SwiftASN1 TimeUtilities.swift
[106/1012] Compiling SwiftASN1 UTCTime.swift
[110/1012] Compiling RealModule Float16+Real.swift
[111/1012] Compiling RealModule Float80+Real.swift
[112/1012] Compiling _NIOBase64 Base64.swift
[113/1012] Emitting module _NIOBase64
[114/1012] Compiling RealModule Real.swift
[115/1013] Emitting module SystemPackage
[116/1018] Compiling _NIODataStructures Heap.swift
[117/1018] Emitting module _NIODataStructures
[118/1019] Emitting module RealModule
[124/1020] Compiling Logging LoggingSystem.swift
[126/1020] Compiling _CertificateInternals _TinyArray.swift
[127/1020] Emitting module _CertificateInternals
[129/1049] Compiling InternalCollectionsUtilities UInt+first and last set bit.swift
[130/1049] Compiling InternalCollectionsUtilities UInt+reversed.swift
[131/1055] Wrapping AST for _NIODataStructures for debugging
[133/1055] Compiling Logging Logger+Attributes.swift
[134/1055] Compiling Logging Logger+With.swift
[135/1055] Compiling Logging Logger.swift
[135/1060] Wrapping AST for _NIOBase64 for debugging
[136/1060] Wrapping AST for _CertificateInternals for debugging
[138/1060] Compiling Instrumentation Instrument.swift
[138/1060] Wrapping AST for ServiceContextModule for debugging
[140/1060] Compiling Instrumentation NoOpInstrument.swift
[141/1060] Compiling Instrumentation MultiplexInstrument.swift
[141/1060] Wrapping AST for RealModule for debugging
[143/1060] Emitting module Instrumentation
[143/1060] Compiling fiat_p256_adx_sqr.S
[144/1060] Compiling fiat_p256_adx_mul.S
[145/1060] Compiling fiat_curve25519_adx_square.S
[146/1060] Compiling fiat_curve25519_adx_mul.S
[147/1060] Compiling ExtrasBase64 Base64+Span.swift
[149/1060] Compiling InternalCollectionsUtilities FixedWidthInteger+roundUpToPowerOfTwo.swift
[150/1060] Compiling InternalCollectionsUtilities Integer rank.swift
[153/1063] Compiling InternalCollectionsUtilities UnsafeRawBufferPointer+Extras.swift
[154/1063] Compiling InternalCollectionsUtilities _SortedCollection.swift
[155/1063] Compiling InternalCollectionsUtilities _UniqueCollection.swift
[156/1063] Compiling InternalCollectionsUtilities MutableSpan+Extras.swift
[157/1063] Compiling InternalCollectionsUtilities OutputSpan+Extras.swift
[158/1063] Compiling InternalCollectionsUtilities RandomAccessCollection+Offsets.swift
[159/1063] Compiling InternalCollectionsUtilities Span+Extras.swift
[160/1063] Compiling InternalCollectionsUtilities Iterable+CopyContents.swift
[161/1063] Compiling InternalCollectionsUtilities Iterable+Equality.swift
[162/1063] Compiling InternalCollectionsUtilities LifetimeOverride.swift
[163/1063] Compiling InternalCollectionsUtilities MutableRef.swift
[164/1063] Compiling InternalCollectionsUtilities BorrowingIteratorProtocol+Equality.swift
[165/1063] Compiling InternalCollectionsUtilities BorrowingIteratorProtocol+Extras.swift
[166/1063] Compiling InternalCollectionsUtilities Debugging.swift
[167/1063] Compiling InternalCollectionsUtilities Descriptions.swift
[168/1063] Emitting module SwiftASN1
[169/1063] Compiling InternalCollectionsUtilities _UnsafeBitSet+_Word.swift
[170/1063] Compiling InternalCollectionsUtilities _UnsafeBitSet.swift
[171/1063] Compiling SystemPackage SystemString.swift
[172/1063] Compiling SystemPackage Util+StringArray.swift
[173/1063] Compiling SystemPackage Util.swift
[174/1063] Compiling SystemPackage UtilConsumers.swift
[175/1063] Compiling SystemPackage WinSDK+Overlay.swift
[176/1063] Emitting module InternalCollectionsUtilities
[177/1063] Compiling InternalCollectionsUtilities UnsafeMutablePointer+Extras.swift
[178/1063] Compiling InternalCollectionsUtilities UnsafeMutableRawBufferPointer+Extras.swift
[179/1063] Compiling InternalCollectionsUtilities UnsafePointer+Extras.swift
[180/1063] Compiling InternalCollectionsUtilities Strideable+LimitHelpers.swift
[181/1063] Compiling InternalCollectionsUtilities String+Padding.swift
[182/1063] Compiling InternalCollectionsUtilities TemporaryAllocation.swift
[183/1063] Compiling InternalCollectionsUtilities _UnsafeBitSet+Index.swift
[186/1063] Compiling InternalCollectionsUtilities UnsafeBufferPointer+Extras.swift
[187/1063] Compiling InternalCollectionsUtilities UnsafeMutableBufferPointer+Extras.swift
[188/1064] Compiling tls_record.cc
[189/1064] Compiling tls_method.cc
[190/1068] Wrapping AST for InternalCollectionsUtilities for debugging
[192/1068] Emitting module SpanPreview
[193/1068] Compiling SpanPreview OutputSpan+InputSpanHelpers.swift
[194/1068] Compiling SpanPreview InputSpan.swift
[195/1068] Compiling SpanPreview MutableSpan+InputSpanHelpers.swift
[197/1069] Compiling SystemPackage RawBuffer.swift
[198/1069] Compiling SystemPackage Syscalls.swift
[199/1069] Compiling SystemPackage WindowsSyscallAdapters.swift
[200/1069] Compiling SystemPackage MachPort.swift
[201/1069] Compiling SystemPackage PlatformString.swift
[212/1069] Compiling Logging MetadataProvider.swift
[233/1069] Compiling SystemPackage Mocking.swift
[236/1069] Compiling Instrumentation InstrumentationSystem.swift
[237/1069] Compiling Instrumentation Locks.swift
[245/1072] Compiling ExtrasBase64 Base32+Span.swift
[248/1099] Wrapping AST for SpanPreview for debugging
[249/1118] Wrapping AST for SystemPackage for debugging
[250/1123] Wrapping AST for SwiftASN1 for debugging
[251/1123] Wrapping AST for Logging for debugging
[252/1123] Wrapping AST for Instrumentation for debugging
[254/1123] Compiling Tracing InstrumentationSystem+Tracing.swift
[255/1124] Compiling Tracing TracingTime.swift
[256/1124] Compiling Tracing WithTracer.swift
[257/1124] Compiling DequeModule UniqueDeque+Initializers.swift
[258/1124] Compiling DequeModule UniqueDeque+Insertions.swift
[259/1124] Compiling DequeModule UniqueDeque+Iterable.swift
[260/1124] Compiling DequeModule UniqueDeque+Prepend.swift
[261/1124] Compiling DequeModule UniqueDeque+Removals.swift
[262/1129] Compiling Tracing TracerProtocol.swift
[263/1129] Emitting module Tracing
[264/1129] Compiling Tracing Tracer.swift
[265/1129] Compiling Tracing TracerProtocol+Legacy.swift
[266/1129] Compiling DequeModule _DequeBuffer.swift
[267/1129] Compiling DequeModule _DequeBufferHeader.swift
[268/1129] Compiling DequeModule RigidDeque+Append.swift
[269/1129] Compiling DequeModule RigidDeque+Consumption.swift
[270/1129] Compiling DequeModule RigidDeque+ContainerOperations.swift
[271/1129] Compiling DequeModule RigidDeque+Deprecations.swift
[272/1129] Compiling DequeModule UniqueDeque+Consumption.swift
[273/1129] Compiling DequeModule UniqueDeque+ContainerOperations.swift
[274/1129] Compiling DequeModule UniqueDeque+Deprecations.swift
[275/1129] Compiling DequeModule UniqueDeque+Descriptions.swift
[276/1129] Compiling DequeModule UniqueDeque+Equatable.swift
[277/1129] Compiling DequeModule UniqueDeque+Hashable.swift
[278/1129] Compiling DequeModule RigidDeque+Prepend.swift
[279/1129] Compiling DequeModule RigidDeque+Removals.swift
[280/1129] Compiling DequeModule RigidDeque+Replacements.swift
[281/1129] Compiling DequeModule RigidDeque+Testing.swift
[282/1129] Compiling DequeModule RigidDeque.swift
[283/1129] Compiling DequeModule UniqueDeque+Append.swift
[283/1129] Compiling tls13_server.cc
[285/1129] Compiling Tracing NoOpTracer.swift
[286/1129] Compiling Tracing SpanProtocol.swift
[287/1130] Wrapping AST for Tracing for debugging
[289/1130] Compiling DequeModule Deque+Codable.swift
[290/1130] Compiling DequeModule Deque+Collection.swift
[291/1130] Compiling DequeModule Deque+CustomReflectable.swift
[292/1130] Compiling DequeModule Deque+Descriptions.swift
[293/1130] Compiling DequeModule Deque+Equatable.swift
[294/1130] Compiling DequeModule Deque+ExpressibleByArrayLiteral.swift
[294/1130] Compiling tls13_client.cc
[295/1130] Compiling tls13_enc.cc
[296/1130] Compiling t1_enc.cc
[297/1130] Compiling tls13_both.cc
[298/1130] Compiling ssl_versions.cc
[299/1130] Compiling ssl_x509.cc
[300/1130] Compiling ssl_stat.cc
[301/1130] Compiling ssl_transcript.cc
[302/1130] Compiling ssl_session.cc
[303/1130] Compiling ssl_privkey.cc
[305/1130] Compiling DequeModule UniqueDeque+Replacements.swift
[306/1130] Compiling DequeModule UniqueDeque.swift
[307/1130] Compiling DequeModule _DequeSlot.swift
[308/1130] Compiling DequeModule _UnsafeDequeHandle.swift
[309/1130] Compiling DequeModule _UnsafeDequeSegments.swift
[310/1130] Compiling DequeModule RigidDeque+Descriptions.swift
[311/1130] Compiling DequeModule RigidDeque+Equatable.swift
[312/1130] Compiling DequeModule RigidDeque+Hashable.swift
[313/1130] Compiling DequeModule RigidDeque+Initializers.swift
[314/1130] Compiling DequeModule RigidDeque+Insertions.swift
[315/1130] Compiling DequeModule RigidDeque+Iterable.swift
[316/1130] Compiling DequeModule Deque+Extras.swift
[317/1130] Compiling DequeModule Deque+Hashable.swift
[318/1130] Compiling DequeModule Deque+Testing.swift
[319/1130] Compiling DequeModule Deque._Storage.swift
[320/1130] Compiling DequeModule Deque._UnsafeHandle.swift
[321/1130] Compiling DequeModule Deque.swift
[322/1130] Emitting module DequeModule
[323/1131] Compiling ssl_file.cc
[324/1174] Compiling ssl_key_share.cc
[325/1174] Wrapping AST for DequeModule for debugging
[327/1174] Compiling Configuration JSONSnapshot.swift
[328/1174] Compiling Configuration PropertyListSnapshot.swift
[329/1174] Compiling Configuration ReloadingFileProvider.swift
[330/1174] Compiling Configuration ReloadingFileProviderMetrics.swift
[331/1174] Compiling Configuration YAMLSnapshot.swift
[332/1174] Compiling Configuration InMemoryProvider.swift
[332/1179] Compiling ssl_credential.cc
[333/1179] Compiling ssl_lib.cc
[335/1179] Compiling ExtrasBase64 Base32.swift
[336/1179] Compiling ExtrasBase64 Base64.swift
[337/1179] Emitting module ExtrasBase64
[338/1180] Compiling ssl_cert.cc
[339/1180] Compiling ssl_cipher.cc
[340/1211] Compiling ssl_buffer.cc
[341/1211] Wrapping AST for ExtrasBase64 for debugging
[342/1211] Compiling ssl_asn1.cc
[343/1211] Compiling s3_pkt.cc
[345/1211] Emitting module GoogleWKT
[345/1215] Compiling ssl_aead_ctx.cc
[347/1215] Compiling GoogleWKT UnknownFields.swift
[348/1215] Compiling GoogleWKT WKTAny.swift
[349/1215] Compiling GoogleWKT WKTAnyError.swift
[350/1215] Compiling GoogleWKT WKTBoolValue.swift
[351/1215] Compiling GoogleWKT WKTBytesValue.swift
[352/1215] Compiling GoogleWKT WKTDoubleValue.swift
[353/1215] Compiling GoogleWKT WKTDuration.swift
[354/1215] Compiling GoogleWKT WKTEmpty.swift
[355/1215] Compiling GoogleWKT WKTFieldMask.swift
[355/1215] Compiling handshake_server.cc
[356/1215] Compiling s3_both.cc
[357/1215] Compiling s3_lib.cc
[359/1215] Compiling GoogleWKT WKTValue.swift
[360/1215] Compiling GoogleWKT WKTApi.swift
[361/1215] Compiling GoogleWKT WKTEnum.swift
[362/1215] Compiling GoogleWKT WKTEnumValue.swift
[363/1215] Compiling GoogleWKT WKTFloatValue.swift
[364/1215] Compiling GoogleWKT WKTInt32Value.swift
[365/1215] Compiling GoogleWKT WKTInt64Value.swift
[366/1215] Compiling GoogleWKT WKTRecursive.swift
[367/1215] Compiling GoogleWKT WKTSourceContext.swift
[368/1215] Compiling GoogleWKT WKTSyntax.swift
[369/1215] Compiling GoogleWKT WKTType.swift
[370/1215] Compiling GoogleWKT PackageVersion.swift
[371/1215] Compiling GoogleWKT WKTStringValue.swift
[372/1215] Compiling GoogleWKT WKTTimestamp.swift
[373/1215] Compiling GoogleWKT WKTUInt32Value.swift
[374/1215] Compiling GoogleWKT WKTUInt64Value.swift
[375/1215] Compiling GoogleWKT WKTField.swift
[376/1215] Compiling GoogleWKT WKTMethod.swift
[377/1215] Compiling GoogleWKT WKTMixin.swift
[378/1215] Compiling GoogleWKT WKTOption.swift
[378/1215] Compiling handshake_client.cc
[380/1215] Compiling GoogleWKT AnyPackable.swift
[381/1215] Compiling GoogleWKT DecodeToDefault.swift
[382/1215] Compiling GoogleWKT DiscoveryBase64.swift
[383/1215] Compiling GoogleWKT ProtoJSONDecoder.swift
[384/1215] Compiling GoogleWKT ProtoJSONEncoder.swift
[386/1216] Compiling Configuration CombineLatestManyStorage.swift
[387/1216] Compiling Configuration AsyncSequences.swift
[388/1216] Compiling Configuration FoundationExtensions.swift
[389/1216] Compiling Configuration Span.swift
[390/1216] Compiling Configuration ConfigBytesFromStringDecoder.swift
[407/1216] Compiling Configuration AsyncCombineLatestManySequence.swift
[408/1216] Compiling Configuration CombineLatestManyStateMachine.swift
[409/1216] Compiling Configuration EnvironmentKeyEncoder.swift
[410/1216] Compiling Configuration EnvironmentVariablesProvider.swift
[411/1216] Compiling Configuration CommonProviderFileSystem.swift
[412/1216] Compiling Configuration DirectoryFilesProvider.swift
[413/1216] Compiling Configuration FileProvider.swift
[414/1216] Compiling Configuration FileProviderSnapshot.swift
[414/1216] Compiling handshake.cc
[416/1216] Emitting module Configuration
[429/1217] Compiling handoff.cc
[430/1302] Compiling dtls_record.cc
[431/1302] Wrapping AST for GoogleWKT for debugging
[432/1302] Wrapping AST for Configuration for debugging
[433/1302] Compiling encrypted_client_hello.cc
[435/1302] Compiling GoogleApi Advice.swift
[436/1302] Compiling GoogleApi AuthProvider.swift
[437/1304] Compiling GoogleApi Distribution.swift
[438/1304] Compiling GoogleApi Documentation.swift
[438/1304] Compiling dtls_method.cc
[440/1304] Compiling GoogleApi AuthRequirement.swift
[441/1304] Compiling GoogleApi Authentication.swift
[442/1304] Emitting module GoogleRpc
[443/1304] Compiling GoogleApi AuthenticationRule.swift
[444/1304] Compiling GoogleApi Backend.swift
[445/1304] Compiling GoogleApi CppSettings.swift
[446/1304] Compiling GoogleApi CustomHttpPattern.swift
[447/1304] Compiling GoogleApi BatchingDescriptorProto.swift
[448/1304] Compiling GoogleApi BatchingSettingsProto.swift
[449/1304] Compiling GoogleApi BackendRule.swift
[450/1304] Compiling GoogleApi BatchingConfigProto.swift
[450/1304] Compiling extensions.cc
[451/1304] Compiling d1_pkt.cc
[452/1304] Compiling md5-x86_64-linux.S
[453/1304] Compiling md5-586-linux.S
[454/1304] Compiling md5-x86_64-apple.S
[455/1304] Compiling md5-586-apple.S
[456/1304] Compiling chacha20_poly1305_x86_64-linux.S
[458/1304] Compiling GoogleRpc RetryInfo.swift
[459/1304] Compiling GoogleRpc Status.swift
[459/1305] Compiling d1_srtp.cc
[460/1305] Compiling chacha20_poly1305_x86_64-apple.S
[462/1305] Compiling chacha20_poly1305_armv8-win.S
[463/1305] Compiling chacha20_poly1305_armv8-apple.S
[464/1305] Compiling chacha20_poly1305_armv8-linux.S
[465/1305] Compiling chacha-x86_64-linux.S
[466/1305] Wrapping AST for GoogleRpc for debugging
[467/1305] Compiling chacha-x86_64-apple.S
[468/1305] Compiling chacha-x86-linux.S
[469/1305] Compiling chacha-x86-apple.S
[470/1305] Compiling chacha-armv8-win.S
[471/1305] Compiling chacha-armv8-apple.S
[472/1305] Compiling d1_lib.cc
[473/1305] Compiling chacha-armv4-linux.S
[474/1305] Compiling chacha-armv8-linux.S
[475/1305] Compiling aes128gcmsiv-x86_64-linux.S
[476/1305] Compiling x86_64-mont5-apple.S
[477/1305] Compiling aes128gcmsiv-x86_64-apple.S
[478/1305] Compiling x86_64-mont5-linux.S
[479/1305] Compiling x86_64-mont-linux.S
[480/1305] Compiling x86_64-mont-apple.S
[481/1305] Compiling x86-mont-apple.S
[482/1305] Compiling x86-mont-linux.S
[483/1305] Compiling vpaes-x86_64-linux.S
[484/1305] Compiling vpaes-armv8-win.S
[485/1305] Compiling vpaes-x86_64-apple.S
[486/1305] Compiling vpaes-x86-linux.S
[487/1305] Compiling vpaes-armv8-linux.S
[488/1305] Compiling vpaes-x86-apple.S
[489/1305] Compiling sha512-x86_64-linux.S
[490/1305] Compiling vpaes-armv7-linux.S
[491/1305] Compiling sha512-x86_64-apple.S
[492/1305] Compiling err_data.cc
[493/1305] Compiling vpaes-armv8-apple.S
[494/1305] Compiling sha512-armv8-win.S
[495/1305] Compiling sha512-armv8-apple.S
[496/1305] Compiling sha512-586-linux.S
[497/1305] Compiling sha512-armv8-linux.S
[498/1305] Compiling sha512-armv4-linux.S
[499/1305] Compiling sha256-x86_64-linux.S
[500/1305] Compiling sha512-586-apple.S
[501/1305] Compiling sha256-armv8-win.S
[502/1305] Compiling sha256-x86_64-apple.S
[503/1305] Compiling sha256-armv8-apple.S
[504/1305] Compiling sha256-armv4-linux.S
[505/1305] Compiling bio_ssl.cc
[506/1305] Compiling sha256-586-linux.S
[507/1305] Compiling sha256-armv8-linux.S
[508/1305] Compiling sha256-586-apple.S
[509/1305] Compiling sha1-x86_64-linux.S
[510/1305] Compiling sha1-x86_64-apple.S
[511/1305] Compiling sha1-armv4-large-linux.S
[512/1305] Compiling sha1-armv8-win.S
[513/1305] Compiling sha1-armv8-apple.S
[514/1305] Compiling sha1-armv8-linux.S
[515/1305] Compiling rsaz-avx2-apple.S
[516/1305] Compiling rsaz-avx2-linux.S
[517/1305] Compiling rdrand-x86_64-linux.S
[518/1305] Compiling sha1-586-apple.S
[519/1305] Compiling sha1-586-linux.S
[520/1305] Compiling rdrand-x86_64-apple.S
[521/1305] Compiling p256_beeu-x86_64-asm-linux.S
[522/1305] Compiling p256_beeu-armv8-asm-win.S
[523/1305] Compiling p256_beeu-armv8-asm-apple.S
[524/1305] Compiling p256_beeu-x86_64-asm-apple.S
[525/1305] Compiling p256_beeu-armv8-asm-linux.S
[526/1305] Compiling p256-x86_64-asm-apple.S
[527/1305] Compiling p256-x86_64-asm-linux.S
[528/1305] Compiling p256-armv8-asm-apple.S
[529/1305] Compiling p256-armv8-asm-win.S
[530/1305] Compiling ghashv8-armv8-apple.S
[531/1305] Compiling p256-armv8-asm-linux.S
[532/1305] Compiling ghashv8-armv8-win.S
[533/1305] Compiling ghashv8-armv8-linux.S
[534/1305] Compiling ghash-x86_64-apple.S
[535/1305] Compiling ghashv8-armv7-linux.S
[536/1305] Compiling ghash-x86_64-linux.S
[537/1305] Compiling ghash-x86-linux.S
[538/1305] Compiling ghash-x86-apple.S
[539/1305] Compiling ghash-ssse3-x86_64-linux.S
[540/1305] Compiling ghash-ssse3-x86-linux.S
[541/1305] Compiling ghash-ssse3-x86_64-apple.S
[542/1305] Compiling ghash-ssse3-x86-apple.S
[543/1305] Compiling ghash-neon-armv8-win.S
[544/1305] Compiling ghash-neon-armv8-apple.S
[545/1305] Compiling co-586-apple.S
[546/1305] Compiling ghash-neon-armv8-linux.S
[547/1305] Compiling ghash-armv4-linux.S
[548/1305] Compiling co-586-linux.S
[549/1305] Compiling bsaes-armv7-linux.S
[550/1305] Compiling bn-armv8-win.S
[551/1305] Compiling bn-armv8-linux.S
[552/1305] Compiling bn-586-linux.S
[553/1305] Compiling bn-armv8-apple.S
[554/1305] Compiling armv8-mont-win.S
[555/1305] Compiling bn-586-apple.S
[556/1305] Compiling d1_both.cc
[557/1305] Compiling armv8-mont-linux.S
[558/1305] Compiling armv8-mont-apple.S
[559/1305] Compiling aesv8-gcm-armv8-linux.S
[560/1305] Compiling aesv8-armv8-win.S
[561/1305] Compiling armv4-mont-linux.S
[562/1305] Compiling aesv8-gcm-armv8-win.S
[563/1305] Compiling aesv8-gcm-armv8-apple.S
[564/1305] Compiling aesv8-armv8-apple.S
[565/1305] Compiling aesv8-armv8-linux.S
[566/1305] Compiling aesv8-armv7-linux.S
[567/1305] Compiling aesni-x86_64-apple.S
[568/1305] Compiling aesni-x86_64-linux.S
[569/1305] Compiling aesni-x86-apple.S
[570/1305] Compiling aesni-x86-linux.S
[571/1305] Compiling aesni-gcm-x86_64-linux.S
[573/1305] Compiling GoogleApi Quota.swift
[574/1305] Compiling GoogleApi QuotaLimit.swift
[575/1305] Compiling GoogleApi ResourceDescriptor.swift
[576/1305] Compiling GoogleApi ResourceReference.swift
[577/1305] Compiling GoogleApi RoutingParameter.swift
[578/1305] Compiling GoogleApi RoutingRule.swift
[579/1305] Compiling GoogleApi RubySettings.swift
[580/1305] Compiling GoogleApi SelectiveGapicGeneration.swift
[581/1305] Compiling GoogleApi Service.swift
[581/1305] Compiling aesni-gcm-x86_64-apple.S
[582/1314] Compiling aes-gcm-avx10-x86_64-linux.S
[583/1314] Compiling aes-gcm-avx2-x86_64-linux.S
[584/1314] Compiling aes-gcm-avx10-x86_64-apple.S
[585/1314] Compiling aes-gcm-avx2-x86_64-apple.S
[587/1314] Compiling GoogleApi Monitoring.swift
[588/1314] Compiling GoogleApi NodeSettings.swift
[589/1314] Compiling GoogleApi OAuthRequirements.swift
[590/1314] Compiling GoogleApi PackageVersion.swift
[591/1314] Compiling GoogleApi Page.swift
[592/1314] Compiling GoogleApi PhpSettings.swift
[593/1314] Compiling GoogleApi ProjectProperties.swift
[594/1314] Compiling GoogleApi Property.swift
[595/1314] Compiling GoogleApi Publishing.swift
[596/1314] Compiling GoogleApi PythonSettings.swift
[597/1314] Emitting module GoogleApi
[614/1314] Compiling GoogleApi Endpoint.swift
[615/1314] Compiling GoogleApi ErrorReason.swift
[616/1314] Compiling GoogleApi FieldBehavior.swift
[617/1314] Compiling GoogleApi FieldInfo.swift
[618/1314] Compiling GoogleApi Billing.swift
[619/1314] Compiling GoogleApi ChangeType.swift
[620/1314] Compiling GoogleApi ClientLibraryDestination.swift
[621/1314] Compiling GoogleApi ClientLibraryOrganization.swift
[622/1314] Compiling GoogleApi ClientLibrarySettings.swift
[623/1314] Compiling GoogleApi CommonLanguageSettings.swift
[624/1314] Compiling GoogleApi ConfigChange.swift
[625/1314] Compiling GoogleApi Context.swift
[626/1314] Compiling GoogleApi ContextRule.swift
[627/1314] Compiling GoogleApi Control.swift
[627/1314] Compiling x_x509a.cc
[629/1314] Compiling GoogleApi LogDescriptor.swift
[630/1314] Compiling GoogleApi Logging.swift
[631/1314] Compiling GoogleApi MethodPolicy.swift
[632/1314] Compiling GoogleApi MethodSettings.swift
[633/1314] Compiling GoogleApi Metric.swift
[634/1314] Compiling GoogleApi MetricDescriptor.swift
[635/1314] Compiling GoogleApi MetricRule.swift
[636/1314] Compiling GoogleApi MonitoredResource.swift
[637/1314] Compiling GoogleApi MonitoredResourceDescriptor.swift
[638/1314] Compiling GoogleApi MonitoredResourceMetadata.swift
[639/1314] Compiling GoogleApi FieldPolicy.swift
[640/1314] Compiling GoogleApi FlowControlLimitExceededBehaviorProto.swift
[641/1314] Compiling GoogleApi GoSettings.swift
[642/1314] Compiling GoogleApi Http.swift
[643/1314] Compiling GoogleApi HttpBody.swift
[644/1314] Compiling GoogleApi HttpRule.swift
[645/1314] Compiling GoogleApi JavaSettings.swift
[646/1314] Compiling GoogleApi JwtLocation.swift
[647/1314] Compiling GoogleApi LabelDescriptor.swift
[648/1314] Compiling GoogleApi LaunchStage.swift
[648/1314] Compiling x_spki.cc
[649/1314] Compiling x_sig.cc
[650/1314] Compiling x_val.cc
[651/1314] Compiling x_x509.cc
[652/1314] Compiling x_pubkey.cc
[653/1314] Compiling x_req.cc
[654/1314] Compiling x_name.cc
[656/1314] Compiling GoogleApi SourceInfo.swift
[657/1314] Compiling GoogleApi SystemParameter.swift
[658/1314] Compiling GoogleApi SystemParameterRule.swift
[659/1314] Compiling GoogleApi SystemParameters.swift
[660/1314] Compiling GoogleApi TypeReference.swift
[661/1314] Compiling GoogleApi Usage.swift
[662/1314] Compiling GoogleApi UsageRule.swift
[663/1314] Compiling GoogleApi Visibility.swift
[664/1314] Compiling GoogleApi VisibilityRule.swift
[665/1315] Compiling x_exten.cc
[666/1315] Compiling x_crl.cc
[666/1315] Wrapping AST for GoogleApi for debugging
[668/1315] Compiling x509rset.cc
[669/1315] Compiling x_attrib.cc
[670/1315] Compiling x509spki.cc
[671/1315] Compiling x_all.cc
[672/1315] Compiling x_algor.cc
[673/1315] Compiling x509name.cc
[674/1315] Compiling x509cset.cc
[675/1315] Compiling x509_v3.cc
[676/1315] Compiling x509_vpm.cc
[677/1315] Compiling x509_txt.cc
[678/1315] Compiling x509_trs.cc
[679/1315] Compiling x509_vfy.cc
[680/1315] Compiling x509_set.cc
[681/1315] Compiling x509_req.cc
[682/1315] Compiling x509_obj.cc
[683/1315] Compiling x509_ext.cc
[684/1315] Compiling x509_def.cc
[685/1315] Compiling x509_d2.cc
[686/1315] Compiling x509_lu.cc
[687/1315] Compiling x509_cmp.cc
[688/1315] Compiling x509_att.cc
[689/1315] Compiling x509.cc
[690/1315] Compiling v3_utl.cc
[691/1315] Compiling v3_skey.cc
[692/1315] Compiling v3_pcons.cc
[693/1315] Compiling v3_prn.cc
[694/1315] Compiling v3_purp.cc
[695/1315] Compiling v3_pmaps.cc
[696/1315] Compiling v3_ocsp.cc
[697/1315] Compiling v3_ncons.cc
[698/1315] Compiling v3_int.cc
[699/1315] Compiling v3_lib.cc
[700/1315] Compiling v3_info.cc
[701/1315] Compiling v3_genn.cc
[702/1315] Compiling v3_ia5.cc
[703/1315] Compiling v3_extku.cc
[704/1315] Compiling v3_enum.cc
[705/1315] Compiling v3_crld.cc
[706/1315] Compiling v3_cpols.cc
[707/1315] Compiling v3_conf.cc
[708/1315] Compiling v3_bitst.cc
[709/1315] Compiling v3_bcons.cc
[710/1315] Compiling v3_alt.cc
[711/1315] Compiling v3_akeya.cc
[712/1315] Compiling v3_akey.cc
[713/1315] Compiling t_x509a.cc
[714/1315] Compiling i2d_pr.cc
[715/1315] Compiling t_x509.cc
[716/1315] Compiling t_req.cc
[717/1315] Compiling t_crl.cc
[718/1315] Compiling rsa_pss.cc
[719/1315] Compiling name_print.cc
[720/1315] Compiling policy.cc
[721/1315] Compiling by_file.cc
[722/1315] Compiling algorithm.cc
[723/1315] Compiling by_dir.cc
[724/1315] Compiling asn1_gen.cc
[725/1315] Compiling thread_win.cc
[726/1315] Compiling a_verify.cc
[727/1315] Compiling a_sign.cc
[728/1315] Compiling thread_pthread.cc
[729/1315] Compiling a_digest.cc
[730/1315] Compiling voprf.cc
[731/1315] Compiling trust_token.cc
[732/1315] Compiling pmbtoken.cc
[733/1315] Compiling thread_none.cc
[734/1315] Compiling thread.cc
[735/1315] Compiling siphash.cc
[736/1315] Compiling sha512.cc
[737/1315] Compiling slhdsa.cc
[738/1315] Compiling sha256.cc
[739/1315] Compiling rsa_extra.cc
[740/1315] Compiling rsa_print.cc
[741/1315] Compiling sha1.cc
[742/1315] Compiling spake2plus.cc
[743/1315] Compiling rc4.cc
[744/1315] Compiling refcount.cc
[745/1315] Compiling windows.cc
[746/1315] Compiling rsa_crypt.cc
[747/1315] Compiling trusty.cc
[748/1315] Compiling urandom.cc
[749/1315] Compiling rand.cc
[750/1315] Compiling rsa_asn1.cc
[751/1315] Compiling passive.cc
[752/1315] Compiling ios.cc
[753/1315] Compiling poly1305_arm_asm.S
[754/1315] Compiling getentropy.cc
[755/1315] Compiling forkunsafe.cc
[756/1315] Compiling fork_detect.cc
[757/1315] Compiling deterministic.cc
[758/1315] Compiling poly1305_vec.cc
[759/1315] Compiling poly1305_arm.cc
[760/1315] Compiling pool.cc
[761/1315] Compiling poly1305.cc
[762/1315] Compiling pkcs7.cc
[763/1315] Compiling pkcs7_x509.cc
[764/1315] Compiling pkcs8.cc
[765/1315] Compiling pkcs8_x509.cc
[766/1315] Compiling p5_pbev2.cc
[767/1315] Compiling pem_xaux.cc
[768/1315] Compiling pem_x509.cc
[769/1315] Compiling pem_pkey.cc
[770/1315] Compiling mlkem.cc
[771/1315] Compiling mldsa.cc
[772/1315] Compiling poly_rq_mul.S
[773/1315] Compiling mem.cc
[774/1315] Compiling md5.cc
[775/1315] Compiling fips_shared_support.cc
[776/1315] Compiling lhash.cc
[777/1315] Compiling md4.cc
[778/1315] Compiling pem_pk8.cc
[779/1315] Compiling ex_data.cc
[780/1315] Compiling kyber.cc
[781/1315] Compiling hpke.cc
[782/1315] Compiling hrss.cc
[783/1315] Compiling scrypt.cc
[784/1315] Compiling sign.cc
[785/1315] Compiling print.cc
[786/1315] Compiling pbkdf.cc
[787/1315] Compiling p_x25519.cc
[788/1315] Compiling p_x25519_asn1.cc
[789/1315] Compiling p_rsa_asn1.cc
[790/1315] Compiling p_rsa.cc
[791/1315] Compiling p_hkdf.cc
[792/1315] Compiling p_ed25519.cc
[793/1315] Compiling p_ed25519_asn1.cc
[794/1315] Compiling p_ec.cc
[795/1315] Compiling evp_ctx.cc
[796/1315] Compiling p_ec_asn1.cc
[797/1315] Compiling p_dh_asn1.cc
[798/1315] Compiling p_dh.cc
[799/1315] Compiling evp.cc
[800/1315] Compiling p_dsa_asn1.cc
[801/1315] Compiling engine.cc
[802/1315] Compiling evp_asn1.cc
[803/1315] Compiling err.cc
[804/1315] Compiling ecdh.cc
[805/1315] Compiling ec_derive.cc
[806/1315] Compiling hash_to_curve.cc
[807/1315] Compiling ecdsa_asn1.cc
[808/1315] Compiling dsa_asn1.cc
[809/1315] Compiling dsa.cc
[810/1315] Compiling ec_asn1.cc
[811/1315] Compiling bcm.cc
[812/1315] Compiling x25519-asm-arm.S
[813/1315] Compiling params.cc
[814/1315] Compiling des.cc
[815/1315] Compiling dh_asn1.cc
[816/1315] Compiling digest_extra.cc
[817/1315] Compiling curve25519_64_adx.cc
[818/1315] Compiling crypto.cc
[819/1315] Compiling spake25519.cc
[820/1315] Compiling cpu_intel.cc
[821/1315] Compiling curve25519.cc
[822/1315] Compiling cpu_arm_linux.cc
[823/1315] Compiling cpu_arm_freebsd.cc
[824/1315] Compiling cpu_aarch64_win.cc
[825/1315] Compiling cpu_aarch64_sysreg.cc
[826/1315] Compiling cpu_aarch64_openbsd.cc
[827/1315] Compiling cpu_aarch64_fuchsia.cc
[827/1315] Compiling cpu_aarch64_linux.cc
[829/1315] Compiling cpu_aarch64_apple.cc
[830/1315] Compiling conf.cc
[831/1315] Compiling get_cipher.cc
[832/1315] Compiling tls_cbc.cc
[833/1315] Compiling e_tls.cc
[834/1315] Compiling e_des.cc
[835/1315] Compiling e_rc4.cc
[836/1315] Compiling e_rc2.cc
[837/1315] Compiling e_null.cc
[838/1315] Compiling e_chacha20poly1305.cc
[839/1315] Compiling e_aesctrhmac.cc
[840/1315] Compiling e_aesgcmsiv.cc
[841/1315] Compiling chacha.cc
[842/1315] Compiling derive_key.cc
[843/1315] Compiling cbs.cc
[844/1315] Compiling cbb.cc
[845/1315] Compiling unicode.cc
[846/1315] Compiling ber.cc
[847/1315] Compiling buf.cc
[848/1315] Compiling asn1_compat.cc
[849/1315] Compiling blake2.cc
[850/1315] Compiling bn_asn1.cc
[851/1315] Compiling convert.cc
[852/1315] Compiling socket_helper.cc
[853/1315] Compiling printf.cc
[853/1315] Compiling socket.cc
[855/1315] Compiling pair.cc
[856/1315] Compiling hexdump.cc
[857/1315] Compiling fd.cc
[858/1315] Compiling file.cc
[859/1315] Compiling errno.cc
[860/1315] Compiling bio_mem.cc
[861/1315] Compiling connect.cc
[862/1315] Compiling bio.cc
[863/1315] Compiling base64.cc
[864/1315] Compiling tasn_typ.cc
[865/1315] Compiling tasn_fre.cc
[866/1315] Compiling tasn_utl.cc
[867/1315] Compiling tasn_new.cc
[868/1315] Compiling tasn_enc.cc
[869/1315] Compiling posix_time.cc
[870/1315] Compiling f_string.cc
[871/1315] Compiling f_int.cc
[872/1315] Compiling tasn_dec.cc
[873/1315] Compiling asn_pack.cc
[874/1315] Compiling asn1_par.cc
[875/1315] Compiling a_utctm.cc
[876/1315] Compiling asn1_lib.cc
[877/1315] Compiling a_type.cc
[878/1315] Compiling a_octet.cc
[879/1315] Compiling a_time.cc
[880/1315] Compiling a_strnid.cc
[881/1315] Compiling a_strex.cc
[882/1315] Compiling a_object.cc
[883/1315] Compiling a_i2d_fp.cc
[884/1315] Compiling a_dup.cc
[885/1315] Compiling a_mbstr.cc
[886/1315] Compiling a_int.cc
[887/1315] Compiling CGoogleGaxCRC32C CGoogleGaxCRC32C.c
[888/1315] Compiling a_gentm.cc
[889/1315] Compiling a_d2i_fp.cc
[890/1315] Compiling fiat_p256_adx_sqr.S
[891/1315] Compiling fiat_p256_adx_mul.S
[892/1315] Compiling fiat_curve25519_adx_square.S
[893/1315] Compiling fiat_curve25519_adx_mul.S
[894/1315] Compiling md5-x86_64-linux.S
[895/1315] Compiling md5-x86_64-apple.S
[896/1315] Compiling md5-586-linux.S
[897/1315] Compiling md5-586-apple.S
[898/1315] Compiling chacha20_poly1305_x86_64-linux.S
[899/1315] Compiling chacha20_poly1305_x86_64-apple.S
[900/1315] Compiling chacha20_poly1305_armv8-win.S
[901/1315] Compiling a_bitstr.cc
[902/1315] Compiling CCryptoBoringSSLShims shims.c
[903/1315] Compiling a_bool.cc
[904/1315] Compiling chacha-x86_64-linux.S
[905/1315] Compiling chacha20_poly1305_armv8-apple.S
[906/1315] Compiling chacha20_poly1305_armv8-linux.S
[907/1315] Compiling chacha-x86_64-apple.S
[908/1315] Compiling chacha-x86-apple.S
[909/1315] Compiling chacha-x86-linux.S
[910/1315] Compiling chacha-armv8-win.S
[911/1315] Compiling chacha-armv4-linux.S
[912/1315] Compiling chacha-armv8-apple.S
[913/1315] Compiling aes128gcmsiv-x86_64-linux.S
[913/1315] Compiling aes128gcmsiv-x86_64-apple.S
[915/1315] Compiling x86_64-mont5-apple.S
[916/1315] Compiling chacha-armv8-linux.S
[917/1315] Compiling x86_64-mont5-linux.S
[918/1315] Compiling x86_64-mont-apple.S
[919/1315] Compiling x86_64-mont-linux.S
[920/1315] Compiling x86-mont-apple.S
[921/1315] Compiling vpaes-x86_64-linux.S
[922/1315] Compiling x86-mont-linux.S
[923/1315] Compiling vpaes-x86_64-apple.S
[924/1315] Compiling vpaes-x86-linux.S
[925/1315] Compiling vpaes-x86-apple.S
[926/1315] Compiling vpaes-armv8-win.S
[927/1315] Compiling vpaes-armv8-linux.S
[928/1315] Compiling vpaes-armv8-apple.S
[929/1315] Compiling vpaes-armv7-linux.S
[930/1315] Compiling sha512-x86_64-linux.S
[931/1315] Compiling sha512-x86_64-apple.S
[932/1315] Compiling sha512-armv8-win.S
[933/1315] Compiling sha512-armv8-apple.S
[934/1315] Compiling sha512-armv4-linux.S
[935/1315] Compiling sha512-armv8-linux.S
[936/1315] Compiling sha512-586-linux.S
[937/1315] Compiling sha512-586-apple.S
[938/1315] Compiling sha256-armv8-win.S
[939/1315] Compiling sha256-x86_64-linux.S
[940/1315] Compiling sha256-x86_64-apple.S
[941/1315] Compiling sha256-armv8-apple.S
[942/1315] Compiling sha256-armv4-linux.S
[943/1315] Compiling err_data.cc
[944/1315] Compiling sha256-586-apple.S
[944/1315] Compiling sha256-armv8-linux.S
[946/1315] Compiling sha256-586-linux.S
[947/1315] Compiling sha1-x86_64-linux.S
[948/1315] Compiling sha1-armv8-win.S
[949/1315] Compiling sha1-x86_64-apple.S
[950/1315] Compiling sha1-586-linux.S
[951/1315] Compiling sha1-armv8-apple.S
[952/1315] Compiling sha1-586-apple.S
[953/1315] Compiling sha1-armv4-large-linux.S
[954/1315] Compiling rsaz-avx2-linux.S
[955/1315] Compiling sha1-armv8-linux.S
[955/1315] Compiling rdrand-x86_64-linux.S
[957/1315] Compiling rsaz-avx2-apple.S
[958/1315] Compiling rdrand-x86_64-apple.S
[958/1315] Compiling p256_beeu-armv8-asm-linux.S
[960/1315] Compiling p256_beeu-x86_64-asm-linux.S
[961/1315] Compiling p256_beeu-x86_64-asm-apple.S
[962/1315] Compiling p256_beeu-armv8-asm-win.S
[963/1315] Compiling p256_beeu-armv8-asm-apple.S
[964/1315] Compiling p256-x86_64-asm-linux.S
[965/1315] Compiling p256-x86_64-asm-apple.S
[966/1315] Compiling p256-armv8-asm-apple.S
[967/1315] Compiling p256-armv8-asm-win.S
[968/1315] Compiling ghashv8-armv8-win.S
[969/1315] Compiling p256-armv8-asm-linux.S
[970/1315] Compiling ghashv8-armv8-linux.S
[971/1315] Compiling ghash-x86-linux.S
[972/1315] Compiling ghashv8-armv8-apple.S
[973/1315] Compiling ghashv8-armv7-linux.S
[974/1315] Compiling ghash-x86_64-linux.S
[975/1315] Compiling ghash-x86_64-apple.S
[976/1315] Compiling ghash-ssse3-x86-linux.S
[977/1315] Compiling ghash-ssse3-x86_64-linux.S
[978/1315] Compiling ghash-x86-apple.S
[979/1315] Compiling ghash-ssse3-x86_64-apple.S
[980/1315] Compiling ghash-neon-armv8-win.S
[981/1315] Compiling ghash-ssse3-x86-apple.S
[981/1315] Compiling ghash-neon-armv8-apple.S
[983/1315] Compiling ghash-neon-armv8-linux.S
[984/1315] Compiling ghash-armv4-linux.S
[985/1315] Compiling co-586-linux.S
[986/1315] Compiling bsaes-armv7-linux.S
[987/1315] Compiling bn-armv8-win.S
[988/1315] Compiling co-586-apple.S
[989/1315] Compiling bn-armv8-apple.S
[990/1315] Compiling bn-armv8-linux.S
[991/1315] Compiling bn-586-linux.S
[992/1315] Compiling bn-586-apple.S
[993/1315] Compiling armv8-mont-win.S
[994/1315] Compiling armv4-mont-linux.S
[995/1315] Compiling armv8-mont-linux.S
[996/1315] Compiling aesv8-gcm-armv8-win.S
[997/1315] Compiling armv8-mont-apple.S
[998/1315] Compiling aesv8-gcm-armv8-apple.S
[999/1315] Compiling aesv8-gcm-armv8-linux.S
[1000/1315] Compiling aesv8-armv8-apple.S
[1001/1315] Compiling aesv8-armv8-win.S
[1002/1315] Compiling aesv8-armv8-linux.S
[1003/1315] Compiling aesv8-armv7-linux.S
[1004/1315] Compiling aesni-x86_64-linux.S
[1005/1315] Compiling aesni-x86_64-apple.S
[1006/1315] Compiling aesni-x86-linux.S
[1007/1315] Compiling aesni-x86-apple.S
[1008/1315] Compiling aesni-gcm-x86_64-linux.S
[1009/1315] Compiling aesni-gcm-x86_64-apple.S
[1010/1315] Compiling aes-gcm-avx512-x86_64-apple.S
[1011/1315] Compiling aes-gcm-avx2-x86_64-linux.S
[1012/1315] Compiling aes-gcm-avx512-x86_64-linux.S
[1013/1315] Compiling aes-gcm-avx2-x86_64-apple.S
[1014/1315] Compiling xwing.cc
[1015/1315] Compiling x_x509a.cc
[1016/1315] Compiling x_spki.cc
[1017/1315] Compiling x_sig.cc
[1018/1315] Compiling x_req.cc
[1019/1315] Compiling x_x509.cc
[1020/1315] Compiling c-nioatomics.c
[1021/1315] Compiling x_name.cc
[1022/1315] Compiling x_pubkey.cc
[1023/1315] Compiling x_exten.cc
[1024/1315] Compiling c-atomics.c
[1025/1315] Compiling x_crl.cc
[1026/1322] Compiling x_attrib.cc
[1028/1322] Compiling NIOConcurrencyHelpers NIOLockedValueBox.swift
[1028/1322] Compiling x_all.cc
[1030/1322] Compiling NIOConcurrencyHelpers NIOLock.swift
[1030/1322] Compiling x509spki.cc
[1032/1322] Compiling NIOConcurrencyHelpers NIOAtomic.swift
[1033/1322] Emitting module NIOConcurrencyHelpers
[1034/1322] Compiling NIOConcurrencyHelpers lock.swift
[1034/1322] Compiling x509name.cc
[1036/1322] Compiling NIOConcurrencyHelpers NIOThreadPoolWorkAvailable.swift
[1037/1322] Compiling NIOConcurrencyHelpers atomics.swift
[1037/1323] Compiling x_algor.cc
[1039/1323] Wrapping AST for NIOConcurrencyHelpers for debugging
[1040/1323] Compiling x509rset.cc
[1041/1323] Compiling x509_vpm.cc
[1042/1323] Compiling x509cset.cc
[1043/1323] Compiling x509_vfy.cc
[1044/1323] Compiling x509_v3.cc
[1045/1323] Compiling x509_txt.cc
[1046/1323] Compiling x509_trs.cc
[1047/1323] Compiling x509_set.cc
[1048/1323] Compiling x509_req.cc
[1049/1323] Compiling x509_obj.cc
[1050/1323] Compiling x509_lu.cc
[1051/1323] Compiling x509_ext.cc
[1052/1323] Compiling x509_d2.cc
[1053/1323] Compiling x509_def.cc
[1054/1323] Compiling x509_att.cc
[1055/1323] Compiling x509.cc
[1056/1323] Compiling x509_cmp.cc
[1057/1323] Compiling v3_utl.cc
[1058/1323] Compiling v3_skey.cc
[1059/1323] Compiling v3_purp.cc
[1060/1323] Compiling v3_pmaps.cc
[1061/1323] Compiling v3_prn.cc
[1062/1323] Compiling v3_pcons.cc
[1063/1323] Compiling v3_ocsp.cc
[1064/1323] Compiling v3_int.cc
[1065/1323] Compiling v3_ncons.cc
[1066/1323] Compiling v3_lib.cc
[1067/1323] Compiling v3_info.cc
[1068/1323] Compiling v3_ia5.cc
[1069/1323] Compiling v3_genn.cc
[1070/1323] Compiling v3_extku.cc
[1071/1323] Compiling v3_enum.cc
[1072/1323] Compiling v3_crld.cc
[1073/1323] Compiling v3_cpols.cc
[1074/1323] Compiling v3_conf.cc
[1075/1323] Compiling v3_bitst.cc
[1076/1323] Compiling v3_bcons.cc
[1077/1323] Compiling v3_alt.cc
[1078/1323] Compiling v3_akeya.cc
[1079/1323] Compiling t_x509a.cc
[1080/1323] Compiling v3_akey.cc
[1081/1323] Compiling t_x509.cc
[1082/1323] Compiling t_req.cc
[1083/1323] Compiling i2d_pr.cc
[1084/1323] Compiling t_crl.cc
[1085/1323] Compiling name_print.cc
[1086/1323] Compiling rsa_pss.cc
[1087/1323] Compiling policy.cc
[1088/1323] Compiling by_file.cc
[1089/1323] Compiling by_dir.cc
[1090/1323] Compiling a_verify.cc
[1091/1323] Compiling asn1_gen.cc
[1092/1323] Compiling a_digest.cc
[1093/1323] Compiling a_sign.cc
[1094/1323] Compiling trust_token.cc
[1095/1323] Compiling algorithm.cc
[1096/1323] Compiling voprf.cc
[1097/1323] Compiling thread_pthread.cc
[1098/1323] Compiling thread_win.cc
[1099/1323] Compiling pmbtoken.cc
[1100/1323] Compiling thread_none.cc
[1101/1323] Compiling thread.cc
[1102/1323] Compiling stack.cc
[1103/1323] Compiling siphash.cc
[1104/1323] Compiling slhdsa.cc
[1105/1323] Compiling sha512.cc
[1106/1323] Compiling sha256.cc
[1107/1323] Compiling spake2plus.cc
[1108/1323] Compiling rsa_print.cc
[1109/1323] Compiling rsa_crypt.cc
[1110/1323] Compiling sha1.cc
[1111/1323] Compiling rsa_extra.cc
[1112/1323] Compiling rc4.cc
[1113/1323] Compiling passive.cc
[1114/1323] Compiling refcount.cc
[1115/1323] Compiling rand.cc
[1116/1323] Compiling windows.cc
[1117/1323] Compiling ios.cc
[1118/1323] Compiling rsa_asn1.cc
[1119/1323] Compiling urandom.cc
[1120/1323] Compiling poly1305_arm_asm.S
[1121/1323] Compiling trusty.cc
[1122/1323] Compiling getentropy.cc
[1123/1323] Compiling deterministic.cc
[1124/1323] Compiling forkunsafe.cc
[1125/1323] Compiling fork_detect.cc
[1126/1323] Compiling poly1305_arm.cc
[1126/1323] Compiling poly1305_vec.cc
[1128/1323] Compiling poly1305.cc
[1129/1323] Compiling pool.cc
[1130/1323] Compiling pkcs7.cc
[1131/1323] Compiling pkcs8.cc
[1132/1323] Compiling pkcs7_x509.cc
[1133/1323] Compiling p5_pbev2.cc
[1134/1323] Compiling pkcs8_x509.cc
[1135/1323] Compiling pem_xaux.cc
[1136/1323] Compiling pem_x509.cc
[1137/1323] Compiling pem_pkey.cc
[1138/1323] Compiling obj_xref.cc
[1139/1323] Compiling pem_oth.cc
[1140/1323] Compiling pem_pk8.cc
[1141/1323] Compiling mlkem.cc
[1142/1323] Compiling pem_lib.cc
[1143/1323] Compiling obj.cc
[1144/1323] Compiling pem_all.cc
[1144/1323] Compiling pem_info.cc
[1146/1323] Compiling poly_rq_mul.S
[1147/1323] Compiling mldsa.cc
[1148/1323] Compiling mem.cc
[1149/1323] Compiling fips_shared_support.cc
[1150/1323] Compiling lhash.cc
[1151/1323] Compiling md5.cc
[1152/1323] Compiling md4.cc
[1153/1323] Compiling kyber.cc
[1154/1323] Compiling fuzzer_mode.cc
[1155/1323] Compiling ex_data.cc
[1156/1323] Compiling hpke.cc
[1157/1323] Compiling hrss.cc
[1158/1323] Compiling scrypt.cc
[1159/1323] Compiling print.cc
[1160/1323] Compiling pbkdf.cc
[1161/1323] Compiling sign.cc
[1162/1323] Compiling p_x25519_asn1.cc
[1163/1323] Compiling p_x25519.cc
[1164/1323] Compiling p_rsa_asn1.cc
[1165/1323] Compiling p_rsa.cc
[1166/1323] Compiling p_ec.cc
[1167/1323] Compiling p_ed25519_asn1.cc
[1167/1323] Compiling p_hkdf.cc
[1169/1323] Compiling p_ed25519.cc
[1170/1323] Compiling p_ec_asn1.cc
[1171/1323] Compiling p_dh_asn1.cc
[1172/1323] Compiling p_dsa_asn1.cc
[1173/1323] Compiling p_dh.cc
[1174/1323] Compiling engine.cc
[1175/1323] Compiling err.cc
[1176/1323] Compiling ecdsa_p1363.cc
[1177/1323] Compiling evp_ctx.cc
[1178/1323] Compiling evp_asn1.cc
[1179/1323] Compiling evp.cc
[1180/1323] Compiling ecdh.cc
[1181/1323] Compiling ecdsa_asn1.cc
[1182/1323] Compiling hash_to_curve.cc
[1183/1323] Compiling ec_derive.cc
[1184/1323] Compiling dsa_asn1.cc
[1185/1323] Compiling dsa.cc
[1186/1323] Compiling digest_extra.cc
[1187/1323] Compiling params.cc
[1188/1323] Compiling x25519-asm-arm.S
[1189/1323] Compiling ec_asn1.cc
[1190/1323] Compiling dh_asn1.cc
[1191/1323] Compiling des.cc
[1192/1323] Compiling curve25519_64_adx.cc
[1193/1323] Compiling spake25519.cc
[1194/1323] Compiling cpu_intel.cc
[1195/1323] Compiling cpu_arm_freebsd.cc
[1196/1323] Compiling crypto.cc
[1197/1323] Compiling cpu_arm_linux.cc
[1198/1323] Compiling curve25519.cc
[1199/1323] Compiling cpu_aarch64_win.cc
[1200/1323] Compiling cpu_aarch64_sysreg.cc
[1201/1323] Compiling cpu_aarch64_openbsd.cc
[1202/1323] Compiling cpu_aarch64_fuchsia.cc
[1203/1323] Compiling cpu_aarch64_linux.cc
[1204/1323] Compiling cpu_aarch64_apple.cc
[1205/1323] Compiling conf.cc
[1206/1323] Compiling tls_cbc.cc
[1207/1323] Compiling e_tls.cc
[1208/1323] Compiling get_cipher.cc
[1209/1323] Compiling e_rc4.cc
[1210/1323] Compiling e_null.cc
[1211/1323] Compiling e_rc2.cc
[1212/1323] Compiling cms.cc
[1213/1323] Compiling e_des.cc
[1214/1323] Compiling e_chacha20poly1305.cc
[1215/1323] Compiling chacha.cc
[1216/1323] Compiling e_aesctrhmac.cc
[1217/1323] Compiling e_aesgcmsiv.cc
[1218/1323] Compiling e_aeseax.cc
[1219/1323] Compiling derive_key.cc
[1220/1323] Compiling ber.cc
[1221/1323] Compiling unicode.cc
[1222/1323] Compiling buf.cc
[1223/1323] Compiling sqrt.cc
[1224/1323] Compiling asn1_compat.cc
[1225/1323] Compiling cbb.cc
[1226/1323] Compiling cbs.cc
[1227/1323] Compiling exponentiation.cc
[1228/1323] Compiling div.cc
[1229/1323] Compiling printf.cc
[1230/1323] Compiling blake2.cc
[1231/1323] Compiling pair.cc
[1232/1323] Compiling hexdump.cc
[1233/1323] Compiling bn_asn1.cc
[1234/1323] Compiling convert.cc
[1235/1323] Compiling file.cc
[1236/1323] Compiling bio.cc
[1237/1323] Compiling fd.cc
[1238/1323] Compiling bio_mem.cc
[1239/1323] Compiling errno.cc
[1240/1323] Compiling base64.cc
[1241/1323] Compiling tasn_utl.cc
[1242/1323] Compiling tasn_typ.cc
[1243/1323] Compiling tasn_new.cc
[1244/1323] Compiling tasn_fre.cc
[1245/1323] Compiling tasn_enc.cc
[1246/1323] Compiling posix_time.cc
[1247/1323] Compiling tasn_dec.cc
[1248/1323] Compiling f_int.cc
[1249/1323] Compiling f_string.cc
[1250/1323] Compiling asn_pack.cc
[1251/1323] Compiling asn1_par.cc
[1252/1323] Compiling asn1_lib.cc
[1253/1323] Compiling a_utctm.cc
[1254/1323] Compiling a_octet.cc
[1255/1323] Compiling a_type.cc
[1256/1323] Compiling a_time.cc
[1257/1323] Compiling a_strnid.cc
[1258/1323] Compiling bcm.cc
[1259/1323] Compiling a_strex.cc
[1260/1323] Compiling a_gentm.cc
[1261/1323] Compiling a_i2d_fp.cc
[1262/1323] Compiling a_object.cc
[1263/1323] Compiling a_dup.cc
[1263/1323] Write sources
[1267/1323] Compiling CAsyncHTTPClient CAsyncHTTPClient.c
[1268/1366] Compiling a_d2i_fp.cc
[1269/1366] Compiling a_mbstr.cc
[1271/1366] Compiling Algorithms AdjacentPairs.swift
[1272/1366] Compiling Algorithms Chain.swift
[1272/1368] Compiling a_int.cc
[1274/1368] Compiling Algorithms FirstNonNil.swift
[1275/1368] Compiling Algorithms Partition.swift
[1276/1368] Compiling Algorithms Joined.swift
[1277/1368] Compiling Algorithms Keyed.swift
[1278/1368] Compiling Algorithms Permutations.swift
[1279/1368] Compiling Algorithms Product.swift
[1279/1368] Compiling a_bool.cc
[1281/1368] Compiling Atomics IntegerOperations.swift
[1282/1368] Compiling Atomics Unmanaged extensions.swift
[1282/1368] Compiling aes.cc
[1284/1368] Compiling Algorithms Chunked.swift
[1285/1368] Compiling Algorithms Combinations.swift
[1286/1368] Compiling Algorithms FlattenCollection.swift
[1286/1368] Compiling a_bitstr.cc
[1289/1376] Compiling Algorithms Stride.swift
[1290/1376] Compiling Algorithms Suffix.swift
[1291/1379] Compiling Algorithms RandomSample.swift
[1292/1379] Compiling Algorithms Reductions.swift
[1293/1379] Compiling Algorithms Rotate.swift
[1300/1379] Compiling Algorithms Compacted.swift
[1301/1379] Compiling Algorithms Cycle.swift
[1302/1379] Compiling Algorithms EitherSequence.swift
[1305/1379] Compiling Algorithms Grouped.swift
[1306/1379] Compiling Algorithms Indexed.swift
[1307/1379] Compiling Algorithms Intersperse.swift
[1308/1379] Compiling CryptoBoringWrapper RandomBytes.swift
[1309/1379] Compiling Algorithms Trim.swift
[1310/1379] Compiling Algorithms Unique.swift
[1311/1379] Compiling Algorithms Windows.swift
[1312/1379] Emitting module CryptoBoringWrapper
[1313/1379] Compiling CryptoBoringWrapper CryptoKitErrors_boring.swift
[1314/1379] Compiling CryptoBoringWrapper FiniteFieldArithmeticContext.swift
[1315/1379] Compiling CryptoBoringWrapper BoringSSLAEAD.swift
[1316/1379] Compiling CryptoBoringWrapper EllipticCurve.swift
[1317/1379] Compiling CryptoBoringWrapper EllipticCurvePoint.swift
[1318/1379] Compiling CryptoBoringWrapper ArbitraryPrecisionInteger.swift
[1324/1380] Emitting module Atomics
[1324/1380] Wrapping AST for CryptoBoringWrapper for debugging
[1326/1464] Compiling Crypto PKCS8PrivateKey.swift
[1327/1464] Compiling Crypto SEC1PrivateKey.swift
[1328/1464] Compiling Crypto SubjectPublicKeyInfo.swift
[1329/1464] Compiling Crypto ObjectIdentifier.swift
[1330/1464] Compiling Crypto ECDSASignature.swift
[1331/1464] Compiling Crypto PEMDocument.swift
[1332/1465] Wrapping AST for Atomics for debugging
[1334/1529] Emitting module Algorithms
[1335/1530] Wrapping AST for Algorithms for debugging
[1337/1530] Compiling NIOCore NIOCoreSendableMetatype.swift
[1338/1530] Compiling NIOCore NIODecodedAsyncSequence.swift
[1339/1530] Compiling NIOCore NIOLoopBound.swift
[1340/1530] Compiling NIOCore NIOPooledRecvBufferAllocator.swift
[1341/1530] Compiling NIOCore NIOScheduledCallback.swift
[1342/1530] Compiling NIOCore NIOSendable.swift
[1343/1530] Compiling NIOCore NIOSplitLinesMessageDecoder.swift
[1344/1530] Compiling NIOCore NIOTransportAccessibleChannelCore.swift
[1345/1530] Compiling NIOCore RecvByteBufferAllocator.swift
[1346/1538] Compiling NIOCore ByteBuffer-binaryEncodedLengthPrefix.swift
[1347/1538] Compiling NIOCore ByteBuffer-conversions.swift
[1348/1538] Compiling NIOCore ByteBuffer-core.swift
[1349/1538] Compiling NIOCore ByteBuffer-hex.swift
[1350/1538] Compiling NIOCore ByteBuffer-int.swift
[1351/1538] Compiling NIOCore ByteBuffer-lengthPrefix.swift
[1352/1538] Compiling NIOCore ByteBuffer-multi-int.swift
[1353/1538] Compiling NIOCore ByteBuffer-quicBinaryEncodingStrategy.swift
[1354/1538] Compiling NIOCore ByteBuffer-views.swift
[1355/1538] Compiling NIOCore Channel.swift
[1356/1538] Compiling NIOCore ChannelHandler.swift
[1357/1538] Compiling NIOCore ChannelHandlers.swift
[1358/1549] Compiling NIOCore EventLoopFuture+Deprecated.swift
[1359/1549] Compiling NIOCore EventLoopFuture+WithEventLoop.swift
[1360/1549] Compiling NIOCore EventLoopFuture.swift
[1361/1549] Compiling NIOCore FileDescriptor.swift
[1362/1549] Compiling NIOCore FileHandle.swift
[1363/1549] Compiling NIOCore FileRegion.swift
[1364/1549] Compiling NIOCore GlobalSingletons.swift
[1365/1549] Compiling NIOCore IO.swift
[1366/1549] Compiling NIOCore IOData.swift
[1367/1549] Compiling NIOCore IPProtocol.swift
[1368/1549] Compiling NIOCore IntegerBitPacking.swift
[1369/1549] Compiling NIOCore IntegerTypes.swift
[1370/1549] Compiling NIOCore AddressedEnvelope.swift
[1371/1549] Compiling NIOCore AsyncAwaitSupport.swift
[1372/1549] Compiling NIOCore AsyncChannel.swift
[1373/1549] Compiling NIOCore AsyncChannelHandler.swift
[1374/1549] Compiling NIOCore AsyncChannelInboundStream.swift
[1375/1549] Compiling NIOCore AsyncChannelOutboundWriter.swift
[1376/1549] Compiling NIOCore NIOAsyncSequenceProducer.swift
[1377/1549] Compiling NIOCore NIOAsyncSequenceProducerStrategies.swift
[1378/1549] Compiling NIOCore NIOAsyncWriter.swift
[1379/1549] Compiling NIOCore NIOThrowingAsyncSequenceProducer.swift
[1380/1549] Compiling NIOCore BSDSocketAPI.swift
[1381/1549] Compiling NIOCore ByteBuffer-aux.swift
[1382/1549] Emitting module Crypto
[1383/1549] Compiling NIOCore ChannelInvoker.swift
[1384/1549] Compiling NIOCore ChannelOption.swift
[1385/1549] Compiling NIOCore ChannelPipeline.swift
[1386/1549] Compiling NIOCore CircularBuffer.swift
[1387/1549] Compiling NIOCore Codec.swift
[1388/1549] Compiling NIOCore ConvenienceOptionSupport.swift
[1389/1549] Compiling NIOCore DeadChannel.swift
[1390/1549] Compiling NIOCore DispatchQueue+WithFuture.swift
[1391/1549] Compiling NIOCore EventLoop+Deprecated.swift
[1392/1549] Compiling NIOCore EventLoop+SerialExecutor.swift
[1393/1549] Compiling NIOCore EventLoop.swift
[1394/1549] Compiling NIOCore EventLoopFuture+AssumeIsolated.swift
[1398/1549] Compiling NIOCore Interfaces.swift
[1399/1549] Compiling NIOCore Linux.swift
[1400/1549] Compiling NIOCore MarkedCircularBuffer.swift
[1401/1549] Compiling NIOCore MulticastChannel.swift
[1402/1549] Compiling NIOCore NIOAny.swift
[1403/1549] Compiling NIOCore NIOCloseOnErrorHandler.swift
[1413/1549] Compiling Crypto Signature.swift
[1414/1549] Compiling Crypto CryptoKitErrors_boring.swift
[1415/1549] Compiling Crypto Optional+withUnsafeBytes_boring.swift
[1416/1549] Compiling Crypto RNG_boring.swift
[1417/1549] Compiling Crypto SafeCompare_boring.swift
[1418/1549] Compiling Crypto Zeroization_boring.swift
[1419/1549] Compiling Crypto _CryptoModuleAnchor.swift
[1420/1549] Compiling Crypto PrettyBytes.swift
[1421/1549] Compiling Crypto SafeCompare.swift
[1422/1549] Compiling Crypto SecureBytes.swift
[1423/1549] Compiling Crypto Zeroization.swift
[1424/1549] Compiling Crypto MACFunctions.swift
[1425/1549] Compiling Crypto MessageAuthenticationCode.swift
[1426/1549] Compiling Crypto AES.swift
[1427/1549] Compiling Crypto ECDSASignature_boring.swift
[1428/1549] Compiling Crypto ECDSA_boring.swift
[1429/1549] Compiling Crypto EdDSA_boring.swift
[1430/1549] Compiling Crypto MLDSA_boring.swift
[1431/1549] Compiling Crypto MLDSA_wrapper.swift
[1432/1549] Compiling Crypto ECDSA.swift
[1433/1549] Compiling Crypto Ed25519.swift
[1434/1549] Compiling Crypto MLDSA.swift
[1447/1549] Compiling NIOCore SingleStepByteToMessageDecoder.swift
[1448/1549] Compiling NIOCore SocketAddresses.swift
[1449/1549] Compiling NIOCore SocketOptionProvider.swift
[1450/1549] Compiling NIOCore SystemCallHelpers.swift
[1451/1549] Compiling NIOCore TimeAmount+Duration.swift
[1452/1549] Compiling NIOCore TypeAssistedChannelHandler.swift
[1453/1549] Compiling NIOCore UniversalBootstrapSupport.swift
[1454/1549] Compiling NIOCore Utilities.swift
[1455/1549] Compiling Crypto HPKE-KexKeyDerivation.swift
[1468/1550] Wrapping AST for Crypto for debugging
[1487/1612] Compiling CryptoExtras Data+Extensions.swift
[1488/1612] Compiling CryptoExtras DigestType.swift
[1489/1612] Compiling CryptoExtras Error.swift
[1490/1612] Compiling CryptoExtras I2OSP.swift
[1491/1612] Compiling CryptoExtras IntegerEncoding.swift
[1492/1612] Compiling CryptoExtras PEMDocument.swift
[1493/1612] Compiling CryptoExtras PrettyBytes.swift
[1494/1612] Compiling CryptoExtras SubjectPublicKeyInfo.swift
[1495/1620] Emitting module CryptoExtras
[1496/1620] Compiling CryptoExtras ThreadOps.swift
[1497/1620] Compiling CryptoExtras ThreadPosix.swift
[1498/1620] Compiling CryptoExtras ThreadSpecific.swift
[1499/1620] Compiling CryptoExtras ThreadWindows.swift
[1500/1620] Compiling CryptoExtras DLEQ.swift
[1501/1620] Compiling CryptoExtras Prover.swift
[1502/1620] Compiling CryptoExtras Verifier.swift
[1503/1620] Compiling CryptoExtras ZKPToolbox.swift
[1504/1620] Compiling CryptoExtras PBKDF2.swift
[1505/1620] Compiling CryptoExtras Scrypt_boring.swift
[1506/1620] Compiling CryptoExtras Scrypt.swift
[1507/1620] Compiling CryptoExtras OPRF.swift
[1508/1620] Compiling CryptoExtras OPRFClient.swift
[1509/1620] Compiling CryptoExtras OPRFServer.swift
[1510/1620] Compiling CryptoExtras VOPRF+API.swift
[1511/1620] Compiling CryptoExtras VOPRFClient.swift
[1512/1620] Compiling CryptoExtras VOPRFServer.swift
[1513/1620] Compiling CryptoExtras AES_CBC.swift
[1514/1620] Compiling CryptoExtras AES_CFB.swift
[1515/1620] Compiling CryptoExtras AES_CTR.swift
[1516/1620] Compiling CryptoExtras AES_GCM_SIV.swift
[1517/1620] Compiling CryptoExtras Block Function.swift
[1518/1620] Compiling CryptoExtras AES_CBC_boring.swift
[1519/1620] Compiling CryptoExtras AES_CFB_boring.swift
[1520/1620] Compiling CryptoExtras AES_CTR_boring.swift
[1521/1620] Compiling CryptoExtras AES_GCM_SIV_boring.swift
[1522/1620] Compiling CryptoExtras BoringSSLPassphraseCallbackManager.swift
[1523/1620] Compiling CryptoExtras RSA+BlindSigning.swift
[1524/1620] Compiling CryptoExtras RSA.swift
[1525/1620] Compiling CryptoExtras RSA_boring.swift
[1526/1620] Compiling CryptoExtras Reexport.swift
[1527/1620] Compiling CryptoExtras Zeroization_boring.swift
[1528/1620] Compiling CryptoExtras BoringSSLHelpers.swift
[1529/1620] Compiling CryptoExtras CryptoKitErrors_boring.swift
[1530/1620] Compiling CryptoExtras CMAC.swift
[1531/1620] Compiling CryptoExtras ARC+API.swift
[1532/1620] Compiling CryptoExtras ARC.swift
[1533/1620] Compiling CryptoExtras ARCCredential.swift
[1534/1620] Compiling CryptoExtras ARCEncoding.swift
[1535/1620] Compiling CryptoExtras ARCPrecredential.swift
[1536/1620] Compiling CryptoExtras ARCPresentation.swift
[1537/1620] Compiling CryptoExtras ARCRequest.swift
[1538/1620] Compiling CryptoExtras ARCResponse.swift
[1539/1620] Compiling CryptoExtras PKCS8DERRepresentation.swift
[1540/1620] Compiling CryptoExtras PKCS8PrivateKey.swift
[1541/1620] Compiling CryptoExtras RFC8410AlgorithmIdentifier.swift
[1542/1620] Compiling CryptoExtras ECToolbox_boring.swift
[1543/1620] Compiling CryptoExtras ECToolbox.swift
[1544/1620] Compiling CryptoExtras HashToField.swift
[1545/1620] Compiling CryptoExtras KDF.swift
[1546/1620] Compiling CryptoExtras PBKDF2_boring.swift
[1547/1620] Compiling CryptoExtras PBKDF2_commoncrypto.swift
[1548/1620] Compiling CryptoExtras ARCServer.swift
[1549/1620] Compiling CryptoExtras ChaCha20CTR_boring.swift
[1550/1620] Compiling CryptoExtras ChaCha20CTR.swift
[1551/1620] Compiling CryptoExtras BoringSSLSHA512256Context.swift
[1552/1620] Compiling CryptoExtras BoringSSLSHA512256HashFunction.swift
[1553/1620] Compiling CryptoExtras SHA512256.swift
[1554/1620] Compiling CryptoExtras SHA512256Digest.swift
[1555/1620] Compiling CryptoExtras Curve25519+PEM.swift
[1556/1620] Compiling CryptoExtras ObjectIdentifier.swift
[1557/1621] Wrapping AST for CryptoExtras for debugging
[1559/1623] Emitting module _CryptoExtras
[1560/1623] Compiling _CryptoExtras Exports.swift
[1561/1624] Wrapping AST for _CryptoExtras for debugging
[1563/1719] Compiling X509 OCSPResponseBytes.swift
[1564/1719] Compiling X509 OCSPResponseData.swift
[1565/1719] Compiling X509 OCSPResponseStatus.swift
[1566/1719] Compiling X509 OCSPSignature.swift
[1567/1719] Compiling X509 OCSPSingleRequest.swift
[1568/1719] Compiling X509 OCSPSingleResponse.swift
[1569/1719] Compiling X509 OCSPTBSRequest.swift
[1570/1719] Compiling X509 OCSPVersion.swift
[1571/1719] Compiling X509 CSRAttribute.swift
[1572/1719] Compiling X509 BasicOCSPResponse.swift
[1573/1719] Compiling X509 DirectoryString.swift
[1574/1719] Compiling X509 OCSPCertID.swift
[1575/1719] Compiling X509 OCSPCertStatus.swift
[1576/1719] Compiling X509 OCSPExtensionID.swift
[1577/1719] Compiling X509 OCSPNonce.swift
[1578/1719] Compiling X509 OCSPPolicy.swift
[1579/1719] Compiling X509 OCSPRequest.swift
[1580/1719] Compiling X509 OCSPResponse.swift
[1581/1719] Emitting module NIOCore
[1582/1720] Wrapping AST for NIOCore for debugging
[1584/1777] Emitting module NIOFoundationEssentialsCompat
[1585/1777] Compiling NIOFoundationEssentialsCompat Codable+ByteBuffer.swift
[1586/1777] Compiling NIOFoundationEssentialsCompat ByteBuffer-foundation.swift
[1587/1778] Wrapping AST for NIOFoundationEssentialsCompat for debugging
[1589/1778] Compiling NIOEmbedded AsyncTestingChannel.swift
[1590/1778] Emitting module NIOEmbedded
[1591/1778] Compiling NIOEmbedded Embedded.swift
[1592/1778] Compiling NIOEmbedded AsyncTestingEventLoop.swift
[1594/1779] Compiling X509 DomainComponent.swift
[1595/1779] Compiling X509 EmailAddress.swift
[1596/1779] Compiling X509 LocalityName.swift
[1597/1779] Compiling X509 OrganizationName.swift
[1598/1779] Compiling X509 OrganizationalUnitName.swift
[1599/1779] Compiling X509 StateOrProvinceName.swift
[1600/1779] Compiling X509 StreetAddress.swift
[1601/1779] Compiling X509 Error.swift
[1602/1779] Compiling X509 AuthorityInformationAccess.swift
[1603/1779] Compiling X509 AuthorityKeyIdentifier.swift
[1604/1779] Compiling X509 BasicConstraints.swift
[1605/1779] Compiling X509 ExtendedKeyUsage.swift
[1606/1779] Compiling X509 ExtensionIdentifiers.swift
[1607/1779] Compiling X509 KeyUsage.swift
[1607/1792] Wrapping AST for NIOEmbedded for debugging
[1609/1792] Compiling X509 OneOfPolicies.swift
[1610/1792] Compiling X509 PolicyBuilder.swift
[1611/1792] Compiling X509 BasicConstraintsPolicy.swift
[1612/1792] Compiling X509 DNSNames.swift
[1613/1792] Compiling X509 ExpiryPolicy.swift
[1614/1792] Compiling X509 IPConstraints.swift
[1615/1792] Compiling X509 NameConstraintsPolicy.swift
[1616/1792] Compiling X509 RFC5280Policy.swift
[1617/1792] Compiling X509 URIConstraints.swift
[1618/1792] Compiling X509 VersionPolicy.swift
[1619/1792] Compiling X509 ServerIdentityPolicy.swift
[1620/1792] Compiling X509 TrustRootLoading.swift
[1621/1792] Compiling X509 UnverifiedChain.swift
[1622/1792] Compiling X509 PKCS8PrivateKey.swift
[1623/1792] Compiling X509 PromiseAndFuture.swift
[1624/1792] Compiling X509 RDNAttribute.swift
[1625/1792] Compiling X509 RandomNumberGenerator+bytes.swift
[1626/1792] Compiling X509 RelativeDistinguishedName.swift
[1627/1792] Compiling X509 SEC1PrivateKey.swift
[1628/1792] Compiling X509 SecKeyWrapper.swift
[1629/1792] Compiling X509 Signature.swift
[1630/1792] Compiling X509 SignatureAlgorithm.swift
[1631/1792] Compiling X509 AllOfPolicies.swift
[1632/1792] Compiling X509 AnyPolicy.swift
[1633/1792] Compiling X509 CertificateStore.swift
[1634/1792] Compiling X509 CustomCertificateStore.swift
[1635/1792] Compiling NIOPosix StructuredConcurrencyHelpers.swift
[1636/1792] Compiling NIOPosix System.swift
[1637/1792] Compiling NIOPosix HappyEyeballs.swift
[1638/1792] Compiling NIOPosix IO.swift
[1639/1792] Compiling NIOPosix IntegerBitPacking.swift
[1640/1792] Compiling NIOPosix IntegerTypes.swift
[1641/1792] Compiling NIOPosix Linux.swift
[1642/1792] Compiling NIOPosix LinuxCPUSet.swift
[1643/1792] Compiling NIOPosix LinuxUring.swift
[1644/1792] Compiling X509 Digests.swift
[1645/1792] Compiling X509 DistinguishedName.swift
[1646/1792] Compiling X509 CommonName.swift
[1647/1792] Compiling X509 CountryName.swift
[1648/1792] Compiling X509 DNBuilder.swift
[1649/1792] Compiling NIOPosix SelectorKqueue.swift
[1650/1792] Compiling NIOPosix SelectorUring.swift
[1651/1792] Compiling NIOPosix MultiThreadedEventLoopGroup.swift
[1652/1792] Compiling NIOPosix NIOPosixSendableMetatype.swift
[1653/1792] Compiling NIOPosix NIORandomizedDNSResolver.swift
[1654/1792] Compiling NIOPosix NIOThreadPool.swift
[1655/1792] Compiling NIOPosix NonBlockingFileIO.swift
[1656/1792] Compiling NIOPosix PendingDatagramWritesManager.swift
[1657/1792] Compiling NIOPosix PendingWritesManager.swift
[1658/1792] Compiling NIOPosix SelectorWSAPoll.swift
[1659/1792] Compiling NIOPosix ServerSocket.swift
[1660/1792] Compiling NIOPosix Socket.swift
[1661/1792] Compiling NIOPosix SocketChannel.swift
[1662/1792] Compiling NIOPosix SocketProtocols.swift
[1663/1792] Compiling NIOPosix BSDSocketAPICommon.swift
[1664/1792] Compiling NIOPosix BSDSocketAPIPosix.swift
[1665/1792] Compiling NIOPosix BSDSocketAPIWindows.swift
[1666/1792] Compiling NIOPosix BaseSocket.swift
[1667/1792] Compiling NIOPosix BaseSocketChannel+AccessibleTransport.swift
[1668/1792] Compiling NIOPosix BaseSocketChannel+SocketOptionProvider.swift
[1669/1792] Compiling NIOPosix BaseSocketChannel.swift
[1670/1792] Compiling NIOPosix BaseStreamSocketChannel.swift
[1671/1792] Compiling NIOPosix Bootstrap.swift
[1672/1792] Compiling NIOPosix ControlMessage.swift
[1673/1792] Compiling NIOPosix DatagramVectorReadManager.swift
[1674/1792] Compiling NIOPosix Errors+Any.swift
[1675/1792] Compiling NIOPosix FileDescriptor.swift
[1676/1792] Compiling NIOPosix GetaddrinfoResolver.swift
[1677/1792] Compiling NIOPosix PipeChannel.swift
[1678/1792] Compiling NIOPosix PipePair.swift
[1679/1792] Compiling NIOPosix Pool.swift
[1680/1792] Compiling NIOPosix PosixSingletons+ConcurrencyTakeOver.swift
[1681/1792] Compiling NIOPosix PosixSingletons.swift
[1682/1792] Compiling NIOPosix RawSocketBootstrap.swift
[1683/1792] Compiling NIOPosix Resolver.swift
[1684/1792] Compiling NIOPosix Selectable.swift
[1685/1792] Compiling NIOPosix SelectableChannel.swift
[1686/1792] Compiling NIOPosix SelectableEventLoop.swift
[1687/1792] Compiling NIOPosix SelectorEpoll.swift
[1688/1792] Compiling NIOPosix SelectorGeneric.swift
[1689/1792] Emitting module NIOPosix
[1711/1799] Emitting module X509
[1719/1799] Compiling NIOPosix Thread.swift
[1720/1799] Compiling NIOPosix ThreadPosix.swift
[1721/1799] Compiling NIOPosix ThreadWindows.swift
[1722/1799] Compiling NIOPosix Utilities.swift
[1723/1799] Compiling NIOPosix VsockAddress.swift
[1724/1799] Compiling NIOPosix VsockChannelEvents.swift
[1725/1799] Compiling NIOPosix Windows.swift
[1747/1800] Wrapping AST for NIOPosix for debugging
[1749/1802] Emitting module NIO
[1750/1802] Compiling NIO Exports.swift
[1751/1803] Wrapping AST for NIO for debugging
[1753/1842] Compiling NIOFoundationCompat Exports.swift
[1754/1842] Emitting module NIOFoundationCompat
[1755/1842] Compiling NIOTLS TLSEvents.swift
[1756/1842] Compiling NIOSOCKS SOCKSResponse.swift
[1757/1842] Compiling NIOFoundationCompat JSONSerialization+ByteBuffer.swift
[1758/1842] Compiling NIOFoundationCompat WaitSpinningRunLoop.swift
[1759/1844] Emitting module NIOTLS
[1760/1844] Compiling NIOTLS ApplicationProtocolNegotiationHandler.swift
[1761/1844] Compiling X509 ValidatedCertificateChain.swift
[1762/1844] Compiling X509 VerificationDiagnostic.swift
[1763/1844] Compiling X509 Verifier.swift
[1764/1844] Compiling X509 VerifierPolicy.swift
[1765/1844] Compiling X509 AlgorithmIdentifier.swift
[1766/1844] Compiling X509 ECDSASignature.swift
[1767/1844] Compiling X509 RSAPKCS1PublicKey.swift
[1768/1844] Compiling X509 SubjectPublicKeyInfo.swift
[1769/1844] Compiling X509 TBSCertificate.swift
[1770/1844] Compiling X509 Time.swift
[1771/1844] Compiling X509 TimeCalculations.swift
[1772/1844] Compiling X509 Validity.swift
[1773/1844] Compiling X509 X509SendableMetatype.swift
[1775/1844] Compiling NIOTLS NIOTypedApplicationProtocolNegotiationHandler.swift
[1776/1845] Compiling NIOSOCKS AuthenticationMethod.swift
[1777/1845] Compiling NIOHTTP1 HTTPServerPipelineHandler.swift
[1779/1845] Compiling NIOSOCKS SelectedAuthenticationMethod.swift
[1780/1845] Compiling NIOSOCKS ClientStateMachine.swift
[1781/1845] Compiling NIOHTTP1 HTTPHeaderValidator.swift
[1782/1845] Compiling NIOHTTP1 HTTPHeaders+Validation.swift
[1783/1845] Emitting module NIOSOCKS
[1783/1845] Wrapping AST for NIOFoundationCompat for debugging
[1785/1845] Compiling NIOSOCKS Messages.swift
[1786/1845] Compiling NIOSOCKS SOCKSRequest.swift
[1787/1845] Compiling NIOSOCKS Errors.swift
[1788/1845] Compiling NIOSOCKS Helpers.swift
[1789/1845] Compiling NIOSOCKS ServerStateMachine.swift
[1790/1846] Wrapping AST for X509 for debugging
[1791/1911] Wrapping AST for NIOSOCKS for debugging
[1793/1913] Compiling NIOTLS ProtocolNegotiationHandlerStateMachine.swift
[1794/1913] Compiling NIOTLS SNIHandler.swift
[1795/1914] Wrapping AST for NIOTLS for debugging
[1797/1944] Compiling NIOSSL ObjectIdentifier.swift
[1798/1944] Compiling NIOSSL PosixPort.swift
[1799/1944] Compiling NIOSSL SSLConnection.swift
[1800/1944] Compiling NIOSSL NIOSSLServerHandler.swift
[1801/1946] Compiling NIOSSL NIOSSLHandler.swift
[1802/1946] Compiling NIOSSL AndroidCABundle.swift
[1803/1946] Compiling NIOSSL LinuxCABundle.swift
[1804/1946] Compiling NIOSSL NIOSSLClientHandler.swift
[1805/1946] Compiling NIOSSL NIOSSLHandler+Configuration.swift
[1811/1946] Compiling NIOSSL ByteBufferBIO.swift
[1812/1946] Compiling NIOSSL CustomPrivateKey.swift
[1813/1946] Compiling NIOSSL FreeBSDCABundle.swift
[1814/1946] Compiling NIOSSL IdentityVerification.swift
[1815/1946] Compiling NIOSSL SSLCertificate.swift
[1816/1955] Compiling NIOHTTP1 NIOTypedHTTPServerUpgradeHandler.swift
[1817/1955] Compiling NIOHTTP1 NIOTypedHTTPServerUpgraderStateMachine.swift
[1822/1955] Compiling JWTKit MLDSAType.swift
[1823/1955] Compiling JWTKit JWTKeyCollection+UnsecuredNone.swift
[1824/1955] Compiling JWTKit UnsecuredNoneSigner.swift
[1825/1955] Compiling JWTKit JWTKeyCollection+RSA.swift
[1826/1955] Compiling JWTKit RSA.swift
[1827/1955] Compiling JWTKit RSAError.swift
[1828/1955] Compiling JWTKit RSASigner.swift
[1829/1955] Compiling JWTKit Base64URL.swift
[1830/1955] Compiling JWTKit CryptoSigner.swift
[1831/1955] Compiling JWTKit JWTSerializer.swift
[1832/1955] Compiling JWTKit JWTSigner.swift
[1833/1955] Compiling JWTKit JWTKeyCollection+MLDSA.swift
[1834/1955] Compiling JWTKit MLDSA.swift
[1835/1955] Compiling JWTKit MLDSA65+MLDSAKey.swift
[1836/1955] Compiling JWTKit MLDSA87+MLDSAKey.swift
[1837/1955] Compiling JWTKit MLDSAError.swift
[1838/1955] Compiling JWTKit MLDSAKey.swift
[1839/1955] Compiling JWTKit MLDSASigner.swift
[1840/1955] Emitting module JWTKit
[1841/1955] Emitting module NIOHTTP1
[1843/1955] Compiling NIOSSL SSLCertificateExtensions.swift
[1844/1955] Compiling NIOSSL SSLCertificateName.swift
[1846/1956] Compiling NIOSSL SSLPKCS12Bundle.swift
[1847/1956] Compiling NIOSSL SSLPrivateKey.swift
[1848/1956] Compiling NIOSSL SSLPublicKey.swift
[1849/1956] Compiling NIOSSL SecurityFrameworkCertificateVerification.swift
[1850/1956] Compiling NIOSSL String+unsafeUninitializedCapacity.swift
[1851/1956] Compiling NIOSSL SubjectAlternativeName.swift
[1852/1956] Compiling NIOSSL NIOSSLSecureBytes.swift
[1853/1956] Compiling NIOSSL RNG.swift
[1854/1956] Compiling NIOSSL SafeCompare.swift
[1863/1956] Compiling NIOSSL SSLErrors.swift
[1864/1956] Compiling NIOSSL SSLInit.swift
[1865/1956] Compiling JWTKit LocaleClaim.swift
[1866/1956] Compiling JWTKit NotBeforeClaim.swift
[1867/1956] Compiling JWTKit SubjectClaim.swift
[1868/1956] Compiling JWTKit TenantIDClaim.swift
[1869/1956] Compiling JWTKit ECDSA.swift
[1870/1956] Compiling JWTKit ECDSACurve.swift
[1871/1956] Compiling JWTKit ECDSACurveType.swift
[1872/1956] Compiling JWTKit ECDSAError.swift
[1873/1956] Compiling JWTKit ECDSAKeyTypes.swift
[1874/1956] Compiling JWTKit ECDSASigner.swift
[1875/1956] Compiling JWTKit JWTAlgorithm.swift
[1876/1956] Compiling JWTKit JWTError.swift
[1877/1956] Compiling JWTKit JWTHeader+CommonFields.swift
[1878/1956] Compiling JWTKit JWTHeader.swift
[1879/1956] Compiling JWTKit JWTHeaderField.swift
[1880/1956] Compiling JWTKit JWTKeyCollection.swift
[1881/1956] Compiling JWTKit JWTParser+MandatoryVerificationFields.swift
[1882/1956] Compiling JWTKit JWTParser.swift
[1883/1956] Compiling JWTKit JWTPayload.swift
[1883/1962] Wrapping AST for NIOHTTP1 for debugging
[1885/1973] Emitting module NIOHTTPCompression
[1886/1973] Compiling NIOHPACK IntegerCoding.swift
[1887/1974] Compiling NIOHTTPCompression HTTPRequestCompressor.swift
[1888/1974] Compiling NIOHTTPCompression HTTPDecompressor.swift
[1889/1974] Emitting module NIOSSL
[1890/1978] Compiling NIOHPACK IndexedHeaderTable.swift
[1891/1978] Compiling NIOHPACK HuffmanTables.swift
[1892/1978] Compiling NIOHTTPCompression HTTPCompression.swift
[1893/1978] Compiling NIOHTTPCompression HTTPDecompression.swift
[1894/1978] Compiling JWTKit CustomizedJSONCoders.swift
[1895/1978] Compiling JWTKit Utilities.swift
[1896/1978] Compiling JWTKit AppleIdentityToken.swift
[1897/1978] Compiling JWTKit FirebaseAuthIdentityToken.swift
[1898/1978] Compiling JWTKit GoogleIdentityToken.swift
[1899/1978] Compiling JWTKit MicrosoftIdentityToken.swift
[1900/1978] Compiling JWTKit EmptyPolicy.swift
[1901/1978] Compiling JWTKit ValidationTimePayload.swift
[1902/1978] Compiling JWTKit X5CVerifier.swift
[1903/1978] Compiling NIOHTTPCompression HTTPResponseCompressor.swift
[1904/1980] Compiling NIOHPACK HPACKEncoder.swift
[1905/1980] Compiling NIOHPACK HPACKErrors.swift
[1906/1980] Compiling NIOHPACK DynamicHeaderTable.swift
[1907/1980] Compiling NIOHPACK HPACKDecoder.swift
[1917/1980] Emitting module NIOHPACK
[1918/1980] Compiling NIOHPACK StaticHeaderTable.swift
[1919/1980] Wrapping AST for NIOHTTPCompression for debugging
[1921/1980] Compiling NIOHPACK HPACKHeader.swift
[1922/1980] Compiling NIOHPACK HeaderTables.swift
[1925/1980] Wrapping AST for JWTKit for debugging
[1929/1980] Compiling NIOHPACK HuffmanCoding.swift
[1934/1981] Wrapping AST for NIOHPACK for debugging
[1948/2044] Compiling NIOHTTP2 MaySendFrames.swift
[1949/2044] Compiling NIOHTTP2 SendingDataState.swift
[1950/2044] Compiling NIOHTTP2 SendingGoawayState.swift
[1951/2044] Compiling NIOHTTP2 SendingHeadersState.swift
[1952/2044] Compiling NIOHTTP2 SendingPushPromiseState.swift
[1953/2044] Compiling NIOHTTP2 SendingRstStreamState.swift
[1954/2044] Compiling NIOHTTP2 SendingWindowUpdateState.swift
[1955/2044] Compiling NIOHTTP2 HTTP2SettingsState.swift
[1956/2044] Compiling NIOHTTP2 HasExtendedConnectSettings.swift
[1957/2052] Compiling NIOHTTP2 HasFlowControlWindows.swift
[1958/2052] Compiling NIOHTTP2 HasLocalSettings.swift
[1959/2052] Compiling NIOHTTP2 HasRemoteSettings.swift
[1960/2052] Compiling NIOHTTP2 LocallyQuiescingState.swift
[1961/2052] Compiling NIOHTTP2 QuiescingState.swift
[1962/2052] Compiling NIOHTTP2 RemotelyQuiescingState.swift
[1963/2052] Compiling NIOHTTP2 SendAndReceiveGoawayState.swift
[1964/2052] Compiling NIOHTTP2 StateMachineResult.swift
[1965/2052] Compiling NIOHTTP2 ContentLengthVerifier.swift
[1966/2052] Compiling NIOHTTP2 HTTP2UserEvents.swift
[1967/2052] Compiling NIOHTTP2 InboundEventBuffer.swift
[1968/2052] Compiling NIOHTTP2 InboundWindowManager.swift
[1969/2052] Compiling NIOHTTP2 MultiplexerAbstractChannel.swift
[1970/2053] Wrapping AST for NIOSSL for debugging
[1972/2053] Emitting module NIOHTTP2
[1973/2053] Compiling NIOHTTP2 NIOHTTP2ServerConnectionManagementHandler.swift
[1974/2053] Compiling NIOHTTP2 StreamChannelFlowController.swift
[1975/2053] Compiling NIOHTTP2 StreamChannelList.swift
[1976/2053] Compiling NIOHTTP2 StreamMap.swift
[1977/2053] Compiling NIOHTTP2 StreamStateMachine.swift
[1978/2053] Compiling NIOHTTP2 Timer.swift
[1979/2053] Compiling NIOHTTP2 UnsafeTransfer.swift
[1980/2053] Compiling NIOHTTP2 WatermarkedFlowController.swift
[1981/2053] Compiling NIOHTTP2 ConnectionStateMachine.swift
[1982/2053] Compiling NIOHTTP2 ConnectionStreamsState.swift
[1983/2053] Compiling NIOHTTP2 MayReceiveFrames.swift
[1984/2053] Compiling NIOHTTP2 ReceivingDataState.swift
[1985/2053] Compiling NIOHTTP2 ReceivingGoAwayState.swift
[1986/2053] Compiling NIOHTTP2 ReceivingHeadersState.swift
[1987/2053] Compiling NIOHTTP2 ReceivingPushPromiseState.swift
[1988/2053] Compiling NIOHTTP2 ReceivingRstStreamState.swift
[1989/2053] Compiling NIOHTTP2 ReceivingWindowUpdateState.swift
[1990/2053] Compiling NIOHTTP2 HTTP2StreamMultiplexer.swift
[1991/2053] Compiling NIOHTTP2 HTTP2ToHTTP1Codec.swift
[1996/2053] Compiling NIOHTTP2 NIOHTTP2FrameDelegate.swift
[1997/2053] Compiling NIOHTTP2 NIOHTTP2ServerConnectionManagementHandler+StateMachine.swift
[1998/2053] Compiling NIOHTTP2 HTTP2ChannelHandler+InlineStreamMultiplexer.swift
[1999/2053] Compiling NIOHTTP2 HTTP2ChannelHandler.swift
[2000/2053] Compiling NIOHTTP2 HTTP2CommonInboundStreamMultiplexer.swift
[2001/2053] Compiling NIOHTTP2 HTTP2ConnectionStateChange.swift
[2002/2053] Compiling NIOHTTP2 HTTP2Error.swift
[2003/2053] Compiling NIOHTTP2 HTTP2ErrorCode.swift
[2004/2053] Compiling NIOHTTP2 HTTP2FlowControlWindow.swift
[2005/2053] Compiling NIOHTTP2 HTTP2Frame.swift
[2006/2053] Compiling NIOHTTP2 HTTP2FrameEncoder.swift
[2007/2053] Compiling NIOHTTP2 HTTP2FrameParser.swift
[2008/2053] Compiling NIOHTTP2 HTTP2PingData.swift
[2009/2053] Compiling NIOHTTP2 HTTP2PipelineHelpers.swift
[2010/2053] Compiling NIOHTTP2 HTTP2Settings.swift
[2011/2053] Compiling NIOHTTP2 HTTP2Stream.swift
[2012/2053] Compiling NIOHTTP2 HTTP2StreamChannel+OutboundStreamMultiplexer.swift
[2013/2053] Compiling NIOHTTP2 HTTP2StreamChannel.swift
[2014/2053] Compiling NIOHTTP2 HTTP2StreamDelegate.swift
[2015/2053] Compiling NIOHTTP2 HTTP2StreamID.swift
[2016/2053] Compiling NIOHTTP2 DOSHeuristics.swift
[2017/2053] Compiling NIOHTTP2 Error+Any.swift
[2018/2053] Compiling NIOHTTP2 ConcurrentStreamBuffer.swift
[2019/2053] Compiling NIOHTTP2 ControlFrameBuffer.swift
[2020/2053] Compiling NIOHTTP2 OutboundFlowControlBuffer.swift
[2021/2053] Compiling NIOHTTP2 OutboundFrameBuffer.swift
[2022/2053] Compiling NIOHTTP2 GlitchesMonitor.swift
[2023/2053] Compiling NIOHTTP2 HPACKHeaders+Validation.swift
[2024/2053] Compiling NIOHTTP2 HTTP2ChannelHandler+InboundStreamMultiplexer.swift
[2025/2054] Wrapping AST for NIOHTTP2 for debugging
[2027/2118] Emitting module AsyncHTTPClient
[2028/2126] Compiling AsyncHTTPClient HTTPClientResponse.swift
[2029/2126] Compiling AsyncHTTPClient SingleIteratorPrecondition.swift
[2030/2126] Compiling AsyncHTTPClient Transaction+StateMachine.swift
[2031/2126] Compiling AsyncHTTPClient Transaction.swift
[2032/2126] Compiling AsyncHTTPClient Base64.swift
[2033/2126] Compiling AsyncHTTPClient BasicAuth.swift
[2034/2126] Compiling AsyncHTTPClient BestEffortHashableTLSConfiguration.swift
[2035/2126] Compiling AsyncHTTPClient Configuration+BrowserLike.swift
[2036/2126] Compiling AsyncHTTPClient ConnectionPool.swift
[2037/2126] Compiling AsyncHTTPClient AnyAsyncSequence.swift
[2038/2126] Compiling AsyncHTTPClient AnyAsyncSequenceProucerDelete.swift
[2039/2126] Compiling AsyncHTTPClient AsyncLazySequence.swift
[2040/2126] Compiling AsyncHTTPClient HTTPClient+execute.swift
[2041/2126] Compiling AsyncHTTPClient HTTPClient+shutdown.swift
[2042/2126] Compiling AsyncHTTPClient HTTPClient+tracing.swift
[2043/2126] Compiling AsyncHTTPClient HTTPClientRequest+Prepared.swift
[2044/2126] Compiling AsyncHTTPClient HTTPClientRequest+auth.swift
[2045/2126] Compiling AsyncHTTPClient HTTPClientRequest.swift
[2046/2126] Compiling AsyncHTTPClient LRUCache.swift
[2047/2126] Compiling AsyncHTTPClient NIOLoopBound+Execute.swift
[2048/2126] Compiling AsyncHTTPClient NWErrorHandler.swift
[2049/2126] Compiling AsyncHTTPClient NWWaitingHandler.swift
[2050/2126] Compiling AsyncHTTPClient TLSConfiguration.swift
[2051/2126] Compiling AsyncHTTPClient RedirectState.swift
[2052/2126] Compiling AsyncHTTPClient RequestBag+StateMachine.swift
[2053/2126] Compiling AsyncHTTPClient RequestBag+Tracing.swift
[2054/2126] Compiling AsyncHTTPClient RequestBag.swift
[2055/2126] Compiling AsyncHTTPClient RequestValidation.swift
[2056/2126] Compiling AsyncHTTPClient SSLContextCache.swift
[2057/2126] Compiling AsyncHTTPClient Scheme.swift
[2058/2126] Compiling AsyncHTTPClient Singleton.swift
[2059/2126] Compiling AsyncHTTPClient StringConvertibleInstances.swift
[2060/2126] Compiling AsyncHTTPClient StructuredConcurrencyHelpers.swift
[2061/2126] Compiling AsyncHTTPClient TracingSupport.swift
[2062/2126] Compiling AsyncHTTPClient Utils.swift
[2063/2126] Compiling AsyncHTTPClient HTTPConnectionEvent.swift
[2064/2126] Compiling AsyncHTTPClient HTTPConnectionPool+Factory.swift
[2065/2126] Compiling AsyncHTTPClient HTTPConnectionPool+Manager.swift
[2066/2126] Compiling AsyncHTTPClient HTTPConnectionPool.swift
[2067/2126] Compiling AsyncHTTPClient HTTPExecutableRequest.swift
[2068/2126] Compiling AsyncHTTPClient HTTPRequestStateMachine+Demand.swift
[2069/2126] Compiling AsyncHTTPClient HTTPRequestStateMachine.swift
[2070/2126] Compiling AsyncHTTPClient RequestBodyLength.swift
[2071/2126] Compiling AsyncHTTPClient RequestFramingMetadata.swift
[2072/2126] Compiling AsyncHTTPClient HTTP1ProxyConnectHandler.swift
[2073/2126] Compiling AsyncHTTPClient SOCKSEventsHandler.swift
[2074/2126] Compiling AsyncHTTPClient TLSEventsHandler.swift
[2075/2126] Compiling AsyncHTTPClient HTTP1ClientChannelHandler.swift
[2076/2126] Compiling AsyncHTTPClient HTTP1Connection.swift
[2077/2126] Compiling AsyncHTTPClient HTTP1ConnectionStateMachine.swift
[2078/2126] Compiling AsyncHTTPClient HTTP2ClientRequestHandler.swift
[2079/2126] Compiling AsyncHTTPClient HTTP2Connection.swift
[2080/2126] Compiling AsyncHTTPClient HTTP2IdleHandler.swift
[2081/2126] Compiling AsyncHTTPClient RequestOptions.swift
[2082/2126] Compiling AsyncHTTPClient HTTPConnectionPool+Backoff.swift
[2083/2126] Compiling AsyncHTTPClient HTTPConnectionPool+HTTP1Connections.swift
[2084/2126] Compiling AsyncHTTPClient HTTPConnectionPool+HTTP1StateMachine.swift
[2085/2126] Compiling AsyncHTTPClient HTTPConnectionPool+HTTP2Connections.swift
[2086/2126] Compiling AsyncHTTPClient HTTPConnectionPool+HTTP2StateMachine.swift
[2087/2126] Compiling AsyncHTTPClient HTTPConnectionPool+RequestQueue.swift
[2088/2126] Compiling AsyncHTTPClient HTTPConnectionPool+StateMachine.swift
[2089/2126] Compiling AsyncHTTPClient ConnectionTarget.swift
[2090/2126] Compiling AsyncHTTPClient DeconstructedURL.swift
[2091/2126] Compiling AsyncHTTPClient FileDownloadDelegate.swift
[2092/2126] Compiling AsyncHTTPClient FoundationExtensions.swift
[2093/2126] Compiling AsyncHTTPClient HTTPClient+HTTPCookie.swift
[2094/2126] Compiling AsyncHTTPClient HTTPClient+Proxy.swift
[2095/2126] Compiling AsyncHTTPClient HTTPClient+StructuredConcurrency.swift
[2096/2126] Compiling AsyncHTTPClient HTTPClient.swift
[2097/2126] Compiling AsyncHTTPClient HTTPClientConfiguration+SwiftConfiguration.swift
[2098/2126] Compiling AsyncHTTPClient HTTPHandler.swift
[2099/2127] Wrapping AST for AsyncHTTPClient for debugging
[2101/2150] Compiling GoogleAuth ADC.swift
[2102/2150] Compiling GoogleAuth ADCPath.swift
[2103/2150] Compiling GoogleAuth ADCResolver.swift
[2104/2150] Compiling GoogleAuth AuthHeaders.swift
[2105/2153] Compiling GoogleAuth AnonymousCredentials.swift
[2106/2153] Compiling GoogleAuth ApiKeyCredentials.swift
[2107/2153] Compiling GoogleAuth ExternalAccountCredentials.swift
[2108/2153] Compiling GoogleAuth UserAccountData.swift
[2109/2153] Compiling GoogleAuth UserAccountTokenProvider.swift
[2110/2153] Compiling GoogleAuth UserCredentials.swift
[2111/2153] Compiling GoogleAuth SubjectTokenProvider.swift
[2112/2153] Compiling GoogleAuth MDSAccessTokenProvider.swift
[2113/2153] Compiling GoogleAuth MDSCredentials.swift
[2114/2153] Compiling GoogleAuth ServiceAccountCredentials.swift
[2115/2153] Compiling GoogleAuth ServiceAccountData.swift
[2116/2153] Compiling GoogleAuth ServiceAccountTokenProvider.swift
[2117/2153] Compiling GoogleAuth CredentialParserRegistry.swift
[2118/2153] Compiling GoogleAuth Credentials.swift
[2119/2153] Compiling GoogleAuth CredentialsError.swift
[2120/2153] Emitting module GoogleAuth
[2121/2153] Compiling GoogleAuth AuthHTTPClient.swift
[2122/2153] Compiling GoogleAuth AuthHTTPError.swift
[2123/2153] Compiling GoogleAuth RetryEngine.swift
[2124/2153] Compiling GoogleAuth STSHandler.swift
[2125/2153] Compiling GoogleAuth TokenCache.swift
[2126/2153] Compiling GoogleAuth PackageVersion.swift
[2127/2154] Wrapping AST for GoogleAuth for debugging
[2129/2212] Compiling GoogleGax Pagination.swift
/host/spi-builder-workspace/.build/checkouts/swift-google-gax/Sources/GoogleGax/Pagination.swift:44:22: error: cannot convert '@Sendable (String) async throws -> (response: ResponseType, items: [Item], nextToken: String)' to 'nonisolated(nonsending) @Sendable (String) async throws -> (response: ResponseType, items: [Item], nextToken: String)' because crossing of an isolation boundary requires parameter and result types to conform to 'Sendable' protocol
 42 |   ) where ResponseType: _PaginatedResponse<Item> {
 43 |     self.initialPageToken = initialPageToken ?? ""
 44 |     self.fetchPage = { token in
    |                      |- error: cannot convert '@Sendable (String) async throws -> (response: ResponseType, items: [Item], nextToken: String)' to 'nonisolated(nonsending) @Sendable (String) async throws -> (response: ResponseType, items: [Item], nextToken: String)' because crossing of an isolation boundary requires parameter and result types to conform to 'Sendable' protocol
    |                      `- note: type 'Item' does not conform to 'Sendable' protocol
 45 |       let response = try await listRpc(token)
 46 |       return (response, response._getPaginatedItems(), response._nextPageToken())
[2130/2212] Compiling GoogleGax PollingBackoffPolicy.swift
/host/spi-builder-workspace/.build/checkouts/swift-google-gax/Sources/GoogleGax/Pagination.swift:44:22: error: cannot convert '@Sendable (String) async throws -> (response: ResponseType, items: [Item], nextToken: String)' to 'nonisolated(nonsending) @Sendable (String) async throws -> (response: ResponseType, items: [Item], nextToken: String)' because crossing of an isolation boundary requires parameter and result types to conform to 'Sendable' protocol
 42 |   ) where ResponseType: _PaginatedResponse<Item> {
 43 |     self.initialPageToken = initialPageToken ?? ""
 44 |     self.fetchPage = { token in
    |                      |- error: cannot convert '@Sendable (String) async throws -> (response: ResponseType, items: [Item], nextToken: String)' to 'nonisolated(nonsending) @Sendable (String) async throws -> (response: ResponseType, items: [Item], nextToken: String)' because crossing of an isolation boundary requires parameter and result types to conform to 'Sendable' protocol
    |                      `- note: type 'Item' does not conform to 'Sendable' protocol
 45 |       let response = try await listRpc(token)
 46 |       return (response, response._getPaginatedItems(), response._nextPageToken())
[2131/2212] Compiling GoogleGax PollingErrorPolicy.swift
/host/spi-builder-workspace/.build/checkouts/swift-google-gax/Sources/GoogleGax/Pagination.swift:44:22: error: cannot convert '@Sendable (String) async throws -> (response: ResponseType, items: [Item], nextToken: String)' to 'nonisolated(nonsending) @Sendable (String) async throws -> (response: ResponseType, items: [Item], nextToken: String)' because crossing of an isolation boundary requires parameter and result types to conform to 'Sendable' protocol
 42 |   ) where ResponseType: _PaginatedResponse<Item> {
 43 |     self.initialPageToken = initialPageToken ?? ""
 44 |     self.fetchPage = { token in
    |                      |- error: cannot convert '@Sendable (String) async throws -> (response: ResponseType, items: [Item], nextToken: String)' to 'nonisolated(nonsending) @Sendable (String) async throws -> (response: ResponseType, items: [Item], nextToken: String)' because crossing of an isolation boundary requires parameter and result types to conform to 'Sendable' protocol
    |                      `- note: type 'Item' does not conform to 'Sendable' protocol
 45 |       let response = try await listRpc(token)
 46 |       return (response, response._getPaginatedItems(), response._nextPageToken())
[2132/2212] Compiling GoogleGax PollingResult.swift
/host/spi-builder-workspace/.build/checkouts/swift-google-gax/Sources/GoogleGax/Pagination.swift:44:22: error: cannot convert '@Sendable (String) async throws -> (response: ResponseType, items: [Item], nextToken: String)' to 'nonisolated(nonsending) @Sendable (String) async throws -> (response: ResponseType, items: [Item], nextToken: String)' because crossing of an isolation boundary requires parameter and result types to conform to 'Sendable' protocol
 42 |   ) where ResponseType: _PaginatedResponse<Item> {
 43 |     self.initialPageToken = initialPageToken ?? ""
 44 |     self.fetchPage = { token in
    |                      |- error: cannot convert '@Sendable (String) async throws -> (response: ResponseType, items: [Item], nextToken: String)' to 'nonisolated(nonsending) @Sendable (String) async throws -> (response: ResponseType, items: [Item], nextToken: String)' because crossing of an isolation boundary requires parameter and result types to conform to 'Sendable' protocol
    |                      `- note: type 'Item' does not conform to 'Sendable' protocol
 45 |       let response = try await listRpc(token)
 46 |       return (response, response._getPaginatedItems(), response._nextPageToken())
[2133/2212] Compiling GoogleGax PollingState.swift
/host/spi-builder-workspace/.build/checkouts/swift-google-gax/Sources/GoogleGax/Pagination.swift:44:22: error: cannot convert '@Sendable (String) async throws -> (response: ResponseType, items: [Item], nextToken: String)' to 'nonisolated(nonsending) @Sendable (String) async throws -> (response: ResponseType, items: [Item], nextToken: String)' because crossing of an isolation boundary requires parameter and result types to conform to 'Sendable' protocol
 42 |   ) where ResponseType: _PaginatedResponse<Item> {
 43 |     self.initialPageToken = initialPageToken ?? ""
 44 |     self.fetchPage = { token in
    |                      |- error: cannot convert '@Sendable (String) async throws -> (response: ResponseType, items: [Item], nextToken: String)' to 'nonisolated(nonsending) @Sendable (String) async throws -> (response: ResponseType, items: [Item], nextToken: String)' because crossing of an isolation boundary requires parameter and result types to conform to 'Sendable' protocol
    |                      `- note: type 'Item' does not conform to 'Sendable' protocol
 45 |       let response = try await listRpc(token)
 46 |       return (response, response._getPaginatedItems(), response._nextPageToken())
[2134/2212] Compiling GoogleGax ProtobufConversionError.swift
/host/spi-builder-workspace/.build/checkouts/swift-google-gax/Sources/GoogleGax/Pagination.swift:44:22: error: cannot convert '@Sendable (String) async throws -> (response: ResponseType, items: [Item], nextToken: String)' to 'nonisolated(nonsending) @Sendable (String) async throws -> (response: ResponseType, items: [Item], nextToken: String)' because crossing of an isolation boundary requires parameter and result types to conform to 'Sendable' protocol
 42 |   ) where ResponseType: _PaginatedResponse<Item> {
 43 |     self.initialPageToken = initialPageToken ?? ""
 44 |     self.fetchPage = { token in
    |                      |- error: cannot convert '@Sendable (String) async throws -> (response: ResponseType, items: [Item], nextToken: String)' to 'nonisolated(nonsending) @Sendable (String) async throws -> (response: ResponseType, items: [Item], nextToken: String)' because crossing of an isolation boundary requires parameter and result types to conform to 'Sendable' protocol
    |                      `- note: type 'Item' does not conform to 'Sendable' protocol
 45 |       let response = try await listRpc(token)
 46 |       return (response, response._getPaginatedItems(), response._nextPageToken())
[2135/2212] Compiling GoogleGax QueryParameter.swift
/host/spi-builder-workspace/.build/checkouts/swift-google-gax/Sources/GoogleGax/Pagination.swift:44:22: error: cannot convert '@Sendable (String) async throws -> (response: ResponseType, items: [Item], nextToken: String)' to 'nonisolated(nonsending) @Sendable (String) async throws -> (response: ResponseType, items: [Item], nextToken: String)' because crossing of an isolation boundary requires parameter and result types to conform to 'Sendable' protocol
 42 |   ) where ResponseType: _PaginatedResponse<Item> {
 43 |     self.initialPageToken = initialPageToken ?? ""
 44 |     self.fetchPage = { token in
    |                      |- error: cannot convert '@Sendable (String) async throws -> (response: ResponseType, items: [Item], nextToken: String)' to 'nonisolated(nonsending) @Sendable (String) async throws -> (response: ResponseType, items: [Item], nextToken: String)' because crossing of an isolation boundary requires parameter and result types to conform to 'Sendable' protocol
    |                      `- note: type 'Item' does not conform to 'Sendable' protocol
 45 |       let response = try await listRpc(token)
 46 |       return (response, response._getPaginatedItems(), response._nextPageToken())
[2136/2212] Compiling GoogleGax RequestError.swift
/host/spi-builder-workspace/.build/checkouts/swift-google-gax/Sources/GoogleGax/Pagination.swift:44:22: error: cannot convert '@Sendable (String) async throws -> (response: ResponseType, items: [Item], nextToken: String)' to 'nonisolated(nonsending) @Sendable (String) async throws -> (response: ResponseType, items: [Item], nextToken: String)' because crossing of an isolation boundary requires parameter and result types to conform to 'Sendable' protocol
 42 |   ) where ResponseType: _PaginatedResponse<Item> {
 43 |     self.initialPageToken = initialPageToken ?? ""
 44 |     self.fetchPage = { token in
    |                      |- error: cannot convert '@Sendable (String) async throws -> (response: ResponseType, items: [Item], nextToken: String)' to 'nonisolated(nonsending) @Sendable (String) async throws -> (response: ResponseType, items: [Item], nextToken: String)' because crossing of an isolation boundary requires parameter and result types to conform to 'Sendable' protocol
    |                      `- note: type 'Item' does not conform to 'Sendable' protocol
 45 |       let response = try await listRpc(token)
 46 |       return (response, response._getPaginatedItems(), response._nextPageToken())
[2137/2220] Compiling GoogleGax AIP194+PollingErrorPolicy.swift
[2138/2220] Compiling GoogleGax AIP194+RetryPolicy.swift
[2139/2220] Compiling GoogleGax AIP194.swift
[2140/2220] Compiling GoogleGax AdaptiveThrottler.swift
[2141/2220] Compiling GoogleGax AlwaysPoll.swift
[2142/2220] Compiling GoogleGax AlwaysRetry.swift
[2143/2220] Compiling GoogleGax ApiClientHeader.swift
[2144/2220] Compiling GoogleGax BackoffPolicy.swift
[2145/2220] Compiling GoogleGax BasePollingErrorPolicy.swift
[2146/2220] Compiling GoogleGax LimitedAttemptCount+PollingErrorPolicy.swift
[2147/2220] Compiling GoogleGax LimitedAttemptCount+RetryPolicy.swift
[2148/2220] Compiling GoogleGax LimitedAttemptCount.swift
[2149/2220] Compiling GoogleGax LimitedElapsedTime+PollingErrorPolicy.swift
[2150/2220] Compiling GoogleGax LimitedElapsedTime+RetryPolicy.swift
[2151/2220] Compiling GoogleGax LimitedElapsedTime.swift
[2152/2220] Compiling GoogleGax LongRunningOperations.swift
[2153/2220] Compiling GoogleGax NeverRetry.swift
[2154/2220] Emitting module GoogleGax
[2155/2220] Compiling GoogleGax RequestOptions.swift
[2156/2220] Compiling GoogleGax RetryLoop.swift
[2157/2220] Compiling GoogleGax RetryPolicy.swift
[2158/2220] Compiling GoogleGax RetryResult.swift
[2159/2220] Compiling GoogleGax RetryState.swift
[2160/2220] Compiling GoogleGax RetryThrottler.swift
[2161/2220] Compiling GoogleGax RetryThrottlerError.swift
[2162/2220] Compiling GoogleGax RoutingMatcher.swift
[2163/2220] Compiling GoogleGax ContinueOnIO.swift
[2164/2220] Compiling GoogleGax CredentialsProtocol.swift
[2165/2220] Compiling GoogleGax ErrorWrapper.swift
[2166/2220] Compiling GoogleGax ExponentialBackoff+BackoffPolicy.swift
[2167/2220] Compiling GoogleGax ExponentialBackoff+PollingBackoffPolicy.swift
[2168/2220] Compiling GoogleGax ExponentialBackoff.swift
[2169/2220] Compiling GoogleGax HTTPClient.swift
[2170/2220] Compiling GoogleGax HTTPClientHolder.swift
[2171/2220] Compiling GoogleGax BaseRetryPolicy.swift
[2172/2220] Compiling GoogleGax BindingError.swift
[2173/2220] Compiling GoogleGax CRC32C.swift
[2174/2220] Compiling GoogleGax CircuitBreaker.swift
[2175/2220] Compiling GoogleGax ClientError.swift
[2176/2220] Compiling GoogleGax ClientOptions.swift
[2177/2220] Compiling GoogleGax ContinueOnIO+PollingErrorPolicy.swift
[2178/2220] Compiling GoogleGax ContinueOnIO+RetryPolicy.swift
[2179/2220] Compiling GoogleGax HTTPClientProtocol.swift
[2180/2220] Compiling GoogleGax HTTPClientRequest.swift
[2181/2220] Compiling GoogleGax HTTPClientResponse.swift
[2182/2220] Compiling GoogleGax HTTPHeaders.swift
[2183/2220] Compiling GoogleGax HTTPResponseBody.swift
[2184/2220] Compiling GoogleGax HeaderNames.swift
[2185/2220] Compiling GoogleGax Host.swift
[2186/2220] Compiling GoogleGax InProgressResult.swift
[2187/2220] Compiling GoogleGax ServiceError.swift
[2188/2220] Compiling GoogleGax StatusDetail.swift
[2189/2220] Compiling GoogleGax StrictIdempotency.swift
[2190/2220] Compiling GoogleGax ThrottleResult.swift
[2191/2220] Compiling GoogleGax TooManyRequests+PollingErrorPolicy.swift
[2192/2220] Compiling GoogleGax TooManyRequests+RetryPolicy.swift
[2193/2220] Compiling GoogleGax TooManyRequests.swift
[2194/2220] Compiling GoogleGax PackageVersion.swift
BUILD FAILURE 6.2 android