Build Information
Failed to build AxiamSDK, reference v1.1.0 (2d40c8), with Swift 6.1 for macOS (SPM) on 18 Oct 2026 17:57:55 UTC.
Build Command
env DEVELOPER_DIR=/Applications/Xcode-16.3.0.app xcrun swift build --arch arm64Build Log
========================================
RunAll
========================================
Builder version: 5.1.3
Interrupt handler set up.
========================================
Checkout
========================================
Clone URL: https://github.com/ilpanich/axiam-swift-sdk.git
Reference: v1.1.0
Initialized empty Git repository in /Users/admin/builder/spi-builder-workspace/.git/
From https://github.com/ilpanich/axiam-swift-sdk
* tag v1.1.0 -> FETCH_HEAD
HEAD is now at 2d40c8a Merge pull request #74 from ilpanich/claude/contract-1.62
Cloned https://github.com/ilpanich/axiam-swift-sdk.git
Revision (git rev-parse @):
2d40c8a986eec729f0a8768f795b17a8a8349ad8
SUCCESS checkout https://github.com/ilpanich/axiam-swift-sdk.git at v1.1.0
========================================
Build
========================================
Selected platform: macosSpm
Swift version: 6.1
Building package at path: $PWD
https://github.com/ilpanich/axiam-swift-sdk.git
https://github.com/ilpanich/axiam-swift-sdk.git
{
"dependencies" : [
{
"identity" : "async-http-client",
"requirement" : {
"range" : [
{
"lower_bound" : "1.21.0",
"upper_bound" : "2.0.0"
}
]
},
"type" : "sourceControl",
"url" : "https://github.com/swift-server/async-http-client.git"
},
{
"identity" : "swift-nio-ssl",
"requirement" : {
"range" : [
{
"lower_bound" : "2.25.0",
"upper_bound" : "3.0.0"
}
]
},
"type" : "sourceControl",
"url" : "https://github.com/apple/swift-nio-ssl.git"
},
{
"identity" : "swift-crypto",
"requirement" : {
"range" : [
{
"lower_bound" : "3.2.0",
"upper_bound" : "4.0.0"
}
]
},
"type" : "sourceControl",
"url" : "https://github.com/apple/swift-crypto.git"
},
{
"identity" : "swift-nio",
"requirement" : {
"range" : [
{
"lower_bound" : "2.62.0",
"upper_bound" : "3.0.0"
}
]
},
"type" : "sourceControl",
"url" : "https://github.com/apple/swift-nio.git"
},
{
"identity" : "swift-docc-plugin",
"requirement" : {
"range" : [
{
"lower_bound" : "1.3.0",
"upper_bound" : "2.0.0"
}
]
},
"type" : "sourceControl",
"url" : "https://github.com/apple/swift-docc-plugin.git"
}
],
"manifest_display_name" : "AxiamSDK",
"name" : "AxiamSDK",
"path" : "/Users/admin/builder/spi-builder-workspace",
"platforms" : [
{
"name" : "macos",
"version" : "13.0"
},
{
"name" : "ios",
"version" : "16.0"
}
],
"products" : [
{
"name" : "AxiamSDK",
"targets" : [
"AxiamSDK"
],
"type" : {
"library" : [
"automatic"
]
}
},
{
"name" : "WebauthnPasskeysExample",
"targets" : [
"WebauthnPasskeysExample"
],
"type" : {
"executable" : null
}
},
{
"name" : "VersionCompatibilityExample",
"targets" : [
"VersionCompatibilityExample"
],
"type" : {
"executable" : null
}
},
{
"name" : "UmaResourceServerExample",
"targets" : [
"UmaResourceServerExample"
],
"type" : {
"executable" : null
}
},
{
"name" : "UmaClientExample",
"targets" : [
"UmaClientExample"
],
"type" : {
"executable" : null
}
},
{
"name" : "TokenExchangeExample",
"targets" : [
"TokenExchangeExample"
],
"type" : {
"executable" : null
}
},
{
"name" : "TelemetryHookExample",
"targets" : [
"TelemetryHookExample"
],
"type" : {
"executable" : null
}
},
{
"name" : "RestAuthzExample",
"targets" : [
"RestAuthzExample"
],
"type" : {
"executable" : null
}
},
{
"name" : "ReactorExample",
"targets" : [
"ReactorExample"
],
"type" : {
"executable" : null
}
},
{
"name" : "ParLoginExample",
"targets" : [
"ParLoginExample"
],
"type" : {
"executable" : null
}
},
{
"name" : "OpaqueLoginExample",
"targets" : [
"OpaqueLoginExample"
],
"type" : {
"executable" : null
}
},
{
"name" : "OidcLoginExample",
"targets" : [
"OidcLoginExample"
],
"type" : {
"executable" : null
}
},
{
"name" : "ManagementManifestExample",
"targets" : [
"ManagementManifestExample"
],
"type" : {
"executable" : null
}
},
{
"name" : "ManagementBasicsExample",
"targets" : [
"ManagementBasicsExample"
],
"type" : {
"executable" : null
}
},
{
"name" : "LoginMFAExample",
"targets" : [
"LoginMFAExample"
],
"type" : {
"executable" : null
}
},
{
"name" : "DeviceMtlsProvisioningExample",
"targets" : [
"DeviceMtlsProvisioningExample"
],
"type" : {
"executable" : null
}
},
{
"name" : "DeviceLoginExample",
"targets" : [
"DeviceLoginExample"
],
"type" : {
"executable" : null
}
},
{
"name" : "AccountLifecycleExample",
"targets" : [
"AccountLifecycleExample"
],
"type" : {
"executable" : null
}
}
],
"targets" : [
{
"c99name" : "WebauthnPasskeysExample",
"module_type" : "SwiftTarget",
"name" : "WebauthnPasskeysExample",
"path" : "Examples/WebauthnPasskeys",
"product_memberships" : [
"WebauthnPasskeysExample"
],
"sources" : [
"main.swift"
],
"target_dependencies" : [
"AxiamSDK"
],
"type" : "executable"
},
{
"c99name" : "VersionCompatibilityExample",
"module_type" : "SwiftTarget",
"name" : "VersionCompatibilityExample",
"path" : "Examples/VersionCompatibility",
"product_memberships" : [
"VersionCompatibilityExample"
],
"sources" : [
"main.swift"
],
"target_dependencies" : [
"AxiamSDK"
],
"type" : "executable"
},
{
"c99name" : "UmaResourceServerExample",
"module_type" : "SwiftTarget",
"name" : "UmaResourceServerExample",
"path" : "Examples/UmaResourceServer",
"product_memberships" : [
"UmaResourceServerExample"
],
"sources" : [
"main.swift"
],
"target_dependencies" : [
"AxiamSDK"
],
"type" : "executable"
},
{
"c99name" : "UmaClientExample",
"module_type" : "SwiftTarget",
"name" : "UmaClientExample",
"path" : "Examples/UmaClient",
"product_memberships" : [
"UmaClientExample"
],
"sources" : [
"main.swift"
],
"target_dependencies" : [
"AxiamSDK"
],
"type" : "executable"
},
{
"c99name" : "TokenExchangeExample",
"module_type" : "SwiftTarget",
"name" : "TokenExchangeExample",
"path" : "Examples/TokenExchange",
"product_memberships" : [
"TokenExchangeExample"
],
"sources" : [
"main.swift"
],
"target_dependencies" : [
"AxiamSDK"
],
"type" : "executable"
},
{
"c99name" : "TelemetryHookExample",
"module_type" : "SwiftTarget",
"name" : "TelemetryHookExample",
"path" : "Examples/TelemetryHook",
"product_memberships" : [
"TelemetryHookExample"
],
"sources" : [
"main.swift"
],
"target_dependencies" : [
"AxiamSDK"
],
"type" : "executable"
},
{
"c99name" : "RestAuthzExample",
"module_type" : "SwiftTarget",
"name" : "RestAuthzExample",
"path" : "Examples/RestAuthz",
"product_memberships" : [
"RestAuthzExample"
],
"sources" : [
"main.swift"
],
"target_dependencies" : [
"AxiamSDK"
],
"type" : "executable"
},
{
"c99name" : "ReactorExample",
"module_type" : "SwiftTarget",
"name" : "ReactorExample",
"path" : "Examples/Reactor",
"product_memberships" : [
"ReactorExample"
],
"sources" : [
"main.swift"
],
"target_dependencies" : [
"AxiamSDK"
],
"type" : "executable"
},
{
"c99name" : "ParLoginExample",
"module_type" : "SwiftTarget",
"name" : "ParLoginExample",
"path" : "Examples/ParLogin",
"product_memberships" : [
"ParLoginExample"
],
"sources" : [
"main.swift"
],
"target_dependencies" : [
"AxiamSDK"
],
"type" : "executable"
},
{
"c99name" : "OpaqueLoginExample",
"module_type" : "SwiftTarget",
"name" : "OpaqueLoginExample",
"path" : "Examples/OpaqueLogin",
"product_memberships" : [
"OpaqueLoginExample"
],
"sources" : [
"main.swift"
],
"target_dependencies" : [
"AxiamSDK"
],
"type" : "executable"
},
{
"c99name" : "OidcLoginExample",
"module_type" : "SwiftTarget",
"name" : "OidcLoginExample",
"path" : "Examples/OidcLogin",
"product_memberships" : [
"OidcLoginExample"
],
"sources" : [
"main.swift"
],
"target_dependencies" : [
"AxiamSDK"
],
"type" : "executable"
},
{
"c99name" : "ManagementManifestExample",
"module_type" : "SwiftTarget",
"name" : "ManagementManifestExample",
"path" : "Examples/ManagementManifest",
"product_memberships" : [
"ManagementManifestExample"
],
"sources" : [
"main.swift"
],
"target_dependencies" : [
"AxiamSDK"
],
"type" : "executable"
},
{
"c99name" : "ManagementBasicsExample",
"module_type" : "SwiftTarget",
"name" : "ManagementBasicsExample",
"path" : "Examples/ManagementBasics",
"product_memberships" : [
"ManagementBasicsExample"
],
"sources" : [
"main.swift"
],
"target_dependencies" : [
"AxiamSDK"
],
"type" : "executable"
},
{
"c99name" : "LoginMFAExample",
"module_type" : "SwiftTarget",
"name" : "LoginMFAExample",
"path" : "Examples/LoginMFA",
"product_memberships" : [
"LoginMFAExample"
],
"sources" : [
"main.swift"
],
"target_dependencies" : [
"AxiamSDK"
],
"type" : "executable"
},
{
"c99name" : "DeviceMtlsProvisioningExample",
"module_type" : "SwiftTarget",
"name" : "DeviceMtlsProvisioningExample",
"path" : "Examples/DeviceMtlsProvisioning",
"product_memberships" : [
"DeviceMtlsProvisioningExample"
],
"sources" : [
"main.swift"
],
"target_dependencies" : [
"AxiamSDK"
],
"type" : "executable"
},
{
"c99name" : "DeviceLoginExample",
"module_type" : "SwiftTarget",
"name" : "DeviceLoginExample",
"path" : "Examples/DeviceLogin",
"product_memberships" : [
"DeviceLoginExample"
],
"sources" : [
"main.swift"
],
"target_dependencies" : [
"AxiamSDK"
],
"type" : "executable"
},
{
"c99name" : "AxiamSDKTests",
"module_type" : "SwiftTarget",
"name" : "AxiamSDKTests",
"path" : "Tests/AxiamSDKTests",
"product_dependencies" : [
"NIOCore",
"NIOPosix",
"NIOHTTP1",
"NIOSSL",
"Crypto",
"_CryptoExtras"
],
"resources" : [
{
"path" : "/Users/admin/builder/spi-builder-workspace/Tests/AxiamSDKTests/Support/reactor_v2_reference_vectors.json",
"rule" : {
"copy" : {
}
}
}
],
"sources" : [
"AccountLifecycleTests.swift",
"ActingTenantTests.swift",
"AxiamClientTests.swift",
"CallSiteDocumentationTests.swift",
"CibaTests.swift",
"ClientRegistrationTests.swift",
"Contract135Tests.swift",
"Contract151ModelsTests.swift",
"Contract160ManagementTests.swift",
"Contract161ManagementTests.swift",
"Contract162DeviceGrantTests.swift",
"Contract162Oauth2NoSessionCredentialTests.swift",
"D5ConformanceTests.swift",
"DeviceGrantTests.swift",
"DeviceMtlsLoginTests.swift",
"DirectoryManagementTests.swift",
"DpopProofTests.swift",
"FakeOpaqueNative.swift",
"GuardTests.swift",
"LocalVerificationSetTests.swift",
"ManagementCoreTests.swift",
"ManagementGeneratedTests.swift",
"ManagementManifestTests.swift",
"ManagementSemanticsTests.swift",
"ManifestAdditionsTests.swift",
"ManifestNestedResourceTests.swift",
"McpResourceServerTests.swift",
"MtlsEndpointAliasesTests.swift",
"NetworkManagementTests.swift",
"NetworkManifestTests.swift",
"OidcLoginProvidersTests.swift",
"OidcTests.swift",
"OpaqueBindingTests.swift",
"OpaqueLoginTests.swift",
"ParTests.swift",
"ReactorTests.swift",
"ReasonCodeTests.swift",
"RefreshRule6Tests.swift",
"RefreshSingleFlightTests.swift",
"RevocationFeedTests.swift",
"Rule8CallerCredentialTests.swift",
"Rule9CertificateBindingTests.swift",
"SamlManagementTests.swift",
"ScimTargetsManagementTests.swift",
"SessionResetOnCompletionTests.swift",
"SsfManagementTests.swift",
"SsfReceiverTests.swift",
"Support/ManagementStubTransport.swift",
"Support/MockTransport.swift",
"Support/PKIFixtures.swift",
"Support/RefreshProbeTransport.swift",
"Support/RoutedTransport.swift",
"Support/ScriptedTransport.swift",
"Support/TestHTTPServer.swift",
"Support/TestKit.swift",
"TokenBindingTests.swift",
"TokenExchangeAndLogoutTests.swift",
"UmaChallengeGuardTests.swift",
"UmaTests.swift",
"UnitTests.swift",
"VersionPolicyTests.swift",
"WebauthnTests.swift",
"WebhookTests.swift"
],
"target_dependencies" : [
"AxiamSDK"
],
"type" : "test"
},
{
"c99name" : "AxiamSDK",
"module_type" : "SwiftTarget",
"name" : "AxiamSDK",
"path" : "Sources/AxiamSDK",
"product_dependencies" : [
"AsyncHTTPClient",
"NIOSSL",
"Crypto",
"_CryptoExtras",
"NIOCore",
"NIOHTTP1"
],
"product_memberships" : [
"AxiamSDK",
"WebauthnPasskeysExample",
"VersionCompatibilityExample",
"UmaResourceServerExample",
"UmaClientExample",
"TokenExchangeExample",
"TelemetryHookExample",
"RestAuthzExample",
"ReactorExample",
"ParLoginExample",
"OpaqueLoginExample",
"OidcLoginExample",
"ManagementManifestExample",
"ManagementBasicsExample",
"LoginMFAExample",
"DeviceMtlsProvisioningExample",
"DeviceLoginExample",
"AccountLifecycleExample"
],
"sources" : [
"Account/AccountTypes.swift",
"Account/AxiamClient+Account.swift",
"AxiamClient.swift",
"AxiamConfig.swift",
"ConstantTime.swift",
"CookieJar.swift",
"DecisionMemo.swift",
"Errors.swift",
"Guard/AxiamGuards.swift",
"Guard/AxiamRequestAuthenticator.swift",
"Guard/DpopVerifier.swift",
"Guard/McpResourceServer.swift",
"Guard/UmaChallenger.swift",
"HTTP/BareRequest.swift",
"HTTP/HTTPTransport.swift",
"JWKS/Base64URL.swift",
"JWKS/JwksVerifier.swift",
"JWKS/RevocationFeed.swift",
"Management/AxiamClient+Management.swift",
"Management/Generated/ManagementModels.swift",
"Management/Generated/ManagementNamespaces.swift",
"Management/ManagementChecks.swift",
"Management/ManagementCore.swift",
"Management/ManagementManifest.swift",
"Management/ManagementManifestNetwork.swift",
"Models.swift",
"Oidc/Ciba.swift",
"Oidc/ClientRegistration.swift",
"Oidc/DeviceGrant.swift",
"Oidc/Logout.swift",
"Oidc/Oidc.swift",
"Oidc/OidcInternals.swift",
"Oidc/OidcPkce.swift",
"Oidc/OidcTypes.swift",
"Oidc/Par.swift",
"Oidc/TokenExchange.swift",
"Opaque/DynamicOpaqueNative.swift",
"Opaque/KsfParams.swift",
"Opaque/Opaque.swift",
"Opaque/OpaqueExchange.swift",
"Opaque/OpaqueLibrary.swift",
"Opaque/OpaqueNative.swift",
"Opaque/OpaqueWire.swift",
"Reactor/AmqpsEndpoint.swift",
"Reactor/ReactorProtocol.swift",
"Reactor/ReactorRuntime.swift",
"Reactor/ReactorTypes.swift",
"Retry.swift",
"Sensitive.swift",
"Ssf/SsfReceiver.swift",
"SupportedVersions.swift",
"Telemetry.swift",
"Uma.swift",
"Webauthn/AxiamClient+Webauthn.swift",
"Webauthn/WebauthnCeremony.swift",
"Webauthn/WebauthnTypes.swift",
"Webhooks/AxiamWebhooks.swift"
],
"type" : "library"
},
{
"c99name" : "AccountLifecycleExample",
"module_type" : "SwiftTarget",
"name" : "AccountLifecycleExample",
"path" : "Examples/AccountLifecycle",
"product_memberships" : [
"AccountLifecycleExample"
],
"sources" : [
"main.swift"
],
"target_dependencies" : [
"AxiamSDK"
],
"type" : "executable"
}
],
"tools_version" : "6.0"
}
Running build ...
env DEVELOPER_DIR=/Applications/Xcode-16.3.0.app xcrun swift build --arch arm64 -Xswiftc -Xfrontend -Xswiftc -stats-output-dir -Xswiftc -Xfrontend -Xswiftc .stats
[1/1] Compiling plugin Swift-DocC Preview
[2/2] Compiling plugin Swift-DocC
Building for debugging...
[2/920] Write sources
[6/920] Write UmaResourceServerExample-entitlement.plist
[6/920] Write UmaClientExample-entitlement.plist
[6/920] Copying PrivacyInfo.xcprivacy
[11/920] Write WebauthnPasskeysExample-entitlement.plist
[13/920] Write sources
[13/920] Write VersionCompatibilityExample-entitlement.plist
[15/920] Write sources
[16/920] Copying PrivacyInfo.xcprivacy
[16/920] Write sources
[18/920] Copying PrivacyInfo.xcprivacy
[18/920] Write TelemetryHookExample-entitlement.plist
[18/920] Write sources
[24/920] Write TokenExchangeExample-entitlement.plist
[25/920] Write RestAuthzExample-entitlement.plist
[25/920] Write sources
[29/920] Write ReactorExample-entitlement.plist
[29/920] Write sources
[29/920] Write ParLoginExample-entitlement.plist
[29/920] Write sources
[34/920] Write OpaqueLoginExample-entitlement.plist
[36/920] Write sources
[39/920] Write OidcLoginExample-entitlement.plist
[39/920] Write sources
[52/920] Write ManagementManifestExample-entitlement.plist
[52/920] Write sources
[57/920] Write LoginMFAExample-entitlement.plist
[57/920] Write ManagementBasicsExample-entitlement.plist
[59/920] Write sources
[63/920] Write DeviceMtlsProvisioningExample-entitlement.plist
[63/920] Write sources
[65/920] Write DeviceLoginExample-entitlement.plist
[65/920] Write sources
[70/920] Compiling CNIOWASI CNIOWASI.c
[70/920] Compiling CNIOWindows shim.c
[72/920] Compiling CNIOWindows WSAStartup.c
[73/920] Compiling CNIOLinux shim.c
[74/920] Compiling CNIOOpenBSD shim.c
[74/920] Compiling CNIOLinux liburing_shims.c
[76/920] Compiling _NumericsShims _NumericsShims.c
[77/920] Write swift-version-2F0A5646E1D333AE.txt
[78/920] Compiling CNIOFreeBSD shim.c
[79/920] Compiling _AtomicsShims.c
[80/920] Compiling CNIOPosix event_loop_id.c
[81/924] Compiling CNIOLLHTTP c_nio_http.c
[82/947] Compiling CNIOExtrasZlib inflate.c
[83/947] Compiling CNIOExtrasZlib trees.c
[84/947] Compiling CNIOExtrasZlib inftrees.c
[85/947] Compiling CNIOLLHTTP c_nio_llhttp.c
[86/966] Compiling CNIOLLHTTP c_nio_api.c
[87/988] Compiling CNIOExtrasZlib inffast.c
[88/988] Compiling CNIOExtrasZlib deflate.c
[89/1062] Compiling CNIOExtrasZlib crc32.c
[90/1062] Compiling CNIOExtrasZlib adler32.c
[92/1062] Compiling _NIOBase64 Base64.swift
[93/1062] Emitting module _NIOBase64
[93/1062] Compiling CNIOExtrasZlib zutil.c
[95/1062] Compiling Crypto PEMDocument.swift
[96/1062] Compiling Crypto PKCS8PrivateKey.swift
[96/1063] Compiling fiat_p256_adx_sqr.S
[97/1063] Compiling fiat_p256_adx_mul.S
[99/1063] Compiling InternalCollectionsUtilities _UniqueCollection.swift
[99/1063] Compiling fiat_curve25519_adx_square.S
[100/1063] Compiling fiat_curve25519_adx_mul.S
[102/1063] Compiling ServiceContextModule ServiceContextKey.swift
[103/1063] Compiling ServiceContextModule ServiceContext.swift
[104/1063] Emitting module ServiceContextModule
[105/1063] Compiling RealModule RealFunctions.swift
[106/1064] Compiling Logging LogEvent.swift
[107/1065] Compiling Crypto AES.swift
[108/1065] Compiling Crypto ECDSASignature_boring.swift
[109/1065] Compiling RealModule Float80+Real.swift
[110/1065] Compiling RealModule Real.swift
[110/1065] Compiling CNIODarwin shim.c
[112/1065] Compiling RealModule RelaxedArithmetic.swift
[113/1065] Compiling Crypto ObjectIdentifier.swift
[114/1065] Compiling Crypto ECDSASignature.swift
[115/1065] Compiling Crypto HPKE-KEM.swift
[116/1065] Compiling Crypto HPKE-Errors.swift
[117/1065] Emitting module InternalCollectionsUtilities
[118/1065] Compiling RealModule Float16+Real.swift
[119/1065] Compiling RealModule Float+Real.swift
[120/1065] Compiling RealModule ElementaryFunctions.swift
[121/1065] Compiling Crypto HPKE-KEM-Curve25519.swift
[122/1065] Compiling Crypto HPKE-NIST-EC-KEMs.swift
[123/1065] Compiling Crypto HPKE-KexKeyDerivation.swift
[124/1065] Compiling Crypto HPKE-LabeledExtract.swift
[125/1065] Compiling RealModule AugmentedArithmetic.swift
[126/1065] Emitting module RealModule
[127/1065] Compiling RealModule Double+Real.swift
[128/1071] Compiling Logging LoggingSystem.swift
[129/1071] Compiling Crypto SEC1PrivateKey.swift
[130/1071] Compiling Crypto SubjectPublicKeyInfo.swift
[131/1071] Compiling Crypto CryptoError_boring.swift
[132/1071] Compiling Crypto CryptoKitErrors.swift
[135/1071] Compiling Crypto HPKE-Utils.swift
[136/1071] Compiling Crypto DHKEM.swift
[137/1071] Compiling Logging LogHandler.swift
[138/1071] Compiling Logging Logger+Attributes.swift
[139/1071] Compiling Logging Logger+With.swift
unable to find node: pound
unable to find node: pound
[140/1071] Compiling Logging Logger.swift
[141/1071] Compiling Logging MetadataProvider.swift
[142/1071] Compiling _NIODataStructures PriorityQueue.swift
[143/1071] Emitting module _NIODataStructures
[144/1071] Compiling _NIODataStructures _TinyArray.swift
[145/1071] Compiling _NIODataStructures Heap.swift
[146/1071] Compiling Logging SwiftLogNoOpLogHandler.swift
[147/1071] Compiling Logging Locks.swift
[147/1071] Compiling CNIOBoringSSLShims shims.c
[149/1071] Compiling Instrumentation Instrument.swift
[150/1071] Compiling Instrumentation MultiplexInstrument.swift
[151/1071] Compiling Instrumentation NoOpInstrument.swift
[152/1071] Emitting module Instrumentation
[153/1071] Compiling Instrumentation InstrumentationSystem.swift
[154/1071] Compiling Instrumentation Locks.swift
[157/1071] Emitting module Logging
unable to find node: pound
unable to find node: pound
[158/1113] Compiling ContainersPreview BorrowingIteratorProtocol.swift
[159/1113] Compiling ContainersPreview BorrowingSequence+Algorithms.swift
[160/1113] Compiling ContainersPreview BorrowingSequence+Standard Conformances.swift
[161/1113] Compiling ContainersPreview BorrowingSequence+Utilities.swift
[162/1120] Compiling ContainersPreview Producer+Collect.swift
[163/1120] Compiling ContainersPreview Producer+Filter.swift
[164/1120] Compiling ContainersPreview Producer+Map.swift
[165/1120] Compiling ContainersPreview Producer+Reduce.swift
[166/1120] Compiling ContainersPreview BorrowingIteratorProtocol+Filter.swift
[167/1120] Compiling ContainersPreview BorrowingIteratorProtocol+Map.swift
[168/1120] Compiling ContainersPreview BorrowingIteratorProtocol+Reduce.swift
[169/1120] Compiling ContainersPreview BorrowingIteratorProtocol+SpanwiseZip.swift
[170/1120] Compiling ContainersPreview OutputSpan+Extras.swift
[171/1120] Compiling ContainersPreview TemporaryAllocation.swift
[172/1120] Compiling ContainersPreview BorrowingIteratorProtocol+Copy.swift
[173/1120] Compiling ContainersPreview BorrowingIteratorProtocol+ElementsEqual.swift
[174/1120] Compiling ContainersPreview Producer.swift
[175/1120] Compiling ContainersPreview InputSpan.swift
[176/1120] Compiling ContainersPreview MutableRef.swift
[177/1120] Compiling ContainersPreview Ref.swift
[178/1120] Emitting module ContainersPreview
[179/1120] Compiling ContainersPreview PermutableContainer.swift
[180/1120] Compiling ContainersPreview RandomAccessContainer.swift
[181/1120] Compiling ContainersPreview RangeExpression2.swift
[182/1120] Compiling ContainersPreview RangeReplaceableContainer.swift
[183/1120] Compiling ContainersPreview Strideable+Limits.swift
[184/1120] Compiling ContainersPreview Drain+Map.swift
[185/1120] Compiling ContainersPreview Drain+Reduce.swift
[186/1120] Compiling ContainersPreview Drain.swift
[187/1120] Compiling ContainersPreview BorrowingSequence.swift
[188/1120] Compiling ContainersPreview BidirectionalContainer.swift
[189/1120] Compiling ContainersPreview Container+Filter.swift
[190/1120] Compiling ContainersPreview Container+SpanwiseZip.swift
[191/1120] Compiling ContainersPreview Container.swift
[192/1120] Compiling ContainersPreview ContainerIterator.swift
[193/1120] Compiling ContainersPreview DynamicContainer.swift
[194/1120] Compiling ContainersPreview MutableContainer.swift
[195/1120] Compiling ContainersPreview Shared.swift
[196/1120] Compiling ContainersPreview SpanIterator.swift
[197/1120] Compiling ContainersPreview UniqueBox.swift
[198/1120] Compiling Tracing WithTracer.swift
[198/1120] Compiling tls_method.cc
[199/1120] Compiling tls_record.cc
[200/1120] Compiling tls13_server.cc
[202/1120] Compiling Tracing TracingTime.swift
[203/1120] Compiling Tracing TracerProtocol.swift
[204/1120] Compiling Tracing Tracer.swift
[205/1120] Compiling Tracing TracerProtocol+Legacy.swift
[205/1120] Compiling tls13_enc.cc
[207/1120] Compiling Tracing NoOpTracer.swift
[208/1120] Compiling Tracing InstrumentationSystem+Tracing.swift
[209/1120] Emitting module Tracing
[210/1120] Compiling Tracing SpanProtocol.swift
[210/1162] Compiling tls13_client.cc
[212/1162] Compiling DequeModule UniqueDeque+Insertions.swift
[213/1162] Compiling DequeModule UniqueDeque+Prepend.swift
[214/1162] Compiling DequeModule UniqueDeque+Removals.swift
[215/1162] Compiling DequeModule UniqueDeque+Replacements.swift
[216/1162] Compiling DequeModule UniqueDeque+Consumption.swift
[217/1162] Compiling DequeModule UniqueDeque+Container.swift
[218/1162] Compiling DequeModule UniqueDeque+Deprecated.swift
[219/1162] Compiling DequeModule UniqueDeque+Descriptions.swift
[220/1162] Compiling DequeModule RigidDeque+Consumption.swift
[221/1162] Compiling DequeModule RigidDeque+Container.swift
[222/1162] Compiling DequeModule RigidDeque+Descriptions.swift
[223/1162] Compiling DequeModule RigidDeque+Equatable.swift
[224/1162] Compiling DequeModule RigidDeque+Experimental.swift
[225/1162] Compiling DequeModule RigidDeque+Hashable.swift
[226/1162] Compiling DequeModule RigidDeque+Initializers.swift
[227/1162] Compiling DequeModule RigidDeque+Insertions.swift
[228/1162] Compiling DequeModule RigidDeque+Prepend.swift
[229/1162] Compiling DequeModule RigidDeque+Removals.swift
[229/1166] Compiling tls13_both.cc
[230/1166] Compiling t1_enc.cc
[232/1166] Compiling DequeModule UniqueDeque+Equatable.swift
[233/1166] Compiling DequeModule UniqueDeque+Experimental.swift
[234/1166] Compiling DequeModule UniqueDeque+Hashable.swift
[235/1166] Compiling DequeModule UniqueDeque+Initializers.swift
[236/1166] Compiling DequeModule Deque+ExpressibleByArrayLiteral.swift
[237/1166] Compiling DequeModule Deque+Extras.swift
[238/1166] Compiling DequeModule Deque+Hashable.swift
[239/1166] Compiling DequeModule Deque+Testing.swift
[240/1166] Compiling DequeModule Deque._Storage.swift
[241/1166] Compiling DequeModule RigidDeque+Replacements.swift
[242/1166] Compiling DequeModule RigidDeque+Testing.swift
[243/1166] Compiling DequeModule RigidDeque.swift
[244/1166] Compiling DequeModule UniqueDeque+Append.swift
[245/1166] Compiling DequeModule Deque._UnsafeHandle.swift
[246/1166] Compiling DequeModule Deque.swift
[247/1166] Compiling DequeModule _DequeBuffer.swift
[248/1166] Compiling DequeModule _DequeBufferHeader.swift
[249/1166] Compiling DequeModule RigidDeque+Append.swift
[250/1166] Compiling DequeModule Deque+Codable.swift
[251/1166] Compiling DequeModule Deque+Collection.swift
[252/1166] Compiling DequeModule Deque+CustomReflectable.swift
[253/1166] Compiling DequeModule Deque+Descriptions.swift
[254/1166] Compiling DequeModule Deque+Equatable.swift
[254/1166] Compiling ssl_versions.cc
[256/1166] Emitting module Crypto
[256/1174] Compiling ssl_transcript.cc
[257/1174] Compiling ssl_x509.cc
[258/1174] Compiling ssl_stat.cc
[261/1175] Compiling ssl_session.cc
[262/1175] Compiling ssl_privkey.cc
[264/1175] Compiling SwiftASN1 Errors.swift
[265/1175] Compiling DequeModule UniqueDeque.swift
[266/1175] Compiling DequeModule _DequeSlot.swift
[267/1175] Compiling DequeModule _UnsafeDequeHandle.swift
[268/1175] Compiling DequeModule _UnsafeDequeSegments.swift
[269/1175] Emitting module DequeModule
[269/1175] Compiling ssl_lib.cc
[270/1175] Compiling ssl_key_share.cc
[274/1175] Emitting module SwiftASN1
[274/1175] Compiling ssl_file.cc
[275/1175] Compiling ssl_credential.cc
[276/1175] Compiling ssl_cipher.cc
[277/1175] Compiling ssl_buffer.cc
[278/1175] Compiling ssl_cert.cc
[279/1175] Compiling ssl_asn1.cc
[285/1175] Compiling SwiftASN1 DER.swift
[310/1175] Compiling Crypto Curve25519.swift
[311/1175] Compiling Crypto Ed25519Keys.swift
[312/1175] Compiling Crypto NISTCurvesKeys.swift
[313/1175] Compiling Crypto X25519Keys.swift
[314/1175] Compiling Crypto SymmetricKeys.swift
[315/1175] Compiling Crypto HMAC.swift
[316/1175] Compiling Crypto MACFunctions.swift
[317/1175] Compiling Crypto MessageAuthenticationCode.swift
[334/1175] Compiling Crypto RNG_boring.swift
[335/1175] Compiling Crypto SafeCompare_boring.swift
[336/1175] Compiling Crypto Zeroization_boring.swift
[337/1175] Compiling Crypto PrettyBytes.swift
[338/1175] Compiling Crypto SafeCompare.swift
[339/1175] Compiling Crypto SecureBytes.swift
[340/1175] Compiling Crypto Zeroization.swift
[341/1175] Compiling Crypto resource_bundle_accessor.swift
[342/1175] Compiling Crypto AES-GCM.swift
[343/1175] Compiling Crypto AES-GCM_boring.swift
[344/1175] Compiling Crypto ChaChaPoly_boring.swift
[345/1175] Compiling Crypto ChaChaPoly.swift
[346/1175] Compiling Crypto Cipher.swift
[347/1175] Compiling Crypto Nonces.swift
[348/1175] Compiling Crypto ASN1.swift
[349/1175] Compiling Crypto ASN1Any.swift
[350/1175] Compiling Crypto ASN1BitString.swift
[359/1175] Compiling Crypto HPKE.swift
[360/1175] Compiling Crypto HPKE-Context.swift
[361/1175] Compiling Crypto HPKE-KeySchedule.swift
[362/1175] Compiling Crypto HPKE-Modes.swift
[363/1175] Compiling Crypto Insecure.swift
[364/1175] Compiling Crypto Insecure_HashFunctions.swift
[365/1175] Compiling Crypto KEM.swift
[366/1175] Compiling Crypto ECDH_boring.swift
[372/1175] Compiling Crypto HPKE-AEAD.swift
[373/1175] Compiling Crypto HPKE-Ciphersuite.swift
[374/1175] Compiling Crypto HPKE-KDF.swift
[374/1175] Compiling ssl_aead_ctx.cc
[375/1175] Compiling s3_pkt.cc
[376/1175] Compiling s3_both.cc
[377/1175] Compiling s3_lib.cc
[378/1175] Compiling handshake_server.cc
[379/1175] Compiling handshake_client.cc
[380/1175] Compiling handshake.cc
[381/1175] Compiling handoff.cc
[382/1175] Compiling md5-x86_64-linux.S
[383/1175] Compiling md5-x86_64-apple.S
[384/1175] Compiling md5-586-linux.S
[385/1175] Compiling md5-586-apple.S
[386/1175] Compiling dtls_record.cc
[387/1175] Compiling dtls_method.cc
[388/1175] Compiling d1_pkt.cc
[389/1175] Compiling d1_srtp.cc
[390/1175] Compiling encrypted_client_hello.cc
[391/1175] Compiling chacha20_poly1305_x86_64-linux.S
[392/1175] Compiling chacha20_poly1305_x86_64-apple.S
[393/1175] Compiling chacha20_poly1305_armv8-win.S
[394/1175] Compiling chacha20_poly1305_armv8-linux.S
[395/1175] Compiling extensions.cc
[396/1175] Compiling chacha-x86_64-linux.S
[397/1175] Compiling chacha-x86_64-apple.S
[398/1175] Compiling chacha20_poly1305_armv8-apple.S
[399/1175] Compiling chacha-x86-linux.S
[400/1175] Compiling chacha-x86-apple.S
[401/1175] Compiling bio_ssl.cc
[402/1175] Compiling chacha-armv8-win.S
[403/1175] Compiling chacha-armv8-linux.S
[404/1175] Compiling d1_lib.cc
[405/1175] Compiling chacha-armv4-linux.S
[406/1175] Compiling aes128gcmsiv-x86_64-linux.S
[407/1175] Compiling chacha-armv8-apple.S
[408/1175] Compiling aes128gcmsiv-x86_64-apple.S
[409/1175] Compiling x86_64-mont5-linux.S
[410/1175] Compiling x86_64-mont5-apple.S
[411/1175] Compiling x86_64-mont-linux.S
[412/1175] Compiling x86_64-mont-apple.S
[413/1175] Compiling x86-mont-linux.S
[414/1175] Compiling x86-mont-apple.S
[415/1175] Compiling vpaes-x86_64-linux.S
[416/1175] Compiling vpaes-x86_64-apple.S
[417/1175] Compiling vpaes-x86-linux.S
[418/1175] Compiling err_data.cc
[419/1175] Compiling vpaes-x86-apple.S
[420/1175] Compiling vpaes-armv8-win.S
[421/1175] Compiling vpaes-armv8-linux.S
[422/1175] Compiling vpaes-armv7-linux.S
[423/1175] Compiling vpaes-armv8-apple.S
[424/1175] Compiling sha512-armv8-win.S
[424/1175] Compiling sha512-x86_64-linux.S
[426/1175] Compiling d1_both.cc
[427/1175] Compiling sha512-x86_64-apple.S
[428/1175] Compiling sha512-armv8-linux.S
[429/1175] Compiling sha512-armv4-linux.S
[430/1175] Compiling sha512-586-linux.S
[431/1175] Compiling sha512-armv8-apple.S
[432/1175] Compiling sha512-586-apple.S
[433/1175] Compiling sha256-x86_64-apple.S
[433/1175] Compiling sha256-x86_64-linux.S
[435/1175] Compiling sha256-armv8-linux.S
[436/1175] Compiling sha256-armv8-win.S
[437/1175] Compiling sha256-armv4-linux.S
[438/1175] Compiling sha256-586-linux.S
[439/1175] Compiling sha256-586-apple.S
[440/1175] Compiling sha1-x86_64-linux.S
[440/1175] Compiling sha256-armv8-apple.S
[442/1175] Compiling sha1-x86_64-apple.S
[443/1175] Compiling sha1-armv8-win.S
[444/1175] Compiling sha1-586-linux.S
[445/1175] Compiling sha1-armv4-large-linux.S
[445/1175] Compiling sha1-armv8-linux.S
[447/1175] Compiling sha1-armv8-apple.S
[448/1175] Compiling sha1-586-apple.S
[449/1175] Compiling rsaz-avx2-linux.S
[450/1175] Compiling rsaz-avx2-apple.S
[451/1175] Compiling rdrand-x86_64-linux.S
[452/1175] Compiling p256_beeu-x86_64-asm-linux.S
[453/1175] Compiling p256_beeu-armv8-asm-win.S
[453/1175] Compiling rdrand-x86_64-apple.S
[455/1175] Compiling p256_beeu-x86_64-asm-apple.S
[456/1175] Compiling p256_beeu-armv8-asm-linux.S
[457/1175] Compiling p256_beeu-armv8-asm-apple.S
[458/1175] Compiling p256-x86_64-asm-linux.S
[459/1175] Compiling p256-x86_64-asm-apple.S
[460/1175] Compiling p256-armv8-asm-linux.S
[461/1175] Compiling p256-armv8-asm-win.S
[462/1175] Compiling ghashv8-armv8-win.S
[463/1175] Compiling ghashv8-armv8-linux.S
[464/1175] Compiling ghashv8-armv7-linux.S
[464/1175] Compiling ghashv8-armv8-apple.S
[466/1175] Compiling p256-armv8-asm-apple.S
[466/1175] Compiling ghash-x86_64-linux.S
[468/1175] Compiling ghash-x86_64-apple.S
[469/1175] Compiling ghash-x86-linux.S
[470/1175] Compiling ghash-x86-apple.S
[471/1175] Compiling ghash-ssse3-x86_64-linux.S
[472/1175] Compiling ghash-neon-armv8-linux.S
[473/1175] Compiling ghash-ssse3-x86-apple.S
[474/1175] Compiling ghash-ssse3-x86_64-apple.S
[474/1175] Compiling ghash-neon-armv8-apple.S
[476/1175] Compiling ghash-neon-armv8-win.S
[477/1175] Compiling ghash-ssse3-x86-linux.S
[477/1175] Compiling ghash-armv4-linux.S
[479/1175] Compiling co-586-linux.S
[480/1175] Compiling co-586-apple.S
[481/1175] Compiling bsaes-armv7-linux.S
[482/1175] Compiling bn-armv8-win.S
[483/1175] Compiling bn-586-apple.S
[484/1175] Compiling armv8-mont-linux.S
[484/1175] Compiling bn-586-linux.S
[484/1175] Compiling armv8-mont-win.S
[487/1175] Compiling bn-armv8-linux.S
[488/1175] Compiling bn-armv8-apple.S
[489/1175] Compiling armv8-mont-apple.S
[490/1175] Compiling armv4-mont-linux.S
[491/1175] Compiling aesv8-gcm-armv8-linux.S
[492/1175] Compiling aesv8-gcm-armv8-win.S
[493/1175] Compiling aesv8-armv8-win.S
[494/1175] Compiling aesv8-armv8-linux.S
[494/1175] Compiling aesni-x86_64-linux.S
[494/1175] Compiling aesv8-armv7-linux.S
[497/1175] Compiling aesni-x86_64-apple.S
[498/1175] Compiling aesni-x86-linux.S
[499/1175] Compiling aesv8-gcm-armv8-apple.S
[500/1175] Compiling aesv8-armv8-apple.S
[501/1175] Compiling aesni-x86-apple.S
[502/1175] Compiling aesni-gcm-x86_64-linux.S
[503/1175] Compiling aes-gcm-avx10-x86_64-apple.S
[504/1175] Compiling aes-gcm-avx10-x86_64-linux.S
[505/1175] Compiling aesni-gcm-x86_64-apple.S
[505/1175] Compiling aes-gcm-avx2-x86_64-apple.S
[507/1175] Compiling aes-gcm-avx2-x86_64-linux.S
[508/1175] Compiling x_x509a.cc
[509/1175] Compiling x_val.cc
[510/1175] Compiling x_spki.cc
[511/1175] Compiling x_x509.cc
[512/1175] Compiling x_sig.cc
[513/1175] Compiling x_exten.cc
[513/1175] Compiling x_pubkey.cc
[515/1175] Compiling x_req.cc
[516/1175] Compiling x_crl.cc
[517/1175] Compiling x_name.cc
[518/1175] Compiling x509spki.cc
[519/1175] Compiling x_algor.cc
[520/1175] Compiling x_attrib.cc
[521/1175] Compiling x_all.cc
[522/1175] Compiling x509rset.cc
[523/1175] Compiling x509name.cc
[524/1175] Compiling x509_vpm.cc
[525/1175] Compiling x509cset.cc
[526/1175] Compiling x509_v3.cc
[527/1175] Compiling x509_vfy.cc
[528/1175] Compiling x509_txt.cc
[529/1175] Compiling x509_set.cc
[530/1175] Compiling x509_trs.cc
[531/1175] Compiling x509_obj.cc
[532/1175] Compiling x509_req.cc
[533/1175] Compiling x509_def.cc
[534/1175] Compiling x509_d2.cc
[535/1175] Compiling x509_lu.cc
[536/1175] Compiling x509_ext.cc
[537/1175] Compiling x509_cmp.cc
[538/1175] Compiling x509.cc
[539/1175] Compiling x509_att.cc
[540/1175] Compiling v3_skey.cc
[541/1175] Compiling v3_utl.cc
[542/1175] Compiling v3_purp.cc
[543/1175] Compiling v3_ocsp.cc
[544/1175] Compiling v3_prn.cc
[545/1175] Compiling v3_pmaps.cc
[546/1175] Compiling v3_pcons.cc
[547/1175] Compiling v3_ncons.cc
[548/1175] Compiling v3_int.cc
[549/1175] Compiling v3_lib.cc
[550/1175] Compiling v3_ia5.cc
[551/1175] Compiling v3_info.cc
[552/1175] Compiling v3_genn.cc
[553/1175] Compiling v3_extku.cc
[554/1175] Compiling v3_enum.cc
[555/1175] Compiling v3_crld.cc
[556/1175] Compiling v3_cpols.cc
[557/1175] Compiling v3_conf.cc
[558/1175] Compiling v3_bitst.cc
[559/1175] Compiling v3_bcons.cc
[560/1175] Compiling v3_akeya.cc
[561/1175] Compiling v3_alt.cc
[562/1175] Compiling v3_akey.cc
[563/1175] Compiling t_x509a.cc
[564/1175] Compiling t_x509.cc
[565/1175] Compiling t_req.cc
[566/1175] Compiling t_crl.cc
[567/1175] Compiling rsa_pss.cc
[568/1175] Compiling i2d_pr.cc
[569/1175] Compiling name_print.cc
[570/1175] Compiling policy.cc
[571/1175] Compiling by_file.cc
[572/1175] Compiling by_dir.cc
[573/1175] Compiling asn1_gen.cc
[574/1175] Compiling algorithm.cc
[575/1175] Compiling a_verify.cc
[576/1175] Compiling a_sign.cc
[577/1175] Compiling a_digest.cc
[578/1175] Compiling voprf.cc
[579/1175] Compiling thread_win.cc
[580/1175] Compiling thread.cc
[580/1175] Compiling thread_pthread.cc
[582/1175] Compiling thread_none.cc
[583/1175] Compiling stack.cc
[584/1175] Compiling trust_token.cc
[585/1175] Compiling pmbtoken.cc
[586/1175] Compiling slhdsa.cc
[587/1175] Compiling spake2plus.cc
[588/1175] Compiling sha512.cc
[589/1175] Compiling siphash.cc
[590/1175] Compiling sha1.cc
[591/1175] Compiling sha256.cc
[592/1175] Compiling rsa_print.cc
[593/1175] Compiling rsa_extra.cc
[594/1175] Compiling rsa_crypt.cc
[595/1175] Compiling refcount.cc
[596/1175] Compiling rc4.cc
[597/1175] Compiling rsa_asn1.cc
[598/1175] Compiling urandom.cc
[599/1175] Compiling windows.cc
[600/1175] Compiling trusty.cc
[601/1175] Compiling rand.cc
[602/1175] Compiling ios.cc
[602/1175] Compiling passive.cc
[604/1175] Compiling poly1305_arm_asm.S
[605/1175] Compiling getentropy.cc
[606/1175] Compiling deterministic.cc
[607/1175] Compiling fork_detect.cc
[608/1175] Compiling forkunsafe.cc
[609/1175] Compiling poly1305_vec.cc
[610/1175] Compiling poly1305_arm.cc
[611/1175] Compiling poly1305.cc
[612/1175] Compiling pool.cc
[613/1175] Compiling pkcs8.cc
[614/1175] Compiling pkcs8_x509.cc
[615/1175] Compiling pkcs7.cc
[616/1175] Compiling p5_pbev2.cc
[617/1175] Compiling pem_xaux.cc
[618/1175] Compiling pkcs7_x509.cc
[619/1175] Compiling pem_x509.cc
[620/1175] Compiling pem_pkey.cc
[621/1175] Compiling pem_pk8.cc
[622/1175] Compiling pem_oth.cc
[623/1175] Compiling mlkem.cc
[624/1175] Compiling obj_xref.cc
[625/1175] Compiling mldsa.cc
[626/1175] Compiling pem_info.cc
[627/1175] Compiling pem_lib.cc
[628/1175] Compiling poly_rq_mul.S
[629/1175] Compiling pem_all.cc
[630/1175] Compiling mem.cc
[631/1175] Compiling fips_shared_support.cc
[632/1175] Compiling obj.cc
[633/1175] Compiling md4.cc
[634/1175] Compiling md5.cc
[635/1175] Compiling lhash.cc
[636/1175] Compiling kyber.cc
[637/1175] Compiling ex_data.cc
[638/1175] Compiling sign.cc
[639/1175] Compiling scrypt.cc
[640/1175] Compiling pbkdf.cc
[641/1175] Compiling print.cc
[642/1175] Compiling hpke.cc
[643/1175] Compiling hrss.cc
[644/1175] Compiling p_x25519_asn1.cc
[645/1175] Compiling p_x25519.cc
[646/1175] Compiling p_ed25519.cc
[647/1175] Compiling p_ec.cc
[648/1175] Compiling p_rsa_asn1.cc
[649/1175] Compiling p_rsa.cc
[650/1175] Compiling p_hkdf.cc
[651/1175] Compiling p_ed25519_asn1.cc
[652/1175] Compiling p_ec_asn1.cc
[653/1175] Compiling p_dh_asn1.cc
[654/1175] Compiling p_dh.cc
[655/1175] Compiling p_dsa_asn1.cc
[656/1175] Compiling evp_ctx.cc
[657/1175] Compiling evp.cc
[657/1175] Compiling engine.cc
[659/1175] Compiling err.cc
[660/1175] Compiling evp_asn1.cc
[661/1175] Compiling ecdsa_asn1.cc
[662/1175] Compiling ecdh.cc
[663/1175] Compiling ec_derive.cc
[664/1175] Compiling hash_to_curve.cc
[665/1175] Compiling dsa.cc
[666/1175] Compiling ec_asn1.cc
[667/1175] Compiling dsa_asn1.cc
[668/1175] Compiling x25519-asm-arm.S
[669/1175] Compiling params.cc
[670/1175] Compiling digest_extra.cc
[671/1175] Compiling bcm.cc
[672/1175] Compiling des.cc
[673/1175] Compiling dh_asn1.cc
[674/1175] Compiling curve25519_64_adx.cc
[675/1175] Compiling spake25519.cc
[676/1175] Compiling cpu_intel.cc
[677/1175] Compiling crypto.cc
[678/1175] Compiling cpu_arm_linux.cc
[679/1175] Compiling cpu_arm_freebsd.cc
[680/1175] Compiling curve25519.cc
[680/1175] Compiling cpu_aarch64_win.cc
[682/1175] Compiling cpu_aarch64_openbsd.cc
[683/1175] Compiling cpu_aarch64_sysreg.cc
[684/1175] Compiling cpu_aarch64_linux.cc
[685/1175] Compiling cpu_aarch64_fuchsia.cc
[686/1175] Compiling cpu_aarch64_apple.cc
[687/1175] Compiling get_cipher.cc
[688/1175] Compiling conf.cc
[689/1175] Compiling e_rc4.cc
[690/1175] Compiling tls_cbc.cc
[691/1175] Compiling e_tls.cc
[692/1175] Compiling e_null.cc
[692/1175] Compiling e_rc2.cc
[694/1175] Compiling e_des.cc
[695/1175] Compiling e_chacha20poly1305.cc
[696/1175] Compiling e_aesgcmsiv.cc
[697/1175] Compiling derive_key.cc
[698/1175] Compiling chacha.cc
[699/1175] Compiling e_aesctrhmac.cc
[700/1175] Compiling unicode.cc
[701/1175] Compiling ber.cc
[702/1175] Compiling cbs.cc
[703/1175] Compiling cbb.cc
[704/1175] Compiling asn1_compat.cc
[705/1175] Compiling buf.cc
[706/1175] Compiling blake2.cc
[707/1175] Compiling socket_helper.cc
[708/1175] Compiling bn_asn1.cc
[709/1175] Compiling convert.cc
[710/1175] Compiling socket.cc
[711/1175] Compiling printf.cc
[712/1175] Compiling pair.cc
[713/1175] Compiling hexdump.cc
[714/1175] Compiling file.cc
[715/1175] Compiling fd.cc
[716/1175] Compiling errno.cc
[717/1175] Compiling connect.cc
[718/1175] Compiling base64.cc
[719/1175] Compiling bio_mem.cc
[720/1175] Compiling bio.cc
[721/1175] Compiling tasn_typ.cc
[722/1175] Compiling tasn_fre.cc
[723/1175] Compiling tasn_enc.cc
[724/1175] Compiling tasn_utl.cc
[725/1175] Compiling tasn_new.cc
[726/1175] Compiling posix_time.cc
[727/1175] Compiling f_int.cc
[727/1175] Compiling f_string.cc
[729/1175] Compiling tasn_dec.cc
[730/1175] Compiling asn_pack.cc
[731/1175] Compiling asn1_par.cc
[732/1175] Compiling asn1_lib.cc
[733/1175] Compiling a_utctm.cc
[734/1175] Compiling a_type.cc
[735/1175] Compiling a_time.cc
[736/1175] Compiling a_octet.cc
[737/1175] Compiling a_strnid.cc
[738/1175] Compiling a_strex.cc
[739/1175] Compiling a_mbstr.cc
[740/1175] Compiling a_object.cc
[741/1175] Compiling a_int.cc
[742/1175] Compiling fiat_p256_adx_sqr.S
[743/1175] Compiling a_i2d_fp.cc
[744/1175] Compiling fiat_p256_adx_mul.S
[745/1175] Compiling a_dup.cc
[746/1175] Compiling fiat_curve25519_adx_square.S
[747/1175] Compiling a_d2i_fp.cc
[748/1175] Compiling fiat_curve25519_adx_mul.S
[749/1175] Compiling md5-x86_64-linux.S
[750/1175] Compiling md5-x86_64-apple.S
[751/1175] Compiling md5-586-linux.S
[752/1175] Compiling md5-586-apple.S
[753/1175] Compiling a_gentm.cc
[754/1175] Compiling chacha20_poly1305_x86_64-linux.S
[755/1175] Compiling chacha20_poly1305_x86_64-apple.S
[756/1175] Compiling a_bool.cc
[756/1175] Compiling a_bitstr.cc
[758/1175] Compiling chacha20_poly1305_armv8-linux.S
[759/1175] Compiling chacha20_poly1305_armv8-win.S
[760/1175] Compiling chacha-x86_64-linux.S
[761/1175] Compiling chacha-x86_64-apple.S
[762/1175] Compiling chacha-x86-linux.S
[763/1175] Compiling chacha20_poly1305_armv8-apple.S
[764/1175] Compiling chacha-x86-apple.S
[765/1175] Compiling chacha-armv8-win.S
[766/1175] Compiling chacha-armv8-linux.S
[767/1175] Compiling aes128gcmsiv-x86_64-linux.S
[768/1175] Compiling chacha-armv4-linux.S
[769/1175] Compiling aes128gcmsiv-x86_64-apple.S
[770/1175] Compiling x86_64-mont5-linux.S
[771/1175] Compiling chacha-armv8-apple.S
[772/1175] Compiling x86_64-mont5-apple.S
[773/1175] Compiling x86_64-mont-linux.S
[774/1175] Compiling x86_64-mont-apple.S
[775/1175] Compiling x86-mont-linux.S
[776/1175] Compiling x86-mont-apple.S
[777/1175] Compiling vpaes-x86_64-linux.S
[778/1175] Compiling vpaes-x86_64-apple.S
[779/1175] Compiling vpaes-x86-apple.S
[780/1175] Compiling vpaes-x86-linux.S
[781/1175] Compiling vpaes-armv8-win.S
[782/1175] Compiling vpaes-armv8-linux.S
[783/1175] Compiling CCryptoBoringSSLShims shims.c
[784/1175] Compiling vpaes-armv8-apple.S
[785/1175] Compiling err_data.cc
[786/1175] Compiling vpaes-armv7-linux.S
[787/1175] Compiling sha512-x86_64-linux.S
[788/1175] Compiling sha512-x86_64-apple.S
[789/1175] Compiling sha512-armv8-win.S
[790/1175] Compiling sha512-armv8-linux.S
[791/1175] Compiling sha512-armv4-linux.S
[792/1175] Compiling sha512-586-apple.S
[793/1175] Compiling sha512-586-linux.S
[794/1175] Compiling sha512-armv8-apple.S
[795/1175] Compiling sha256-x86_64-linux.S
[796/1175] Compiling sha256-armv8-win.S
[796/1175] Compiling sha256-x86_64-apple.S
[798/1175] Compiling sha256-armv8-linux.S
[799/1175] Compiling sha256-armv4-linux.S
[800/1175] Compiling sha256-586-linux.S
[801/1175] Compiling sha256-armv8-apple.S
[802/1175] Compiling sha256-586-apple.S
[803/1175] Compiling sha1-x86_64-linux.S
[804/1175] Compiling sha1-armv8-linux.S
[804/1175] Compiling sha1-x86_64-apple.S
[806/1175] Compiling sha1-armv8-win.S
[807/1175] Compiling sha1-armv4-large-linux.S
[807/1175] Compiling sha1-586-apple.S
[809/1175] Compiling sha1-586-linux.S
[810/1175] Compiling sha1-armv8-apple.S
[811/1175] Compiling rsaz-avx2-linux.S
[812/1175] Compiling rdrand-x86_64-apple.S
[813/1175] Compiling rdrand-x86_64-linux.S
[814/1175] Compiling rsaz-avx2-apple.S
[815/1175] Compiling p256_beeu-x86_64-asm-apple.S
[816/1175] Compiling p256_beeu-x86_64-asm-linux.S
[816/1175] Compiling p256_beeu-armv8-asm-win.S
[818/1175] Compiling p256_beeu-armv8-asm-linux.S
[819/1175] Compiling p256_beeu-armv8-asm-apple.S
[820/1175] Compiling p256-x86_64-asm-linux.S
[820/1175] Compiling p256-x86_64-asm-apple.S
[822/1175] Compiling p256-armv8-asm-win.S
[823/1175] Compiling p256-armv8-asm-linux.S
[824/1175] Compiling ghashv8-armv8-win.S
[825/1175] Compiling ghashv8-armv8-linux.S
[826/1175] Compiling p256-armv8-asm-apple.S
[827/1175] Compiling ghashv8-armv8-apple.S
[828/1175] Compiling ghashv8-armv7-linux.S
[829/1175] Compiling ghash-x86_64-linux.S
[830/1175] Compiling ghash-x86_64-apple.S
[831/1175] Compiling ghash-x86-linux.S
[832/1175] Compiling ghash-x86-apple.S
[833/1175] Compiling ghash-ssse3-x86_64-apple.S
[834/1175] Compiling ghash-ssse3-x86-linux.S
[835/1175] Compiling ghash-ssse3-x86_64-linux.S
[836/1175] Compiling ghash-ssse3-x86-apple.S
[837/1175] Compiling ghash-neon-armv8-linux.S
[837/1175] Compiling ghash-neon-armv8-win.S
[839/1175] Compiling ghash-neon-armv8-apple.S
[840/1175] Compiling ghash-armv4-linux.S
[841/1175] Compiling co-586-linux.S
[842/1175] Compiling co-586-apple.S
[843/1175] Compiling bsaes-armv7-linux.S
[844/1175] Compiling bn-armv8-win.S
[845/1175] Compiling bn-armv8-linux.S
[846/1175] Compiling bn-armv8-apple.S
[847/1175] Compiling bn-586-linux.S
[848/1175] Compiling bn-586-apple.S
[849/1175] Compiling armv8-mont-linux.S
[850/1175] Compiling armv8-mont-win.S
[851/1175] Compiling armv8-mont-apple.S
[852/1175] Compiling aesv8-gcm-armv8-win.S
[852/1175] Compiling armv4-mont-linux.S
[853/1175] Compiling aesv8-gcm-armv8-linux.S
[855/1175] Compiling aesv8-gcm-armv8-apple.S
[856/1175] Compiling aesv8-armv8-win.S
[857/1175] Compiling aesv8-armv8-linux.S
[858/1175] Compiling aesv8-armv8-apple.S
[859/1175] Compiling aesni-x86_64-apple.S
[860/1175] Compiling aesni-x86-linux.S
[861/1175] Compiling aesv8-armv7-linux.S
[861/1175] Compiling aesni-x86_64-linux.S
[863/1175] Compiling aesni-gcm-x86_64-linux.S
[863/1175] Compiling aesni-x86-apple.S
[865/1175] Compiling aesni-gcm-x86_64-apple.S
[866/1175] Compiling aes-gcm-avx2-x86_64-linux.S
[867/1175] Compiling aes-gcm-avx512-x86_64-apple.S
[868/1175] Compiling aes-gcm-avx2-x86_64-apple.S
[869/1175] Compiling aes-gcm-avx512-x86_64-linux.S
[870/1175] Compiling c-nioatomics.c
[871/1175] Compiling xwing.cc
[872/1175] Compiling c-atomics.c
[873/1175] Compiling x_x509a.cc
[874/1175] Compiling x_spki.cc
[875/1175] Compiling x_req.cc
[876/1175] Compiling x_sig.cc
[877/1175] Compiling x_name.cc
[878/1175] Compiling x_x509.cc
[879/1175] Compiling x_pubkey.cc
[880/1175] Compiling x_exten.cc
[881/1182] Compiling x_crl.cc
[882/1182] Compiling x509name.cc
[883/1182] Compiling x_attrib.cc
[884/1182] Compiling x509spki.cc
[885/1182] Compiling x509rset.cc
[886/1182] Compiling x509cset.cc
[887/1182] Compiling x_algor.cc
[889/1182] Compiling NIOConcurrencyHelpers lock.swift
[889/1182] Compiling x_all.cc
[890/1182] Compiling x509_vpm.cc
[892/1182] Compiling NIOConcurrencyHelpers NIOThreadPoolWorkAvailable.swift
[893/1182] Emitting module NIOConcurrencyHelpers
[894/1182] Compiling NIOConcurrencyHelpers NIOLockedValueBox.swift
[895/1182] Compiling NIOConcurrencyHelpers NIOAtomic.swift
[896/1182] Compiling NIOConcurrencyHelpers NIOLock.swift
[897/1182] Compiling NIOConcurrencyHelpers atomics.swift
[897/1182] Compiling x509_vfy.cc
[898/1182] Compiling x509_txt.cc
[899/1182] Compiling x509_v3.cc
[900/1182] Compiling x509_trs.cc
[901/1182] Compiling x509_set.cc
[902/1182] Compiling x509_obj.cc
[903/1182] Compiling x509_req.cc
[904/1182] Compiling x509_ext.cc
[905/1182] Compiling x509_lu.cc
[906/1182] Compiling x509_def.cc
[907/1182] Compiling x509_d2.cc
[908/1182] Compiling x509.cc
[909/1182] Compiling x509_cmp.cc
[910/1182] Compiling x509_att.cc
[911/1182] Compiling v3_skey.cc
[912/1182] Compiling v3_purp.cc
[913/1182] Compiling v3_utl.cc
[914/1182] Compiling v3_prn.cc
[915/1182] Compiling v3_pmaps.cc
[916/1182] Compiling v3_pcons.cc
[917/1182] Compiling v3_ocsp.cc
[918/1182] Compiling v3_int.cc
[919/1182] Compiling v3_lib.cc
[920/1182] Compiling v3_ncons.cc
[921/1182] Compiling v3_ia5.cc
[922/1182] Compiling v3_info.cc
[923/1182] Compiling v3_genn.cc
[924/1182] Compiling v3_extku.cc
[925/1182] Compiling v3_enum.cc
[926/1182] Compiling v3_crld.cc
[927/1182] Compiling v3_cpols.cc
[928/1182] Compiling v3_bitst.cc
[929/1182] Compiling v3_bcons.cc
[930/1182] Compiling v3_conf.cc
[931/1182] Compiling v3_akeya.cc
[932/1182] Compiling v3_akey.cc
[933/1182] Compiling v3_alt.cc
[934/1182] Compiling t_x509a.cc
[935/1182] Compiling t_x509.cc
[936/1182] Compiling t_req.cc
[937/1182] Compiling t_crl.cc
[938/1182] Compiling i2d_pr.cc
[939/1182] Compiling name_print.cc
[940/1182] Compiling rsa_pss.cc
[941/1182] Compiling policy.cc
[942/1182] Compiling by_file.cc
[943/1182] Compiling by_dir.cc
[944/1182] Compiling algorithm.cc
[945/1182] Compiling asn1_gen.cc
[946/1182] Compiling a_verify.cc
[947/1182] Compiling thread_win.cc
[948/1182] Compiling a_digest.cc
[949/1182] Compiling a_sign.cc
[950/1182] Compiling thread_pthread.cc
[951/1182] Compiling voprf.cc
[952/1182] Compiling trust_token.cc
[953/1182] Compiling pmbtoken.cc
[954/1182] Compiling thread.cc
[955/1182] Compiling thread_none.cc
[956/1182] Compiling stack.cc
[957/1182] Compiling siphash.cc
[958/1182] Compiling sha512.cc
[959/1182] Compiling sha1.cc
[960/1182] Compiling sha256.cc
[961/1182] Compiling slhdsa.cc
[962/1182] Compiling rsa_print.cc
[963/1182] Compiling rsa_extra.cc
[964/1182] Compiling spake2plus.cc
[965/1182] Compiling rsa_crypt.cc
[966/1182] Compiling refcount.cc
[967/1182] Compiling rc4.cc
[968/1182] Compiling urandom.cc
[969/1182] Compiling windows.cc
[970/1182] Compiling trusty.cc
[971/1182] Compiling rand.cc
[972/1182] Compiling passive.cc
[973/1182] Compiling rsa_asn1.cc
[974/1182] Compiling ios.cc
[975/1182] Compiling poly1305_arm_asm.S
[976/1182] Compiling getentropy.cc
[977/1182] Compiling deterministic.cc
[978/1182] Compiling forkunsafe.cc
[979/1182] Compiling fork_detect.cc
[980/1182] Compiling poly1305_vec.cc
[981/1182] Compiling poly1305_arm.cc
[982/1182] Compiling poly1305.cc
[983/1182] Compiling pool.cc
[984/1182] Compiling pkcs8.cc
[985/1182] Compiling p5_pbev2.cc
[986/1182] Compiling pkcs8_x509.cc
[987/1182] Compiling pkcs7.cc
[988/1182] Compiling pem_xaux.cc
[989/1182] Compiling pkcs7_x509.cc
[990/1182] Compiling pem_x509.cc
[991/1182] Compiling pem_pkey.cc
[992/1182] Compiling pem_pk8.cc
[993/1182] Compiling pem_oth.cc
[994/1182] Compiling obj_xref.cc
[995/1182] Compiling pem_info.cc
[996/1182] Compiling mlkem.cc
[997/1182] Compiling pem_lib.cc
[998/1182] Compiling pem_all.cc
[999/1182] Compiling mldsa.cc
[1000/1182] Compiling poly_rq_mul.S
[1001/1182] Compiling fips_shared_support.cc
[1002/1182] Compiling mem.cc
[1003/1182] Compiling obj.cc
[1004/1182] Compiling md5.cc
[1005/1182] Compiling md4.cc
[1006/1182] Compiling lhash.cc
[1007/1182] Compiling fuzzer_mode.cc
[1008/1182] Compiling ex_data.cc
[1009/1182] Compiling kyber.cc
[1010/1182] Compiling hpke.cc
[1011/1182] Compiling hrss.cc
[1012/1182] Compiling scrypt.cc
[1013/1182] Compiling sign.cc
[1014/1182] Compiling print.cc
[1015/1182] Compiling pbkdf.cc
[1016/1182] Compiling p_x25519_asn1.cc
[1017/1182] Compiling p_x25519.cc
[1018/1182] Compiling p_rsa_asn1.cc
[1019/1182] Compiling p_hkdf.cc
[1020/1182] Compiling p_rsa.cc
[1021/1182] Compiling p_ed25519_asn1.cc
[1022/1182] Compiling p_ed25519.cc
[1023/1182] Compiling p_ec_asn1.cc
[1024/1182] Compiling p_ec.cc
[1025/1182] Compiling p_dsa_asn1.cc
[1026/1182] Compiling p_dh_asn1.cc
[1027/1182] Compiling p_dh.cc
[1028/1182] Compiling err.cc
[1029/1182] Compiling engine.cc
[1030/1182] Compiling evp_ctx.cc
[1031/1182] Compiling ecdsa_p1363.cc
[1032/1182] Compiling evp.cc
[1033/1182] Compiling evp_asn1.cc
[1034/1182] Compiling ecdh.cc
[1035/1182] Compiling ec_derive.cc
[1036/1182] Compiling ecdsa_asn1.cc
[1037/1182] Compiling hash_to_curve.cc
[1038/1182] Compiling dsa.cc
[1039/1182] Compiling dsa_asn1.cc
[1040/1182] Compiling ec_asn1.cc
[1041/1182] Compiling digest_extra.cc
[1042/1182] Compiling x25519-asm-arm.S
[1043/1182] Compiling params.cc
[1044/1182] Compiling des.cc
[1045/1182] Compiling dh_asn1.cc
[1046/1182] Compiling curve25519_64_adx.cc
[1047/1182] Compiling spake25519.cc
[1048/1182] Compiling cpu_intel.cc
[1049/1182] Compiling curve25519.cc
[1050/1182] Compiling crypto.cc
[1050/1182] Compiling cpu_arm_linux.cc
[1052/1182] Compiling cpu_arm_freebsd.cc
[1053/1182] Compiling cpu_aarch64_win.cc
[1054/1182] Compiling cpu_aarch64_openbsd.cc
[1055/1182] Compiling cpu_aarch64_sysreg.cc
[1056/1182] Compiling cpu_aarch64_linux.cc
[1057/1182] Compiling cpu_aarch64_fuchsia.cc
[1058/1182] Compiling cpu_aarch64_apple.cc
[1059/1182] Compiling conf.cc
[1060/1182] Compiling tls_cbc.cc
[1061/1182] Compiling get_cipher.cc
[1062/1182] Compiling e_rc4.cc
[1063/1182] Compiling e_tls.cc
[1064/1182] Compiling cms.cc
[1065/1182] Compiling e_rc2.cc
[1066/1182] Compiling e_null.cc
[1067/1182] Compiling e_des.cc
[1068/1182] Compiling e_chacha20poly1305.cc
[1069/1182] Compiling e_aesgcmsiv.cc
[1070/1182] Compiling e_aeseax.cc
[1071/1182] Compiling derive_key.cc
[1072/1182] Compiling e_aesctrhmac.cc
[1073/1182] Compiling chacha.cc
[1074/1182] Compiling unicode.cc
[1075/1182] Compiling cbs.cc
[1076/1182] Compiling cbb.cc
[1077/1182] Compiling ber.cc
[1078/1182] Compiling sqrt.cc
[1079/1182] Compiling buf.cc
[1080/1182] Compiling asn1_compat.cc
[1081/1182] Compiling exponentiation.cc
[1082/1182] Compiling div.cc
[1083/1182] Compiling blake2.cc
[1084/1182] Compiling printf.cc
[1085/1182] Compiling bn_asn1.cc
[1086/1182] Compiling hexdump.cc
[1087/1182] Compiling pair.cc
[1088/1182] Compiling file.cc
[1089/1182] Compiling convert.cc
[1090/1182] Compiling fd.cc
[1091/1182] Compiling errno.cc
[1092/1182] Compiling bio_mem.cc
[1093/1182] Compiling base64.cc
[1094/1182] Compiling bio.cc
[1095/1182] Compiling tasn_fre.cc
[1096/1182] Compiling tasn_typ.cc
[1097/1182] Compiling tasn_enc.cc
[1098/1182] Compiling tasn_utl.cc
[1099/1182] Compiling tasn_new.cc
[1100/1182] Compiling tasn_dec.cc
[1101/1182] Compiling posix_time.cc
[1102/1182] Compiling f_string.cc
[1103/1182] Compiling f_int.cc
[1104/1182] Compiling asn1_par.cc
[1105/1182] Compiling asn_pack.cc
[1106/1182] Compiling bcm.cc
[1107/1182] Compiling asn1_lib.cc
[1108/1182] Compiling a_utctm.cc
[1109/1182] Compiling a_type.cc
[1110/1182] Compiling a_time.cc
[1111/1182] Compiling a_octet.cc
[1112/1182] Compiling a_strnid.cc
[1113/1182] Compiling a_strex.cc
[1114/1182] Compiling a_mbstr.cc
[1115/1182] Compiling a_object.cc
[1115/1182] Write sources
[1119/1182] Compiling CAsyncHTTPClient CAsyncHTTPClient.c
[1119/1182] Write sources
[1119/1182] Compiling a_i2d_fp.cc
[1120/1182] Write AccountLifecycleExample-entitlement.plist
[1124/1182] Compiling a_int.cc
[1125/1182] Compiling a_dup.cc
[1126/1182] Compiling a_d2i_fp.cc
[1127/1182] Compiling a_gentm.cc
[1128/1215] Compiling a_bool.cc
[1129/1227] Compiling aes.cc
[1130/1227] Compiling a_bitstr.cc
[1132/1227] Compiling Algorithms Suffix.swift
[1133/1227] Compiling Algorithms Trim.swift
[1134/1232] Compiling Algorithms Permutations.swift
[1135/1232] Compiling Algorithms Product.swift
[1136/1239] Compiling Atomics Unmanaged extensions.swift
[1137/1239] Compiling Algorithms MinMax.swift
[1138/1239] Compiling Algorithms Partition.swift
[1139/1239] Compiling Algorithms Joined.swift
[1140/1239] Compiling Algorithms Keyed.swift
[1141/1239] Compiling Algorithms Indexed.swift
[1142/1239] Compiling Algorithms Intersperse.swift
[1143/1239] Compiling Algorithms FirstNonNil.swift
[1144/1239] Compiling Algorithms FlattenCollection.swift
[1145/1239] Compiling Algorithms Unique.swift
[1146/1239] Compiling Algorithms Windows.swift
[1147/1239] Compiling Algorithms RandomSample.swift
[1148/1239] Compiling Algorithms Reductions.swift
[1149/1239] Compiling Algorithms Rotate.swift
[1150/1239] Compiling Algorithms Split.swift
[1151/1239] Compiling Algorithms Stride.swift
[1152/1239] Compiling CryptoBoringWrapper RandomBytes.swift
[1153/1239] Compiling Algorithms EitherSequence.swift
[1156/1239] Compiling Algorithms Combinations.swift
[1157/1239] Compiling Algorithms Compacted.swift
[1158/1239] Compiling Algorithms Cycle.swift
[1159/1239] Compiling Algorithms Grouped.swift
[1170/1239] Compiling Algorithms Chunked.swift
[1174/1239] Compiling Algorithms AdjacentPairs.swift
[1175/1239] Compiling Algorithms Chain.swift
[1176/1239] Compiling CryptoBoringWrapper resource_bundle_accessor.swift
[1177/1239] Compiling CryptoBoringWrapper FiniteFieldArithmeticContext.swift
[1181/1239] Emitting module CryptoBoringWrapper
[1182/1239] Compiling CryptoBoringWrapper EllipticCurve.swift
[1183/1239] Compiling CryptoBoringWrapper BoringSSLAEAD.swift
[1184/1239] Compiling CryptoBoringWrapper EllipticCurvePoint.swift
[1185/1239] Compiling CryptoBoringWrapper CryptoKitErrors_boring.swift
[1186/1239] Compiling CryptoBoringWrapper ArbitraryPrecisionInteger.swift
[1187/1239] Emitting module Atomics
[1188/1360] Emitting module Algorithms
[1189/1360] Compiling NIOCore Linux.swift
[1190/1360] Compiling NIOCore MarkedCircularBuffer.swift
[1191/1360] Compiling NIOCore MulticastChannel.swift
[1192/1360] Compiling NIOCore NIOAny.swift
[1193/1360] Compiling NIOCore NIOCloseOnErrorHandler.swift
[1194/1360] Compiling NIOCore NIOCoreSendableMetatype.swift
[1195/1366] Compiling NIOCore ChannelOption.swift
[1196/1366] Compiling NIOCore ChannelPipeline.swift
[1197/1366] Compiling NIOCore CircularBuffer.swift
[1198/1366] Compiling NIOCore Codec.swift
[1199/1366] Compiling NIOCore ConvenienceOptionSupport.swift
[1200/1366] Compiling NIOCore DeadChannel.swift
[1201/1366] Compiling NIOCore IO.swift
[1202/1366] Compiling NIOCore IOData.swift
[1203/1366] Compiling NIOCore IPProtocol.swift
[1204/1366] Compiling NIOCore IntegerBitPacking.swift
[1205/1366] Compiling NIOCore IntegerTypes.swift
[1206/1366] Compiling NIOCore Interfaces.swift
[1207/1366] Emitting module _CryptoExtras
[1213/1366] Compiling _CryptoExtras ThreadWindows.swift
[1214/1366] Compiling _CryptoExtras DLEQ.swift
[1222/1373] Compiling _CryptoExtras Prover.swift
[1223/1373] Compiling _CryptoExtras Verifier.swift
[1224/1373] Compiling _CryptoExtras ZKPToolbox.swift
[1225/1373] Compiling _CryptoExtras resource_bundle_accessor.swift
[1226/1373] Compiling NIOCore NIOTransportAccessibleChannelCore.swift
[1227/1373] Compiling NIOCore RecvByteBufferAllocator.swift
[1228/1373] Compiling NIOCore SingleStepByteToMessageDecoder.swift
[1229/1373] Compiling NIOCore ByteBuffer-multi-int.swift
[1230/1373] Compiling NIOCore ByteBuffer-quicBinaryEncodingStrategy.swift
[1231/1373] Compiling NIOCore ByteBuffer-views.swift
[1232/1373] Compiling NIOCore Channel.swift
[1233/1373] Compiling NIOCore ChannelHandler.swift
[1234/1373] Compiling NIOCore ChannelHandlers.swift
[1235/1373] Compiling NIOCore ChannelInvoker.swift
[1236/1373] Compiling NIOCore NIOAsyncSequenceProducer.swift
[1237/1373] Compiling NIOCore NIOAsyncSequenceProducerStrategies.swift
[1238/1373] Compiling NIOCore NIOAsyncWriter.swift
[1239/1373] Compiling NIOCore NIOThrowingAsyncSequenceProducer.swift
[1240/1373] Compiling NIOCore BSDSocketAPI.swift
[1241/1373] Compiling NIOCore ByteBuffer-aux.swift
[1242/1373] Compiling NIOCore ByteBuffer-binaryEncodedLengthPrefix.swift
[1243/1373] Compiling NIOCore ByteBuffer-conversions.swift
[1244/1373] Compiling NIOCore ByteBuffer-core.swift
[1245/1373] Compiling NIOCore ByteBuffer-hex.swift
[1246/1373] Compiling NIOCore ByteBuffer-int.swift
[1247/1373] Compiling NIOCore ByteBuffer-lengthPrefix.swift
[1254/1373] Compiling NIOCore AddressedEnvelope.swift
[1255/1373] Compiling NIOCore AsyncAwaitSupport.swift
[1256/1373] Compiling NIOCore AsyncChannel.swift
[1257/1373] Compiling NIOCore AsyncChannelHandler.swift
[1258/1373] Compiling NIOCore AsyncChannelInboundStream.swift
[1259/1373] Compiling NIOCore AsyncChannelOutboundWriter.swift
[1260/1373] Compiling NIOCore EventLoopFuture+Deprecated.swift
[1261/1373] Compiling NIOCore EventLoopFuture+WithEventLoop.swift
[1262/1373] Compiling NIOCore EventLoopFuture.swift
[1263/1373] Compiling NIOCore FileDescriptor.swift
[1264/1373] Compiling NIOCore FileHandle.swift
[1265/1373] Compiling NIOCore FileRegion.swift
[1266/1373] Compiling NIOCore GlobalSingletons.swift
[1269/1373] Compiling NIOCore DispatchQueue+WithFuture.swift
[1270/1373] Compiling NIOCore EventLoop+Deprecated.swift
[1271/1373] Compiling NIOCore EventLoop+SerialExecutor.swift
[1272/1373] Compiling NIOCore EventLoop.swift
[1273/1373] Compiling NIOCore EventLoopFuture+AssumeIsolated.swift
[1286/1373] Compiling NIOCore SocketAddresses.swift
[1287/1373] Compiling NIOCore SocketOptionProvider.swift
[1288/1373] Compiling NIOCore SystemCallHelpers.swift
[1289/1373] Compiling NIOCore TimeAmount+Duration.swift
[1290/1373] Compiling NIOCore TypeAssistedChannelHandler.swift
[1291/1373] Compiling NIOCore UniversalBootstrapSupport.swift
[1292/1373] Compiling NIOCore Utilities.swift
[1322/1373] Emitting module NIOCore
[1323/1433] Compiling NIOFoundationEssentialsCompat Codable+ByteBuffer.swift
[1324/1433] Compiling NIOEmbedded AsyncTestingEventLoop.swift
[1325/1433] Emitting module NIOFoundationEssentialsCompat
[1326/1433] Compiling NIOFoundationEssentialsCompat ByteBuffer-foundation.swift
[1327/1433] Compiling NIOEmbedded AsyncTestingChannel.swift
[1328/1433] Emitting module NIOEmbedded
[1329/1433] Compiling NIOEmbedded Embedded.swift
[1330/1433] Compiling NIOPosix BSDSocketAPICommon.swift
[1331/1433] Compiling NIOPosix BSDSocketAPIPosix.swift
[1332/1433] Compiling NIOPosix BSDSocketAPIWindows.swift
[1333/1433] Compiling NIOPosix BaseSocket.swift
[1334/1433] Compiling NIOPosix BaseSocketChannel+AccessibleTransport.swift
[1335/1433] Compiling NIOPosix BaseSocketChannel+SocketOptionProvider.swift
[1336/1438] Compiling NIOPosix Linux.swift
[1337/1438] Compiling NIOPosix LinuxCPUSet.swift
[1338/1438] Compiling NIOPosix LinuxUring.swift
[1339/1438] Compiling NIOPosix MultiThreadedEventLoopGroup.swift
[1340/1438] Compiling NIOPosix NIOPosixSendableMetatype.swift
[1341/1438] Compiling NIOPosix NIORandomizedDNSResolver.swift
[1342/1438] Compiling NIOPosix StructuredConcurrencyHelpers.swift
[1343/1438] Compiling NIOPosix System.swift
[1344/1438] Compiling NIOPosix Thread.swift
[1345/1438] Compiling NIOPosix ThreadPosix.swift
[1346/1438] Compiling NIOPosix ThreadWindows.swift
[1347/1438] Emitting module NIOPosix
[1348/1438] Compiling NIOPosix Utilities.swift
[1349/1438] Compiling NIOPosix VsockAddress.swift
[1350/1438] Compiling NIOPosix VsockChannelEvents.swift
[1351/1438] Compiling NIOPosix Windows.swift
[1352/1438] Compiling NIOPosix resource_bundle_accessor.swift
[1353/1438] Compiling NIOPosix Pool.swift
[1354/1438] Compiling NIOPosix PosixSingletons+ConcurrencyTakeOver.swift
[1355/1438] Compiling NIOPosix PosixSingletons.swift
[1356/1438] Compiling NIOPosix RawSocketBootstrap.swift
[1357/1438] Compiling NIOPosix Resolver.swift
[1358/1438] Compiling NIOPosix Selectable.swift
[1359/1438] Compiling NIOPosix FileDescriptor.swift
[1360/1438] Compiling NIOPosix GetaddrinfoResolver.swift
[1361/1438] Compiling NIOPosix HappyEyeballs.swift
[1362/1438] Compiling NIOPosix IO.swift
[1363/1438] Compiling NIOPosix IntegerBitPacking.swift
[1364/1438] Compiling NIOPosix IntegerTypes.swift
[1365/1438] Compiling NIOPosix SelectableChannel.swift
[1366/1438] Compiling NIOPosix SelectableEventLoop.swift
[1367/1438] Compiling NIOPosix SelectorEpoll.swift
[1368/1438] Compiling NIOPosix SelectorGeneric.swift
[1369/1438] Compiling NIOPosix SelectorKqueue.swift
[1370/1438] Compiling NIOPosix SelectorUring.swift
[1371/1438] Compiling NIOPosix NIOThreadPool.swift
[1372/1438] Compiling NIOPosix NonBlockingFileIO.swift
[1373/1438] Compiling NIOPosix PendingDatagramWritesManager.swift
[1374/1438] Compiling NIOPosix PendingWritesManager.swift
[1375/1438] Compiling NIOPosix PipeChannel.swift
[1376/1438] Compiling NIOPosix PipePair.swift
[1377/1438] Compiling NIOPosix BaseSocketChannel.swift
[1378/1438] Compiling NIOPosix BaseStreamSocketChannel.swift
[1379/1438] Compiling NIOPosix Bootstrap.swift
[1380/1438] Compiling NIOPosix ControlMessage.swift
[1381/1438] Compiling NIOPosix DatagramVectorReadManager.swift
[1382/1438] Compiling NIOPosix Errors+Any.swift
[1383/1438] Compiling NIOPosix SelectorWSAPoll.swift
[1384/1438] Compiling NIOPosix ServerSocket.swift
[1385/1438] Compiling NIOPosix Socket.swift
[1386/1438] Compiling NIOPosix SocketChannel.swift
[1387/1438] Compiling NIOPosix SocketProtocols.swift
[1388/1440] Compiling NIO Exports.swift
[1389/1440] Emitting module NIO
[1390/1480] Compiling NIOTLS TLSEvents.swift
[1391/1480] Compiling NIOSOCKS Errors.swift
[1392/1481] Compiling NIOSOCKS Helpers.swift
[1393/1481] Compiling NIOFoundationCompat JSONSerialization+ByteBuffer.swift
[1394/1481] Compiling NIOFoundationCompat Exports.swift
[1395/1481] Compiling NIOFoundationCompat WaitSpinningRunLoop.swift
[1396/1481] Emitting module NIOFoundationCompat
[1397/1481] Compiling NIOHTTP1 HTTPEncoder.swift
[1398/1481] Compiling NIOHTTP1 HTTPHeaderValidator.swift
[1399/1481] Compiling NIOSOCKS SOCKSResponse.swift
[1400/1481] Compiling NIOSOCKS SelectedAuthenticationMethod.swift
[1401/1481] Compiling NIOSOCKS ClientStateMachine.swift
[1402/1481] Compiling NIOTLS ProtocolNegotiationHandlerStateMachine.swift
[1403/1481] Compiling NIOTLS NIOTypedApplicationProtocolNegotiationHandler.swift
[1404/1481] Compiling NIOTLS ApplicationProtocolNegotiationHandler.swift
[1405/1481] Emitting module NIOTLS
[1406/1481] Compiling NIOTLS SNIHandler.swift
[1407/1481] Compiling NIOSOCKS Messages.swift
[1408/1481] Compiling NIOSOCKS SOCKSRequest.swift
[1409/1481] Emitting module NIOSOCKS
[1410/1481] Compiling NIOHTTP1 ByteCollectionUtils.swift
[1411/1481] Compiling NIOHTTP1 HTTPDecoder.swift
[1412/1481] Compiling NIOSOCKS ServerStateMachine.swift
[1413/1481] Compiling NIOHTTP1 NIOTypedHTTPServerUpgradeHandler.swift
[1414/1536] Compiling NIOSSL SSLCertificateName.swift
[1415/1536] Compiling NIOSSL AndroidCABundle.swift
[1416/1536] Compiling NIOSSL NIOSSLServerHandler.swift
[1417/1536] Compiling NIOSSL ObjectIdentifier.swift
[1418/1536] Compiling NIOSSL PosixPort.swift
[1419/1536] Compiling NIOSSL IdentityVerification.swift
[1420/1536] Compiling NIOSSL SSLErrors.swift
[1421/1536] Compiling NIOSSL NIOSSLHandler.swift
[1422/1536] Compiling NIOSSL SSLCertificate.swift
[1423/1536] Compiling NIOSSL SSLCertificateExtensions.swift
[1424/1536] Compiling NIOHTTP1 NIOTypedHTTPServerUpgraderStateMachine.swift
[1425/1536] Emitting module NIOHTTP1
[1426/1536] Compiling NIOSSL SSLConnection.swift
[1427/1536] Compiling NIOSSL SSLContext.swift
[1428/1536] Compiling NIOSSL LinuxCABundle.swift
[1429/1536] Compiling NIOSSL NIOSSLClientHandler.swift
[1430/1536] Compiling NIOSSL NIOSSLHandler+Configuration.swift
[1431/1536] Compiling NIOSSL SSLCallbacks.swift
[1432/1536] Emitting module NIOTransportServices
[1433/1555] Compiling NIOTransportServices TCPOptions+SocketChannelOption.swift
[1434/1555] Compiling NIOTransportServices UDPOptions+SocketChannelOption.swift
[1435/1555] Compiling NIOHPACK IntegerCoding.swift
[1436/1555] Compiling NIOHPACK HuffmanTables.swift
[1437/1555] Compiling NIOHPACK IndexedHeaderTable.swift
[1438/1555] Compiling NIOHPACK HPACKEncoder.swift
[1439/1555] Compiling NIOHPACK HeaderTables.swift
[1440/1555] Compiling NIOHPACK HuffmanCoding.swift
[1441/1555] Compiling NIOHPACK DynamicHeaderTable.swift
[1442/1555] Compiling NIOHPACK HPACKDecoder.swift
[1443/1556] Compiling NIOSSL SSLInit.swift
[1444/1556] Compiling NIOSSL SSLPKCS12Bundle.swift
[1447/1556] Compiling NIOSSL ByteBufferBIO.swift
[1448/1556] Compiling NIOSSL CustomPrivateKey.swift
[1449/1556] Compiling NIOSSL FreeBSDCABundle.swift
[1464/1556] Compiling NIOHTTPCompression HTTPRequestCompressor.swift
[1465/1556] Compiling NIOHTTPCompression HTTPDecompressor.swift
[1466/1556] Compiling NIOHTTPCompression HTTPCompression.swift
[1467/1556] Compiling NIOHTTPCompression HTTPDecompression.swift
[1468/1556] Emitting module NIOHTTPCompression
[1469/1556] Compiling NIOHTTPCompression HTTPResponseCompressor.swift
[1470/1556] Emitting module NIOSSL
[1471/1559] Compiling NIOHPACK HPACKErrors.swift
[1472/1559] Compiling NIOHPACK HPACKHeader.swift
[1473/1559] Emitting module NIOHPACK
[1478/1559] Compiling NIOHPACK StaticHeaderTable.swift
[1479/1559] Compiling NIOSSL SafeCompare.swift
[1480/1559] Compiling NIOSSL Zeroization.swift
[1481/1559] Compiling NIOSSL TLSConfiguration.swift
[1483/1559] Compiling NIOSSL SecurityFrameworkCertificateVerification.swift
[1484/1559] Compiling NIOSSL String+unsafeUninitializedCapacity.swift
[1485/1559] Compiling NIOSSL SubjectAlternativeName.swift
[1486/1559] Compiling NIOSSL NIOSSLSecureBytes.swift
[1487/1559] Compiling NIOSSL RNG.swift
[1503/1559] Compiling NIOSSL UniversalBootstrapSupport.swift
[1504/1559] Compiling NIOSSL UnsafeKeyAndChainTarget.swift
[1505/1559] Compiling NIOSSL resource_bundle_accessor.swift
[1506/1623] Compiling NIOHTTP2 SendingRstStreamState.swift
[1507/1623] Compiling NIOHTTP2 SendingWindowUpdateState.swift
[1508/1623] Compiling NIOHTTP2 HTTP2SettingsState.swift
[1509/1623] Compiling NIOHTTP2 LocallyQuiescingState.swift
[1510/1623] Compiling NIOHTTP2 QuiescingState.swift
[1511/1623] Compiling NIOHTTP2 RemotelyQuiescingState.swift
[1512/1623] Compiling NIOHTTP2 SendAndReceiveGoawayState.swift
[1513/1623] Compiling NIOHTTP2 StateMachineResult.swift
[1514/1623] Compiling NIOHTTP2 ContentLengthVerifier.swift
[1515/1623] Compiling NIOHTTP2 DOSHeuristics.swift
[1519/1630] Compiling NIOHTTP2 HasExtendedConnectSettings.swift
[1520/1630] Compiling NIOHTTP2 HasFlowControlWindows.swift
[1521/1630] Compiling NIOHTTP2 HasLocalSettings.swift
[1522/1630] Compiling NIOHTTP2 HasRemoteSettings.swift
[1523/1630] Emitting module NIOHTTP2
[1524/1630] Compiling NIOHTTP2 Error+Any.swift
[1525/1630] Compiling NIOHTTP2 ConcurrentStreamBuffer.swift
[1526/1630] Compiling NIOHTTP2 ControlFrameBuffer.swift
[1527/1630] Compiling NIOHTTP2 OutboundFlowControlBuffer.swift
[1528/1630] Compiling NIOHTTP2 OutboundFrameBuffer.swift
[1529/1630] Compiling NIOHTTP2 GlitchesMonitor.swift
[1530/1630] Compiling NIOHTTP2 HPACKHeaders+Validation.swift
[1531/1630] Compiling NIOHTTP2 HTTP2Stream.swift
[1532/1630] Compiling NIOHTTP2 HTTP2StreamChannel+OutboundStreamMultiplexer.swift
[1533/1630] Compiling NIOHTTP2 HTTP2StreamChannel.swift
[1534/1630] Compiling NIOHTTP2 HTTP2StreamDelegate.swift
[1535/1630] Compiling NIOHTTP2 HTTP2StreamID.swift
[1536/1630] Compiling NIOHTTP2 HTTP2StreamMultiplexer.swift
[1537/1630] Compiling NIOHTTP2 HTTP2ToHTTP1Codec.swift
[1538/1630] Compiling NIOHTTP2 StreamChannelFlowController.swift
[1539/1630] Compiling NIOHTTP2 StreamChannelList.swift
[1540/1630] Compiling NIOHTTP2 StreamMap.swift
[1541/1630] Compiling NIOHTTP2 StreamStateMachine.swift
[1542/1630] Compiling NIOHTTP2 Timer.swift
[1543/1630] Compiling NIOHTTP2 UnsafeTransfer.swift
[1544/1630] Compiling NIOHTTP2 WatermarkedFlowController.swift
[1545/1630] Compiling NIOHTTP2 HTTP2FlowControlWindow.swift
[1546/1630] Compiling NIOHTTP2 HTTP2Frame.swift
[1547/1630] Compiling NIOHTTP2 HTTP2FrameEncoder.swift
[1548/1630] Compiling NIOHTTP2 HTTP2FrameParser.swift
[1549/1630] Compiling NIOHTTP2 HTTP2PingData.swift
[1550/1630] Compiling NIOHTTP2 HTTP2PipelineHelpers.swift
[1551/1630] Compiling NIOHTTP2 HTTP2Settings.swift
[1552/1630] Compiling NIOHTTP2 ConnectionStateMachine.swift
[1553/1630] Compiling NIOHTTP2 ConnectionStreamsState.swift
[1554/1630] Compiling NIOHTTP2 MayReceiveFrames.swift
[1555/1630] Compiling NIOHTTP2 ReceivingDataState.swift
[1556/1630] Compiling NIOHTTP2 ReceivingGoAwayState.swift
[1557/1630] Compiling NIOHTTP2 ReceivingHeadersState.swift
[1558/1630] Compiling NIOHTTP2 ReceivingPushPromiseState.swift
[1559/1630] Compiling NIOHTTP2 HTTP2UserEvents.swift
[1560/1630] Compiling NIOHTTP2 InboundEventBuffer.swift
[1561/1630] Compiling NIOHTTP2 InboundWindowManager.swift
[1562/1630] Compiling NIOHTTP2 MultiplexerAbstractChannel.swift
[1563/1630] Compiling NIOHTTP2 NIOHTTP2FrameDelegate.swift
[1564/1630] Compiling NIOHTTP2 NIOHTTP2ServerConnectionManagementHandler+StateMachine.swift
[1565/1630] Compiling NIOHTTP2 NIOHTTP2ServerConnectionManagementHandler.swift
[1566/1630] Compiling NIOHTTP2 ReceivingRstStreamState.swift
[1567/1630] Compiling NIOHTTP2 ReceivingWindowUpdateState.swift
[1568/1630] Compiling NIOHTTP2 MaySendFrames.swift
[1569/1630] Compiling NIOHTTP2 SendingDataState.swift
[1570/1630] Compiling NIOHTTP2 SendingGoawayState.swift
[1571/1630] Compiling NIOHTTP2 SendingHeadersState.swift
[1572/1630] Compiling NIOHTTP2 SendingPushPromiseState.swift
[1573/1630] Compiling NIOHTTP2 HTTP2ChannelHandler+InboundStreamMultiplexer.swift
[1574/1630] Compiling NIOHTTP2 HTTP2ChannelHandler+InlineStreamMultiplexer.swift
[1575/1630] Compiling NIOHTTP2 HTTP2ChannelHandler.swift
[1576/1630] Compiling NIOHTTP2 HTTP2CommonInboundStreamMultiplexer.swift
[1577/1630] Compiling NIOHTTP2 HTTP2ConnectionStateChange.swift
[1578/1630] Compiling NIOHTTP2 HTTP2Error.swift
[1579/1630] Compiling NIOHTTP2 HTTP2ErrorCode.swift
[1580/1695] Compiling AsyncHTTPClient AnyAsyncSequence.swift
[1581/1695] Compiling AsyncHTTPClient AnyAsyncSequenceProucerDelete.swift
[1582/1695] Compiling AsyncHTTPClient AsyncLazySequence.swift
[1583/1695] Compiling AsyncHTTPClient HTTPClient+execute.swift
[1584/1695] Compiling AsyncHTTPClient HTTPClient+shutdown.swift
[1585/1695] Compiling AsyncHTTPClient HTTPClient+tracing.swift
[1586/1695] Compiling AsyncHTTPClient HTTPClientRequest+Prepared.swift
[1587/1695] Compiling AsyncHTTPClient HTTPClientRequest+auth.swift
[1588/1702] Compiling AsyncHTTPClient BestEffortHashableTLSConfiguration.swift
[1589/1702] Compiling AsyncHTTPClient Configuration+BrowserLike.swift
[1590/1702] Compiling AsyncHTTPClient ConnectionPool.swift
[1591/1702] Compiling AsyncHTTPClient HTTP1ProxyConnectHandler.swift
[1592/1702] Compiling AsyncHTTPClient SOCKSEventsHandler.swift
[1593/1702] Compiling AsyncHTTPClient TLSEventsHandler.swift
[1594/1702] Compiling AsyncHTTPClient HTTP1ClientChannelHandler.swift
[1595/1702] Compiling AsyncHTTPClient HTTPConnectionPool+Manager.swift
[1596/1702] Compiling AsyncHTTPClient HTTPConnectionPool.swift
[1597/1702] Compiling AsyncHTTPClient HTTPExecutableRequest.swift
[1598/1702] Compiling AsyncHTTPClient HTTPRequestStateMachine+Demand.swift
[1599/1702] Compiling AsyncHTTPClient HTTPRequestStateMachine.swift
[1600/1702] Compiling AsyncHTTPClient RequestBodyLength.swift
[1601/1702] Compiling AsyncHTTPClient RequestFramingMetadata.swift
[1602/1702] Compiling AsyncHTTPClient HTTPClientRequest.swift
[1603/1702] Compiling AsyncHTTPClient HTTPClientResponse.swift
[1604/1702] Compiling AsyncHTTPClient SingleIteratorPrecondition.swift
[1605/1702] Compiling AsyncHTTPClient Transaction+StateMachine.swift
[1606/1702] Compiling AsyncHTTPClient Transaction.swift
[1607/1702] Compiling AsyncHTTPClient Base64.swift
[1608/1702] Compiling AsyncHTTPClient BasicAuth.swift
[1609/1702] Compiling AsyncHTTPClient SSLContextCache.swift
[1610/1702] Compiling AsyncHTTPClient Scheme.swift
[1611/1702] Compiling AsyncHTTPClient Singleton.swift
[1612/1702] Compiling AsyncHTTPClient StringConvertibleInstances.swift
[1613/1702] Compiling AsyncHTTPClient StructuredConcurrencyHelpers.swift
[1614/1702] Compiling AsyncHTTPClient TracingSupport.swift
[1615/1702] Compiling AsyncHTTPClient Utils.swift
[1616/1702] Compiling AsyncHTTPClient HTTPConnectionPool+StateMachine.swift
[1617/1702] Compiling AsyncHTTPClient ConnectionTarget.swift
[1618/1702] Compiling AsyncHTTPClient DeconstructedURL.swift
[1619/1702] Compiling AsyncHTTPClient FileDownloadDelegate.swift
[1620/1702] Compiling AsyncHTTPClient FoundationExtensions.swift
[1621/1702] Compiling AsyncHTTPClient HTTPClient+HTTPCookie.swift
[1622/1702] Compiling AsyncHTTPClient HTTPClient+Proxy.swift
[1623/1702] Compiling AsyncHTTPClient NWWaitingHandler.swift
[1624/1702] Compiling AsyncHTTPClient TLSConfiguration.swift
[1625/1702] Compiling AsyncHTTPClient RedirectState.swift
[1626/1702] Compiling AsyncHTTPClient RequestBag+StateMachine.swift
[1627/1702] Compiling AsyncHTTPClient RequestBag+Tracing.swift
[1628/1702] Compiling AsyncHTTPClient RequestBag.swift
[1629/1702] Compiling AsyncHTTPClient RequestValidation.swift
[1630/1702] Compiling AsyncHTTPClient HTTP1Connection.swift
[1631/1702] Compiling AsyncHTTPClient HTTP1ConnectionStateMachine.swift
[1632/1702] Compiling AsyncHTTPClient HTTP2ClientRequestHandler.swift
[1633/1702] Compiling AsyncHTTPClient HTTP2Connection.swift
[1634/1702] Compiling AsyncHTTPClient HTTP2IdleHandler.swift
[1635/1702] Compiling AsyncHTTPClient HTTPConnectionEvent.swift
[1636/1702] Compiling AsyncHTTPClient HTTPConnectionPool+Factory.swift
[1637/1702] Compiling AsyncHTTPClient RequestOptions.swift
[1638/1702] Compiling AsyncHTTPClient HTTPConnectionPool+Backoff.swift
[1639/1702] Compiling AsyncHTTPClient HTTPConnectionPool+HTTP1Connections.swift
[1640/1702] Compiling AsyncHTTPClient HTTPConnectionPool+HTTP1StateMachine.swift
[1641/1702] Compiling AsyncHTTPClient HTTPConnectionPool+HTTP2Connections.swift
[1642/1702] Compiling AsyncHTTPClient HTTPConnectionPool+HTTP2StateMachine.swift
[1643/1702] Compiling AsyncHTTPClient HTTPConnectionPool+RequestQueue.swift
[1644/1702] Emitting module AsyncHTTPClient
[1645/1702] Compiling AsyncHTTPClient HTTPClient+StructuredConcurrency.swift
[1646/1702] Compiling AsyncHTTPClient HTTPClient.swift
[1647/1702] Compiling AsyncHTTPClient HTTPClientConfiguration+SwiftConfiguration.swift
[1648/1702] Compiling AsyncHTTPClient HTTPHandler.swift
[1649/1702] Compiling AsyncHTTPClient LRUCache.swift
[1650/1702] Compiling AsyncHTTPClient NIOLoopBound+Execute.swift
[1651/1702] Compiling AsyncHTTPClient NWErrorHandler.swift
[1652/1755] Compiling AxiamSDK DynamicOpaqueNative.swift
[1653/1755] Compiling AxiamSDK KsfParams.swift
[1654/1755] Compiling AxiamSDK Opaque.swift
[1655/1755] Compiling AxiamSDK OpaqueExchange.swift
[1656/1755] Compiling AxiamSDK OpaqueLibrary.swift
[1657/1755] Compiling AxiamSDK OpaqueNative.swift
[1658/1760] Compiling AxiamSDK UmaChallenger.swift
[1659/1760] Compiling AxiamSDK BareRequest.swift
[1660/1760] Compiling AxiamSDK HTTPTransport.swift
[1661/1760] Compiling AxiamSDK Base64URL.swift
[1662/1760] Compiling AxiamSDK JwksVerifier.swift
[1663/1760] Compiling AxiamSDK RevocationFeed.swift
[1664/1760] Compiling AxiamSDK Retry.swift
[1665/1760] Compiling AxiamSDK Sensitive.swift
[1666/1760] Compiling AxiamSDK SsfReceiver.swift
[1667/1760] Compiling AxiamSDK SupportedVersions.swift
[1668/1760] Compiling AxiamSDK Telemetry.swift
[1669/1760] Compiling AxiamSDK DecisionMemo.swift
[1670/1760] Compiling AxiamSDK Errors.swift
[1671/1760] Compiling AxiamSDK AxiamGuards.swift
[1672/1760] Compiling AxiamSDK AxiamRequestAuthenticator.swift
[1673/1760] Compiling AxiamSDK DpopVerifier.swift
[1674/1760] Compiling AxiamSDK McpResourceServer.swift
[1675/1760] Compiling AxiamSDK Oidc.swift
/Users/admin/builder/spi-builder-workspace/Sources/AxiamSDK/Oidc/OidcInternals.swift:289:13: warning: immutable value 'verified' was never used; consider removing it
287 | expectedNonce: String?
288 | ) async throws -> IdTokenClaims {
289 | let verified: VerifiedToken
| `- warning: immutable value 'verified' was never used; consider removing it
290 | do {
291 | verified = try await jwks.verifySignatureOnlyUnchecked(token: idToken)
[1676/1760] Compiling AxiamSDK OidcInternals.swift
/Users/admin/builder/spi-builder-workspace/Sources/AxiamSDK/Oidc/OidcInternals.swift:289:13: warning: immutable value 'verified' was never used; consider removing it
287 | expectedNonce: String?
288 | ) async throws -> IdTokenClaims {
289 | let verified: VerifiedToken
| `- warning: immutable value 'verified' was never used; consider removing it
290 | do {
291 | verified = try await jwks.verifySignatureOnlyUnchecked(token: idToken)
[1677/1760] Compiling AxiamSDK OidcPkce.swift
/Users/admin/builder/spi-builder-workspace/Sources/AxiamSDK/Oidc/OidcInternals.swift:289:13: warning: immutable value 'verified' was never used; consider removing it
287 | expectedNonce: String?
288 | ) async throws -> IdTokenClaims {
289 | let verified: VerifiedToken
| `- warning: immutable value 'verified' was never used; consider removing it
290 | do {
291 | verified = try await jwks.verifySignatureOnlyUnchecked(token: idToken)
[1678/1760] Compiling AxiamSDK OidcTypes.swift
/Users/admin/builder/spi-builder-workspace/Sources/AxiamSDK/Oidc/OidcInternals.swift:289:13: warning: immutable value 'verified' was never used; consider removing it
287 | expectedNonce: String?
288 | ) async throws -> IdTokenClaims {
289 | let verified: VerifiedToken
| `- warning: immutable value 'verified' was never used; consider removing it
290 | do {
291 | verified = try await jwks.verifySignatureOnlyUnchecked(token: idToken)
[1679/1760] Compiling AxiamSDK Par.swift
/Users/admin/builder/spi-builder-workspace/Sources/AxiamSDK/Oidc/OidcInternals.swift:289:13: warning: immutable value 'verified' was never used; consider removing it
287 | expectedNonce: String?
288 | ) async throws -> IdTokenClaims {
289 | let verified: VerifiedToken
| `- warning: immutable value 'verified' was never used; consider removing it
290 | do {
291 | verified = try await jwks.verifySignatureOnlyUnchecked(token: idToken)
[1680/1760] Compiling AxiamSDK TokenExchange.swift
/Users/admin/builder/spi-builder-workspace/Sources/AxiamSDK/Oidc/OidcInternals.swift:289:13: warning: immutable value 'verified' was never used; consider removing it
287 | expectedNonce: String?
288 | ) async throws -> IdTokenClaims {
289 | let verified: VerifiedToken
| `- warning: immutable value 'verified' was never used; consider removing it
290 | do {
291 | verified = try await jwks.verifySignatureOnlyUnchecked(token: idToken)
[1681/1760] Compiling AxiamSDK AccountTypes.swift
[1682/1760] Compiling AxiamSDK AxiamClient+Account.swift
[1683/1760] Compiling AxiamSDK AxiamClient.swift
[1684/1760] Compiling AxiamSDK AxiamConfig.swift
[1685/1760] Compiling AxiamSDK ConstantTime.swift
[1686/1760] Compiling AxiamSDK CookieJar.swift
[1687/1760] Compiling AxiamSDK OpaqueWire.swift
[1688/1760] Compiling AxiamSDK AmqpsEndpoint.swift
[1689/1760] Compiling AxiamSDK ReactorProtocol.swift
[1690/1760] Compiling AxiamSDK ReactorRuntime.swift
[1691/1760] Compiling AxiamSDK ReactorTypes.swift
[1692/1760] Compiling AxiamSDK ManagementManifestNetwork.swift
[1693/1760] Compiling AxiamSDK Models.swift
[1694/1760] Compiling AxiamSDK Ciba.swift
[1695/1760] Compiling AxiamSDK ClientRegistration.swift
[1696/1760] Compiling AxiamSDK DeviceGrant.swift
[1697/1760] Compiling AxiamSDK Logout.swift
[1698/1760] Emitting module AxiamSDK
[1699/1760] Compiling AxiamSDK Uma.swift
/Users/admin/builder/spi-builder-workspace/Sources/AxiamSDK/Webauthn/WebauthnCeremony.swift:232:36: error: non-sendable result type 'any ASAuthorizationCredential' cannot be sent from main actor-isolated context in call to static method 'run(requests:anchor:conditional:)'
230 | }
231 |
232 | let credential = try await run(requests: requests, anchor: anchor, conditional: false)
| `- error: non-sendable result type 'any ASAuthorizationCredential' cannot be sent from main actor-isolated context in call to static method 'run(requests:anchor:conditional:)'
233 | guard let registration = credential as? ASAuthorizationPublicKeyCredentialRegistration else {
234 | throw WebauthnCeremonyError(.unknown)
/Applications/Xcode-16.3.0.app/Contents/Developer/Platforms/MacOSX.platform/Developer/SDKs/MacOSX15.4.sdk/System/Library/Frameworks/AuthenticationServices.framework/Headers/ASAuthorizationCredential.h:14:11: note: protocol 'ASAuthorizationCredential' does not conform to the 'Sendable' protocol
12 |
13 | AS_EXTERN API_AVAILABLE(ios(13.0), macos(10.15), tvos(13.0), watchos(6.0))
14 | @protocol ASAuthorizationCredential <NSObject, NSCopying, NSSecureCoding>
| `- note: protocol 'ASAuthorizationCredential' does not conform to the 'Sendable' protocol
15 |
16 | @end
/Users/admin/builder/spi-builder-workspace/Sources/AxiamSDK/Webauthn/WebauthnCeremony.swift:2:1: warning: add '@preconcurrency' to treat 'Sendable'-related errors from module 'AuthenticationServices' as warnings
1 | #if canImport(AuthenticationServices)
2 | import AuthenticationServices
| `- warning: add '@preconcurrency' to treat 'Sendable'-related errors from module 'AuthenticationServices' as warnings
3 | import Foundation
4 |
/Users/admin/builder/spi-builder-workspace/Sources/AxiamSDK/Webauthn/WebauthnCeremony.swift:288:36: error: non-sendable result type 'any ASAuthorizationCredential' cannot be sent from main actor-isolated context in call to static method 'run(requests:anchor:conditional:)'
286 | }
287 |
288 | let credential = try await run(requests: requests, anchor: anchor, conditional: conditional)
| `- error: non-sendable result type 'any ASAuthorizationCredential' cannot be sent from main actor-isolated context in call to static method 'run(requests:anchor:conditional:)'
289 | guard let assertion = credential as? ASAuthorizationPublicKeyCredentialAssertion else {
290 | throw WebauthnCeremonyError(.unknown)
/Applications/Xcode-16.3.0.app/Contents/Developer/Platforms/MacOSX.platform/Developer/SDKs/MacOSX15.4.sdk/System/Library/Frameworks/AuthenticationServices.framework/Headers/ASAuthorizationCredential.h:14:11: note: protocol 'ASAuthorizationCredential' does not conform to the 'Sendable' protocol
12 |
13 | AS_EXTERN API_AVAILABLE(ios(13.0), macos(10.15), tvos(13.0), watchos(6.0))
14 | @protocol ASAuthorizationCredential <NSObject, NSCopying, NSSecureCoding>
| `- note: protocol 'ASAuthorizationCredential' does not conform to the 'Sendable' protocol
15 |
16 | @end
/Users/admin/builder/spi-builder-workspace/Sources/AxiamSDK/Webauthn/WebauthnCeremony.swift:328:32: error: 'performAutoFillAssistedRequests()' is unavailable in macOS
326 | delegate.continuation = continuation
327 | if conditional, #available(iOS 16.0, macOS 13.5, *) {
328 | controller.performAutoFillAssistedRequests()
| `- error: 'performAutoFillAssistedRequests()' is unavailable in macOS
329 | } else {
330 | controller.performRequests()
AuthenticationServices.ASAuthorizationController.performAutoFillAssistedRequests:3:13: note: 'performAutoFillAssistedRequests()' has been explicitly marked unavailable here
1 | class ASAuthorizationController {
2 | @available(macOS, unavailable)
3 | open func performAutoFillAssistedRequests()}
| `- note: 'performAutoFillAssistedRequests()' has been explicitly marked unavailable here
4 |
/Users/admin/builder/spi-builder-workspace/Sources/AxiamSDK/Webauthn/WebauthnCeremony.swift:337:34: error: capture of 'controller' with non-sendable type 'ASAuthorizationController' in a '@Sendable' closure
335 | // able to abandon it — and abandoning it is a cancellation, not an
336 | // authentication failure.
337 | Task { @MainActor in controller.cancel() }
| `- error: capture of 'controller' with non-sendable type 'ASAuthorizationController' in a '@Sendable' closure
338 | }
339 | }
/Applications/Xcode-16.3.0.app/Contents/Developer/Platforms/MacOSX.platform/Developer/SDKs/MacOSX15.4.sdk/System/Library/Frameworks/AuthenticationServices.framework/Headers/ASAuthorizationController.h:49:12: note: class 'ASAuthorizationController' does not conform to the 'Sendable' protocol
47 |
48 | AS_EXTERN API_AVAILABLE(ios(13.0), macos(10.15), tvos(13.0), watchos(6.0))
49 | @interface ASAuthorizationController : NSObject
| `- note: class 'ASAuthorizationController' does not conform to the 'Sendable' protocol
50 |
51 | /*! @abstract Authorization requests that are being serviced by this controller
[1700/1760] Compiling AxiamSDK AxiamClient+Webauthn.swift
/Users/admin/builder/spi-builder-workspace/Sources/AxiamSDK/Webauthn/WebauthnCeremony.swift:232:36: error: non-sendable result type 'any ASAuthorizationCredential' cannot be sent from main actor-isolated context in call to static method 'run(requests:anchor:conditional:)'
230 | }
231 |
232 | let credential = try await run(requests: requests, anchor: anchor, conditional: false)
| `- error: non-sendable result type 'any ASAuthorizationCredential' cannot be sent from main actor-isolated context in call to static method 'run(requests:anchor:conditional:)'
233 | guard let registration = credential as? ASAuthorizationPublicKeyCredentialRegistration else {
234 | throw WebauthnCeremonyError(.unknown)
/Applications/Xcode-16.3.0.app/Contents/Developer/Platforms/MacOSX.platform/Developer/SDKs/MacOSX15.4.sdk/System/Library/Frameworks/AuthenticationServices.framework/Headers/ASAuthorizationCredential.h:14:11: note: protocol 'ASAuthorizationCredential' does not conform to the 'Sendable' protocol
12 |
13 | AS_EXTERN API_AVAILABLE(ios(13.0), macos(10.15), tvos(13.0), watchos(6.0))
14 | @protocol ASAuthorizationCredential <NSObject, NSCopying, NSSecureCoding>
| `- note: protocol 'ASAuthorizationCredential' does not conform to the 'Sendable' protocol
15 |
16 | @end
/Users/admin/builder/spi-builder-workspace/Sources/AxiamSDK/Webauthn/WebauthnCeremony.swift:2:1: warning: add '@preconcurrency' to treat 'Sendable'-related errors from module 'AuthenticationServices' as warnings
1 | #if canImport(AuthenticationServices)
2 | import AuthenticationServices
| `- warning: add '@preconcurrency' to treat 'Sendable'-related errors from module 'AuthenticationServices' as warnings
3 | import Foundation
4 |
/Users/admin/builder/spi-builder-workspace/Sources/AxiamSDK/Webauthn/WebauthnCeremony.swift:288:36: error: non-sendable result type 'any ASAuthorizationCredential' cannot be sent from main actor-isolated context in call to static method 'run(requests:anchor:conditional:)'
286 | }
287 |
288 | let credential = try await run(requests: requests, anchor: anchor, conditional: conditional)
| `- error: non-sendable result type 'any ASAuthorizationCredential' cannot be sent from main actor-isolated context in call to static method 'run(requests:anchor:conditional:)'
289 | guard let assertion = credential as? ASAuthorizationPublicKeyCredentialAssertion else {
290 | throw WebauthnCeremonyError(.unknown)
/Applications/Xcode-16.3.0.app/Contents/Developer/Platforms/MacOSX.platform/Developer/SDKs/MacOSX15.4.sdk/System/Library/Frameworks/AuthenticationServices.framework/Headers/ASAuthorizationCredential.h:14:11: note: protocol 'ASAuthorizationCredential' does not conform to the 'Sendable' protocol
12 |
13 | AS_EXTERN API_AVAILABLE(ios(13.0), macos(10.15), tvos(13.0), watchos(6.0))
14 | @protocol ASAuthorizationCredential <NSObject, NSCopying, NSSecureCoding>
| `- note: protocol 'ASAuthorizationCredential' does not conform to the 'Sendable' protocol
15 |
16 | @end
/Users/admin/builder/spi-builder-workspace/Sources/AxiamSDK/Webauthn/WebauthnCeremony.swift:328:32: error: 'performAutoFillAssistedRequests()' is unavailable in macOS
326 | delegate.continuation = continuation
327 | if conditional, #available(iOS 16.0, macOS 13.5, *) {
328 | controller.performAutoFillAssistedRequests()
| `- error: 'performAutoFillAssistedRequests()' is unavailable in macOS
329 | } else {
330 | controller.performRequests()
AuthenticationServices.ASAuthorizationController.performAutoFillAssistedRequests:3:13: note: 'performAutoFillAssistedRequests()' has been explicitly marked unavailable here
1 | class ASAuthorizationController {
2 | @available(macOS, unavailable)
3 | open func performAutoFillAssistedRequests()}
| `- note: 'performAutoFillAssistedRequests()' has been explicitly marked unavailable here
4 |
/Users/admin/builder/spi-builder-workspace/Sources/AxiamSDK/Webauthn/WebauthnCeremony.swift:337:34: error: capture of 'controller' with non-sendable type 'ASAuthorizationController' in a '@Sendable' closure
335 | // able to abandon it — and abandoning it is a cancellation, not an
336 | // authentication failure.
337 | Task { @MainActor in controller.cancel() }
| `- error: capture of 'controller' with non-sendable type 'ASAuthorizationController' in a '@Sendable' closure
338 | }
339 | }
/Applications/Xcode-16.3.0.app/Contents/Developer/Platforms/MacOSX.platform/Developer/SDKs/MacOSX15.4.sdk/System/Library/Frameworks/AuthenticationServices.framework/Headers/ASAuthorizationController.h:49:12: note: class 'ASAuthorizationController' does not conform to the 'Sendable' protocol
47 |
48 | AS_EXTERN API_AVAILABLE(ios(13.0), macos(10.15), tvos(13.0), watchos(6.0))
49 | @interface ASAuthorizationController : NSObject
| `- note: class 'ASAuthorizationController' does not conform to the 'Sendable' protocol
50 |
51 | /*! @abstract Authorization requests that are being serviced by this controller
[1701/1760] Compiling AxiamSDK WebauthnCeremony.swift
/Users/admin/builder/spi-builder-workspace/Sources/AxiamSDK/Webauthn/WebauthnCeremony.swift:232:36: error: non-sendable result type 'any ASAuthorizationCredential' cannot be sent from main actor-isolated context in call to static method 'run(requests:anchor:conditional:)'
230 | }
231 |
232 | let credential = try await run(requests: requests, anchor: anchor, conditional: false)
| `- error: non-sendable result type 'any ASAuthorizationCredential' cannot be sent from main actor-isolated context in call to static method 'run(requests:anchor:conditional:)'
233 | guard let registration = credential as? ASAuthorizationPublicKeyCredentialRegistration else {
234 | throw WebauthnCeremonyError(.unknown)
/Applications/Xcode-16.3.0.app/Contents/Developer/Platforms/MacOSX.platform/Developer/SDKs/MacOSX15.4.sdk/System/Library/Frameworks/AuthenticationServices.framework/Headers/ASAuthorizationCredential.h:14:11: note: protocol 'ASAuthorizationCredential' does not conform to the 'Sendable' protocol
12 |
13 | AS_EXTERN API_AVAILABLE(ios(13.0), macos(10.15), tvos(13.0), watchos(6.0))
14 | @protocol ASAuthorizationCredential <NSObject, NSCopying, NSSecureCoding>
| `- note: protocol 'ASAuthorizationCredential' does not conform to the 'Sendable' protocol
15 |
16 | @end
/Users/admin/builder/spi-builder-workspace/Sources/AxiamSDK/Webauthn/WebauthnCeremony.swift:2:1: warning: add '@preconcurrency' to treat 'Sendable'-related errors from module 'AuthenticationServices' as warnings
1 | #if canImport(AuthenticationServices)
2 | import AuthenticationServices
| `- warning: add '@preconcurrency' to treat 'Sendable'-related errors from module 'AuthenticationServices' as warnings
3 | import Foundation
4 |
/Users/admin/builder/spi-builder-workspace/Sources/AxiamSDK/Webauthn/WebauthnCeremony.swift:288:36: error: non-sendable result type 'any ASAuthorizationCredential' cannot be sent from main actor-isolated context in call to static method 'run(requests:anchor:conditional:)'
286 | }
287 |
288 | let credential = try await run(requests: requests, anchor: anchor, conditional: conditional)
| `- error: non-sendable result type 'any ASAuthorizationCredential' cannot be sent from main actor-isolated context in call to static method 'run(requests:anchor:conditional:)'
289 | guard let assertion = credential as? ASAuthorizationPublicKeyCredentialAssertion else {
290 | throw WebauthnCeremonyError(.unknown)
/Applications/Xcode-16.3.0.app/Contents/Developer/Platforms/MacOSX.platform/Developer/SDKs/MacOSX15.4.sdk/System/Library/Frameworks/AuthenticationServices.framework/Headers/ASAuthorizationCredential.h:14:11: note: protocol 'ASAuthorizationCredential' does not conform to the 'Sendable' protocol
12 |
13 | AS_EXTERN API_AVAILABLE(ios(13.0), macos(10.15), tvos(13.0), watchos(6.0))
14 | @protocol ASAuthorizationCredential <NSObject, NSCopying, NSSecureCoding>
| `- note: protocol 'ASAuthorizationCredential' does not conform to the 'Sendable' protocol
15 |
16 | @end
/Users/admin/builder/spi-builder-workspace/Sources/AxiamSDK/Webauthn/WebauthnCeremony.swift:328:32: error: 'performAutoFillAssistedRequests()' is unavailable in macOS
326 | delegate.continuation = continuation
327 | if conditional, #available(iOS 16.0, macOS 13.5, *) {
328 | controller.performAutoFillAssistedRequests()
| `- error: 'performAutoFillAssistedRequests()' is unavailable in macOS
329 | } else {
330 | controller.performRequests()
AuthenticationServices.ASAuthorizationController.performAutoFillAssistedRequests:3:13: note: 'performAutoFillAssistedRequests()' has been explicitly marked unavailable here
1 | class ASAuthorizationController {
2 | @available(macOS, unavailable)
3 | open func performAutoFillAssistedRequests()}
| `- note: 'performAutoFillAssistedRequests()' has been explicitly marked unavailable here
4 |
/Users/admin/builder/spi-builder-workspace/Sources/AxiamSDK/Webauthn/WebauthnCeremony.swift:337:34: error: capture of 'controller' with non-sendable type 'ASAuthorizationController' in a '@Sendable' closure
335 | // able to abandon it — and abandoning it is a cancellation, not an
336 | // authentication failure.
337 | Task { @MainActor in controller.cancel() }
| `- error: capture of 'controller' with non-sendable type 'ASAuthorizationController' in a '@Sendable' closure
338 | }
339 | }
/Applications/Xcode-16.3.0.app/Contents/Developer/Platforms/MacOSX.platform/Developer/SDKs/MacOSX15.4.sdk/System/Library/Frameworks/AuthenticationServices.framework/Headers/ASAuthorizationController.h:49:12: note: class 'ASAuthorizationController' does not conform to the 'Sendable' protocol
47 |
48 | AS_EXTERN API_AVAILABLE(ios(13.0), macos(10.15), tvos(13.0), watchos(6.0))
49 | @interface ASAuthorizationController : NSObject
| `- note: class 'ASAuthorizationController' does not conform to the 'Sendable' protocol
50 |
51 | /*! @abstract Authorization requests that are being serviced by this controller
[1702/1760] Compiling AxiamSDK WebauthnTypes.swift
/Users/admin/builder/spi-builder-workspace/Sources/AxiamSDK/Webauthn/WebauthnCeremony.swift:232:36: error: non-sendable result type 'any ASAuthorizationCredential' cannot be sent from main actor-isolated context in call to static method 'run(requests:anchor:conditional:)'
230 | }
231 |
232 | let credential = try await run(requests: requests, anchor: anchor, conditional: false)
| `- error: non-sendable result type 'any ASAuthorizationCredential' cannot be sent from main actor-isolated context in call to static method 'run(requests:anchor:conditional:)'
233 | guard let registration = credential as? ASAuthorizationPublicKeyCredentialRegistration else {
234 | throw WebauthnCeremonyError(.unknown)
/Applications/Xcode-16.3.0.app/Contents/Developer/Platforms/MacOSX.platform/Developer/SDKs/MacOSX15.4.sdk/System/Library/Frameworks/AuthenticationServices.framework/Headers/ASAuthorizationCredential.h:14:11: note: protocol 'ASAuthorizationCredential' does not conform to the 'Sendable' protocol
12 |
13 | AS_EXTERN API_AVAILABLE(ios(13.0), macos(10.15), tvos(13.0), watchos(6.0))
14 | @protocol ASAuthorizationCredential <NSObject, NSCopying, NSSecureCoding>
| `- note: protocol 'ASAuthorizationCredential' does not conform to the 'Sendable' protocol
15 |
16 | @end
/Users/admin/builder/spi-builder-workspace/Sources/AxiamSDK/Webauthn/WebauthnCeremony.swift:2:1: warning: add '@preconcurrency' to treat 'Sendable'-related errors from module 'AuthenticationServices' as warnings
1 | #if canImport(AuthenticationServices)
2 | import AuthenticationServices
| `- warning: add '@preconcurrency' to treat 'Sendable'-related errors from module 'AuthenticationServices' as warnings
3 | import Foundation
4 |
/Users/admin/builder/spi-builder-workspace/Sources/AxiamSDK/Webauthn/WebauthnCeremony.swift:288:36: error: non-sendable result type 'any ASAuthorizationCredential' cannot be sent from main actor-isolated context in call to static method 'run(requests:anchor:conditional:)'
286 | }
287 |
288 | let credential = try await run(requests: requests, anchor: anchor, conditional: conditional)
| `- error: non-sendable result type 'any ASAuthorizationCredential' cannot be sent from main actor-isolated context in call to static method 'run(requests:anchor:conditional:)'
289 | guard let assertion = credential as? ASAuthorizationPublicKeyCredentialAssertion else {
290 | throw WebauthnCeremonyError(.unknown)
/Applications/Xcode-16.3.0.app/Contents/Developer/Platforms/MacOSX.platform/Developer/SDKs/MacOSX15.4.sdk/System/Library/Frameworks/AuthenticationServices.framework/Headers/ASAuthorizationCredential.h:14:11: note: protocol 'ASAuthorizationCredential' does not conform to the 'Sendable' protocol
12 |
13 | AS_EXTERN API_AVAILABLE(ios(13.0), macos(10.15), tvos(13.0), watchos(6.0))
14 | @protocol ASAuthorizationCredential <NSObject, NSCopying, NSSecureCoding>
| `- note: protocol 'ASAuthorizationCredential' does not conform to the 'Sendable' protocol
15 |
16 | @end
/Users/admin/builder/spi-builder-workspace/Sources/AxiamSDK/Webauthn/WebauthnCeremony.swift:328:32: error: 'performAutoFillAssistedRequests()' is unavailable in macOS
326 | delegate.continuation = continuation
327 | if conditional, #available(iOS 16.0, macOS 13.5, *) {
328 | controller.performAutoFillAssistedRequests()
| `- error: 'performAutoFillAssistedRequests()' is unavailable in macOS
329 | } else {
330 | controller.performRequests()
AuthenticationServices.ASAuthorizationController.performAutoFillAssistedRequests:3:13: note: 'performAutoFillAssistedRequests()' has been explicitly marked unavailable here
1 | class ASAuthorizationController {
2 | @available(macOS, unavailable)
3 | open func performAutoFillAssistedRequests()}
| `- note: 'performAutoFillAssistedRequests()' has been explicitly marked unavailable here
4 |
/Users/admin/builder/spi-builder-workspace/Sources/AxiamSDK/Webauthn/WebauthnCeremony.swift:337:34: error: capture of 'controller' with non-sendable type 'ASAuthorizationController' in a '@Sendable' closure
335 | // able to abandon it — and abandoning it is a cancellation, not an
336 | // authentication failure.
337 | Task { @MainActor in controller.cancel() }
| `- error: capture of 'controller' with non-sendable type 'ASAuthorizationController' in a '@Sendable' closure
338 | }
339 | }
/Applications/Xcode-16.3.0.app/Contents/Developer/Platforms/MacOSX.platform/Developer/SDKs/MacOSX15.4.sdk/System/Library/Frameworks/AuthenticationServices.framework/Headers/ASAuthorizationController.h:49:12: note: class 'ASAuthorizationController' does not conform to the 'Sendable' protocol
47 |
48 | AS_EXTERN API_AVAILABLE(ios(13.0), macos(10.15), tvos(13.0), watchos(6.0))
49 | @interface ASAuthorizationController : NSObject
| `- note: class 'ASAuthorizationController' does not conform to the 'Sendable' protocol
50 |
51 | /*! @abstract Authorization requests that are being serviced by this controller
[1703/1760] Compiling AxiamSDK AxiamWebhooks.swift
/Users/admin/builder/spi-builder-workspace/Sources/AxiamSDK/Webauthn/WebauthnCeremony.swift:232:36: error: non-sendable result type 'any ASAuthorizationCredential' cannot be sent from main actor-isolated context in call to static method 'run(requests:anchor:conditional:)'
230 | }
231 |
232 | let credential = try await run(requests: requests, anchor: anchor, conditional: false)
| `- error: non-sendable result type 'any ASAuthorizationCredential' cannot be sent from main actor-isolated context in call to static method 'run(requests:anchor:conditional:)'
233 | guard let registration = credential as? ASAuthorizationPublicKeyCredentialRegistration else {
234 | throw WebauthnCeremonyError(.unknown)
/Applications/Xcode-16.3.0.app/Contents/Developer/Platforms/MacOSX.platform/Developer/SDKs/MacOSX15.4.sdk/System/Library/Frameworks/AuthenticationServices.framework/Headers/ASAuthorizationCredential.h:14:11: note: protocol 'ASAuthorizationCredential' does not conform to the 'Sendable' protocol
12 |
13 | AS_EXTERN API_AVAILABLE(ios(13.0), macos(10.15), tvos(13.0), watchos(6.0))
14 | @protocol ASAuthorizationCredential <NSObject, NSCopying, NSSecureCoding>
| `- note: protocol 'ASAuthorizationCredential' does not conform to the 'Sendable' protocol
15 |
16 | @end
/Users/admin/builder/spi-builder-workspace/Sources/AxiamSDK/Webauthn/WebauthnCeremony.swift:2:1: warning: add '@preconcurrency' to treat 'Sendable'-related errors from module 'AuthenticationServices' as warnings
1 | #if canImport(AuthenticationServices)
2 | import AuthenticationServices
| `- warning: add '@preconcurrency' to treat 'Sendable'-related errors from module 'AuthenticationServices' as warnings
3 | import Foundation
4 |
/Users/admin/builder/spi-builder-workspace/Sources/AxiamSDK/Webauthn/WebauthnCeremony.swift:288:36: error: non-sendable result type 'any ASAuthorizationCredential' cannot be sent from main actor-isolated context in call to static method 'run(requests:anchor:conditional:)'
286 | }
287 |
288 | let credential = try await run(requests: requests, anchor: anchor, conditional: conditional)
| `- error: non-sendable result type 'any ASAuthorizationCredential' cannot be sent from main actor-isolated context in call to static method 'run(requests:anchor:conditional:)'
289 | guard let assertion = credential as? ASAuthorizationPublicKeyCredentialAssertion else {
290 | throw WebauthnCeremonyError(.unknown)
/Applications/Xcode-16.3.0.app/Contents/Developer/Platforms/MacOSX.platform/Developer/SDKs/MacOSX15.4.sdk/System/Library/Frameworks/AuthenticationServices.framework/Headers/ASAuthorizationCredential.h:14:11: note: protocol 'ASAuthorizationCredential' does not conform to the 'Sendable' protocol
12 |
13 | AS_EXTERN API_AVAILABLE(ios(13.0), macos(10.15), tvos(13.0), watchos(6.0))
14 | @protocol ASAuthorizationCredential <NSObject, NSCopying, NSSecureCoding>
| `- note: protocol 'ASAuthorizationCredential' does not conform to the 'Sendable' protocol
15 |
16 | @end
/Users/admin/builder/spi-builder-workspace/Sources/AxiamSDK/Webauthn/WebauthnCeremony.swift:328:32: error: 'performAutoFillAssistedRequests()' is unavailable in macOS
326 | delegate.continuation = continuation
327 | if conditional, #available(iOS 16.0, macOS 13.5, *) {
328 | controller.performAutoFillAssistedRequests()
| `- error: 'performAutoFillAssistedRequests()' is unavailable in macOS
329 | } else {
330 | controller.performRequests()
AuthenticationServices.ASAuthorizationController.performAutoFillAssistedRequests:3:13: note: 'performAutoFillAssistedRequests()' has been explicitly marked unavailable here
1 | class ASAuthorizationController {
2 | @available(macOS, unavailable)
3 | open func performAutoFillAssistedRequests()}
| `- note: 'performAutoFillAssistedRequests()' has been explicitly marked unavailable here
4 |
/Users/admin/builder/spi-builder-workspace/Sources/AxiamSDK/Webauthn/WebauthnCeremony.swift:337:34: error: capture of 'controller' with non-sendable type 'ASAuthorizationController' in a '@Sendable' closure
335 | // able to abandon it — and abandoning it is a cancellation, not an
336 | // authentication failure.
337 | Task { @MainActor in controller.cancel() }
| `- error: capture of 'controller' with non-sendable type 'ASAuthorizationController' in a '@Sendable' closure
338 | }
339 | }
/Applications/Xcode-16.3.0.app/Contents/Developer/Platforms/MacOSX.platform/Developer/SDKs/MacOSX15.4.sdk/System/Library/Frameworks/AuthenticationServices.framework/Headers/ASAuthorizationController.h:49:12: note: class 'ASAuthorizationController' does not conform to the 'Sendable' protocol
47 |
48 | AS_EXTERN API_AVAILABLE(ios(13.0), macos(10.15), tvos(13.0), watchos(6.0))
49 | @interface ASAuthorizationController : NSObject
| `- note: class 'ASAuthorizationController' does not conform to the 'Sendable' protocol
50 |
51 | /*! @abstract Authorization requests that are being serviced by this controller
[1704/1760] Compiling AxiamSDK AxiamClient+Management.swift
[1705/1760] Compiling AxiamSDK ManagementModels.swift
[1706/1760] Compiling AxiamSDK ManagementNamespaces.swift
[1707/1760] Compiling AxiamSDK ManagementChecks.swift
[1708/1760] Compiling AxiamSDK ManagementCore.swift
[1709/1760] Compiling AxiamSDK ManagementManifest.swift
Fetching https://github.com/apple/swift-nio.git from cache
Fetching https://github.com/apple/swift-docc-plugin.git
Fetching https://github.com/apple/swift-crypto.git from cache
Fetching https://github.com/apple/swift-nio-ssl.git from cache
Fetching https://github.com/swift-server/async-http-client.git from cache
[1/2345] Fetching swift-docc-plugin
Fetched https://github.com/swift-server/async-http-client.git from cache (1.96s)
Fetched https://github.com/apple/swift-docc-plugin.git from cache (3.33s)
Fetched https://github.com/apple/swift-nio-ssl.git from cache (3.38s)
Fetched https://github.com/apple/swift-crypto.git from cache (3.42s)
Fetched https://github.com/apple/swift-nio.git from cache (3.54s)
Computing version for https://github.com/apple/swift-docc-plugin.git
Computed https://github.com/apple/swift-docc-plugin.git at 1.5.0 (7.03s)
Fetching https://github.com/swiftlang/swift-docc-symbolkit from cache
Fetched https://github.com/swiftlang/swift-docc-symbolkit from cache (1.85s)
Computing version for https://github.com/swiftlang/swift-docc-symbolkit
Computed https://github.com/swiftlang/swift-docc-symbolkit at 1.0.0 (2.56s)
Computing version for https://github.com/apple/swift-nio-ssl.git
Computed https://github.com/apple/swift-nio-ssl.git at 2.37.5 (0.52s)
Computing version for https://github.com/apple/swift-nio.git
Computed https://github.com/apple/swift-nio.git at 2.104.0 (0.69s)
Fetching https://github.com/apple/swift-atomics.git from cache
Fetching https://github.com/apple/swift-collections.git from cache
Fetching https://github.com/apple/swift-system.git from cache
Fetched https://github.com/apple/swift-atomics.git from cache (2.33s)
Fetched https://github.com/apple/swift-system.git from cache (2.40s)
Fetched https://github.com/apple/swift-collections.git from cache (2.43s)
Computing version for https://github.com/apple/swift-atomics.git
Computed https://github.com/apple/swift-atomics.git at 1.3.1 (2.98s)
Computing version for https://github.com/apple/swift-system.git
Computed https://github.com/apple/swift-system.git at 1.8.1 (0.56s)
Computing version for https://github.com/apple/swift-collections.git
Computed https://github.com/apple/swift-collections.git at 1.6.0 (0.57s)
Computing version for https://github.com/apple/swift-crypto.git
Computed https://github.com/apple/swift-crypto.git at 3.15.1 (1.06s)
Fetching https://github.com/apple/swift-asn1.git from cache
Fetched https://github.com/apple/swift-asn1.git from cache (0.90s)
Computing version for https://github.com/apple/swift-asn1.git
Computed https://github.com/apple/swift-asn1.git at 1.7.3 (3.57s)
Computing version for https://github.com/swift-server/async-http-client.git
Computed https://github.com/swift-server/async-http-client.git at 1.36.2 (0.52s)
Fetching https://github.com/apple/swift-log.git from cache
Fetching https://github.com/apple/swift-algorithms.git from cache
Fetching https://github.com/apple/swift-distributed-tracing.git
Fetching https://github.com/apple/swift-nio-http2.git from cache
Fetching https://github.com/apple/swift-nio-transport-services.git from cache
Fetching https://github.com/apple/swift-nio-extras.git from cache
[1/6656] Fetching swift-distributed-tracing
Fetched https://github.com/apple/swift-nio-transport-services.git from cache (0.95s)
Fetched https://github.com/apple/swift-algorithms.git from cache (0.96s)
Fetched https://github.com/apple/swift-nio-extras.git from cache (1.14s)
Fetched https://github.com/apple/swift-distributed-tracing.git from cache (1.97s)
Fetched https://github.com/apple/swift-nio-http2.git from cache (1.99s)
Fetched https://github.com/apple/swift-log.git from cache (2.02s)
Computing version for https://github.com/apple/swift-algorithms.git
Computed https://github.com/apple/swift-algorithms.git at 1.2.1 (2.65s)
Fetching https://github.com/apple/swift-numerics.git from cache
Fetched https://github.com/apple/swift-numerics.git from cache (1.05s)
Computing version for https://github.com/apple/swift-numerics.git
Computed https://github.com/apple/swift-numerics.git at 1.1.1 (1.57s)
Computing version for https://github.com/apple/swift-nio-transport-services.git
Computed https://github.com/apple/swift-nio-transport-services.git at 1.28.0 (0.50s)
Computing version for https://github.com/apple/swift-distributed-tracing.git
Computed https://github.com/apple/swift-distributed-tracing.git at 1.5.0 (0.47s)
Fetching https://github.com/apple/swift-service-context.git
[1/1536] Fetching swift-service-context
Fetched https://github.com/apple/swift-service-context.git from cache (0.96s)
Computing version for https://github.com/apple/swift-service-context.git
Computed https://github.com/apple/swift-service-context.git at 1.3.0 (0.46s)
Computing version for https://github.com/apple/swift-nio-http2.git
Computed https://github.com/apple/swift-nio-http2.git at 1.46.0 (0.52s)
Computing version for https://github.com/apple/swift-log.git
Computed https://github.com/apple/swift-log.git at 1.15.1 (0.46s)
Computing version for https://github.com/apple/swift-nio-extras.git
Computed https://github.com/apple/swift-nio-extras.git at 1.35.1 (0.70s)
Fetching https://github.com/apple/swift-http-structured-headers.git from cache
Fetching https://github.com/swift-server/swift-service-lifecycle.git
Fetching https://github.com/apple/swift-certificates.git
Fetching https://github.com/apple/swift-async-algorithms.git
Fetching https://github.com/apple/swift-http-types.git from cache
[1/2874] Fetching swift-service-lifecycle
[30/10475] Fetching swift-service-lifecycle, swift-certificates
[31/17296] Fetching swift-service-lifecycle, swift-certificates, swift-async-algorithms
Fetched https://github.com/swift-server/swift-service-lifecycle.git from cache (1.12s)
[5292/14422] Fetching swift-certificates, swift-async-algorithms
Fetched https://github.com/apple/swift-http-structured-headers.git from cache (1.13s)
Fetched https://github.com/apple/swift-http-types.git from cache (1.14s)
Fetched https://github.com/apple/swift-certificates.git from cache (1.53s)
Fetched https://github.com/apple/swift-async-algorithms.git from cache (1.54s)
Computing version for https://github.com/apple/swift-http-structured-headers.git
Computed https://github.com/apple/swift-http-structured-headers.git at 1.7.0 (2.05s)
Computing version for https://github.com/apple/swift-http-types.git
Computed https://github.com/apple/swift-http-types.git at 1.8.0 (0.51s)
Computing version for https://github.com/swift-server/swift-service-lifecycle.git
Computed https://github.com/swift-server/swift-service-lifecycle.git at 2.12.1 (0.47s)
Computing version for https://github.com/apple/swift-async-algorithms.git
Computed https://github.com/apple/swift-async-algorithms.git at 1.1.7 (0.54s)
Computing version for https://github.com/apple/swift-certificates.git
Computed https://github.com/apple/swift-certificates.git at 1.21.0 (0.61s)
Creating working copy for https://github.com/apple/swift-crypto.git
Working copy of https://github.com/apple/swift-crypto.git resolved at 3.15.1
Creating working copy for https://github.com/apple/swift-collections.git
Working copy of https://github.com/apple/swift-collections.git resolved at 1.6.0
Creating working copy for https://github.com/apple/swift-docc-plugin.git
Working copy of https://github.com/apple/swift-docc-plugin.git resolved at 1.5.0
Creating working copy for https://github.com/apple/swift-algorithms.git
Working copy of https://github.com/apple/swift-algorithms.git resolved at 1.2.1
Creating working copy for https://github.com/apple/swift-async-algorithms.git
Working copy of https://github.com/apple/swift-async-algorithms.git resolved at 1.1.7
Creating working copy for https://github.com/apple/swift-asn1.git
Working copy of https://github.com/apple/swift-asn1.git resolved at 1.7.3
Creating working copy for https://github.com/apple/swift-distributed-tracing.git
Working copy of https://github.com/apple/swift-distributed-tracing.git resolved at 1.5.0
Creating working copy for https://github.com/apple/swift-http-structured-headers.git
Working copy of https://github.com/apple/swift-http-structured-headers.git resolved at 1.7.0
Creating working copy for https://github.com/apple/swift-http-types.git
Working copy of https://github.com/apple/swift-http-types.git resolved at 1.8.0
Creating working copy for https://github.com/apple/swift-nio.git
Working copy of https://github.com/apple/swift-nio.git resolved at 2.104.0
Creating working copy for https://github.com/apple/swift-nio-http2.git
Working copy of https://github.com/apple/swift-nio-http2.git resolved at 1.46.0
Creating working copy for https://github.com/apple/swift-atomics.git
Working copy of https://github.com/apple/swift-atomics.git resolved at 1.3.1
Creating working copy for https://github.com/apple/swift-log.git
Working copy of https://github.com/apple/swift-log.git resolved at 1.15.1
Creating working copy for https://github.com/apple/swift-nio-ssl.git
Working copy of https://github.com/apple/swift-nio-ssl.git resolved at 2.37.5
Creating working copy for https://github.com/apple/swift-numerics.git
Working copy of https://github.com/apple/swift-numerics.git resolved at 1.1.1
Creating working copy for https://github.com/apple/swift-certificates.git
Working copy of https://github.com/apple/swift-certificates.git resolved at 1.21.0
Creating working copy for https://github.com/swift-server/async-http-client.git
Working copy of https://github.com/swift-server/async-http-client.git resolved at 1.36.2
Creating working copy for https://github.com/swift-server/swift-service-lifecycle.git
Working copy of https://github.com/swift-server/swift-service-lifecycle.git resolved at 2.12.1
Creating working copy for https://github.com/apple/swift-nio-extras.git
Working copy of https://github.com/apple/swift-nio-extras.git resolved at 1.35.1
Creating working copy for https://github.com/swiftlang/swift-docc-symbolkit
Working copy of https://github.com/swiftlang/swift-docc-symbolkit resolved at 1.0.0
Creating working copy for https://github.com/apple/swift-nio-transport-services.git
Working copy of https://github.com/apple/swift-nio-transport-services.git resolved at 1.28.0
Creating working copy for https://github.com/apple/swift-service-context.git
Working copy of https://github.com/apple/swift-service-context.git resolved at 1.3.0
Creating working copy for https://github.com/apple/swift-system.git
Working copy of https://github.com/apple/swift-system.git resolved at 1.8.1
Running build ...
env DEVELOPER_DIR=/Applications/Xcode-16.3.0.app xcrun swift build --arch arm64
[0/1] Planning build
[1/1] Compiling plugin Swift-DocC Preview
[2/2] Compiling plugin Swift-DocC
Building for debugging...
[2/54] Write swift-version-2F0A5646E1D333AE.txt
[4/212] Compiling ServiceContextModule ServiceContextKey.swift
[5/212] Compiling ServiceContextModule ServiceContext.swift
[6/212] Emitting module ServiceContextModule
[7/212] Compiling RealModule RealFunctions.swift
[8/213] Compiling SwiftASN1 ASN1Integer.swift
[9/213] Compiling Crypto ASN1Any.swift
[10/214] Compiling Crypto CryptoKitErrors.swift
[11/214] Compiling Crypto ASN1Boolean.swift
[12/214] Compiling SwiftASN1 ASN1.swift
[13/214] Compiling SwiftASN1 BER.swift
[14/214] Compiling SwiftASN1 ASN1Boolean.swift
[15/214] Compiling SwiftASN1 ASN1Identifier.swift
[16/214] Compiling RealModule Float80+Real.swift
[17/214] Compiling RealModule Real.swift
[18/214] Compiling Logging LogEvent.swift
[19/215] Compiling RealModule RelaxedArithmetic.swift
[20/215] Compiling InternalCollectionsUtilities _UniqueCollection.swift
[21/215] Emitting module _NIOBase64
[22/215] Compiling _NIOBase64 Base64.swift
[23/215] Compiling NIOConcurrencyHelpers NIOLockedValueBox.swift
[24/215] Compiling RealModule Float16+Real.swift
[25/215] Compiling RealModule Double+Real.swift
[26/215] Compiling RealModule AugmentedArithmetic.swift
[27/215] Compiling RealModule ElementaryFunctions.swift
[28/215] Compiling RealModule Float+Real.swift
[29/215] Compiling Logging LoggingSystem.swift
[30/215] Compiling NIOConcurrencyHelpers NIOLock.swift
[31/215] Compiling Logging SwiftLogNoOpLogHandler.swift
[32/215] Compiling Logging Locks.swift
[33/215] Compiling Crypto HPKE-KexKeyDerivation.swift
[34/215] Compiling Crypto HPKE-LabeledExtract.swift
[35/215] Compiling Crypto HPKE-Utils.swift
[36/215] Compiling Crypto DHKEM.swift
[37/215] Compiling Crypto HPKE-KEM-Curve25519.swift
[38/215] Compiling Crypto HPKE-NIST-EC-KEMs.swift
[39/215] Compiling Crypto HPKE-KEM.swift
[40/215] Compiling Crypto HPKE-Errors.swift
[41/215] Compiling Crypto Curve25519.swift
[42/215] Compiling Crypto Ed25519Keys.swift
[43/215] Compiling Crypto NISTCurvesKeys.swift
[44/215] Compiling Crypto X25519Keys.swift
[45/215] Compiling Crypto SymmetricKeys.swift
[46/215] Compiling Crypto HMAC.swift
[47/215] Compiling Crypto MACFunctions.swift
[48/215] Compiling Crypto MessageAuthenticationCode.swift
[49/215] Compiling Crypto AES.swift
[50/215] Compiling Crypto ECDSASignature_boring.swift
[51/215] Compiling Crypto ECDSA_boring.swift
[52/215] Compiling Crypto EdDSA_boring.swift
[53/215] Compiling Crypto ECDSA.swift
[54/215] Compiling Crypto Ed25519.swift
[55/215] Compiling Crypto Signature.swift
[56/215] Compiling Crypto CryptoKitErrors_boring.swift
[57/223] Compiling SwiftASN1 TimeUtilities.swift
[58/223] Compiling SwiftASN1 UTCTime.swift
[59/223] Compiling Crypto Digest_boring.swift
[60/223] Compiling Crypto Digest.swift
[61/223] Compiling Crypto Digests.swift
[62/223] Compiling Crypto HashFunctions.swift
[63/223] Compiling Crypto HashFunctions_SHA2.swift
[64/223] Compiling Crypto HPKE-AEAD.swift
[65/223] Compiling Crypto HPKE-Ciphersuite.swift
[66/223] Compiling Crypto HPKE-KDF.swift
[67/223] Compiling _NIODataStructures Heap.swift
[68/223] Compiling NIOConcurrencyHelpers NIOAtomic.swift
[69/242] Compiling Atomics IntegerConformances.swift
[70/242] Compiling Crypto ASN1Identifier.swift
[71/242] Compiling Crypto ASN1Integer.swift
[72/242] Compiling Crypto ASN1Null.swift
[73/242] Compiling Crypto ASN1OctetString.swift
[74/242] Compiling Crypto ASN1Strings.swift
[75/242] Compiling Crypto ArraySliceBigint.swift
[76/242] Compiling Crypto GeneralizedTime.swift
[77/242] Compiling Atomics AtomicOptionalWrappable.swift
[78/242] Compiling Atomics DoubleWord.swift
[79/242] Compiling Atomics ManagedAtomic.swift
[80/242] Compiling Atomics AtomicValue.swift
[81/242] Compiling Atomics AtomicMemoryOrderings.swift
[82/242] Compiling Atomics AtomicReference.swift
[83/242] Compiling Atomics AtomicStorage.swift
[84/242] Compiling Atomics AtomicBool.swift
[85/242] Compiling CryptoBoringWrapper resource_bundle_accessor.swift
[86/242] Compiling Crypto HPKE.swift
[87/242] Compiling Crypto HPKE-Context.swift
[88/242] Compiling Crypto HPKE-KeySchedule.swift
[89/242] Compiling Crypto HPKE-Modes.swift
[90/242] Compiling Crypto Insecure.swift
[91/242] Compiling Crypto Insecure_HashFunctions.swift
[92/242] Compiling Crypto KEM.swift
[93/242] Compiling Crypto ECDH_boring.swift
[94/242] Compiling Atomics OptionalRawRepresentable.swift
[95/242] Compiling Atomics RawRepresentable.swift
[96/242] Compiling Atomics PointerConformances.swift
[97/242] Compiling Atomics Primitives.native.swift
[98/242] Compiling Atomics UnsafeAtomicLazyReference.swift
[99/242] Compiling Atomics IntegerOperations.swift
[100/242] Compiling Atomics ManagedAtomicLazyReference.swift
[101/242] Compiling Atomics UnsafeAtomic.swift
[102/242] Compiling Atomics AtomicInteger.swift
[103/242] Compiling Crypto DH.swift
[104/242] Compiling Crypto ECDH.swift
[105/242] Compiling Crypto HKDF.swift
[106/242] Compiling Crypto AESWrap.swift
[107/242] Compiling Crypto AESWrap_boring.swift
[108/242] Compiling Crypto Ed25519_boring.swift
[109/242] Compiling Crypto NISTCurvesKeys_boring.swift
[110/242] Compiling Crypto X25519Keys_boring.swift
[115/242] Compiling CryptoBoringWrapper CryptoKitErrors_boring.swift
[116/242] Compiling _NIODataStructures PriorityQueue.swift
[117/242] Compiling _NIODataStructures _TinyArray.swift
[118/242] Emitting module RealModule
[119/248] Emitting module _NIODataStructures
[120/248] Emitting module Crypto
[121/248] Compiling NIOConcurrencyHelpers lock.swift
[122/248] Compiling Logging MetadataProvider.swift
[123/248] Compiling CryptoBoringWrapper BoringSSLAEAD.swift
[124/248] Compiling CryptoBoringWrapper RandomBytes.swift
[125/248] Compiling CryptoBoringWrapper FiniteFieldArithmeticContext.swift
[126/248] Compiling Logging Logger+Attributes.swift
[127/248] Compiling Logging LogHandler.swift
[128/248] Compiling NIOConcurrencyHelpers atomics.swift
[129/248] Compiling NIOConcurrencyHelpers NIOThreadPoolWorkAvailable.swift
[130/248] Emitting module CryptoBoringWrapper
[131/248] Emitting module NIOConcurrencyHelpers
[132/248] Compiling Logging Logger+With.swift
unable to find node: pound
unable to find node: pound
[133/248] Compiling Logging Logger.swift
[134/248] Compiling CryptoBoringWrapper EllipticCurve.swift
[137/248] Emitting module Logging
unable to find node: pound
unable to find node: pound
[142/248] Compiling Instrumentation NoOpInstrument.swift
[145/249] Compiling Instrumentation MultiplexInstrument.swift
[146/249] Compiling Instrumentation InstrumentationSystem.swift
[147/249] Compiling Instrumentation Locks.swift
[152/249] Compiling Instrumentation Instrument.swift
[153/249] Emitting module Instrumentation
[154/275] Compiling Algorithms Permutations.swift
[155/275] Compiling Algorithms Product.swift
[156/275] Emitting module InternalCollectionsUtilities
[157/284] Compiling SwiftASN1 DER.swift
[158/284] Compiling CryptoBoringWrapper ArbitraryPrecisionInteger.swift
[159/284] Compiling CryptoBoringWrapper EllipticCurvePoint.swift
[160/284] Compiling Algorithms FirstNonNil.swift
[161/284] Compiling Algorithms FlattenCollection.swift
[162/284] Compiling Algorithms Intersperse.swift
[163/284] Compiling Algorithms Suffix.swift
[164/284] Compiling Algorithms Grouped.swift
[165/284] Compiling Algorithms Indexed.swift
[166/321] Compiling ContainersPreview BorrowingIteratorProtocol.swift
[167/321] Compiling ContainersPreview BorrowingSequence+Algorithms.swift
[168/321] Compiling ContainersPreview BorrowingSequence+Standard Conformances.swift
[169/321] Compiling ContainersPreview BorrowingSequence+Utilities.swift
[170/324] Compiling ContainersPreview OutputSpan+Extras.swift
[171/324] Compiling ContainersPreview TemporaryAllocation.swift
[172/324] Compiling ContainersPreview BorrowingIteratorProtocol+Copy.swift
[173/324] Compiling ContainersPreview BorrowingIteratorProtocol+ElementsEqual.swift
[174/324] Compiling SwiftASN1 Errors.swift
[175/324] Compiling ContainersPreview PermutableContainer.swift
[176/324] Compiling ContainersPreview RandomAccessContainer.swift
[177/324] Compiling ContainersPreview RangeExpression2.swift
[178/324] Compiling ContainersPreview RangeReplaceableContainer.swift
[179/324] Compiling ContainersPreview Container.swift
[180/324] Compiling ContainersPreview ContainerIterator.swift
[181/324] Compiling ContainersPreview DynamicContainer.swift
[182/324] Compiling ContainersPreview MutableContainer.swift
[183/324] Emitting module ContainersPreview
[184/324] Compiling ContainersPreview Producer.swift
[185/324] Compiling ContainersPreview InputSpan.swift
[186/324] Compiling ContainersPreview MutableRef.swift
[187/324] Compiling ContainersPreview Ref.swift
[188/324] Compiling ContainersPreview BorrowingSequence.swift
[189/324] Compiling ContainersPreview BidirectionalContainer.swift
[190/324] Compiling ContainersPreview Container+Filter.swift
[191/324] Compiling ContainersPreview Container+SpanwiseZip.swift
[192/324] Compiling ContainersPreview Producer+Collect.swift
[193/324] Compiling ContainersPreview Producer+Filter.swift
[194/324] Compiling ContainersPreview Producer+Map.swift
[195/324] Compiling ContainersPreview Producer+Reduce.swift
[196/324] Compiling ContainersPreview BorrowingIteratorProtocol+Filter.swift
[197/324] Compiling ContainersPreview BorrowingIteratorProtocol+Map.swift
[198/324] Compiling ContainersPreview BorrowingIteratorProtocol+Reduce.swift
[199/324] Compiling ContainersPreview BorrowingIteratorProtocol+SpanwiseZip.swift
[200/324] Compiling ContainersPreview Strideable+Limits.swift
[201/324] Compiling ContainersPreview Drain+Map.swift
[202/324] Compiling ContainersPreview Drain+Reduce.swift
[203/324] Compiling ContainersPreview Drain.swift
[204/324] Compiling ContainersPreview Shared.swift
[205/324] Compiling ContainersPreview SpanIterator.swift
[206/324] Compiling ContainersPreview UniqueBox.swift
[207/324] Compiling Tracing WithTracer.swift
[226/325] Compiling Crypto RNG_boring.swift
[227/325] Compiling Crypto SafeCompare_boring.swift
[228/325] Compiling Crypto Zeroization_boring.swift
[229/325] Compiling Crypto PrettyBytes.swift
[230/325] Compiling Crypto SafeCompare.swift
[231/325] Compiling Crypto SecureBytes.swift
[232/325] Compiling Crypto Zeroization.swift
[233/325] Compiling Crypto resource_bundle_accessor.swift
[234/326] Compiling Tracing TracerProtocol.swift
[235/326] Compiling Tracing TracingTime.swift
[236/326] Compiling Tracing TracerProtocol+Legacy.swift
[237/326] Compiling Tracing InstrumentationSystem+Tracing.swift
[238/326] Compiling Tracing Tracer.swift
[239/326] Emitting module Tracing
[240/326] Compiling Tracing NoOpTracer.swift
[241/326] Compiling Tracing SpanProtocol.swift
[242/367] Compiling Atomics Unmanaged extensions.swift
[243/367] Compiling DequeModule RigidDeque+Hashable.swift
[244/367] Compiling DequeModule RigidDeque+Initializers.swift
[245/367] Compiling DequeModule RigidDeque+Insertions.swift
[246/367] Compiling DequeModule RigidDeque+Prepend.swift
[247/367] Compiling DequeModule RigidDeque+Removals.swift
[248/367] Compiling DequeModule UniqueDeque+Insertions.swift
[249/367] Compiling DequeModule UniqueDeque+Prepend.swift
[250/367] Compiling DequeModule UniqueDeque+Removals.swift
[251/367] Compiling DequeModule UniqueDeque+Replacements.swift
[252/367] Compiling DequeModule RigidDeque+Consumption.swift
[253/367] Compiling DequeModule RigidDeque+Container.swift
[254/367] Compiling DequeModule RigidDeque+Descriptions.swift
[255/367] Compiling DequeModule RigidDeque+Equatable.swift
[256/367] Compiling DequeModule RigidDeque+Experimental.swift
[257/371] Compiling DequeModule RigidDeque+Replacements.swift
[258/371] Compiling DequeModule RigidDeque+Testing.swift
[259/371] Compiling DequeModule RigidDeque.swift
[260/371] Compiling DequeModule UniqueDeque+Append.swift
[261/371] Compiling DequeModule Deque+Extras.swift
[262/371] Compiling DequeModule Deque+Hashable.swift
[263/371] Compiling DequeModule Deque+Testing.swift
[264/371] Compiling DequeModule UniqueDeque+Hashable.swift
[265/371] Compiling DequeModule UniqueDeque+Initializers.swift
[266/371] Compiling DequeModule Deque+ExpressibleByArrayLiteral.swift
[267/371] Compiling DequeModule UniqueDeque+Descriptions.swift
[268/371] Compiling DequeModule UniqueDeque+Equatable.swift
[269/371] Compiling DequeModule UniqueDeque+Experimental.swift
[270/371] Compiling DequeModule Deque.swift
[271/371] Compiling DequeModule _DequeBuffer.swift
[272/371] Compiling DequeModule _DequeBufferHeader.swift
[273/371] Compiling DequeModule UniqueDeque+Container.swift
[274/371] Compiling DequeModule UniqueDeque+Deprecated.swift
[275/371] Compiling DequeModule RigidDeque+Append.swift
[276/371] Compiling DequeModule UniqueDeque+Consumption.swift
[277/371] Compiling DequeModule Deque._Storage.swift
[293/373] Compiling DequeModule Deque+Codable.swift
[294/373] Compiling DequeModule Deque+Collection.swift
[295/373] Compiling DequeModule Deque+CustomReflectable.swift
[296/373] Compiling DequeModule Deque+Descriptions.swift
[297/373] Compiling DequeModule Deque+Equatable.swift
[298/373] Compiling DequeModule Deque._UnsafeHandle.swift
[304/373] Compiling Algorithms Unique.swift
[305/373] Compiling Algorithms Windows.swift
[311/373] Emitting module SwiftASN1
[316/373] Emitting module Atomics
[317/373] Compiling DequeModule UniqueDeque.swift
[318/373] Compiling DequeModule _DequeSlot.swift
[319/373] Compiling DequeModule _UnsafeDequeHandle.swift
[320/373] Compiling DequeModule _UnsafeDequeSegments.swift
[321/429] Emitting module DequeModule
[322/429] Emitting module Algorithms
[323/494] Compiling NIOCore DispatchQueue+WithFuture.swift
[324/494] Compiling NIOCore EventLoop+Deprecated.swift
[325/494] Compiling NIOCore EventLoop+SerialExecutor.swift
[326/494] Compiling NIOCore EventLoop.swift
[327/494] Compiling NIOCore EventLoopFuture+AssumeIsolated.swift
[328/494] Compiling NIOCore AddressedEnvelope.swift
[329/500] Compiling NIOCore ByteBuffer-aux.swift
[330/500] Compiling NIOCore ByteBuffer-binaryEncodedLengthPrefix.swift
[331/500] Compiling NIOCore ByteBuffer-conversions.swift
[332/500] Compiling NIOCore ByteBuffer-core.swift
[333/500] Compiling NIOCore ConvenienceOptionSupport.swift
[334/500] Compiling NIOCore DeadChannel.swift
[335/500] Compiling NIOCore NIOAsyncSequenceProducerStrategies.swift
[336/500] Compiling NIOCore MarkedCircularBuffer.swift
[337/500] Compiling NIOCore MulticastChannel.swift
[338/500] Compiling NIOCore NIOAny.swift
[339/500] Compiling NIOCore NIOCloseOnErrorHandler.swift
[340/500] Compiling NIOCore NIOCoreSendableMetatype.swift
[341/500] Emitting module _CryptoExtras
[342/500] Compiling NIOCore ChannelHandler.swift
[343/500] Compiling NIOCore ChannelHandlers.swift
[344/500] Compiling NIOCore ChannelInvoker.swift
[345/500] Compiling NIOCore ChannelOption.swift
[346/500] Compiling NIOCore ChannelPipeline.swift
[347/500] Compiling NIOCore CircularBuffer.swift
[348/500] Compiling NIOCore Codec.swift
[354/500] Compiling _CryptoExtras ThreadWindows.swift
[355/500] Compiling _CryptoExtras DLEQ.swift
[358/507] Compiling _CryptoExtras Prover.swift
[359/507] Compiling _CryptoExtras Verifier.swift
[360/507] Compiling _CryptoExtras ZKPToolbox.swift
[361/507] Compiling _CryptoExtras resource_bundle_accessor.swift
[362/507] Compiling NIOCore NIOTransportAccessibleChannelCore.swift
[363/507] Compiling NIOCore RecvByteBufferAllocator.swift
[364/507] Compiling NIOCore SingleStepByteToMessageDecoder.swift
[365/507] Compiling NIOCore NIOAsyncWriter.swift
[366/507] Compiling NIOCore NIOThrowingAsyncSequenceProducer.swift
[367/507] Compiling NIOCore BSDSocketAPI.swift
[368/507] Compiling NIOCore AsyncAwaitSupport.swift
[369/507] Compiling NIOCore AsyncChannel.swift
[370/507] Compiling NIOCore AsyncChannelHandler.swift
[371/507] Compiling NIOCore AsyncChannelInboundStream.swift
[372/507] Compiling NIOCore AsyncChannelOutboundWriter.swift
[373/507] Compiling NIOCore NIOAsyncSequenceProducer.swift
[374/507] Compiling NIOCore Linux.swift
[375/507] Compiling NIOCore ByteBuffer-hex.swift
[376/507] Compiling NIOCore ByteBuffer-int.swift
[377/507] Compiling NIOCore ByteBuffer-lengthPrefix.swift
[378/507] Compiling NIOCore ByteBuffer-multi-int.swift
[379/507] Compiling NIOCore ByteBuffer-quicBinaryEncodingStrategy.swift
[380/507] Compiling NIOCore ByteBuffer-views.swift
[381/507] Compiling NIOCore Channel.swift
[382/507] Compiling NIOCore NIOPooledRecvBufferAllocator.swift
[383/507] Compiling NIOCore NIOScheduledCallback.swift
[384/507] Compiling NIOCore NIOSendable.swift
[385/507] Compiling NIOCore NIOSplitLinesMessageDecoder.swift
[386/507] Compiling NIOCore IO.swift
[387/507] Compiling NIOCore IOData.swift
[388/507] Compiling NIOCore IPProtocol.swift
[389/507] Compiling NIOCore IntegerBitPacking.swift
[390/507] Compiling NIOCore IntegerTypes.swift
[391/507] Compiling NIOCore Interfaces.swift
[392/507] Compiling NIOCore SocketAddresses.swift
[393/507] Compiling NIOCore SocketOptionProvider.swift
[394/507] Compiling NIOCore SystemCallHelpers.swift
[395/507] Compiling NIOCore TimeAmount+Duration.swift
[396/507] Compiling NIOCore TypeAssistedChannelHandler.swift
[397/507] Compiling NIOCore UniversalBootstrapSupport.swift
[398/507] Compiling NIOCore Utilities.swift
[403/507] Compiling NIOCore FileHandle.swift
[404/507] Compiling NIOCore FileRegion.swift
[405/507] Compiling NIOCore GlobalSingletons.swift
[449/507] Emitting module NIOCore
[457/567] Compiling NIOFoundationEssentialsCompat Codable+ByteBuffer.swift
[458/567] Compiling NIOFoundationEssentialsCompat ByteBuffer-foundation.swift
[459/567] Emitting module NIOFoundationEssentialsCompat
[460/567] Emitting module NIOEmbedded
[461/567] Compiling NIOEmbedded AsyncTestingEventLoop.swift
[462/567] Compiling NIOEmbedded AsyncTestingChannel.swift
[463/567] Compiling NIOEmbedded Embedded.swift
[464/567] Compiling NIOPosix BSDSocketAPICommon.swift
[465/567] Compiling NIOPosix BSDSocketAPIPosix.swift
[466/567] Compiling NIOPosix BSDSocketAPIWindows.swift
[467/567] Compiling NIOPosix BaseSocket.swift
[468/567] Compiling NIOPosix BaseSocketChannel+AccessibleTransport.swift
[469/567] Compiling NIOPosix BaseSocketChannel+SocketOptionProvider.swift
[470/572] Compiling NIOPosix Pool.swift
[471/572] Compiling NIOPosix PosixSingletons+ConcurrencyTakeOver.swift
[472/572] Compiling NIOPosix PosixSingletons.swift
[473/572] Compiling NIOPosix RawSocketBootstrap.swift
[474/572] Compiling NIOPosix Resolver.swift
[475/572] Compiling NIOPosix Selectable.swift
[476/572] Compiling NIOPosix SelectorWSAPoll.swift
[477/572] Compiling NIOPosix ServerSocket.swift
[478/572] Compiling NIOPosix Socket.swift
[479/572] Compiling NIOPosix SocketChannel.swift
[480/572] Compiling NIOPosix SocketProtocols.swift
[481/572] Compiling NIOPosix Utilities.swift
[482/572] Compiling NIOPosix VsockAddress.swift
[483/572] Compiling NIOPosix VsockChannelEvents.swift
[484/572] Compiling NIOPosix Windows.swift
[485/572] Compiling NIOPosix resource_bundle_accessor.swift
[486/572] Compiling NIOPosix FileDescriptor.swift
[487/572] Compiling NIOPosix GetaddrinfoResolver.swift
[488/572] Compiling NIOPosix HappyEyeballs.swift
[489/572] Compiling NIOPosix IO.swift
[490/572] Compiling NIOPosix IntegerBitPacking.swift
[491/572] Compiling NIOPosix IntegerTypes.swift
[492/572] Compiling NIOPosix SelectableChannel.swift
[493/572] Compiling NIOPosix SelectableEventLoop.swift
[494/572] Compiling NIOPosix SelectorEpoll.swift
[495/572] Compiling NIOPosix SelectorGeneric.swift
[496/572] Compiling NIOPosix SelectorKqueue.swift
[497/572] Compiling NIOPosix SelectorUring.swift
[498/572] Emitting module NIOPosix
[499/572] Compiling NIOPosix StructuredConcurrencyHelpers.swift
[500/572] Compiling NIOPosix System.swift
[501/572] Compiling NIOPosix Thread.swift
[502/572] Compiling NIOPosix ThreadPosix.swift
[503/572] Compiling NIOPosix ThreadWindows.swift
[504/572] Compiling NIOPosix NIOThreadPool.swift
[505/572] Compiling NIOPosix NonBlockingFileIO.swift
[506/572] Compiling NIOPosix PendingDatagramWritesManager.swift
[507/572] Compiling NIOPosix PendingWritesManager.swift
[508/572] Compiling NIOPosix PipeChannel.swift
[509/572] Compiling NIOPosix PipePair.swift
[510/572] Compiling NIOPosix Linux.swift
[511/572] Compiling NIOPosix LinuxCPUSet.swift
[512/572] Compiling NIOPosix LinuxUring.swift
[513/572] Compiling NIOPosix MultiThreadedEventLoopGroup.swift
[514/572] Compiling NIOPosix NIOPosixSendableMetatype.swift
[515/572] Compiling NIOPosix NIORandomizedDNSResolver.swift
[516/572] Compiling NIOPosix BaseSocketChannel.swift
[517/572] Compiling NIOPosix BaseStreamSocketChannel.swift
[518/572] Compiling NIOPosix Bootstrap.swift
[519/572] Compiling NIOPosix ControlMessage.swift
[520/572] Compiling NIOPosix DatagramVectorReadManager.swift
[521/572] Compiling NIOPosix Errors+Any.swift
[522/574] Compiling NIO Exports.swift
[523/574] Emitting module NIO
[524/614] Compiling NIOSOCKS Helpers.swift
[525/615] Compiling NIOFoundationCompat JSONSerialization+ByteBuffer.swift
[526/615] Emitting module NIOFoundationCompat
[527/615] Compiling NIOFoundationCompat WaitSpinningRunLoop.swift
[528/615] Compiling NIOFoundationCompat Exports.swift
[529/615] Compiling NIOSOCKS Errors.swift
[530/615] Compiling NIOSOCKS SelectedAuthenticationMethod.swift
[531/615] Compiling NIOSOCKS ClientStateMachine.swift
[532/615] Compiling NIOSOCKS Messages.swift
[533/615] Compiling NIOSOCKS SOCKSRequest.swift
[534/615] Compiling NIOSOCKS SOCKSResponse.swift
[535/615] Compiling NIOHTTP1 HTTPEncoder.swift
[536/615] Compiling NIOHTTP1 HTTPHeaderValidator.swift
[537/615] Compiling NIOTLS TLSEvents.swift
[538/615] Compiling NIOTLS ProtocolNegotiationHandlerStateMachine.swift
[539/615] Compiling NIOTLS ApplicationProtocolNegotiationHandler.swift
[540/615] Compiling NIOTLS NIOTypedApplicationProtocolNegotiationHandler.swift
[541/615] Emitting module NIOTLS
[542/615] Compiling NIOTLS SNIHandler.swift
[543/615] Compiling NIOHTTP1 NIOTypedHTTPServerUpgradeHandler.swift
[544/616] Emitting module NIOSOCKS
[545/616] Compiling NIOHTTP1 ByteCollectionUtils.swift
[546/616] Compiling NIOHTTP1 HTTPDecoder.swift
[547/616] Compiling NIOSOCKS ServerStateMachine.swift
[548/616] Compiling NIOHTTP1 NIOTypedHTTPClientUpgradeHandler.swift
[549/616] Compiling NIOHTTP1 NIOTypedHTTPClientUpgraderStateMachine.swift
[550/616] Compiling NIOHTTP1 HTTPServerPipelineHandler.swift
[551/616] Compiling NIOHTTP1 HTTPServerProtocolErrorHandler.swift
[552/616] Compiling NIOHTTP1 NIOHTTPClientUpgradeHandler.swift
[553/616] Compiling NIOHTTP1 NIOHTTPObjectAggregator.swift
[556/670] Compiling NIOHTTP1 NIOTypedHTTPServerUpgraderStateMachine.swift
[557/670] Compiling NIOSSL IdentityVerification.swift
[558/670] Compiling NIOSSL LinuxCABundle.swift
[559/670] Compiling NIOSSL ObjectIdentifier.swift
[560/670] Compiling NIOSSL PosixPort.swift
[561/670] Compiling NIOSSL NIOSSLClientHandler.swift
[562/670] Compiling NIOSSL NIOSSLHandler+Configuration.swift
[563/670] Emitting module NIOHTTP1
[564/670] Compiling NIOSSL AndroidCABundle.swift
[565/670] Compiling NIOSSL ByteBufferBIO.swift
[566/687] Emitting module NIOTransportServices
[567/687] Compiling NIOHPACK IntegerCoding.swift
[568/687] Compiling NIOHPACK IndexedHeaderTable.swift
[570/690] Compiling NIOSSL SSLCallbacks.swift
[571/690] Compiling NIOSSL SSLCertificate.swift
[572/690] Compiling NIOSSL SSLCertificateExtensions.swift
[573/690] Compiling NIOSSL SSLCertificateName.swift
[574/690] Compiling NIOSSL SSLConnection.swift
[575/690] Compiling NIOSSL SSLContext.swift
[576/690] Compiling NIOSSL SSLErrors.swift
[577/690] Compiling NIOSSL SSLInit.swift
[578/690] Compiling NIOSSL SSLPKCS12Bundle.swift
[579/690] Compiling NIOHPACK DynamicHeaderTable.swift
[580/690] Compiling NIOHPACK HPACKDecoder.swift
[585/690] Compiling NIOTransportServices TCPOptions+SocketChannelOption.swift
[586/693] Compiling NIOHPACK HPACKEncoder.swift
[589/693] Compiling NIOHPACK HuffmanTables.swift
[590/693] Compiling NIOHPACK HeaderTables.swift
[591/693] Compiling NIOHTTPCompression HTTPRequestCompressor.swift
[592/693] Compiling NIOHTTPCompression HTTPDecompressor.swift
[593/693] Compiling NIOHTTPCompression HTTPDecompression.swift
[594/693] Compiling NIOHTTPCompression HTTPCompression.swift
[595/693] Emitting module NIOHTTPCompression
[596/693] Compiling NIOHTTPCompression HTTPResponseCompressor.swift
[597/693] Compiling NIOHPACK StaticHeaderTable.swift
[598/693] Compiling NIOHPACK HuffmanCoding.swift
[599/693] Compiling NIOHPACK HPACKHeader.swift
[600/693] Compiling NIOHPACK HPACKErrors.swift
[601/693] Emitting module NIOHPACK
[602/693] Compiling NIOTransportServices UDPOptions+SocketChannelOption.swift
[603/693] Compiling NIOSSL SecurityFrameworkCertificateVerification.swift
[604/693] Compiling NIOSSL String+unsafeUninitializedCapacity.swift
[607/693] Compiling NIOSSL CustomPrivateKey.swift
[608/693] Compiling NIOSSL FreeBSDCABundle.swift
[609/693] Compiling NIOSSL NIOSSLHandler.swift
[610/693] Compiling NIOSSL NIOSSLServerHandler.swift
[614/693] Compiling NIOSSL SubjectAlternativeName.swift
[615/693] Compiling NIOSSL NIOSSLSecureBytes.swift
[616/693] Compiling NIOSSL RNG.swift
[617/693] Compiling NIOSSL SafeCompare.swift
[618/693] Compiling NIOSSL Zeroization.swift
[619/693] Compiling NIOSSL TLSConfiguration.swift
[624/693] Emitting module NIOSSL
[625/693] Compiling NIOSSL UniversalBootstrapSupport.swift
[626/693] Compiling NIOSSL UnsafeKeyAndChainTarget.swift
[627/693] Compiling NIOSSL resource_bundle_accessor.swift
[643/757] Compiling NIOHTTP2 LocallyQuiescingState.swift
[644/757] Compiling NIOHTTP2 QuiescingState.swift
[645/757] Compiling NIOHTTP2 RemotelyQuiescingState.swift
[646/757] Compiling NIOHTTP2 SendAndReceiveGoawayState.swift
[647/757] Compiling NIOHTTP2 StateMachineResult.swift
[648/757] Compiling NIOHTTP2 ContentLengthVerifier.swift
[649/757] Compiling NIOHTTP2 DOSHeuristics.swift
[650/764] Compiling NIOHTTP2 HTTP2UserEvents.swift
[651/764] Compiling NIOHTTP2 InboundEventBuffer.swift
[652/764] Compiling NIOHTTP2 InboundWindowManager.swift
[653/764] Compiling NIOHTTP2 MultiplexerAbstractChannel.swift
[654/764] Compiling NIOHTTP2 NIOHTTP2FrameDelegate.swift
[655/764] Compiling NIOHTTP2 NIOHTTP2ServerConnectionManagementHandler+StateMachine.swift
[656/764] Compiling NIOHTTP2 NIOHTTP2ServerConnectionManagementHandler.swift
[657/764] Compiling NIOHTTP2 Error+Any.swift
[658/764] Compiling NIOHTTP2 ConcurrentStreamBuffer.swift
[659/764] Compiling NIOHTTP2 ControlFrameBuffer.swift
[660/764] Compiling NIOHTTP2 OutboundFlowControlBuffer.swift
[661/764] Compiling NIOHTTP2 OutboundFrameBuffer.swift
[662/764] Compiling NIOHTTP2 GlitchesMonitor.swift
[663/764] Compiling NIOHTTP2 HPACKHeaders+Validation.swift
[664/764] Compiling NIOHTTP2 ReceivingRstStreamState.swift
[665/764] Compiling NIOHTTP2 ReceivingWindowUpdateState.swift
[666/764] Compiling NIOHTTP2 MaySendFrames.swift
[667/764] Compiling NIOHTTP2 SendingDataState.swift
[668/764] Compiling NIOHTTP2 SendingGoawayState.swift
[669/764] Compiling NIOHTTP2 SendingHeadersState.swift
[670/764] Compiling NIOHTTP2 SendingPushPromiseState.swift
[671/764] Emitting module NIOHTTP2
[672/764] Compiling NIOHTTP2 StreamChannelFlowController.swift
[673/764] Compiling NIOHTTP2 StreamChannelList.swift
[674/764] Compiling NIOHTTP2 StreamMap.swift
[675/764] Compiling NIOHTTP2 StreamStateMachine.swift
[676/764] Compiling NIOHTTP2 Timer.swift
[677/764] Compiling NIOHTTP2 UnsafeTransfer.swift
[678/764] Compiling NIOHTTP2 WatermarkedFlowController.swift
[679/764] Compiling NIOHTTP2 SendingRstStreamState.swift
[680/764] Compiling NIOHTTP2 SendingWindowUpdateState.swift
[681/764] Compiling NIOHTTP2 HTTP2SettingsState.swift
[682/764] Compiling NIOHTTP2 HasExtendedConnectSettings.swift
[683/764] Compiling NIOHTTP2 HasFlowControlWindows.swift
[684/764] Compiling NIOHTTP2 HasLocalSettings.swift
[685/764] Compiling NIOHTTP2 HasRemoteSettings.swift
[686/764] Compiling NIOHTTP2 HTTP2Stream.swift
[687/764] Compiling NIOHTTP2 HTTP2StreamChannel+OutboundStreamMultiplexer.swift
[688/764] Compiling NIOHTTP2 HTTP2StreamChannel.swift
[689/764] Compiling NIOHTTP2 HTTP2StreamDelegate.swift
[690/764] Compiling NIOHTTP2 HTTP2StreamID.swift
[691/764] Compiling NIOHTTP2 HTTP2StreamMultiplexer.swift
[692/764] Compiling NIOHTTP2 HTTP2ToHTTP1Codec.swift
[693/764] Compiling NIOHTTP2 ConnectionStateMachine.swift
[694/764] Compiling NIOHTTP2 ConnectionStreamsState.swift
[695/764] Compiling NIOHTTP2 MayReceiveFrames.swift
[696/764] Compiling NIOHTTP2 ReceivingDataState.swift
[697/764] Compiling NIOHTTP2 ReceivingGoAwayState.swift
[698/764] Compiling NIOHTTP2 ReceivingHeadersState.swift
[699/764] Compiling NIOHTTP2 ReceivingPushPromiseState.swift
[700/764] Compiling NIOHTTP2 HTTP2FlowControlWindow.swift
[701/764] Compiling NIOHTTP2 HTTP2Frame.swift
[702/764] Compiling NIOHTTP2 HTTP2FrameEncoder.swift
[703/764] Compiling NIOHTTP2 HTTP2FrameParser.swift
[704/764] Compiling NIOHTTP2 HTTP2PingData.swift
[705/764] Compiling NIOHTTP2 HTTP2PipelineHelpers.swift
[706/764] Compiling NIOHTTP2 HTTP2Settings.swift
[707/764] Compiling NIOHTTP2 HTTP2ChannelHandler+InboundStreamMultiplexer.swift
[708/764] Compiling NIOHTTP2 HTTP2ChannelHandler+InlineStreamMultiplexer.swift
[709/764] Compiling NIOHTTP2 HTTP2ChannelHandler.swift
[710/764] Compiling NIOHTTP2 HTTP2CommonInboundStreamMultiplexer.swift
[711/764] Compiling NIOHTTP2 HTTP2ConnectionStateChange.swift
[712/764] Compiling NIOHTTP2 HTTP2Error.swift
[713/764] Compiling NIOHTTP2 HTTP2ErrorCode.swift
[714/829] Compiling AsyncHTTPClient BestEffortHashableTLSConfiguration.swift
[715/829] Compiling AsyncHTTPClient Configuration+BrowserLike.swift
[716/829] Compiling AsyncHTTPClient ConnectionPool.swift
[717/829] Compiling AsyncHTTPClient HTTP1ProxyConnectHandler.swift
[718/829] Compiling AsyncHTTPClient SOCKSEventsHandler.swift
[719/829] Compiling AsyncHTTPClient TLSEventsHandler.swift
[720/829] Compiling AsyncHTTPClient HTTP1ClientChannelHandler.swift
[721/829] Compiling AsyncHTTPClient AnyAsyncSequence.swift
[722/829] Compiling AsyncHTTPClient AnyAsyncSequenceProucerDelete.swift
[723/829] Compiling AsyncHTTPClient AsyncLazySequence.swift
[724/829] Compiling AsyncHTTPClient HTTPClient+execute.swift
[725/829] Compiling AsyncHTTPClient HTTPClient+shutdown.swift
[726/829] Compiling AsyncHTTPClient HTTPClient+tracing.swift
[727/829] Compiling AsyncHTTPClient HTTPClientRequest+Prepared.swift
[728/829] Compiling AsyncHTTPClient HTTPClientRequest+auth.swift
[729/836] Compiling AsyncHTTPClient HTTPConnectionPool+StateMachine.swift
[730/836] Compiling AsyncHTTPClient ConnectionTarget.swift
[731/836] Compiling AsyncHTTPClient DeconstructedURL.swift
[732/836] Compiling AsyncHTTPClient FileDownloadDelegate.swift
[733/836] Compiling AsyncHTTPClient FoundationExtensions.swift
[734/836] Compiling AsyncHTTPClient HTTPClient+HTTPCookie.swift
[735/836] Compiling AsyncHTTPClient HTTPClient+Proxy.swift
[736/836] Compiling AsyncHTTPClient HTTPClientRequest.swift
[737/836] Compiling AsyncHTTPClient HTTPClientResponse.swift
[738/836] Compiling AsyncHTTPClient SingleIteratorPrecondition.swift
[739/836] Compiling AsyncHTTPClient Transaction+StateMachine.swift
[740/836] Compiling AsyncHTTPClient Transaction.swift
[741/836] Compiling AsyncHTTPClient Base64.swift
[742/836] Compiling AsyncHTTPClient BasicAuth.swift
[743/836] Compiling AsyncHTTPClient HTTPConnectionPool+Manager.swift
[744/836] Compiling AsyncHTTPClient HTTPConnectionPool.swift
[745/836] Compiling AsyncHTTPClient HTTPExecutableRequest.swift
[746/836] Compiling AsyncHTTPClient HTTPRequestStateMachine+Demand.swift
[747/836] Compiling AsyncHTTPClient HTTPRequestStateMachine.swift
[748/836] Compiling AsyncHTTPClient RequestBodyLength.swift
[749/836] Compiling AsyncHTTPClient RequestFramingMetadata.swift
[750/836] Emitting module AsyncHTTPClient
[751/836] Compiling AsyncHTTPClient HTTP1Connection.swift
[752/836] Compiling AsyncHTTPClient HTTP1ConnectionStateMachine.swift
[753/836] Compiling AsyncHTTPClient HTTP2ClientRequestHandler.swift
[754/836] Compiling AsyncHTTPClient HTTP2Connection.swift
[755/836] Compiling AsyncHTTPClient HTTP2IdleHandler.swift
[756/836] Compiling AsyncHTTPClient HTTPConnectionEvent.swift
[757/836] Compiling AsyncHTTPClient HTTPConnectionPool+Factory.swift
[758/836] Compiling AsyncHTTPClient RequestOptions.swift
[759/836] Compiling AsyncHTTPClient HTTPConnectionPool+Backoff.swift
[760/836] Compiling AsyncHTTPClient HTTPConnectionPool+HTTP1Connections.swift
[761/836] Compiling AsyncHTTPClient HTTPConnectionPool+HTTP1StateMachine.swift
[762/836] Compiling AsyncHTTPClient HTTPConnectionPool+HTTP2Connections.swift
[763/836] Compiling AsyncHTTPClient HTTPConnectionPool+HTTP2StateMachine.swift
[764/836] Compiling AsyncHTTPClient HTTPConnectionPool+RequestQueue.swift
[765/836] Compiling AsyncHTTPClient NWWaitingHandler.swift
[766/836] Compiling AsyncHTTPClient TLSConfiguration.swift
[767/836] Compiling AsyncHTTPClient RedirectState.swift
[768/836] Compiling AsyncHTTPClient RequestBag+StateMachine.swift
[769/836] Compiling AsyncHTTPClient RequestBag+Tracing.swift
[770/836] Compiling AsyncHTTPClient RequestBag.swift
[771/836] Compiling AsyncHTTPClient RequestValidation.swift
[772/836] Compiling AsyncHTTPClient HTTPClient+StructuredConcurrency.swift
[773/836] Compiling AsyncHTTPClient HTTPClient.swift
[774/836] Compiling AsyncHTTPClient HTTPClientConfiguration+SwiftConfiguration.swift
[775/836] Compiling AsyncHTTPClient HTTPHandler.swift
[776/836] Compiling AsyncHTTPClient LRUCache.swift
[777/836] Compiling AsyncHTTPClient NIOLoopBound+Execute.swift
[778/836] Compiling AsyncHTTPClient NWErrorHandler.swift
[779/836] Compiling AsyncHTTPClient SSLContextCache.swift
[780/836] Compiling AsyncHTTPClient Scheme.swift
[781/836] Compiling AsyncHTTPClient Singleton.swift
[782/836] Compiling AsyncHTTPClient StringConvertibleInstances.swift
[783/836] Compiling AsyncHTTPClient StructuredConcurrencyHelpers.swift
[784/836] Compiling AsyncHTTPClient TracingSupport.swift
[785/836] Compiling AsyncHTTPClient Utils.swift
[786/889] Compiling AxiamSDK UmaChallenger.swift
[787/889] Compiling AxiamSDK BareRequest.swift
[788/889] Compiling AxiamSDK HTTPTransport.swift
[789/889] Compiling AxiamSDK Base64URL.swift
[790/889] Compiling AxiamSDK JwksVerifier.swift
[791/889] Compiling AxiamSDK RevocationFeed.swift
[792/894] Compiling AxiamSDK OpaqueWire.swift
[793/894] Compiling AxiamSDK AmqpsEndpoint.swift
[794/894] Compiling AxiamSDK ReactorProtocol.swift
[795/894] Compiling AxiamSDK ReactorRuntime.swift
[796/894] Compiling AxiamSDK ReactorTypes.swift
[797/894] Compiling AxiamSDK DynamicOpaqueNative.swift
[798/894] Compiling AxiamSDK KsfParams.swift
[799/894] Compiling AxiamSDK Opaque.swift
[800/894] Compiling AxiamSDK OpaqueExchange.swift
[801/894] Compiling AxiamSDK OpaqueLibrary.swift
[802/894] Compiling AxiamSDK OpaqueNative.swift
[803/894] Compiling AxiamSDK Retry.swift
[804/894] Compiling AxiamSDK Sensitive.swift
[805/894] Compiling AxiamSDK SsfReceiver.swift
[806/894] Compiling AxiamSDK SupportedVersions.swift
[807/894] Compiling AxiamSDK Telemetry.swift
[808/894] Compiling AxiamSDK DecisionMemo.swift
[809/894] Compiling AxiamSDK Errors.swift
[810/894] Compiling AxiamSDK AxiamGuards.swift
[811/894] Compiling AxiamSDK AxiamRequestAuthenticator.swift
[812/894] Compiling AxiamSDK DpopVerifier.swift
[813/894] Compiling AxiamSDK McpResourceServer.swift
[814/894] Compiling AxiamSDK AccountTypes.swift
[815/894] Compiling AxiamSDK AxiamClient+Account.swift
[816/894] Compiling AxiamSDK AxiamClient.swift
[817/894] Compiling AxiamSDK AxiamConfig.swift
[818/894] Compiling AxiamSDK ConstantTime.swift
[819/894] Compiling AxiamSDK CookieJar.swift
[820/894] Compiling AxiamSDK Oidc.swift
/Users/admin/builder/spi-builder-workspace/Sources/AxiamSDK/Oidc/OidcInternals.swift:289:13: warning: immutable value 'verified' was never used; consider removing it
287 | expectedNonce: String?
288 | ) async throws -> IdTokenClaims {
289 | let verified: VerifiedToken
| `- warning: immutable value 'verified' was never used; consider removing it
290 | do {
291 | verified = try await jwks.verifySignatureOnlyUnchecked(token: idToken)
[821/894] Compiling AxiamSDK OidcInternals.swift
/Users/admin/builder/spi-builder-workspace/Sources/AxiamSDK/Oidc/OidcInternals.swift:289:13: warning: immutable value 'verified' was never used; consider removing it
287 | expectedNonce: String?
288 | ) async throws -> IdTokenClaims {
289 | let verified: VerifiedToken
| `- warning: immutable value 'verified' was never used; consider removing it
290 | do {
291 | verified = try await jwks.verifySignatureOnlyUnchecked(token: idToken)
[822/894] Compiling AxiamSDK OidcPkce.swift
/Users/admin/builder/spi-builder-workspace/Sources/AxiamSDK/Oidc/OidcInternals.swift:289:13: warning: immutable value 'verified' was never used; consider removing it
287 | expectedNonce: String?
288 | ) async throws -> IdTokenClaims {
289 | let verified: VerifiedToken
| `- warning: immutable value 'verified' was never used; consider removing it
290 | do {
291 | verified = try await jwks.verifySignatureOnlyUnchecked(token: idToken)
[823/894] Compiling AxiamSDK OidcTypes.swift
/Users/admin/builder/spi-builder-workspace/Sources/AxiamSDK/Oidc/OidcInternals.swift:289:13: warning: immutable value 'verified' was never used; consider removing it
287 | expectedNonce: String?
288 | ) async throws -> IdTokenClaims {
289 | let verified: VerifiedToken
| `- warning: immutable value 'verified' was never used; consider removing it
290 | do {
291 | verified = try await jwks.verifySignatureOnlyUnchecked(token: idToken)
[824/894] Compiling AxiamSDK Par.swift
/Users/admin/builder/spi-builder-workspace/Sources/AxiamSDK/Oidc/OidcInternals.swift:289:13: warning: immutable value 'verified' was never used; consider removing it
287 | expectedNonce: String?
288 | ) async throws -> IdTokenClaims {
289 | let verified: VerifiedToken
| `- warning: immutable value 'verified' was never used; consider removing it
290 | do {
291 | verified = try await jwks.verifySignatureOnlyUnchecked(token: idToken)
[825/894] Compiling AxiamSDK TokenExchange.swift
/Users/admin/builder/spi-builder-workspace/Sources/AxiamSDK/Oidc/OidcInternals.swift:289:13: warning: immutable value 'verified' was never used; consider removing it
287 | expectedNonce: String?
288 | ) async throws -> IdTokenClaims {
289 | let verified: VerifiedToken
| `- warning: immutable value 'verified' was never used; consider removing it
290 | do {
291 | verified = try await jwks.verifySignatureOnlyUnchecked(token: idToken)
[826/894] Compiling AxiamSDK Uma.swift
/Users/admin/builder/spi-builder-workspace/Sources/AxiamSDK/Webauthn/WebauthnCeremony.swift:232:36: error: non-sendable result type 'any ASAuthorizationCredential' cannot be sent from main actor-isolated context in call to static method 'run(requests:anchor:conditional:)'
230 | }
231 |
232 | let credential = try await run(requests: requests, anchor: anchor, conditional: false)
| `- error: non-sendable result type 'any ASAuthorizationCredential' cannot be sent from main actor-isolated context in call to static method 'run(requests:anchor:conditional:)'
233 | guard let registration = credential as? ASAuthorizationPublicKeyCredentialRegistration else {
234 | throw WebauthnCeremonyError(.unknown)
/Applications/Xcode-16.3.0.app/Contents/Developer/Platforms/MacOSX.platform/Developer/SDKs/MacOSX15.4.sdk/System/Library/Frameworks/AuthenticationServices.framework/Headers/ASAuthorizationCredential.h:14:11: note: protocol 'ASAuthorizationCredential' does not conform to the 'Sendable' protocol
12 |
13 | AS_EXTERN API_AVAILABLE(ios(13.0), macos(10.15), tvos(13.0), watchos(6.0))
14 | @protocol ASAuthorizationCredential <NSObject, NSCopying, NSSecureCoding>
| `- note: protocol 'ASAuthorizationCredential' does not conform to the 'Sendable' protocol
15 |
16 | @end
/Users/admin/builder/spi-builder-workspace/Sources/AxiamSDK/Webauthn/WebauthnCeremony.swift:2:1: warning: add '@preconcurrency' to treat 'Sendable'-related errors from module 'AuthenticationServices' as warnings
1 | #if canImport(AuthenticationServices)
2 | import AuthenticationServices
| `- warning: add '@preconcurrency' to treat 'Sendable'-related errors from module 'AuthenticationServices' as warnings
3 | import Foundation
4 |
/Users/admin/builder/spi-builder-workspace/Sources/AxiamSDK/Webauthn/WebauthnCeremony.swift:288:36: error: non-sendable result type 'any ASAuthorizationCredential' cannot be sent from main actor-isolated context in call to static method 'run(requests:anchor:conditional:)'
286 | }
287 |
288 | let credential = try await run(requests: requests, anchor: anchor, conditional: conditional)
| `- error: non-sendable result type 'any ASAuthorizationCredential' cannot be sent from main actor-isolated context in call to static method 'run(requests:anchor:conditional:)'
289 | guard let assertion = credential as? ASAuthorizationPublicKeyCredentialAssertion else {
290 | throw WebauthnCeremonyError(.unknown)
/Applications/Xcode-16.3.0.app/Contents/Developer/Platforms/MacOSX.platform/Developer/SDKs/MacOSX15.4.sdk/System/Library/Frameworks/AuthenticationServices.framework/Headers/ASAuthorizationCredential.h:14:11: note: protocol 'ASAuthorizationCredential' does not conform to the 'Sendable' protocol
12 |
13 | AS_EXTERN API_AVAILABLE(ios(13.0), macos(10.15), tvos(13.0), watchos(6.0))
14 | @protocol ASAuthorizationCredential <NSObject, NSCopying, NSSecureCoding>
| `- note: protocol 'ASAuthorizationCredential' does not conform to the 'Sendable' protocol
15 |
16 | @end
/Users/admin/builder/spi-builder-workspace/Sources/AxiamSDK/Webauthn/WebauthnCeremony.swift:328:32: error: 'performAutoFillAssistedRequests()' is unavailable in macOS
326 | delegate.continuation = continuation
327 | if conditional, #available(iOS 16.0, macOS 13.5, *) {
328 | controller.performAutoFillAssistedRequests()
| `- error: 'performAutoFillAssistedRequests()' is unavailable in macOS
329 | } else {
330 | controller.performRequests()
AuthenticationServices.ASAuthorizationController.performAutoFillAssistedRequests:3:13: note: 'performAutoFillAssistedRequests()' has been explicitly marked unavailable here
1 | class ASAuthorizationController {
2 | @available(macOS, unavailable)
3 | open func performAutoFillAssistedRequests()}
| `- note: 'performAutoFillAssistedRequests()' has been explicitly marked unavailable here
4 |
/Users/admin/builder/spi-builder-workspace/Sources/AxiamSDK/Webauthn/WebauthnCeremony.swift:337:34: error: capture of 'controller' with non-sendable type 'ASAuthorizationController' in a '@Sendable' closure
335 | // able to abandon it — and abandoning it is a cancellation, not an
336 | // authentication failure.
337 | Task { @MainActor in controller.cancel() }
| `- error: capture of 'controller' with non-sendable type 'ASAuthorizationController' in a '@Sendable' closure
338 | }
339 | }
/Applications/Xcode-16.3.0.app/Contents/Developer/Platforms/MacOSX.platform/Developer/SDKs/MacOSX15.4.sdk/System/Library/Frameworks/AuthenticationServices.framework/Headers/ASAuthorizationController.h:49:12: note: class 'ASAuthorizationController' does not conform to the 'Sendable' protocol
47 |
48 | AS_EXTERN API_AVAILABLE(ios(13.0), macos(10.15), tvos(13.0), watchos(6.0))
49 | @interface ASAuthorizationController : NSObject
| `- note: class 'ASAuthorizationController' does not conform to the 'Sendable' protocol
50 |
51 | /*! @abstract Authorization requests that are being serviced by this controller
[827/894] Compiling AxiamSDK AxiamClient+Webauthn.swift
/Users/admin/builder/spi-builder-workspace/Sources/AxiamSDK/Webauthn/WebauthnCeremony.swift:232:36: error: non-sendable result type 'any ASAuthorizationCredential' cannot be sent from main actor-isolated context in call to static method 'run(requests:anchor:conditional:)'
230 | }
231 |
232 | let credential = try await run(requests: requests, anchor: anchor, conditional: false)
| `- error: non-sendable result type 'any ASAuthorizationCredential' cannot be sent from main actor-isolated context in call to static method 'run(requests:anchor:conditional:)'
233 | guard let registration = credential as? ASAuthorizationPublicKeyCredentialRegistration else {
234 | throw WebauthnCeremonyError(.unknown)
/Applications/Xcode-16.3.0.app/Contents/Developer/Platforms/MacOSX.platform/Developer/SDKs/MacOSX15.4.sdk/System/Library/Frameworks/AuthenticationServices.framework/Headers/ASAuthorizationCredential.h:14:11: note: protocol 'ASAuthorizationCredential' does not conform to the 'Sendable' protocol
12 |
13 | AS_EXTERN API_AVAILABLE(ios(13.0), macos(10.15), tvos(13.0), watchos(6.0))
14 | @protocol ASAuthorizationCredential <NSObject, NSCopying, NSSecureCoding>
| `- note: protocol 'ASAuthorizationCredential' does not conform to the 'Sendable' protocol
15 |
16 | @end
/Users/admin/builder/spi-builder-workspace/Sources/AxiamSDK/Webauthn/WebauthnCeremony.swift:2:1: warning: add '@preconcurrency' to treat 'Sendable'-related errors from module 'AuthenticationServices' as warnings
1 | #if canImport(AuthenticationServices)
2 | import AuthenticationServices
| `- warning: add '@preconcurrency' to treat 'Sendable'-related errors from module 'AuthenticationServices' as warnings
3 | import Foundation
4 |
/Users/admin/builder/spi-builder-workspace/Sources/AxiamSDK/Webauthn/WebauthnCeremony.swift:288:36: error: non-sendable result type 'any ASAuthorizationCredential' cannot be sent from main actor-isolated context in call to static method 'run(requests:anchor:conditional:)'
286 | }
287 |
288 | let credential = try await run(requests: requests, anchor: anchor, conditional: conditional)
| `- error: non-sendable result type 'any ASAuthorizationCredential' cannot be sent from main actor-isolated context in call to static method 'run(requests:anchor:conditional:)'
289 | guard let assertion = credential as? ASAuthorizationPublicKeyCredentialAssertion else {
290 | throw WebauthnCeremonyError(.unknown)
/Applications/Xcode-16.3.0.app/Contents/Developer/Platforms/MacOSX.platform/Developer/SDKs/MacOSX15.4.sdk/System/Library/Frameworks/AuthenticationServices.framework/Headers/ASAuthorizationCredential.h:14:11: note: protocol 'ASAuthorizationCredential' does not conform to the 'Sendable' protocol
12 |
13 | AS_EXTERN API_AVAILABLE(ios(13.0), macos(10.15), tvos(13.0), watchos(6.0))
14 | @protocol ASAuthorizationCredential <NSObject, NSCopying, NSSecureCoding>
| `- note: protocol 'ASAuthorizationCredential' does not conform to the 'Sendable' protocol
15 |
16 | @end
/Users/admin/builder/spi-builder-workspace/Sources/AxiamSDK/Webauthn/WebauthnCeremony.swift:328:32: error: 'performAutoFillAssistedRequests()' is unavailable in macOS
326 | delegate.continuation = continuation
327 | if conditional, #available(iOS 16.0, macOS 13.5, *) {
328 | controller.performAutoFillAssistedRequests()
| `- error: 'performAutoFillAssistedRequests()' is unavailable in macOS
329 | } else {
330 | controller.performRequests()
AuthenticationServices.ASAuthorizationController.performAutoFillAssistedRequests:3:13: note: 'performAutoFillAssistedRequests()' has been explicitly marked unavailable here
1 | class ASAuthorizationController {
2 | @available(macOS, unavailable)
3 | open func performAutoFillAssistedRequests()}
| `- note: 'performAutoFillAssistedRequests()' has been explicitly marked unavailable here
4 |
/Users/admin/builder/spi-builder-workspace/Sources/AxiamSDK/Webauthn/WebauthnCeremony.swift:337:34: error: capture of 'controller' with non-sendable type 'ASAuthorizationController' in a '@Sendable' closure
335 | // able to abandon it — and abandoning it is a cancellation, not an
336 | // authentication failure.
337 | Task { @MainActor in controller.cancel() }
| `- error: capture of 'controller' with non-sendable type 'ASAuthorizationController' in a '@Sendable' closure
338 | }
339 | }
/Applications/Xcode-16.3.0.app/Contents/Developer/Platforms/MacOSX.platform/Developer/SDKs/MacOSX15.4.sdk/System/Library/Frameworks/AuthenticationServices.framework/Headers/ASAuthorizationController.h:49:12: note: class 'ASAuthorizationController' does not conform to the 'Sendable' protocol
47 |
48 | AS_EXTERN API_AVAILABLE(ios(13.0), macos(10.15), tvos(13.0), watchos(6.0))
49 | @interface ASAuthorizationController : NSObject
| `- note: class 'ASAuthorizationController' does not conform to the 'Sendable' protocol
50 |
51 | /*! @abstract Authorization requests that are being serviced by this controller
[828/894] Compiling AxiamSDK WebauthnCeremony.swift
/Users/admin/builder/spi-builder-workspace/Sources/AxiamSDK/Webauthn/WebauthnCeremony.swift:232:36: error: non-sendable result type 'any ASAuthorizationCredential' cannot be sent from main actor-isolated context in call to static method 'run(requests:anchor:conditional:)'
230 | }
231 |
232 | let credential = try await run(requests: requests, anchor: anchor, conditional: false)
| `- error: non-sendable result type 'any ASAuthorizationCredential' cannot be sent from main actor-isolated context in call to static method 'run(requests:anchor:conditional:)'
233 | guard let registration = credential as? ASAuthorizationPublicKeyCredentialRegistration else {
234 | throw WebauthnCeremonyError(.unknown)
/Applications/Xcode-16.3.0.app/Contents/Developer/Platforms/MacOSX.platform/Developer/SDKs/MacOSX15.4.sdk/System/Library/Frameworks/AuthenticationServices.framework/Headers/ASAuthorizationCredential.h:14:11: note: protocol 'ASAuthorizationCredential' does not conform to the 'Sendable' protocol
12 |
13 | AS_EXTERN API_AVAILABLE(ios(13.0), macos(10.15), tvos(13.0), watchos(6.0))
14 | @protocol ASAuthorizationCredential <NSObject, NSCopying, NSSecureCoding>
| `- note: protocol 'ASAuthorizationCredential' does not conform to the 'Sendable' protocol
15 |
16 | @end
/Users/admin/builder/spi-builder-workspace/Sources/AxiamSDK/Webauthn/WebauthnCeremony.swift:2:1: warning: add '@preconcurrency' to treat 'Sendable'-related errors from module 'AuthenticationServices' as warnings
1 | #if canImport(AuthenticationServices)
2 | import AuthenticationServices
| `- warning: add '@preconcurrency' to treat 'Sendable'-related errors from module 'AuthenticationServices' as warnings
3 | import Foundation
4 |
/Users/admin/builder/spi-builder-workspace/Sources/AxiamSDK/Webauthn/WebauthnCeremony.swift:288:36: error: non-sendable result type 'any ASAuthorizationCredential' cannot be sent from main actor-isolated context in call to static method 'run(requests:anchor:conditional:)'
286 | }
287 |
288 | let credential = try await run(requests: requests, anchor: anchor, conditional: conditional)
| `- error: non-sendable result type 'any ASAuthorizationCredential' cannot be sent from main actor-isolated context in call to static method 'run(requests:anchor:conditional:)'
289 | guard let assertion = credential as? ASAuthorizationPublicKeyCredentialAssertion else {
290 | throw WebauthnCeremonyError(.unknown)
/Applications/Xcode-16.3.0.app/Contents/Developer/Platforms/MacOSX.platform/Developer/SDKs/MacOSX15.4.sdk/System/Library/Frameworks/AuthenticationServices.framework/Headers/ASAuthorizationCredential.h:14:11: note: protocol 'ASAuthorizationCredential' does not conform to the 'Sendable' protocol
12 |
13 | AS_EXTERN API_AVAILABLE(ios(13.0), macos(10.15), tvos(13.0), watchos(6.0))
14 | @protocol ASAuthorizationCredential <NSObject, NSCopying, NSSecureCoding>
| `- note: protocol 'ASAuthorizationCredential' does not conform to the 'Sendable' protocol
15 |
16 | @end
/Users/admin/builder/spi-builder-workspace/Sources/AxiamSDK/Webauthn/WebauthnCeremony.swift:328:32: error: 'performAutoFillAssistedRequests()' is unavailable in macOS
326 | delegate.continuation = continuation
327 | if conditional, #available(iOS 16.0, macOS 13.5, *) {
328 | controller.performAutoFillAssistedRequests()
| `- error: 'performAutoFillAssistedRequests()' is unavailable in macOS
329 | } else {
330 | controller.performRequests()
AuthenticationServices.ASAuthorizationController.performAutoFillAssistedRequests:3:13: note: 'performAutoFillAssistedRequests()' has been explicitly marked unavailable here
1 | class ASAuthorizationController {
2 | @available(macOS, unavailable)
3 | open func performAutoFillAssistedRequests()}
| `- note: 'performAutoFillAssistedRequests()' has been explicitly marked unavailable here
4 |
/Users/admin/builder/spi-builder-workspace/Sources/AxiamSDK/Webauthn/WebauthnCeremony.swift:337:34: error: capture of 'controller' with non-sendable type 'ASAuthorizationController' in a '@Sendable' closure
335 | // able to abandon it — and abandoning it is a cancellation, not an
336 | // authentication failure.
337 | Task { @MainActor in controller.cancel() }
| `- error: capture of 'controller' with non-sendable type 'ASAuthorizationController' in a '@Sendable' closure
338 | }
339 | }
/Applications/Xcode-16.3.0.app/Contents/Developer/Platforms/MacOSX.platform/Developer/SDKs/MacOSX15.4.sdk/System/Library/Frameworks/AuthenticationServices.framework/Headers/ASAuthorizationController.h:49:12: note: class 'ASAuthorizationController' does not conform to the 'Sendable' protocol
47 |
48 | AS_EXTERN API_AVAILABLE(ios(13.0), macos(10.15), tvos(13.0), watchos(6.0))
49 | @interface ASAuthorizationController : NSObject
| `- note: class 'ASAuthorizationController' does not conform to the 'Sendable' protocol
50 |
51 | /*! @abstract Authorization requests that are being serviced by this controller
[829/894] Compiling AxiamSDK WebauthnTypes.swift
/Users/admin/builder/spi-builder-workspace/Sources/AxiamSDK/Webauthn/WebauthnCeremony.swift:232:36: error: non-sendable result type 'any ASAuthorizationCredential' cannot be sent from main actor-isolated context in call to static method 'run(requests:anchor:conditional:)'
230 | }
231 |
232 | let credential = try await run(requests: requests, anchor: anchor, conditional: false)
| `- error: non-sendable result type 'any ASAuthorizationCredential' cannot be sent from main actor-isolated context in call to static method 'run(requests:anchor:conditional:)'
233 | guard let registration = credential as? ASAuthorizationPublicKeyCredentialRegistration else {
234 | throw WebauthnCeremonyError(.unknown)
/Applications/Xcode-16.3.0.app/Contents/Developer/Platforms/MacOSX.platform/Developer/SDKs/MacOSX15.4.sdk/System/Library/Frameworks/AuthenticationServices.framework/Headers/ASAuthorizationCredential.h:14:11: note: protocol 'ASAuthorizationCredential' does not conform to the 'Sendable' protocol
12 |
13 | AS_EXTERN API_AVAILABLE(ios(13.0), macos(10.15), tvos(13.0), watchos(6.0))
14 | @protocol ASAuthorizationCredential <NSObject, NSCopying, NSSecureCoding>
| `- note: protocol 'ASAuthorizationCredential' does not conform to the 'Sendable' protocol
15 |
16 | @end
/Users/admin/builder/spi-builder-workspace/Sources/AxiamSDK/Webauthn/WebauthnCeremony.swift:2:1: warning: add '@preconcurrency' to treat 'Sendable'-related errors from module 'AuthenticationServices' as warnings
1 | #if canImport(AuthenticationServices)
2 | import AuthenticationServices
| `- warning: add '@preconcurrency' to treat 'Sendable'-related errors from module 'AuthenticationServices' as warnings
3 | import Foundation
4 |
/Users/admin/builder/spi-builder-workspace/Sources/AxiamSDK/Webauthn/WebauthnCeremony.swift:288:36: error: non-sendable result type 'any ASAuthorizationCredential' cannot be sent from main actor-isolated context in call to static method 'run(requests:anchor:conditional:)'
286 | }
287 |
288 | let credential = try await run(requests: requests, anchor: anchor, conditional: conditional)
| `- error: non-sendable result type 'any ASAuthorizationCredential' cannot be sent from main actor-isolated context in call to static method 'run(requests:anchor:conditional:)'
289 | guard let assertion = credential as? ASAuthorizationPublicKeyCredentialAssertion else {
290 | throw WebauthnCeremonyError(.unknown)
/Applications/Xcode-16.3.0.app/Contents/Developer/Platforms/MacOSX.platform/Developer/SDKs/MacOSX15.4.sdk/System/Library/Frameworks/AuthenticationServices.framework/Headers/ASAuthorizationCredential.h:14:11: note: protocol 'ASAuthorizationCredential' does not conform to the 'Sendable' protocol
12 |
13 | AS_EXTERN API_AVAILABLE(ios(13.0), macos(10.15), tvos(13.0), watchos(6.0))
14 | @protocol ASAuthorizationCredential <NSObject, NSCopying, NSSecureCoding>
| `- note: protocol 'ASAuthorizationCredential' does not conform to the 'Sendable' protocol
15 |
16 | @end
/Users/admin/builder/spi-builder-workspace/Sources/AxiamSDK/Webauthn/WebauthnCeremony.swift:328:32: error: 'performAutoFillAssistedRequests()' is unavailable in macOS
326 | delegate.continuation = continuation
327 | if conditional, #available(iOS 16.0, macOS 13.5, *) {
328 | controller.performAutoFillAssistedRequests()
| `- error: 'performAutoFillAssistedRequests()' is unavailable in macOS
329 | } else {
330 | controller.performRequests()
AuthenticationServices.ASAuthorizationController.performAutoFillAssistedRequests:3:13: note: 'performAutoFillAssistedRequests()' has been explicitly marked unavailable here
1 | class ASAuthorizationController {
2 | @available(macOS, unavailable)
3 | open func performAutoFillAssistedRequests()}
| `- note: 'performAutoFillAssistedRequests()' has been explicitly marked unavailable here
4 |
/Users/admin/builder/spi-builder-workspace/Sources/AxiamSDK/Webauthn/WebauthnCeremony.swift:337:34: error: capture of 'controller' with non-sendable type 'ASAuthorizationController' in a '@Sendable' closure
335 | // able to abandon it — and abandoning it is a cancellation, not an
336 | // authentication failure.
337 | Task { @MainActor in controller.cancel() }
| `- error: capture of 'controller' with non-sendable type 'ASAuthorizationController' in a '@Sendable' closure
338 | }
339 | }
/Applications/Xcode-16.3.0.app/Contents/Developer/Platforms/MacOSX.platform/Developer/SDKs/MacOSX15.4.sdk/System/Library/Frameworks/AuthenticationServices.framework/Headers/ASAuthorizationController.h:49:12: note: class 'ASAuthorizationController' does not conform to the 'Sendable' protocol
47 |
48 | AS_EXTERN API_AVAILABLE(ios(13.0), macos(10.15), tvos(13.0), watchos(6.0))
49 | @interface ASAuthorizationController : NSObject
| `- note: class 'ASAuthorizationController' does not conform to the 'Sendable' protocol
50 |
51 | /*! @abstract Authorization requests that are being serviced by this controller
[830/894] Compiling AxiamSDK AxiamWebhooks.swift
/Users/admin/builder/spi-builder-workspace/Sources/AxiamSDK/Webauthn/WebauthnCeremony.swift:232:36: error: non-sendable result type 'any ASAuthorizationCredential' cannot be sent from main actor-isolated context in call to static method 'run(requests:anchor:conditional:)'
230 | }
231 |
232 | let credential = try await run(requests: requests, anchor: anchor, conditional: false)
| `- error: non-sendable result type 'any ASAuthorizationCredential' cannot be sent from main actor-isolated context in call to static method 'run(requests:anchor:conditional:)'
233 | guard let registration = credential as? ASAuthorizationPublicKeyCredentialRegistration else {
234 | throw WebauthnCeremonyError(.unknown)
/Applications/Xcode-16.3.0.app/Contents/Developer/Platforms/MacOSX.platform/Developer/SDKs/MacOSX15.4.sdk/System/Library/Frameworks/AuthenticationServices.framework/Headers/ASAuthorizationCredential.h:14:11: note: protocol 'ASAuthorizationCredential' does not conform to the 'Sendable' protocol
12 |
13 | AS_EXTERN API_AVAILABLE(ios(13.0), macos(10.15), tvos(13.0), watchos(6.0))
14 | @protocol ASAuthorizationCredential <NSObject, NSCopying, NSSecureCoding>
| `- note: protocol 'ASAuthorizationCredential' does not conform to the 'Sendable' protocol
15 |
16 | @end
/Users/admin/builder/spi-builder-workspace/Sources/AxiamSDK/Webauthn/WebauthnCeremony.swift:2:1: warning: add '@preconcurrency' to treat 'Sendable'-related errors from module 'AuthenticationServices' as warnings
1 | #if canImport(AuthenticationServices)
2 | import AuthenticationServices
| `- warning: add '@preconcurrency' to treat 'Sendable'-related errors from module 'AuthenticationServices' as warnings
3 | import Foundation
4 |
/Users/admin/builder/spi-builder-workspace/Sources/AxiamSDK/Webauthn/WebauthnCeremony.swift:288:36: error: non-sendable result type 'any ASAuthorizationCredential' cannot be sent from main actor-isolated context in call to static method 'run(requests:anchor:conditional:)'
286 | }
287 |
288 | let credential = try await run(requests: requests, anchor: anchor, conditional: conditional)
| `- error: non-sendable result type 'any ASAuthorizationCredential' cannot be sent from main actor-isolated context in call to static method 'run(requests:anchor:conditional:)'
289 | guard let assertion = credential as? ASAuthorizationPublicKeyCredentialAssertion else {
290 | throw WebauthnCeremonyError(.unknown)
/Applications/Xcode-16.3.0.app/Contents/Developer/Platforms/MacOSX.platform/Developer/SDKs/MacOSX15.4.sdk/System/Library/Frameworks/AuthenticationServices.framework/Headers/ASAuthorizationCredential.h:14:11: note: protocol 'ASAuthorizationCredential' does not conform to the 'Sendable' protocol
12 |
13 | AS_EXTERN API_AVAILABLE(ios(13.0), macos(10.15), tvos(13.0), watchos(6.0))
14 | @protocol ASAuthorizationCredential <NSObject, NSCopying, NSSecureCoding>
| `- note: protocol 'ASAuthorizationCredential' does not conform to the 'Sendable' protocol
15 |
16 | @end
/Users/admin/builder/spi-builder-workspace/Sources/AxiamSDK/Webauthn/WebauthnCeremony.swift:328:32: error: 'performAutoFillAssistedRequests()' is unavailable in macOS
326 | delegate.continuation = continuation
327 | if conditional, #available(iOS 16.0, macOS 13.5, *) {
328 | controller.performAutoFillAssistedRequests()
| `- error: 'performAutoFillAssistedRequests()' is unavailable in macOS
329 | } else {
330 | controller.performRequests()
AuthenticationServices.ASAuthorizationController.performAutoFillAssistedRequests:3:13: note: 'performAutoFillAssistedRequests()' has been explicitly marked unavailable here
1 | class ASAuthorizationController {
2 | @available(macOS, unavailable)
3 | open func performAutoFillAssistedRequests()}
| `- note: 'performAutoFillAssistedRequests()' has been explicitly marked unavailable here
4 |
/Users/admin/builder/spi-builder-workspace/Sources/AxiamSDK/Webauthn/WebauthnCeremony.swift:337:34: error: capture of 'controller' with non-sendable type 'ASAuthorizationController' in a '@Sendable' closure
335 | // able to abandon it — and abandoning it is a cancellation, not an
336 | // authentication failure.
337 | Task { @MainActor in controller.cancel() }
| `- error: capture of 'controller' with non-sendable type 'ASAuthorizationController' in a '@Sendable' closure
338 | }
339 | }
/Applications/Xcode-16.3.0.app/Contents/Developer/Platforms/MacOSX.platform/Developer/SDKs/MacOSX15.4.sdk/System/Library/Frameworks/AuthenticationServices.framework/Headers/ASAuthorizationController.h:49:12: note: class 'ASAuthorizationController' does not conform to the 'Sendable' protocol
47 |
48 | AS_EXTERN API_AVAILABLE(ios(13.0), macos(10.15), tvos(13.0), watchos(6.0))
49 | @interface ASAuthorizationController : NSObject
| `- note: class 'ASAuthorizationController' does not conform to the 'Sendable' protocol
50 |
51 | /*! @abstract Authorization requests that are being serviced by this controller
[831/894] Compiling AxiamSDK ManagementManifestNetwork.swift
[832/894] Compiling AxiamSDK Models.swift
[833/894] Compiling AxiamSDK Ciba.swift
[834/894] Compiling AxiamSDK ClientRegistration.swift
[835/894] Compiling AxiamSDK DeviceGrant.swift
[836/894] Compiling AxiamSDK Logout.swift
[837/894] Emitting module AxiamSDK
[838/894] Compiling AxiamSDK AxiamClient+Management.swift
[839/894] Compiling AxiamSDK ManagementModels.swift
[840/894] Compiling AxiamSDK ManagementNamespaces.swift
[841/894] Compiling AxiamSDK ManagementChecks.swift
[842/894] Compiling AxiamSDK ManagementCore.swift
[843/894] Compiling AxiamSDK ManagementManifest.swift
BUILD FAILURE 6.1 macosSpm