Build Information
Failed to build SwipeMenuViewController, reference 5.0.0 (b45c80), with Swift 6.3 for watchOS using Xcode 26.4 on 16 Jul 2026 09:50:17 UTC.
Build Command
env DEVELOPER_DIR=/Applications/Xcode-26.4.0.app xcrun xcodebuild -IDEClonedSourcePackagesDirPathOverride=$PWD/.dependencies -skipMacroValidation -skipPackagePluginValidation -derivedDataPath $PWD/.derivedData build -scheme SwipeMenuViewController -destination generic/platform=watchOSBuild Log
========================================
RunAll
========================================
Builder version: undefined version: run 'make version' to update
Interrupt handler set up.
========================================
Checkout
========================================
Clone URL: https://github.com/yysskk/SwipeMenuViewController.git
Reference: 5.0.0
Initialized empty Git repository in /Users/admin/builder/spi-builder-workspace/.git/
From https://github.com/yysskk/SwipeMenuViewController
* tag 5.0.0 -> FETCH_HEAD
HEAD is now at b45c804 Merge pull request #143 from yysskk/release/5.0.0
Cloned https://github.com/yysskk/SwipeMenuViewController.git
Revision (git rev-parse @):
b45c804eb8810df0df8c0a3c3c995f85dbbf9a3a
SPI manifest file found: $PWD/.spi.yml
SUCCESS checkout https://github.com/yysskk/SwipeMenuViewController.git at 5.0.0
========================================
Build
========================================
Selected platform: watchOS
Swift version: 6.3
Building package at path: $PWD
https://github.com/yysskk/SwipeMenuViewController.git
Command line invocation:
/Applications/Xcode-26.4.0.app/Contents/Developer/usr/bin/xcodebuild -IDEClonedSourcePackagesDirPathOverride=/Users/admin/builder/spi-builder-workspace/.dependencies -resolvePackageDependencies
Resolve Package Graph
Resolve Package Graph
Resolved source packages:
SwipeMenuViewController: /Users/admin/builder/spi-builder-workspace
resolved source packages: SwipeMenuViewController
2026-07-16 05:49:44.677 xcodebuild[541:3118] [MT] IDERunDestination: Supported platforms for the buildables in the current scheme is empty.
{
"dependencies" : [
],
"manifest_display_name" : "SwipeMenuViewController",
"name" : "SwipeMenuViewController",
"path" : "/Users/admin/builder/spi-builder-workspace",
"platforms" : [
{
"name" : "ios",
"version" : "16.0"
}
],
"products" : [
{
"name" : "SwipeMenuViewController",
"targets" : [
"SwipeMenuViewController"
],
"type" : {
"library" : [
"automatic"
]
}
}
],
"targets" : [
{
"c99name" : "SwipeMenuViewControllerTests",
"module_type" : "SwiftTarget",
"name" : "SwipeMenuViewControllerTests",
"path" : "Tests/SwipeMenuViewControllerTests",
"sources" : [
"ContentScrollViewTests.swift",
"RetainCycleTests.swift",
"SwipeMenuViewControllerTests.swift",
"SwipeMenuViewOptionsTests.swift",
"SwipeMenuViewTests.swift",
"TabItemViewTests.swift",
"TabViewTests.swift",
"TestSupport.swift",
"UIColorConversionTests.swift",
"UIEdgeInsetsExtensionTests.swift"
],
"target_dependencies" : [
"SwipeMenuViewController"
],
"type" : "test"
},
{
"c99name" : "SwipeMenuViewController",
"module_type" : "SwiftTarget",
"name" : "SwipeMenuViewController",
"path" : "Sources/SwipeMenuViewController",
"product_memberships" : [
"SwipeMenuViewController"
],
"sources" : [
"ContentScrollView.swift",
"SwipeMenuView.swift",
"SwipeMenuViewController.swift",
"TabItemView.swift",
"TabView.swift",
"UIColorExtension.swift",
"UIEdgeInsetsExtension.swift"
],
"type" : "library"
}
],
"tools_version" : "6.2"
}
{
"workspace" : {
"name" : "spi-builder-workspace",
"schemes" : [
"SwipeMenuViewController"
]
}
}
2026-07-16 05:50:05.502 xcodebuild[720:4472] [MT] IDERunDestination: Supported platforms for the buildables in the current scheme is empty.
Running build ...
env DEVELOPER_DIR=/Applications/Xcode-26.4.0.app xcrun xcodebuild -IDEClonedSourcePackagesDirPathOverride=$PWD/.dependencies -skipMacroValidation -skipPackagePluginValidation -derivedDataPath $PWD/.derivedData build -scheme SwipeMenuViewController -destination generic/platform=watchOS
Command line invocation:
/Applications/Xcode-26.4.0.app/Contents/Developer/usr/bin/xcodebuild -IDEClonedSourcePackagesDirPathOverride=/Users/admin/builder/spi-builder-workspace/.dependencies -skipMacroValidation -skipPackagePluginValidation -derivedDataPath /Users/admin/builder/spi-builder-workspace/.derivedData build -scheme SwipeMenuViewController -destination generic/platform=watchOS
Resolve Package Graph
Resolved source packages:
SwipeMenuViewController: /Users/admin/builder/spi-builder-workspace
ComputePackagePrebuildTargetDependencyGraph
Prepare packages
CreateBuildRequest
SendProjectDescription
CreateBuildOperation
ComputeTargetDependencyGraph
note: Building targets in dependency order
note: Target dependency graph (2 targets)
Target 'SwipeMenuViewController' in project 'SwipeMenuViewController'
➜ Explicit dependency on target 'SwipeMenuViewController' in project 'SwipeMenuViewController'
Target 'SwipeMenuViewController' in project 'SwipeMenuViewController' (no dependencies)
GatherProvisioningInputs
CreateBuildDescription
ExecuteExternalTool /Applications/Xcode-26.4.0.app/Contents/Developer/Toolchains/XcodeDefault.xctoolchain/usr/bin/clang -v -E -dM -isysroot /Applications/Xcode-26.4.0.app/Contents/Developer/Platforms/WatchOS.platform/Developer/SDKs/WatchOS26.4.sdk -x c -c /dev/null
ExecuteExternalTool /Applications/Xcode-26.4.0.app/Contents/Developer/Toolchains/XcodeDefault.xctoolchain/usr/bin/swiftc --version
ExecuteExternalTool /Applications/Xcode-26.4.0.app/Contents/Developer/Toolchains/XcodeDefault.xctoolchain/usr/bin/ld -version_details
ReadFileContents /Applications/Xcode-26.4.0.app/Contents/Developer/Toolchains/XcodeDefault.xctoolchain/usr/share/docc/features.json
Build description signature: a2f70120670e3de776a7edd87cd95f84
Build description path: /Users/admin/builder/spi-builder-workspace/.derivedData/Build/Intermediates.noindex/XCBuildData/a2f70120670e3de776a7edd87cd95f84.xcbuilddata
CreateBuildDirectory /Users/admin/builder/spi-builder-workspace/.derivedData/Build/Products
cd /Users/admin/builder/spi-builder-workspace/.swiftpm/xcode
builtin-create-build-directory /Users/admin/builder/spi-builder-workspace/.derivedData/Build/Products
ClangStatCache /Applications/Xcode-26.4.0.app/Contents/Developer/Toolchains/XcodeDefault.xctoolchain/usr/bin/clang-stat-cache /Applications/Xcode-26.4.0.app/Contents/Developer/Platforms/WatchOS.platform/Developer/SDKs/WatchOS26.4.sdk /Users/admin/builder/spi-builder-workspace/.derivedData/SDKStatCaches.noindex/watchos26.4-23T238-688ef53f1462e2c8f657fdc38a81448f9e51884a582f42380855760c9d4cc599.sdkstatcache
cd /Users/admin/builder/spi-builder-workspace/.swiftpm/xcode
/Applications/Xcode-26.4.0.app/Contents/Developer/Toolchains/XcodeDefault.xctoolchain/usr/bin/clang-stat-cache /Applications/Xcode-26.4.0.app/Contents/Developer/Platforms/WatchOS.platform/Developer/SDKs/WatchOS26.4.sdk -o /Users/admin/builder/spi-builder-workspace/.derivedData/SDKStatCaches.noindex/watchos26.4-23T238-688ef53f1462e2c8f657fdc38a81448f9e51884a582f42380855760c9d4cc599.sdkstatcache
CreateBuildDirectory /Users/admin/builder/spi-builder-workspace/.derivedData/Build/Intermediates.noindex
cd /Users/admin/builder/spi-builder-workspace/.swiftpm/xcode
builtin-create-build-directory /Users/admin/builder/spi-builder-workspace/.derivedData/Build/Intermediates.noindex
CreateBuildDirectory /Users/admin/builder/spi-builder-workspace/.derivedData/Build/Intermediates.noindex/SwiftExplicitPrecompiledModules
cd /Users/admin/builder/spi-builder-workspace/.swiftpm/xcode
builtin-create-build-directory /Users/admin/builder/spi-builder-workspace/.derivedData/Build/Intermediates.noindex/SwiftExplicitPrecompiledModules
CreateBuildDirectory /Users/admin/builder/spi-builder-workspace/.derivedData/Build/Intermediates.noindex/ExplicitPrecompiledModules
cd /Users/admin/builder/spi-builder-workspace/.swiftpm/xcode
builtin-create-build-directory /Users/admin/builder/spi-builder-workspace/.derivedData/Build/Intermediates.noindex/ExplicitPrecompiledModules
CreateBuildDirectory /Users/admin/builder/spi-builder-workspace/.derivedData/Build/Intermediates.noindex/EagerLinkingTBDs/Debug-watchos
cd /Users/admin/builder/spi-builder-workspace/.swiftpm/xcode
builtin-create-build-directory /Users/admin/builder/spi-builder-workspace/.derivedData/Build/Intermediates.noindex/EagerLinkingTBDs/Debug-watchos
CreateBuildDirectory /Users/admin/builder/spi-builder-workspace/.derivedData/Build/Products/Debug-watchos
cd /Users/admin/builder/spi-builder-workspace/.swiftpm/xcode
builtin-create-build-directory /Users/admin/builder/spi-builder-workspace/.derivedData/Build/Products/Debug-watchos
CreateBuildDirectory /Users/admin/builder/spi-builder-workspace/.derivedData/Build/Products/Debug-watchos/PackageFrameworks
cd /Users/admin/builder/spi-builder-workspace/.swiftpm/xcode
builtin-create-build-directory /Users/admin/builder/spi-builder-workspace/.derivedData/Build/Products/Debug-watchos/PackageFrameworks
WriteAuxiliaryFile /Users/admin/builder/spi-builder-workspace/.derivedData/Build/Intermediates.noindex/SwipeMenuViewController.build/Debug-watchos/SwipeMenuViewController.build/SwipeMenuViewController.DependencyMetadataFileList (in target 'SwipeMenuViewController' from project 'SwipeMenuViewController')
cd /Users/admin/builder/spi-builder-workspace
write-file /Users/admin/builder/spi-builder-workspace/.derivedData/Build/Intermediates.noindex/SwipeMenuViewController.build/Debug-watchos/SwipeMenuViewController.build/SwipeMenuViewController.DependencyMetadataFileList
WriteAuxiliaryFile /Users/admin/builder/spi-builder-workspace/.derivedData/Build/Intermediates.noindex/SwipeMenuViewController.build/Debug-watchos/SwipeMenuViewController.build/SwipeMenuViewController.DependencyStaticMetadataFileList (in target 'SwipeMenuViewController' from project 'SwipeMenuViewController')
cd /Users/admin/builder/spi-builder-workspace
write-file /Users/admin/builder/spi-builder-workspace/.derivedData/Build/Intermediates.noindex/SwipeMenuViewController.build/Debug-watchos/SwipeMenuViewController.build/SwipeMenuViewController.DependencyStaticMetadataFileList
WriteAuxiliaryFile /Users/admin/builder/spi-builder-workspace/.derivedData/Build/Intermediates.noindex/SwipeMenuViewController.build/Debug-watchos/SwipeMenuViewController.build/SwipeMenuViewController.modulemap (in target 'SwipeMenuViewController' from project 'SwipeMenuViewController')
cd /Users/admin/builder/spi-builder-workspace
write-file /Users/admin/builder/spi-builder-workspace/.derivedData/Build/Intermediates.noindex/SwipeMenuViewController.build/Debug-watchos/SwipeMenuViewController.build/SwipeMenuViewController.modulemap
WriteAuxiliaryFile /Users/admin/builder/spi-builder-workspace/.derivedData/Build/Intermediates.noindex/SwipeMenuViewController.build/Debug-watchos/SwipeMenuViewController.build/Objects-normal/arm64/SwipeMenuViewController_const_extract_protocols.json (in target 'SwipeMenuViewController' from project 'SwipeMenuViewController')
cd /Users/admin/builder/spi-builder-workspace
write-file /Users/admin/builder/spi-builder-workspace/.derivedData/Build/Intermediates.noindex/SwipeMenuViewController.build/Debug-watchos/SwipeMenuViewController.build/Objects-normal/arm64/SwipeMenuViewController_const_extract_protocols.json
WriteAuxiliaryFile /Users/admin/builder/spi-builder-workspace/.derivedData/Build/Intermediates.noindex/SwipeMenuViewController.build/Debug-watchos/SwipeMenuViewController.build/Objects-normal/arm64_32/SwipeMenuViewController-OutputFileMap.json (in target 'SwipeMenuViewController' from project 'SwipeMenuViewController')
cd /Users/admin/builder/spi-builder-workspace
write-file /Users/admin/builder/spi-builder-workspace/.derivedData/Build/Intermediates.noindex/SwipeMenuViewController.build/Debug-watchos/SwipeMenuViewController.build/Objects-normal/arm64_32/SwipeMenuViewController-OutputFileMap.json
WriteAuxiliaryFile /Users/admin/builder/spi-builder-workspace/.derivedData/Build/Intermediates.noindex/SwipeMenuViewController.build/Debug-watchos/SwipeMenuViewController.build/Objects-normal/arm64_32/SwipeMenuViewController.LinkFileList (in target 'SwipeMenuViewController' from project 'SwipeMenuViewController')
cd /Users/admin/builder/spi-builder-workspace
write-file /Users/admin/builder/spi-builder-workspace/.derivedData/Build/Intermediates.noindex/SwipeMenuViewController.build/Debug-watchos/SwipeMenuViewController.build/Objects-normal/arm64_32/SwipeMenuViewController.LinkFileList
WriteAuxiliaryFile /Users/admin/builder/spi-builder-workspace/.derivedData/Build/Intermediates.noindex/SwipeMenuViewController.build/Debug-watchos/SwipeMenuViewController.build/Objects-normal/arm64_32/SwipeMenuViewController.SwiftFileList (in target 'SwipeMenuViewController' from project 'SwipeMenuViewController')
cd /Users/admin/builder/spi-builder-workspace
write-file /Users/admin/builder/spi-builder-workspace/.derivedData/Build/Intermediates.noindex/SwipeMenuViewController.build/Debug-watchos/SwipeMenuViewController.build/Objects-normal/arm64_32/SwipeMenuViewController.SwiftFileList
WriteAuxiliaryFile /Users/admin/builder/spi-builder-workspace/.derivedData/Build/Intermediates.noindex/SwipeMenuViewController.build/Debug-watchos/SwipeMenuViewController.build/Objects-normal/arm64_32/SwipeMenuViewController_const_extract_protocols.json (in target 'SwipeMenuViewController' from project 'SwipeMenuViewController')
cd /Users/admin/builder/spi-builder-workspace
write-file /Users/admin/builder/spi-builder-workspace/.derivedData/Build/Intermediates.noindex/SwipeMenuViewController.build/Debug-watchos/SwipeMenuViewController.build/Objects-normal/arm64_32/SwipeMenuViewController_const_extract_protocols.json
WriteAuxiliaryFile /Users/admin/builder/spi-builder-workspace/.derivedData/Build/Intermediates.noindex/SwipeMenuViewController.build/Debug-watchos/SwipeMenuViewController.build/Objects-normal/arm64_32/SwipeMenuViewController.SwiftConstValuesFileList (in target 'SwipeMenuViewController' from project 'SwipeMenuViewController')
cd /Users/admin/builder/spi-builder-workspace
write-file /Users/admin/builder/spi-builder-workspace/.derivedData/Build/Intermediates.noindex/SwipeMenuViewController.build/Debug-watchos/SwipeMenuViewController.build/Objects-normal/arm64_32/SwipeMenuViewController.SwiftConstValuesFileList
WriteAuxiliaryFile /Users/admin/builder/spi-builder-workspace/.derivedData/Build/Intermediates.noindex/SwipeMenuViewController.build/Debug-watchos/SwipeMenuViewController.build/Objects-normal/arm64/SwipeMenuViewController.SwiftFileList (in target 'SwipeMenuViewController' from project 'SwipeMenuViewController')
cd /Users/admin/builder/spi-builder-workspace
write-file /Users/admin/builder/spi-builder-workspace/.derivedData/Build/Intermediates.noindex/SwipeMenuViewController.build/Debug-watchos/SwipeMenuViewController.build/Objects-normal/arm64/SwipeMenuViewController.SwiftFileList
WriteAuxiliaryFile /Users/admin/builder/spi-builder-workspace/.derivedData/Build/Intermediates.noindex/SwipeMenuViewController.build/Debug-watchos/SwipeMenuViewController.build/Objects-normal/arm64/SwipeMenuViewController.SwiftConstValuesFileList (in target 'SwipeMenuViewController' from project 'SwipeMenuViewController')
cd /Users/admin/builder/spi-builder-workspace
write-file /Users/admin/builder/spi-builder-workspace/.derivedData/Build/Intermediates.noindex/SwipeMenuViewController.build/Debug-watchos/SwipeMenuViewController.build/Objects-normal/arm64/SwipeMenuViewController.SwiftConstValuesFileList
WriteAuxiliaryFile /Users/admin/builder/spi-builder-workspace/.derivedData/Build/Intermediates.noindex/SwipeMenuViewController.build/Debug-watchos/SwipeMenuViewController.build/Objects-normal/arm64/SwipeMenuViewController.LinkFileList (in target 'SwipeMenuViewController' from project 'SwipeMenuViewController')
cd /Users/admin/builder/spi-builder-workspace
write-file /Users/admin/builder/spi-builder-workspace/.derivedData/Build/Intermediates.noindex/SwipeMenuViewController.build/Debug-watchos/SwipeMenuViewController.build/Objects-normal/arm64/SwipeMenuViewController.LinkFileList
WriteAuxiliaryFile /Users/admin/builder/spi-builder-workspace/.derivedData/Build/Intermediates.noindex/SwipeMenuViewController.build/Debug-watchos/SwipeMenuViewController.build/Objects-normal/arm64/SwipeMenuViewController-OutputFileMap.json (in target 'SwipeMenuViewController' from project 'SwipeMenuViewController')
cd /Users/admin/builder/spi-builder-workspace
write-file /Users/admin/builder/spi-builder-workspace/.derivedData/Build/Intermediates.noindex/SwipeMenuViewController.build/Debug-watchos/SwipeMenuViewController.build/Objects-normal/arm64/SwipeMenuViewController-OutputFileMap.json
Copy /Users/admin/builder/spi-builder-workspace/.derivedData/Build/Intermediates.noindex/GeneratedModuleMaps-watchos/SwipeMenuViewController.modulemap /Users/admin/builder/spi-builder-workspace/.derivedData/Build/Intermediates.noindex/SwipeMenuViewController.build/Debug-watchos/SwipeMenuViewController.build/SwipeMenuViewController.modulemap (in target 'SwipeMenuViewController' from project 'SwipeMenuViewController')
cd /Users/admin/builder/spi-builder-workspace
builtin-copy -exclude .DS_Store -exclude CVS -exclude .svn -exclude .git -exclude .hg -resolve-src-symlinks /Users/admin/builder/spi-builder-workspace/.derivedData/Build/Intermediates.noindex/SwipeMenuViewController.build/Debug-watchos/SwipeMenuViewController.build/SwipeMenuViewController.modulemap /Users/admin/builder/spi-builder-workspace/.derivedData/Build/Intermediates.noindex/GeneratedModuleMaps-watchos
SwiftDriver SwipeMenuViewController normal arm64_32 com.apple.xcode.tools.swift.compiler (in target 'SwipeMenuViewController' from project 'SwipeMenuViewController')
cd /Users/admin/builder/spi-builder-workspace/.swiftpm/xcode
builtin-SwiftDriver -- /Applications/Xcode-26.4.0.app/Contents/Developer/Toolchains/XcodeDefault.xctoolchain/usr/bin/swiftc -module-name SwipeMenuViewController -Onone @/Users/admin/builder/spi-builder-workspace/.derivedData/Build/Intermediates.noindex/SwipeMenuViewController.build/Debug-watchos/SwipeMenuViewController.build/Objects-normal/arm64_32/SwipeMenuViewController.SwiftFileList -DSWIFT_PACKAGE -DDEBUG -DSWIFT_MODULE_RESOURCE_BUNDLE_UNAVAILABLE -DXcode -default-isolation MainActor -plugin-path /Applications/Xcode-26.4.0.app/Contents/Developer/Toolchains/XcodeDefault.xctoolchain/usr/lib/swift/host/plugins/testing -enable-experimental-feature DebugDescriptionMacro -sdk /Applications/Xcode-26.4.0.app/Contents/Developer/Platforms/WatchOS.platform/Developer/SDKs/WatchOS26.4.sdk -target arm64_32-apple-watchos9.0 -g -module-cache-path /Users/admin/builder/spi-builder-workspace/.derivedData/ModuleCache.noindex -Xfrontend -serialize-debugging-options -profile-coverage-mapping -profile-generate -enable-testing -index-store-path /Users/admin/builder/spi-builder-workspace/.derivedData/Index.noindex/DataStore -Xcc -D_LIBCPP_HARDENING_MODE\=_LIBCPP_HARDENING_MODE_DEBUG -swift-version 6 -I /Users/admin/builder/spi-builder-workspace/.derivedData/Build/Products/Debug-watchos -Isystem /Applications/Xcode-26.4.0.app/Contents/Developer/Platforms/WatchOS.platform/Developer/usr/lib -F /Users/admin/builder/spi-builder-workspace/.derivedData/Build/Products/Debug-watchos -F /Applications/Xcode-26.4.0.app/Contents/Developer/Platforms/WatchOS.platform/Developer/Library/Frameworks -F /Applications/Xcode-26.4.0.app/Contents/Developer/Platforms/WatchOS.platform/Developer/SDKs/WatchOS26.4.sdk/Developer/Library/Frameworks -c -j10 -enable-batch-mode -incremental -Xcc -ivfsstatcache -Xcc /Users/admin/builder/spi-builder-workspace/.derivedData/SDKStatCaches.noindex/watchos26.4-23T238-688ef53f1462e2c8f657fdc38a81448f9e51884a582f42380855760c9d4cc599.sdkstatcache -output-file-map /Users/admin/builder/spi-builder-workspace/.derivedData/Build/Intermediates.noindex/SwipeMenuViewController.build/Debug-watchos/SwipeMenuViewController.build/Objects-normal/arm64_32/SwipeMenuViewController-OutputFileMap.json -use-frontend-parseable-output -save-temps -no-color-diagnostics -explicit-module-build -module-cache-path /Users/admin/builder/spi-builder-workspace/.derivedData/Build/Intermediates.noindex/SwiftExplicitPrecompiledModules -clang-scanner-module-cache-path /Users/admin/builder/spi-builder-workspace/.derivedData/ModuleCache.noindex -sdk-module-cache-path /Users/admin/builder/spi-builder-workspace/.derivedData/ModuleCache.noindex -serialize-diagnostics -emit-dependencies -emit-module -emit-module-path /Users/admin/builder/spi-builder-workspace/.derivedData/Build/Intermediates.noindex/SwipeMenuViewController.build/Debug-watchos/SwipeMenuViewController.build/Objects-normal/arm64_32/SwipeMenuViewController.swiftmodule -validate-clang-modules-once -clang-build-session-file /Users/admin/builder/spi-builder-workspace/.derivedData/ModuleCache.noindex/Session.modulevalidation -package-name spi_builder_workspace -Xcc -I/Users/admin/builder/spi-builder-workspace/.derivedData/Build/Intermediates.noindex/SwipeMenuViewController.build/Debug-watchos/SwipeMenuViewController.build/swift-overrides.hmap -emit-const-values -Xfrontend -const-gather-protocols-file -Xfrontend /Users/admin/builder/spi-builder-workspace/.derivedData/Build/Intermediates.noindex/SwipeMenuViewController.build/Debug-watchos/SwipeMenuViewController.build/Objects-normal/arm64_32/SwipeMenuViewController_const_extract_protocols.json -Xcc -I/Users/admin/builder/spi-builder-workspace/.derivedData/Build/Products/Debug-watchos/include -Xcc -I/Users/admin/builder/spi-builder-workspace/.derivedData/Build/Intermediates.noindex/SwipeMenuViewController.build/Debug-watchos/SwipeMenuViewController.build/DerivedSources-normal/arm64_32 -Xcc -I/Users/admin/builder/spi-builder-workspace/.derivedData/Build/Intermediates.noindex/SwipeMenuViewController.build/Debug-watchos/SwipeMenuViewController.build/DerivedSources/arm64_32 -Xcc -I/Users/admin/builder/spi-builder-workspace/.derivedData/Build/Intermediates.noindex/SwipeMenuViewController.build/Debug-watchos/SwipeMenuViewController.build/DerivedSources -Xcc -DSWIFT_PACKAGE -Xcc -DDEBUG\=1 -emit-objc-header -emit-objc-header-path /Users/admin/builder/spi-builder-workspace/.derivedData/Build/Intermediates.noindex/SwipeMenuViewController.build/Debug-watchos/SwipeMenuViewController.build/Objects-normal/arm64_32/SwipeMenuViewController-Swift.h -working-directory /Users/admin/builder/spi-builder-workspace/.swiftpm/xcode -experimental-emit-module-separately -disable-cmo
SwiftDriver SwipeMenuViewController normal arm64 com.apple.xcode.tools.swift.compiler (in target 'SwipeMenuViewController' from project 'SwipeMenuViewController')
cd /Users/admin/builder/spi-builder-workspace/.swiftpm/xcode
builtin-SwiftDriver -- /Applications/Xcode-26.4.0.app/Contents/Developer/Toolchains/XcodeDefault.xctoolchain/usr/bin/swiftc -module-name SwipeMenuViewController -Onone @/Users/admin/builder/spi-builder-workspace/.derivedData/Build/Intermediates.noindex/SwipeMenuViewController.build/Debug-watchos/SwipeMenuViewController.build/Objects-normal/arm64/SwipeMenuViewController.SwiftFileList -DSWIFT_PACKAGE -DDEBUG -DSWIFT_MODULE_RESOURCE_BUNDLE_UNAVAILABLE -DXcode -default-isolation MainActor -plugin-path /Applications/Xcode-26.4.0.app/Contents/Developer/Toolchains/XcodeDefault.xctoolchain/usr/lib/swift/host/plugins/testing -enable-experimental-feature DebugDescriptionMacro -sdk /Applications/Xcode-26.4.0.app/Contents/Developer/Platforms/WatchOS.platform/Developer/SDKs/WatchOS26.4.sdk -target arm64-apple-watchos9.0 -g -module-cache-path /Users/admin/builder/spi-builder-workspace/.derivedData/ModuleCache.noindex -Xfrontend -serialize-debugging-options -profile-coverage-mapping -profile-generate -enable-testing -index-store-path /Users/admin/builder/spi-builder-workspace/.derivedData/Index.noindex/DataStore -Xcc -D_LIBCPP_HARDENING_MODE\=_LIBCPP_HARDENING_MODE_DEBUG -swift-version 6 -I /Users/admin/builder/spi-builder-workspace/.derivedData/Build/Products/Debug-watchos -Isystem /Applications/Xcode-26.4.0.app/Contents/Developer/Platforms/WatchOS.platform/Developer/usr/lib -F /Users/admin/builder/spi-builder-workspace/.derivedData/Build/Products/Debug-watchos -F /Applications/Xcode-26.4.0.app/Contents/Developer/Platforms/WatchOS.platform/Developer/Library/Frameworks -F /Applications/Xcode-26.4.0.app/Contents/Developer/Platforms/WatchOS.platform/Developer/SDKs/WatchOS26.4.sdk/Developer/Library/Frameworks -c -j10 -enable-batch-mode -incremental -Xcc -ivfsstatcache -Xcc /Users/admin/builder/spi-builder-workspace/.derivedData/SDKStatCaches.noindex/watchos26.4-23T238-688ef53f1462e2c8f657fdc38a81448f9e51884a582f42380855760c9d4cc599.sdkstatcache -output-file-map /Users/admin/builder/spi-builder-workspace/.derivedData/Build/Intermediates.noindex/SwipeMenuViewController.build/Debug-watchos/SwipeMenuViewController.build/Objects-normal/arm64/SwipeMenuViewController-OutputFileMap.json -use-frontend-parseable-output -save-temps -no-color-diagnostics -explicit-module-build -module-cache-path /Users/admin/builder/spi-builder-workspace/.derivedData/Build/Intermediates.noindex/SwiftExplicitPrecompiledModules -clang-scanner-module-cache-path /Users/admin/builder/spi-builder-workspace/.derivedData/ModuleCache.noindex -sdk-module-cache-path /Users/admin/builder/spi-builder-workspace/.derivedData/ModuleCache.noindex -serialize-diagnostics -emit-dependencies -emit-module -emit-module-path /Users/admin/builder/spi-builder-workspace/.derivedData/Build/Intermediates.noindex/SwipeMenuViewController.build/Debug-watchos/SwipeMenuViewController.build/Objects-normal/arm64/SwipeMenuViewController.swiftmodule -validate-clang-modules-once -clang-build-session-file /Users/admin/builder/spi-builder-workspace/.derivedData/ModuleCache.noindex/Session.modulevalidation -package-name spi_builder_workspace -Xcc -I/Users/admin/builder/spi-builder-workspace/.derivedData/Build/Intermediates.noindex/SwipeMenuViewController.build/Debug-watchos/SwipeMenuViewController.build/swift-overrides.hmap -emit-const-values -Xfrontend -const-gather-protocols-file -Xfrontend /Users/admin/builder/spi-builder-workspace/.derivedData/Build/Intermediates.noindex/SwipeMenuViewController.build/Debug-watchos/SwipeMenuViewController.build/Objects-normal/arm64/SwipeMenuViewController_const_extract_protocols.json -Xcc -I/Users/admin/builder/spi-builder-workspace/.derivedData/Build/Products/Debug-watchos/include -Xcc -I/Users/admin/builder/spi-builder-workspace/.derivedData/Build/Intermediates.noindex/SwipeMenuViewController.build/Debug-watchos/SwipeMenuViewController.build/DerivedSources-normal/arm64 -Xcc -I/Users/admin/builder/spi-builder-workspace/.derivedData/Build/Intermediates.noindex/SwipeMenuViewController.build/Debug-watchos/SwipeMenuViewController.build/DerivedSources/arm64 -Xcc -I/Users/admin/builder/spi-builder-workspace/.derivedData/Build/Intermediates.noindex/SwipeMenuViewController.build/Debug-watchos/SwipeMenuViewController.build/DerivedSources -Xcc -DSWIFT_PACKAGE -Xcc -DDEBUG\=1 -emit-objc-header -emit-objc-header-path /Users/admin/builder/spi-builder-workspace/.derivedData/Build/Intermediates.noindex/SwipeMenuViewController.build/Debug-watchos/SwipeMenuViewController.build/Objects-normal/arm64/SwipeMenuViewController-Swift.h -working-directory /Users/admin/builder/spi-builder-workspace/.swiftpm/xcode -experimental-emit-module-separately -disable-cmo
SwiftExplicitDependencyGeneratePcm arm64 /Users/admin/builder/spi-builder-workspace/.derivedData/ModuleCache.noindex/_Builtin_stddef-23GVZO3J60TK1907VB9EHEBV9.pcm
SwiftExplicitDependencyGeneratePcm arm64 /Users/admin/builder/spi-builder-workspace/.derivedData/ModuleCache.noindex/_Builtin_stdarg-9C1VDMTMAA0JCC5F9EDHMU7LC.pcm
SwiftExplicitDependencyGeneratePcm arm64 /Users/admin/builder/spi-builder-workspace/.derivedData/ModuleCache.noindex/_SwiftConcurrencyShims-4ZAELXTE2GG4SZFDXPWPT7O9.pcm
SwiftExplicitDependencyGeneratePcm arm64 /Users/admin/builder/spi-builder-workspace/.derivedData/ModuleCache.noindex/_AvailabilityInternal-VGXHWQD1X9HM4Q2T00E645TO.pcm
SwiftExplicitDependencyGeneratePcm arm64 /Users/admin/builder/spi-builder-workspace/.derivedData/ModuleCache.noindex/SwiftShims-3F71YKAFPIL4I12A9PF0U6XHE.pcm
SwiftExplicitDependencyGeneratePcm arm64 /Users/admin/builder/spi-builder-workspace/.derivedData/ModuleCache.noindex/_Builtin_stdbool-EZGCYJSMQH3DYOXQY29AVGE07.pcm
SwiftExplicitDependencyGeneratePcm arm64 /Users/admin/builder/spi-builder-workspace/.derivedData/ModuleCache.noindex/ptrauth-8NZTOI4T0VWLZ8LCHBTWOV0U.pcm
SwiftExplicitDependencyGeneratePcm arm64_32 /Users/admin/builder/spi-builder-workspace/.derivedData/ModuleCache.noindex/_AvailabilityInternal-3FGS91GJTSCVBQWF0AZ8RDWIB.pcm
SwiftExplicitDependencyGeneratePcm arm64 /Users/admin/builder/spi-builder-workspace/.derivedData/ModuleCache.noindex/DeveloperToolsSupport-45LJQ7XZTZELPNNQ1BSJ9E0Z3.pcm
SwiftExplicitDependencyGeneratePcm arm64 /Users/admin/builder/spi-builder-workspace/.derivedData/ModuleCache.noindex/ptrcheck-D9WKCDD8BROY62AW3B8MFPIXL.pcm
SwiftExplicitDependencyGeneratePcm arm64_32 /Users/admin/builder/spi-builder-workspace/.derivedData/ModuleCache.noindex/SwiftShims-EDJTPVI58WEN65KIWCAS19P47.pcm
SwiftExplicitDependencyGeneratePcm arm64_32 /Users/admin/builder/spi-builder-workspace/.derivedData/ModuleCache.noindex/_Builtin_float-32WBVDB5Y1RJ3SQX5PTMTSJGL.pcm
SwiftExplicitDependencyGeneratePcm arm64_32 /Users/admin/builder/spi-builder-workspace/.derivedData/ModuleCache.noindex/_Builtin_stdbool-32VS6E3RJ2GW9HCKVH7N8W3I1.pcm
SwiftExplicitDependencyGeneratePcm arm64_32 /Users/admin/builder/spi-builder-workspace/.derivedData/ModuleCache.noindex/ptrauth-86SG3KWN2416SP1TV07QXWLZJ.pcm
SwiftExplicitDependencyGeneratePcm arm64_32 /Users/admin/builder/spi-builder-workspace/.derivedData/ModuleCache.noindex/_Builtin_stdarg-9QJQ6YF71IBBNARH6DJ15ECUA.pcm
SwiftExplicitDependencyGeneratePcm arm64_32 /Users/admin/builder/spi-builder-workspace/.derivedData/ModuleCache.noindex/ptrcheck-266NT1P7D1LMWVI1EJLP0L9GE.pcm
SwiftExplicitDependencyGeneratePcm arm64 /Users/admin/builder/spi-builder-workspace/.derivedData/ModuleCache.noindex/_Builtin_float-1SCPK6D91G9GTJ123R4QFENF6.pcm
SwiftExplicitDependencyGeneratePcm arm64_32 /Users/admin/builder/spi-builder-workspace/.derivedData/ModuleCache.noindex/DeveloperToolsSupport-1FSHW16ANN5PG1T6KPJTN5QKW.pcm
SwiftExplicitDependencyGeneratePcm arm64 /Users/admin/builder/spi-builder-workspace/.derivedData/ModuleCache.noindex/_DarwinFoundation1-1DTQYY9UU66023I0ATSGWG7ZE.pcm
SwiftExplicitDependencyGeneratePcm arm64_32 /Users/admin/builder/spi-builder-workspace/.derivedData/ModuleCache.noindex/_SwiftConcurrencyShims-CS37TA6S5T8WO941F1Y6KPTPB.pcm
SwiftExplicitDependencyGeneratePcm arm64_32 /Users/admin/builder/spi-builder-workspace/.derivedData/ModuleCache.noindex/_Builtin_stddef-5FZDPVDXD2HPLM78ZOM9N03SU.pcm
SwiftExplicitDependencyGeneratePcm arm64_32 /Users/admin/builder/spi-builder-workspace/.derivedData/ModuleCache.noindex/_DarwinFoundation1-6O6RHGGQ8I02TIQLYBL6S0W5Y.pcm
SwiftExplicitDependencyGeneratePcm arm64 /Users/admin/builder/spi-builder-workspace/.derivedData/ModuleCache.noindex/_Builtin_limits-EL9Q6E0RP2I23KV7GOAH9UASG.pcm
SwiftExplicitDependencyGeneratePcm arm64 /Users/admin/builder/spi-builder-workspace/.derivedData/ModuleCache.noindex/_DarwinFoundation2-9HF0QGHXY3KFYNL697MDX2JFV.pcm
SwiftExplicitDependencyGeneratePcm arm64_32 /Users/admin/builder/spi-builder-workspace/.derivedData/ModuleCache.noindex/_DarwinFoundation2-BWJ8WVXJZ6T37PQKKMKQAIQ22.pcm
SwiftExplicitDependencyGeneratePcm arm64_32 /Users/admin/builder/spi-builder-workspace/.derivedData/ModuleCache.noindex/_Builtin_limits-EU5DPB0SJLR7RBL14Y02NSQS1.pcm
SwiftExplicitDependencyGeneratePcm arm64 /Users/admin/builder/spi-builder-workspace/.derivedData/ModuleCache.noindex/_Builtin_stdint-7P8EAMJHII1Y13KPDIO6OPE85.pcm
SwiftExplicitDependencyGeneratePcm arm64 /Users/admin/builder/spi-builder-workspace/.derivedData/ModuleCache.noindex/_Builtin_tgmath-1QW94ZHIZZXOB62TJKJPRLCTE.pcm
SwiftExplicitDependencyGeneratePcm arm64 /Users/admin/builder/spi-builder-workspace/.derivedData/ModuleCache.noindex/sys_types-5N90L5D6IYIYT6DRYMU0H0V03.pcm
SwiftExplicitDependencyGeneratePcm arm64_32 /Users/admin/builder/spi-builder-workspace/.derivedData/ModuleCache.noindex/sys_types-D49PZOP3LYQFTFQ3ZWU4CUWLY.pcm
SwiftExplicitDependencyGeneratePcm arm64_32 /Users/admin/builder/spi-builder-workspace/.derivedData/ModuleCache.noindex/_Builtin_tgmath-CB4VV3DL9JU7QK07DFPTR1S98.pcm
SwiftExplicitDependencyGeneratePcm arm64_32 /Users/admin/builder/spi-builder-workspace/.derivedData/ModuleCache.noindex/_Builtin_stdint-ANMRWEGXQF51I6TK574L4FTFE.pcm
SwiftExplicitDependencyGeneratePcm arm64 /Users/admin/builder/spi-builder-workspace/.derivedData/ModuleCache.noindex/_Builtin_intrinsics-2WFP6MBSRG4CHG5CFVU25G0JT.pcm
SwiftExplicitDependencyGeneratePcm arm64 /Users/admin/builder/spi-builder-workspace/.derivedData/ModuleCache.noindex/_Builtin_stdatomic-A88IAH4Z4IGJYJY9DHXOYF0PT.pcm
SwiftExplicitDependencyGeneratePcm arm64 /Users/admin/builder/spi-builder-workspace/.derivedData/ModuleCache.noindex/_DarwinFoundation3-2GWRARA6K993RJ88V1Y96KEJJ.pcm
SwiftExplicitDependencyGeneratePcm arm64_32 /Users/admin/builder/spi-builder-workspace/.derivedData/ModuleCache.noindex/_DarwinFoundation3-BKK5BSQWGF92KVELOAWQ749XO.pcm
SwiftExplicitDependencyGeneratePcm arm64_32 /Users/admin/builder/spi-builder-workspace/.derivedData/ModuleCache.noindex/_Builtin_intrinsics-DQXMIVMPV59MBDS8RBYO28RCI.pcm
SwiftExplicitDependencyGeneratePcm arm64_32 /Users/admin/builder/spi-builder-workspace/.derivedData/ModuleCache.noindex/_Builtin_stdatomic-2MDX0JUJBHWXYAT94YRQV837U.pcm
SwiftExplicitDependencyGeneratePcm arm64 /Users/admin/builder/spi-builder-workspace/.derivedData/ModuleCache.noindex/_Builtin_inttypes-9IKAGRULHBU3C82MV2Y7ETRR9.pcm
SwiftExplicitDependencyGeneratePcm arm64_32 /Users/admin/builder/spi-builder-workspace/.derivedData/ModuleCache.noindex/_Builtin_inttypes-8SQHK6BHD7C805PBQL0T3FF2V.pcm
SwiftExplicitDependencyGeneratePcm arm64 /Users/admin/builder/spi-builder-workspace/.derivedData/ModuleCache.noindex/Darwin-D1BA92JP0VXKAOKXR6B6MZJZO.pcm
SwiftExplicitDependencyGeneratePcm arm64_32 /Users/admin/builder/spi-builder-workspace/.derivedData/ModuleCache.noindex/Darwin-EXSLV4FZ23ACOHESV6HN242JF.pcm
SwiftExplicitDependencyGeneratePcm arm64 /Users/admin/builder/spi-builder-workspace/.derivedData/ModuleCache.noindex/simd-XGV52KQFXMD01HFUCKCO8T5R.pcm
SwiftExplicitDependencyGeneratePcm arm64_32 /Users/admin/builder/spi-builder-workspace/.derivedData/ModuleCache.noindex/simd-5RZFWVV8YNUMXZPG68I0D6UIC.pcm
SwiftExplicitDependencyGeneratePcm arm64 /Users/admin/builder/spi-builder-workspace/.derivedData/ModuleCache.noindex/ObjectiveC-E9GNV3GPGTFX3JG66LQF1QW75.pcm
SwiftExplicitDependencyGeneratePcm arm64 /Users/admin/builder/spi-builder-workspace/.derivedData/ModuleCache.noindex/MachO-CCJUSSH0DVWV8RNFZE7C9Q3EZ.pcm
SwiftExplicitDependencyGeneratePcm arm64_32 /Users/admin/builder/spi-builder-workspace/.derivedData/ModuleCache.noindex/MachO-7RNW0MG49KNRIDK4EABV8EZ05.pcm
SwiftExplicitDependencyGeneratePcm arm64_32 /Users/admin/builder/spi-builder-workspace/.derivedData/ModuleCache.noindex/ObjectiveC-7UUR49QAGO7D92C84DCGJCQ92.pcm
SwiftExplicitDependencyGeneratePcm arm64 /Users/admin/builder/spi-builder-workspace/.derivedData/ModuleCache.noindex/os_object-ABHR2RPZAPKKRPEZKN1VS3U62.pcm
SwiftExplicitDependencyGeneratePcm arm64_32 /Users/admin/builder/spi-builder-workspace/.derivedData/ModuleCache.noindex/os_object-7E7HKSKAV5AQ47IQSCMCCSI5V.pcm
SwiftExplicitDependencyGeneratePcm arm64 /Users/admin/builder/spi-builder-workspace/.derivedData/ModuleCache.noindex/os_workgroup-57SK7T5TWBSHOGKKP26ZBGOZ9.pcm
SwiftExplicitDependencyGeneratePcm arm64_32 /Users/admin/builder/spi-builder-workspace/.derivedData/ModuleCache.noindex/os_workgroup-4432WEOWGS1BJEUBC5UJRUFI3.pcm
SwiftExplicitDependencyGeneratePcm arm64 /Users/admin/builder/spi-builder-workspace/.derivedData/ModuleCache.noindex/Spatial-K7MJW2JK4LWSB6YBWRF0HBBW.pcm
SwiftExplicitDependencyGeneratePcm arm64 /Users/admin/builder/spi-builder-workspace/.derivedData/ModuleCache.noindex/Dispatch-B36SMAPOXYMQNNNBLHT80G2FZ.pcm
SwiftExplicitDependencyGeneratePcm arm64_32 /Users/admin/builder/spi-builder-workspace/.derivedData/ModuleCache.noindex/Spatial-2HQBH0G7JTCQE4R0LWGW40909.pcm
SwiftExplicitDependencyGeneratePcm arm64_32 /Users/admin/builder/spi-builder-workspace/.derivedData/ModuleCache.noindex/Dispatch-4G9M6BOQAKJFT396RD8IL8IUF.pcm
SwiftExplicitDependencyGeneratePcm arm64 /Users/admin/builder/spi-builder-workspace/.derivedData/ModuleCache.noindex/XPC-Y7I7SAWGZK3XSFY29XNYOFQY.pcm
SwiftExplicitDependencyGeneratePcm arm64 /Users/admin/builder/spi-builder-workspace/.derivedData/ModuleCache.noindex/CoreFoundation-84YPE2UAZHTV4F627ZS1DADPK.pcm
SwiftExplicitDependencyGeneratePcm arm64_32 /Users/admin/builder/spi-builder-workspace/.derivedData/ModuleCache.noindex/CoreFoundation-BJL619DGQVH96DCT9RMEYS271.pcm
SwiftExplicitDependencyGeneratePcm arm64_32 /Users/admin/builder/spi-builder-workspace/.derivedData/ModuleCache.noindex/XPC-EF0P0CB81D8MM9HSY5UO4BF4M.pcm
SwiftExplicitDependencyGeneratePcm arm64 /Users/admin/builder/spi-builder-workspace/.derivedData/ModuleCache.noindex/os-55ZJ68VT842DCPTG7CL87QDCP.pcm
SwiftExplicitDependencyGeneratePcm arm64_32 /Users/admin/builder/spi-builder-workspace/.derivedData/ModuleCache.noindex/os-AXKI2YDDM3L6KB47XNG0PF9RP.pcm
SwiftExplicitDependencyGeneratePcm arm64 /Users/admin/builder/spi-builder-workspace/.derivedData/ModuleCache.noindex/CoreGraphics-CJF9S1GD17SUTG2N02F5NUAQM.pcm
SwiftExplicitDependencyGeneratePcm arm64 /Users/admin/builder/spi-builder-workspace/.derivedData/ModuleCache.noindex/Security-8P4ROWVRZKZVZOL4S233P5SIA.pcm
SwiftExplicitDependencyGeneratePcm arm64_32 /Users/admin/builder/spi-builder-workspace/.derivedData/ModuleCache.noindex/Security-71DXGL209Y0POA2RI0VLBU7FT.pcm
SwiftExplicitDependencyGeneratePcm arm64_32 /Users/admin/builder/spi-builder-workspace/.derivedData/ModuleCache.noindex/CoreGraphics-7PZPGEIU06ZLG1N4R7CBZS0QH.pcm
SwiftExplicitDependencyGeneratePcm arm64 /Users/admin/builder/spi-builder-workspace/.derivedData/ModuleCache.noindex/Foundation-7BDO0EMJRHS1THDHPCHC04IUO.pcm
SwiftExplicitDependencyGeneratePcm arm64 /Users/admin/builder/spi-builder-workspace/.derivedData/ModuleCache.noindex/CoreVideo-9F7Z2CN8YMUC79RM7WW75WT87.pcm
SwiftExplicitDependencyGeneratePcm arm64 /Users/admin/builder/spi-builder-workspace/.derivedData/ModuleCache.noindex/CoreText-DKQ1H2IQA0VI090S208DOVW22.pcm
SwiftExplicitDependencyGeneratePcm arm64_32 /Users/admin/builder/spi-builder-workspace/.derivedData/ModuleCache.noindex/Foundation-31UN2CX7CUTVJGRDSF1GJVT2O.pcm
SwiftExplicitDependencyGeneratePcm arm64_32 /Users/admin/builder/spi-builder-workspace/.derivedData/ModuleCache.noindex/CoreText-CR8L5TZMBRNUVXR0FMEA1J47D.pcm
SwiftExplicitDependencyGeneratePcm arm64_32 /Users/admin/builder/spi-builder-workspace/.derivedData/ModuleCache.noindex/CoreVideo-AW7TSDOET4XXX01XSZA02UJAR.pcm
SwiftExplicitDependencyGeneratePcm arm64 /Users/admin/builder/spi-builder-workspace/.derivedData/ModuleCache.noindex/Symbols-1J0IF6PMUM2IOCC7TS6HVP4K4.pcm
SwiftExplicitDependencyGeneratePcm arm64 /Users/admin/builder/spi-builder-workspace/.derivedData/ModuleCache.noindex/OSLog-8TNC6QTAOHB3R9J131QRHTSUR.pcm
SwiftExplicitDependencyGeneratePcm arm64 /Users/admin/builder/spi-builder-workspace/.derivedData/ModuleCache.noindex/DataDetection-9RQFQJAE703DUU3GQPQ5Q4E0Q.pcm
SwiftExplicitDependencyGeneratePcm arm64 /Users/admin/builder/spi-builder-workspace/.derivedData/ModuleCache.noindex/UniformTypeIdentifiers-9KJ5D81P3YTXBB61JCG6G3JHT.pcm
SwiftExplicitDependencyGeneratePcm arm64 /Users/admin/builder/spi-builder-workspace/.derivedData/ModuleCache.noindex/UserNotifications-1XRBR8THAS82FYCG1S3NUI3VG.pcm
SwiftExplicitDependencyGeneratePcm arm64 /Users/admin/builder/spi-builder-workspace/.derivedData/ModuleCache.noindex/CoreTransferable-EL7RFUIKC28GAWA2GIEM51F86.pcm
SwiftExplicitDependencyGeneratePcm arm64 /Users/admin/builder/spi-builder-workspace/.derivedData/ModuleCache.noindex/Accessibility-BN08FMLP1D7IKZUH3P8G7HR4G.pcm
SwiftExplicitDependencyGeneratePcm arm64 /Users/admin/builder/spi-builder-workspace/.derivedData/ModuleCache.noindex/UIUtilities-5X9L0DGBNOV1O9W25YOP4Y2IA.pcm
SwiftExplicitDependencyGeneratePcm arm64 /Users/admin/builder/spi-builder-workspace/.derivedData/ModuleCache.noindex/QuartzCore-6GQM93B2IQBVUAXB2G2N2HM8Z.pcm
SwiftExplicitDependencyGeneratePcm arm64_32 /Users/admin/builder/spi-builder-workspace/.derivedData/ModuleCache.noindex/DataDetection-89PNCSMZLKUCW3HH4HW9HB0DQ.pcm
SwiftExplicitDependencyGeneratePcm arm64_32 /Users/admin/builder/spi-builder-workspace/.derivedData/ModuleCache.noindex/OSLog-7MQDJ3O3IADLHVCKYCSONIC0.pcm
SwiftExplicitDependencyGeneratePcm arm64_32 /Users/admin/builder/spi-builder-workspace/.derivedData/ModuleCache.noindex/UniformTypeIdentifiers-7276IVX86B0Q4DB58ZSZV5FW8.pcm
SwiftExplicitDependencyGeneratePcm arm64_32 /Users/admin/builder/spi-builder-workspace/.derivedData/ModuleCache.noindex/QuartzCore-9C8ME3X3G6ATSYC10PEHCREZX.pcm
SwiftExplicitDependencyGeneratePcm arm64_32 /Users/admin/builder/spi-builder-workspace/.derivedData/ModuleCache.noindex/Accessibility-2WF1BI7EUEK6NSM71EANBAJMB.pcm
SwiftExplicitDependencyGeneratePcm arm64_32 /Users/admin/builder/spi-builder-workspace/.derivedData/ModuleCache.noindex/Symbols-4KZ6YENVJ92H1HOEI8W7RE2LJ.pcm
SwiftExplicitDependencyGeneratePcm arm64_32 /Users/admin/builder/spi-builder-workspace/.derivedData/ModuleCache.noindex/UIUtilities-1YF394OTMURQ3MZX7A81A23BA.pcm
SwiftExplicitDependencyGeneratePcm arm64_32 /Users/admin/builder/spi-builder-workspace/.derivedData/ModuleCache.noindex/UserNotifications-2T4F538BEAW3G40FNLKU7U9TS.pcm
SwiftExplicitDependencyGeneratePcm arm64_32 /Users/admin/builder/spi-builder-workspace/.derivedData/ModuleCache.noindex/CoreTransferable-E6BJ3ZX6H73MQE88QOOXT43E7.pcm
SwiftExplicitDependencyGeneratePcm arm64 /Users/admin/builder/spi-builder-workspace/.derivedData/ModuleCache.noindex/UIKit-94KS1FNJV95BHB1N4XQJIBC7R.pcm
SwiftExplicitDependencyGeneratePcm arm64 /Users/admin/builder/spi-builder-workspace/.derivedData/ModuleCache.noindex/SwiftUICore-5OOGX25OAJ6JALJYHHXDDUZKO.pcm
SwiftExplicitDependencyGeneratePcm arm64_32 /Users/admin/builder/spi-builder-workspace/.derivedData/ModuleCache.noindex/SwiftUICore-3FFNAPLT00UCITTOD5WSFJ1U2.pcm
SwiftExplicitDependencyGeneratePcm arm64_32 /Users/admin/builder/spi-builder-workspace/.derivedData/ModuleCache.noindex/UIKit-5A1UE7V689D3DVX5WXRL1JNU5.pcm
SwiftCompile normal arm64 Compiling\ UIEdgeInsetsExtension.swift /Users/admin/builder/spi-builder-workspace/Sources/SwipeMenuViewController/UIEdgeInsetsExtension.swift (in target 'SwipeMenuViewController' from project 'SwipeMenuViewController')
SwiftCompile normal arm64 /Users/admin/builder/spi-builder-workspace/Sources/SwipeMenuViewController/UIEdgeInsetsExtension.swift (in target 'SwipeMenuViewController' from project 'SwipeMenuViewController')
cd /Users/admin/builder/spi-builder-workspace/.swiftpm/xcode
SwiftEmitModule normal arm64 Emitting\ module\ for\ SwipeMenuViewController (in target 'SwipeMenuViewController' from project 'SwipeMenuViewController')
Failed frontend command:
/Applications/Xcode-26.4.0.app/Contents/Developer/Toolchains/XcodeDefault.xctoolchain/usr/bin/swift-frontend -frontend -emit-module -experimental-skip-non-inlinable-function-bodies-without-types /Users/admin/builder/spi-builder-workspace/Sources/SwipeMenuViewController/ContentScrollView.swift /Users/admin/builder/spi-builder-workspace/Sources/SwipeMenuViewController/SwipeMenuView.swift /Users/admin/builder/spi-builder-workspace/Sources/SwipeMenuViewController/SwipeMenuViewController.swift /Users/admin/builder/spi-builder-workspace/Sources/SwipeMenuViewController/TabItemView.swift /Users/admin/builder/spi-builder-workspace/Sources/SwipeMenuViewController/TabView.swift /Users/admin/builder/spi-builder-workspace/Sources/SwipeMenuViewController/UIColorExtension.swift /Users/admin/builder/spi-builder-workspace/Sources/SwipeMenuViewController/UIEdgeInsetsExtension.swift -target arm64-apple-watchos9.0 -load-resolved-plugin /Applications/Xcode-26.4.0.app/Contents/Developer/Platforms/WatchOS.platform/Developer/usr/lib/swift/host/plugins/libFoundationMacros.dylib\#/Applications/Xcode-26.4.0.app/Contents/Developer/Platforms/WatchOS.platform/Developer/usr/bin/swift-plugin-server\#FoundationMacros -load-resolved-plugin /Applications/Xcode-26.4.0.app/Contents/Developer/Platforms/WatchOS.platform/Developer/usr/lib/swift/host/plugins/libObservationMacros.dylib\#/Applications/Xcode-26.4.0.app/Contents/Developer/Platforms/WatchOS.platform/Developer/usr/bin/swift-plugin-server\#ObservationMacros -load-resolved-plugin /Applications/Xcode-26.4.0.app/Contents/Developer/Platforms/WatchOS.platform/Developer/usr/lib/swift/host/plugins/libSwiftMacros.dylib\#/Applications/Xcode-26.4.0.app/Contents/Developer/Platforms/WatchOS.platform/Developer/usr/bin/swift-plugin-server\#SwiftMacros -load-resolved-plugin /Applications/Xcode-26.4.0.app/Contents/Developer/Platforms/WatchOS.platform/Developer/usr/lib/swift/host/plugins/libSwiftUIMacros.dylib\#/Applications/Xcode-26.4.0.app/Contents/Developer/Platforms/WatchOS.platform/Developer/usr/bin/swift-plugin-server\#SwiftUIMacros -disable-implicit-swift-modules -Xcc -fno-implicit-modules -Xcc -fno-implicit-module-maps -explicit-swift-module-map-file /Users/admin/builder/spi-builder-workspace/.derivedData/Build/Intermediates.noindex/SwipeMenuViewController.build/Debug-watchos/SwipeMenuViewController.build/Objects-normal/arm64/SwipeMenuViewController-dependencies-1.json -Xllvm -aarch64-use-tbi -enable-objc-interop -stack-check -sdk /Applications/Xcode-26.4.0.app/Contents/Developer/Platforms/WatchOS.platform/Developer/SDKs/WatchOS26.4.sdk -I /Users/admin/builder/spi-builder-workspace/.derivedData/Build/Products/Debug-watchos -Isystem /Applications/Xcode-26.4.0.app/Contents/Developer/Platforms/WatchOS.platform/Developer/usr/lib -F /Users/admin/builder/spi-builder-workspace/.derivedData/Build/Products/Debug-watchos -F /Applications/Xcode-26.4.0.app/Contents/Developer/Platforms/WatchOS.platform/Developer/Library/Frameworks -F /Applications/Xcode-26.4.0.app/Contents/Developer/Platforms/WatchOS.platform/Developer/SDKs/WatchOS26.4.sdk/Developer/Library/Frameworks -no-color-diagnostics -Xcc -fno-color-diagnostics -enable-testing -g -debug-info-format\=dwarf -dwarf-version\=4 -module-cache-path /Users/admin/builder/spi-builder-workspace/.derivedData/Build/Intermediates.noindex/SwiftExplicitPrecompiledModules -profile-generate -profile-coverage-mapping -swift-version 6 -Onone -D SWIFT_PACKAGE -D DEBUG -D SWIFT_MODULE_RESOURCE_BUNDLE_UNAVAILABLE -D Xcode -serialize-debugging-options -const-gather-protocols-file /Users/admin/builder/spi-builder-workspace/.derivedData/Build/Intermediates.noindex/SwipeMenuViewController.build/Debug-watchos/SwipeMenuViewController.build/Objects-normal/arm64/SwipeMenuViewController_const_extract_protocols.json -enable-experimental-feature DebugDescriptionMacro -default-isolation MainActor -empty-abi-descriptor -validate-clang-modules-once -clang-build-session-file /Users/admin/builder/spi-builder-workspace/.derivedData/ModuleCache.noindex/Session.modulevalidation -Xcc -working-directory -Xcc /Users/admin/builder/spi-builder-workspace/.swiftpm/xcode -enable-anonymous-context-mangled-names -file-compilation-dir /Users/admin/builder/spi-builder-workspace/.swiftpm/xcode -Xcc -D_LIBCPP_HARDENING_MODE\=_LIBCPP_HARDENING_MODE_DEBUG -Xcc -ivfsstatcache -Xcc /Users/admin/builder/spi-builder-workspace/.derivedData/SDKStatCaches.noindex/watchos26.4-23T238-688ef53f1462e2c8f657fdc38a81448f9e51884a582f42380855760c9d4cc599.sdkstatcache -Xcc -I/Users/admin/builder/spi-builder-workspace/.derivedData/Build/Intermediates.noindex/SwipeMenuViewController.build/Debug-watchos/SwipeMenuViewController.build/swift-overrides.hmap -Xcc -I/Users/admin/builder/spi-builder-workspace/.derivedData/Build/Products/Debug-watchos/include -Xcc -I/Users/admin/builder/spi-builder-workspace/.derivedData/Build/Intermediates.noindex/SwipeMenuViewController.build/Debug-watchos/SwipeMenuViewController.build/DerivedSources-normal/arm64 -Xcc -I/Users/admin/builder/spi-builder-workspace/.derivedData/Build/Intermediates.noindex/SwipeMenuViewController.build/Debug-watchos/SwipeMenuViewController.build/DerivedSources/arm64 -Xcc -I/Users/admin/builder/spi-builder-workspace/.derivedData/Build/Intermediates.noindex/SwipeMenuViewController.build/Debug-watchos/SwipeMenuViewController.build/DerivedSources -Xcc -DSWIFT_PACKAGE -Xcc -DDEBUG\=1 -no-auto-bridging-header-chaining -module-name SwipeMenuViewController -package-name spi_builder_workspace -frontend-parseable-output -disable-clang-spi -clang-target arm64-apple-watchos26.4 -target-sdk-version 26.4 -target-sdk-name watchos26.4 -in-process-plugin-server-path /Applications/Xcode-26.4.0.app/Contents/Developer/Toolchains/XcodeDefault.xctoolchain/usr/lib/swift/host/libSwiftInProcPluginServer.dylib -emit-module-doc-path /Users/admin/builder/spi-builder-workspace/.derivedData/Build/Intermediates.noindex/SwipeMenuViewController.build/Debug-watchos/SwipeMenuViewController.build/Objects-normal/arm64/SwipeMenuViewController.swiftdoc -emit-module-source-info-path /Users/admin/builder/spi-builder-workspace/.derivedData/Build/Intermediates.noindex/SwipeMenuViewController.build/Debug-watchos/SwipeMenuViewController.build/Objects-normal/arm64/SwipeMenuViewController.swiftsourceinfo -emit-objc-header-path /Users/admin/builder/spi-builder-workspace/.derivedData/Build/Intermediates.noindex/SwipeMenuViewController.build/Debug-watchos/SwipeMenuViewController.build/Objects-normal/arm64/SwipeMenuViewController-Swift.h -serialize-diagnostics-path /Users/admin/builder/spi-builder-workspace/.derivedData/Build/Intermediates.noindex/SwipeMenuViewController.build/Debug-watchos/SwipeMenuViewController.build/Objects-normal/arm64/SwipeMenuViewController-primary-emit-module.dia -emit-dependencies-path /Users/admin/builder/spi-builder-workspace/.derivedData/Build/Intermediates.noindex/SwipeMenuViewController.build/Debug-watchos/SwipeMenuViewController.build/Objects-normal/arm64/SwipeMenuViewController-primary-emit-module.d -o /Users/admin/builder/spi-builder-workspace/.derivedData/Build/Intermediates.noindex/SwipeMenuViewController.build/Debug-watchos/SwipeMenuViewController.build/Objects-normal/arm64/SwipeMenuViewController.swiftmodule -emit-abi-descriptor-path /Users/admin/builder/spi-builder-workspace/.derivedData/Build/Intermediates.noindex/SwipeMenuViewController.build/Debug-watchos/SwipeMenuViewController.build/Objects-normal/arm64/SwipeMenuViewController.abi.json
EmitSwiftModule normal arm64 (in target 'SwipeMenuViewController' from project 'SwipeMenuViewController')
cd /Users/admin/builder/spi-builder-workspace/.swiftpm/xcode
/Users/admin/builder/spi-builder-workspace/Sources/SwipeMenuViewController/ContentScrollView.swift:18:97: error: 'UIView' is unavailable in watchOS
func contentScrollView(_ contentScrollView: ContentScrollView, viewForPageAt index: Int) -> UIView?
^~~~~~
/Applications/Xcode-26.4.0.app/Contents/Developer/Platforms/WatchOS.platform/Developer/SDKs/WatchOS26.4.sdk/System/Library/Frameworks/UIKit.framework/Headers/UIView.h:148:12: note: 'UIView' has been explicitly marked unavailable here
@interface UIView : UIResponder <NSCoding, UIAppearance, UIAppearanceContainer, UIDynamicItem, UITraitEnvironment, UICoordinateSpace, UIFocusItem, UIFocusItemContainer, CALayerDelegate>
^
/Users/admin/builder/spi-builder-workspace/Sources/SwipeMenuViewController/ContentScrollView.swift:31:33: error: 'UIView' is unavailable in watchOS
fileprivate var pageViews: [UIView] = []
^~~~~~
/Applications/Xcode-26.4.0.app/Contents/Developer/Platforms/WatchOS.platform/Developer/SDKs/WatchOS26.4.sdk/System/Library/Frameworks/UIKit.framework/Headers/UIView.h:148:12: note: 'UIView' has been explicitly marked unavailable here
@interface UIView : UIResponder <NSCoding, UIAppearance, UIAppearanceContainer, UIDynamicItem, UITraitEnvironment, UICoordinateSpace, UIFocusItem, UIFocusItemContainer, CALayerDelegate>
^
/Users/admin/builder/spi-builder-workspace/Sources/SwipeMenuViewController/ContentScrollView.swift:26:31: error: 'UIScrollView' is unavailable in watchOS
open class ContentScrollView: UIScrollView {
^~~~~~~~~~~~
/Applications/Xcode-26.4.0.app/Contents/Developer/Platforms/WatchOS.platform/Developer/SDKs/WatchOS26.4.sdk/System/Library/Frameworks/UIKit.framework/Headers/UIScrollView.h:87:12: note: 'UIScrollView' has been explicitly marked unavailable here
@interface UIScrollView : UIView <NSCoding, UIFocusItemScrollableContainer>
^
/Users/admin/builder/spi-builder-workspace/Sources/SwipeMenuViewController/ContentScrollView.swift:147:22: error: 'UIView' is unavailable in watchOS
var currentPage: UIView? {
^~~~~~
/Applications/Xcode-26.4.0.app/Contents/Developer/Platforms/WatchOS.platform/Developer/SDKs/WatchOS26.4.sdk/System/Library/Frameworks/UIKit.framework/Headers/UIView.h:148:12: note: 'UIView' has been explicitly marked unavailable here
@interface UIView : UIResponder <NSCoding, UIAppearance, UIAppearanceContainer, UIDynamicItem, UITraitEnvironment, UICoordinateSpace, UIFocusItem, UIFocusItemContainer, CALayerDelegate>
^
/Users/admin/builder/spi-builder-workspace/Sources/SwipeMenuViewController/ContentScrollView.swift:156:19: error: 'UIView' is unavailable in watchOS
var nextPage: UIView? {
^~~~~~
/Applications/Xcode-26.4.0.app/Contents/Developer/Platforms/WatchOS.platform/Developer/SDKs/WatchOS26.4.sdk/System/Library/Frameworks/UIKit.framework/Headers/UIView.h:148:12: note: 'UIView' has been explicitly marked unavailable here
@interface UIView : UIResponder <NSCoding, UIAppearance, UIAppearanceContainer, UIDynamicItem, UITraitEnvironment, UICoordinateSpace, UIFocusItem, UIFocusItemContainer, CALayerDelegate>
^
/Users/admin/builder/spi-builder-workspace/Sources/SwipeMenuViewController/ContentScrollView.swift:165:23: error: 'UIView' is unavailable in watchOS
var previousPage: UIView? {
^~~~~~
/Applications/Xcode-26.4.0.app/Contents/Developer/Platforms/WatchOS.platform/Developer/SDKs/WatchOS26.4.sdk/System/Library/Frameworks/UIKit.framework/Headers/UIView.h:148:12: note: 'UIView' has been explicitly marked unavailable here
@interface UIView : UIResponder <NSCoding, UIAppearance, UIAppearanceContainer, UIDynamicItem, UITraitEnvironment, UICoordinateSpace, UIFocusItem, UIFocusItemContainer, CALayerDelegate>
^
/Users/admin/builder/spi-builder-workspace/Sources/SwipeMenuViewController/SwipeMenuView.swift:54:43: error: 'CACornerMask' is unavailable in watchOS
public var maskedCorners: CACornerMask? = nil
^~~~~~~~~~~~
/Applications/Xcode-26.4.0.app/Contents/Developer/Platforms/WatchOS.platform/Developer/SDKs/WatchOS26.4.sdk/System/Library/Frameworks/QuartzCore.framework/Headers/CALayer.h:106:33: note: 'CACornerMask' has been explicitly marked unavailable here
typedef NS_OPTIONS (NSUInteger, CACornerMask)
^
/Users/admin/builder/spi-builder-workspace/Sources/SwipeMenuViewController/SwipeMenuView.swift:212:95: error: 'UIViewController' is unavailable in watchOS
func swipeMenuView(_ swipeMenuView: SwipeMenuView, viewControllerForPageAt index: Int) -> UIViewController
^~~~~~~~~~~~~~~~
/Applications/Xcode-26.4.0.app/Contents/Developer/Platforms/WatchOS.platform/Developer/SDKs/WatchOS26.4.sdk/System/Library/Frameworks/UIKit.framework/Headers/UIViewController.h:102:12: note: 'UIViewController' has been explicitly marked unavailable here
@interface UIViewController : UIResponder <NSCoding, UIAppearanceContainer, UITraitEnvironment, UIContentContainer, UIFocusEnvironment>
^
/Users/admin/builder/spi-builder-workspace/Sources/SwipeMenuViewController/SwipeMenuView.swift:226:27: error: 'UIView' is unavailable in watchOS
open class SwipeMenuView: UIView {
^~~~~~
/Applications/Xcode-26.4.0.app/Contents/Developer/Platforms/WatchOS.platform/Developer/SDKs/WatchOS26.4.sdk/System/Library/Frameworks/UIKit.framework/Headers/UIView.h:148:12: note: 'UIView' has been explicitly marked unavailable here
@interface UIView : UIResponder <NSCoding, UIAppearance, UIAppearanceContainer, UIDynamicItem, UITraitEnvironment, UICoordinateSpace, UIFocusItem, UIFocusItemContainer, CALayerDelegate>
^
/Users/admin/builder/spi-builder-workspace/Sources/SwipeMenuViewController/SwipeMenuView.swift:533:51: error: 'UIScrollView' is unavailable in watchOS
public func scrollViewDidScroll(_ scrollView: UIScrollView) {
^~~~~~~~~~~~
/Applications/Xcode-26.4.0.app/Contents/Developer/Platforms/WatchOS.platform/Developer/SDKs/WatchOS26.4.sdk/System/Library/Frameworks/UIKit.framework/Headers/UIScrollView.h:87:12: note: 'UIScrollView' has been explicitly marked unavailable here
@interface UIScrollView : UIView <NSCoding, UIFocusItemScrollableContainer>
^
/Users/admin/builder/spi-builder-workspace/Sources/SwipeMenuViewController/SwipeMenuView.swift:547:66: error: 'UIScrollView' is unavailable in watchOS
public func scrollViewDidEndScrollingAnimation(_ scrollView: UIScrollView) {
^~~~~~~~~~~~
/Applications/Xcode-26.4.0.app/Contents/Developer/Platforms/WatchOS.platform/Developer/SDKs/WatchOS26.4.sdk/System/Library/Frameworks/UIKit.framework/Headers/UIScrollView.h:87:12: note: 'UIScrollView' has been explicitly marked unavailable here
@interface UIScrollView : UIView <NSCoding, UIFocusItemScrollableContainer>
^
/Users/admin/builder/spi-builder-workspace/Sources/SwipeMenuViewController/SwipeMenuView.swift:564:55: error: 'UIScrollView' is unavailable in watchOS
private func updateTabViewAddition(by scrollView: UIScrollView) {
^~~~~~~~~~~~
/Applications/Xcode-26.4.0.app/Contents/Developer/Platforms/WatchOS.platform/Developer/SDKs/WatchOS26.4.sdk/System/Library/Frameworks/UIKit.framework/Headers/UIScrollView.h:87:12: note: 'UIScrollView' has been explicitly marked unavailable here
@interface UIScrollView : UIView <NSCoding, UIFocusItemScrollableContainer>
^
/Users/admin/builder/spi-builder-workspace/Sources/SwipeMenuViewController/SwipeMenuView.swift:569:47: error: 'UIScrollView' is unavailable in watchOS
private func moveAdditionView(scrollView: UIScrollView) {
^~~~~~~~~~~~
/Applications/Xcode-26.4.0.app/Contents/Developer/Platforms/WatchOS.platform/Developer/SDKs/WatchOS26.4.sdk/System/Library/Frameworks/UIKit.framework/Headers/UIScrollView.h:87:12: note: 'UIScrollView' has been explicitly marked unavailable here
@interface UIScrollView : UIView <NSCoding, UIFocusItemScrollableContainer>
^
/Users/admin/builder/spi-builder-workspace/Sources/SwipeMenuViewController/SwipeMenuView.swift:531:26: error: 'UIScrollViewDelegate' is unavailable in watchOS
extension SwipeMenuView: UIScrollViewDelegate {
^~~~~~~~~~~~~~~~~~~~
/Applications/Xcode-26.4.0.app/Contents/Developer/Platforms/WatchOS.platform/Developer/SDKs/WatchOS26.4.sdk/System/Library/Frameworks/UIKit.framework/Headers/UIScrollView.h:312:11: note: 'UIScrollViewDelegate' has been explicitly marked unavailable here
@protocol UIScrollViewDelegate<NSObject>
^
/Users/admin/builder/spi-builder-workspace/Sources/SwipeMenuViewController/SwipeMenuView.swift:595:104: error: 'UIView' is unavailable in watchOS
public func contentScrollView(_ contentScrollView: ContentScrollView, viewForPageAt index: Int) -> UIView? {
^~~~~~
/Applications/Xcode-26.4.0.app/Contents/Developer/Platforms/WatchOS.platform/Developer/SDKs/WatchOS26.4.sdk/System/Library/Frameworks/UIKit.framework/Headers/UIView.h:148:12: note: 'UIView' has been explicitly marked unavailable here
@interface UIView : UIResponder <NSCoding, UIAppearance, UIAppearanceContainer, UIDynamicItem, UITraitEnvironment, UICoordinateSpace, UIFocusItem, UIFocusItemContainer, CALayerDelegate>
^
/Users/admin/builder/spi-builder-workspace/Sources/SwipeMenuViewController/SwipeMenuViewController.swift:29:78: error: 'UIViewControllerTransitionCoordinator' is unavailable in watchOS
open override func viewWillTransition(to size: CGSize, with coordinator: UIViewControllerTransitionCoordinator) {
^~~~~~~~~~~~~~~~~~~~~~~~~~~~~~~~~~~~~
/Applications/Xcode-26.4.0.app/Contents/Developer/Platforms/WatchOS.platform/Developer/SDKs/WatchOS26.4.sdk/System/Library/Frameworks/UIKit.framework/Headers/UIViewControllerTransitionCoordinator.h:81:11: note: 'UIViewControllerTransitionCoordinator' has been explicitly marked unavailable here
@protocol UIViewControllerTransitionCoordinator <UIViewControllerTransitionCoordinatorContext>
^
/Users/admin/builder/spi-builder-workspace/Sources/SwipeMenuViewController/SwipeMenuViewController.swift:88:100: error: 'UIViewController' is unavailable in watchOS
open func swipeMenuView(_ swipeMenuView: SwipeMenuView, viewControllerForPageAt index: Int) -> UIViewController {
^~~~~~~~~~~~~~~~
/Applications/Xcode-26.4.0.app/Contents/Developer/Platforms/WatchOS.platform/Developer/SDKs/WatchOS26.4.sdk/System/Library/Frameworks/UIKit.framework/Headers/UIViewController.h:102:12: note: 'UIViewController' has been explicitly marked unavailable here
@interface UIViewController : UIResponder <NSCoding, UIAppearanceContainer, UITraitEnvironment, UIContentContainer, UIFocusEnvironment>
^
/Users/admin/builder/spi-builder-workspace/Sources/SwipeMenuViewController/SwipeMenuViewController.swift:14:37: error: 'UIViewController' is unavailable in watchOS
open class SwipeMenuViewController: UIViewController, SwipeMenuViewDelegate, SwipeMenuViewDataSource {
^~~~~~~~~~~~~~~~
/Applications/Xcode-26.4.0.app/Contents/Developer/Platforms/WatchOS.platform/Developer/SDKs/WatchOS26.4.sdk/System/Library/Frameworks/UIKit.framework/Headers/UIViewController.h:102:12: note: 'UIViewController' has been explicitly marked unavailable here
@interface UIViewController : UIResponder <NSCoding, UIAppearanceContainer, UITraitEnvironment, UIContentContainer, UIFocusEnvironment>
^
/Users/admin/builder/spi-builder-workspace/Sources/SwipeMenuViewController/TabItemView.swift:7:34: error: 'UILabel' is unavailable in watchOS
private(set) var titleLabel: UILabel = UILabel()
^~~~~~~
/Applications/Xcode-26.4.0.app/Contents/Developer/Platforms/WatchOS.platform/Developer/SDKs/WatchOS26.4.sdk/System/Library/Frameworks/UIKit.framework/Headers/UILabel.h:33:12: note: 'UILabel' has been explicitly marked unavailable here
@interface UILabel : UIView <NSCoding, UIContentSizeCategoryAdjusting, UILetterformAwareAdjusting>
^
/Users/admin/builder/spi-builder-workspace/Sources/SwipeMenuViewController/TabItemView.swift:7:44: error: 'UILabel' is unavailable in watchOS
private(set) var titleLabel: UILabel = UILabel()
^~~~~~~
/Applications/Xcode-26.4.0.app/Contents/Developer/Platforms/WatchOS.platform/Developer/SDKs/WatchOS26.4.sdk/System/Library/Frameworks/UIKit.framework/Headers/UILabel.h:33:12: note: 'UILabel' has been explicitly marked unavailable here
@interface UILabel : UIView <NSCoding, UIContentSizeCategoryAdjusting, UILetterformAwareAdjusting>
^
/Users/admin/builder/spi-builder-workspace/Sources/SwipeMenuViewController/TabItemView.swift:7:44: error: 'init()' is unavailable in watchOS
private(set) var titleLabel: UILabel = UILabel()
^~~~~~~
/Applications/Xcode-26.4.0.app/Contents/Developer/Platforms/WatchOS.platform/Developer/SDKs/WatchOS26.4.sdk/System/Library/Frameworks/UIKit.framework/Headers/UIView.h:154:1: note: 'init()' has been explicitly marked unavailable here
- (instancetype)init API_AVAILABLE(ios(2.0), tvos(9.0), visionos(1.0)) API_UNAVAILABLE(watchos);
^
/Users/admin/builder/spi-builder-workspace/Sources/SwipeMenuViewController/TabItemView.swift:4:26: error: 'UIView' is unavailable in watchOS
final class TabItemView: UIView {
^~~~~~
/Applications/Xcode-26.4.0.app/Contents/Developer/Platforms/WatchOS.platform/Developer/SDKs/WatchOS26.4.sdk/System/Library/Frameworks/UIKit.framework/Headers/UIView.h:148:12: note: 'UIView' has been explicitly marked unavailable here
@interface UIView : UIResponder <NSCoding, UIAppearance, UIAppearanceContainer, UIDynamicItem, UITraitEnvironment, UICoordinateSpace, UIFocusItem, UIFocusItemContainer, CALayerDelegate>
^
/Users/admin/builder/spi-builder-workspace/Sources/SwipeMenuViewController/TabView.swift:66:36: error: 'UIStackView' is unavailable in watchOS
fileprivate let containerView: UIStackView = UIStackView()
^~~~~~~~~~~
/Applications/Xcode-26.4.0.app/Contents/Developer/Platforms/WatchOS.platform/Developer/SDKs/WatchOS26.4.sdk/System/Library/Frameworks/UIKit.framework/Headers/UIStackView.h:124:12: note: 'UIStackView' has been explicitly marked unavailable here
@interface UIStackView : UIView
^
/Users/admin/builder/spi-builder-workspace/Sources/SwipeMenuViewController/TabView.swift:66:50: error: 'UIStackView' is unavailable in watchOS
fileprivate let containerView: UIStackView = UIStackView()
^~~~~~~~~~~
/Applications/Xcode-26.4.0.app/Contents/Developer/Platforms/WatchOS.platform/Developer/SDKs/WatchOS26.4.sdk/System/Library/Frameworks/UIKit.framework/Headers/UIStackView.h:124:12: note: 'UIStackView' has been explicitly marked unavailable here
@interface UIStackView : UIView
^
/Users/admin/builder/spi-builder-workspace/Sources/SwipeMenuViewController/TabView.swift:66:50: error: 'init()' is unavailable in watchOS
fileprivate let containerView: UIStackView = UIStackView()
^~~~~~~~~~~
/Applications/Xcode-26.4.0.app/Contents/Developer/Platforms/WatchOS.platform/Developer/SDKs/WatchOS26.4.sdk/System/Library/Frameworks/UIKit.framework/Headers/UIView.h:154:1: note: 'init()' has been explicitly marked unavailable here
- (instancetype)init API_AVAILABLE(ios(2.0), tvos(9.0), visionos(1.0)) API_UNAVAILABLE(watchos);
^
/Users/admin/builder/spi-builder-workspace/Sources/SwipeMenuViewController/TabView.swift:68:35: error: 'UIView' is unavailable in watchOS
fileprivate var additionView: UIView = .init()
^~~~~~
/Applications/Xcode-26.4.0.app/Contents/Developer/Platforms/WatchOS.platform/Developer/SDKs/WatchOS26.4.sdk/System/Library/Frameworks/UIKit.framework/Headers/UIView.h:148:12: note: 'UIView' has been explicitly marked unavailable here
@interface UIView : UIResponder <NSCoding, UIAppearance, UIAppearanceContainer, UIDynamicItem, UITraitEnvironment, UICoordinateSpace, UIFocusItem, UIFocusItemContainer, CALayerDelegate>
^
/Users/admin/builder/spi-builder-workspace/Sources/SwipeMenuViewController/TabView.swift:68:45: error: 'init()' is unavailable in watchOS
fileprivate var additionView: UIView = .init()
^~~~
/Applications/Xcode-26.4.0.app/Contents/Developer/Platforms/WatchOS.platform/Developer/SDKs/WatchOS26.4.sdk/System/Library/Frameworks/UIKit.framework/Headers/UIView.h:154:1: note: 'init()' has been explicitly marked unavailable here
- (instancetype)init API_AVAILABLE(ios(2.0), tvos(9.0), visionos(1.0)) API_UNAVAILABLE(watchos);
^
/Users/admin/builder/spi-builder-workspace/Sources/SwipeMenuViewController/TabView.swift:74:39: error: 'NSLayoutConstraint' is unavailable in watchOS
private var leftMarginConstraint: NSLayoutConstraint = .init()
^~~~~~~~~~~~~~~~~~
/Applications/Xcode-26.4.0.app/Contents/Developer/Platforms/WatchOS.platform/Developer/SDKs/WatchOS26.4.sdk/System/Library/Frameworks/UIKit.framework/Headers/NSLayoutConstraint.h:126:12: note: 'NSLayoutConstraint' has been explicitly marked unavailable here
@interface NSLayoutConstraint : NSObject
^
/Users/admin/builder/spi-builder-workspace/Sources/SwipeMenuViewController/TabView.swift:75:34: error: 'NSLayoutConstraint' is unavailable in watchOS
private var widthConstraint: NSLayoutConstraint = .init()
^~~~~~~~~~~~~~~~~~
/Applications/Xcode-26.4.0.app/Contents/Developer/Platforms/WatchOS.platform/Developer/SDKs/WatchOS26.4.sdk/System/Library/Frameworks/UIKit.framework/Headers/NSLayoutConstraint.h:126:12: note: 'NSLayoutConstraint' has been explicitly marked unavailable here
@interface NSLayoutConstraint : NSObject
^
/Users/admin/builder/spi-builder-workspace/Sources/SwipeMenuViewController/TabView.swift:101:24: error: cannot override 'safeAreaInsetsDidChange' which has been marked unavailable
open override func safeAreaInsetsDidChange() {
^
UIKit.UIView.safeAreaInsetsDidChange:3:13: note: 'safeAreaInsetsDidChange()' has been explicitly marked unavailable here
open func safeAreaInsetsDidChange()}
^
/Users/admin/builder/spi-builder-workspace/Sources/SwipeMenuViewController/TabView.swift:101:24: note: remove 'override' modifier to declare a new 'safeAreaInsetsDidChange'
open override func safeAreaInsetsDidChange() {
~~~~~~~~~ ^
/Users/admin/builder/spi-builder-workspace/Sources/SwipeMenuViewController/TabView.swift:118:39: error: 'UIView' is unavailable in watchOS
fileprivate func focus(on target: UIView, animated: Bool = true) {
^~~~~~
/Applications/Xcode-26.4.0.app/Contents/Developer/Platforms/WatchOS.platform/Developer/SDKs/WatchOS26.4.sdk/System/Library/Frameworks/UIKit.framework/Headers/UIView.h:148:12: note: 'UIView' has been explicitly marked unavailable here
@interface UIView : UIResponder <NSCoding, UIAppearance, UIAppearanceContainer, UIDynamicItem, UITraitEnvironment, UICoordinateSpace, UIFocusItem, UIFocusItemContainer, CALayerDelegate>
^
/Users/admin/builder/spi-builder-workspace/Sources/SwipeMenuViewController/TabView.swift:312:40: error: 'UIView' is unavailable in watchOS
private func layout(containerView: UIView, containerWidth: CGFloat) {
^~~~~~
/Applications/Xcode-26.4.0.app/Contents/Developer/Platforms/WatchOS.platform/Developer/SDKs/WatchOS26.4.sdk/System/Library/Frameworks/UIKit.framework/Headers/UIView.h:148:12: note: 'UIView' has been explicitly marked unavailable here
@interface UIView : UIResponder <NSCoding, UIAppearance, UIAppearanceContainer, UIDynamicItem, UITraitEnvironment, UICoordinateSpace, UIFocusItem, UIFocusItemContainer, CALayerDelegate>
^
/Users/admin/builder/spi-builder-workspace/Sources/SwipeMenuViewController/TabView.swift:56:21: error: 'UIScrollView' is unavailable in watchOS
open class TabView: UIScrollView {
^~~~~~~~~~~~
/Applications/Xcode-26.4.0.app/Contents/Developer/Platforms/WatchOS.platform/Developer/SDKs/WatchOS26.4.sdk/System/Library/Frameworks/UIKit.framework/Headers/UIScrollView.h:87:12: note: 'UIScrollView' has been explicitly marked unavailable here
@interface UIScrollView : UIView <NSCoding, UIFocusItemScrollableContainer>
^
/Users/admin/builder/spi-builder-workspace/Sources/SwipeMenuViewController/TabView.swift:534:43: error: 'UITapGestureRecognizer' is unavailable in watchOS
fileprivate var tapGestureRecognizer: UITapGestureRecognizer {
^~~~~~~~~~~~~~~~~~~~~~
/Applications/Xcode-26.4.0.app/Contents/Developer/Platforms/WatchOS.platform/Developer/SDKs/WatchOS26.4.sdk/System/Library/Frameworks/UIKit.framework/Headers/UITapGestureRecognizer.h:23:12: note: 'UITapGestureRecognizer' has been explicitly marked unavailable here
@interface UITapGestureRecognizer : UIGestureRecognizer
^
/Users/admin/builder/spi-builder-workspace/Sources/SwipeMenuViewController/TabView.swift:547:42: error: 'UITapGestureRecognizer' is unavailable in watchOS
@objc func tapItemView(_ recognizer: UITapGestureRecognizer) {
^~~~~~~~~~~~~~~~~~~~~~
/Applications/Xcode-26.4.0.app/Contents/Developer/Platforms/WatchOS.platform/Developer/SDKs/WatchOS26.4.sdk/System/Library/Frameworks/UIKit.framework/Headers/UITapGestureRecognizer.h:23:12: note: 'UITapGestureRecognizer' has been explicitly marked unavailable here
@interface UITapGestureRecognizer : UIGestureRecognizer
^
SwiftCompile normal arm64 Compiling\ TabView.swift /Users/admin/builder/spi-builder-workspace/Sources/SwipeMenuViewController/TabView.swift (in target 'SwipeMenuViewController' from project 'SwipeMenuViewController')
SwiftCompile normal arm64 /Users/admin/builder/spi-builder-workspace/Sources/SwipeMenuViewController/TabView.swift (in target 'SwipeMenuViewController' from project 'SwipeMenuViewController')
cd /Users/admin/builder/spi-builder-workspace/.swiftpm/xcode
SwiftCompile normal arm64 Compiling\ TabItemView.swift /Users/admin/builder/spi-builder-workspace/Sources/SwipeMenuViewController/TabItemView.swift (in target 'SwipeMenuViewController' from project 'SwipeMenuViewController')
SwiftCompile normal arm64 /Users/admin/builder/spi-builder-workspace/Sources/SwipeMenuViewController/TabItemView.swift (in target 'SwipeMenuViewController' from project 'SwipeMenuViewController')
cd /Users/admin/builder/spi-builder-workspace/.swiftpm/xcode
SwiftCompile normal arm64 Compiling\ SwipeMenuView.swift /Users/admin/builder/spi-builder-workspace/Sources/SwipeMenuViewController/SwipeMenuView.swift (in target 'SwipeMenuViewController' from project 'SwipeMenuViewController')
SwiftCompile normal arm64 /Users/admin/builder/spi-builder-workspace/Sources/SwipeMenuViewController/SwipeMenuView.swift (in target 'SwipeMenuViewController' from project 'SwipeMenuViewController')
cd /Users/admin/builder/spi-builder-workspace/.swiftpm/xcode
SwiftCompile normal arm64 Compiling\ SwipeMenuViewController.swift /Users/admin/builder/spi-builder-workspace/Sources/SwipeMenuViewController/SwipeMenuViewController.swift (in target 'SwipeMenuViewController' from project 'SwipeMenuViewController')
SwiftCompile normal arm64 /Users/admin/builder/spi-builder-workspace/Sources/SwipeMenuViewController/SwipeMenuViewController.swift (in target 'SwipeMenuViewController' from project 'SwipeMenuViewController')
cd /Users/admin/builder/spi-builder-workspace/.swiftpm/xcode
SwiftCompile normal arm64 Compiling\ UIColorExtension.swift /Users/admin/builder/spi-builder-workspace/Sources/SwipeMenuViewController/UIColorExtension.swift (in target 'SwipeMenuViewController' from project 'SwipeMenuViewController')
SwiftCompile normal arm64 /Users/admin/builder/spi-builder-workspace/Sources/SwipeMenuViewController/UIColorExtension.swift (in target 'SwipeMenuViewController' from project 'SwipeMenuViewController')
cd /Users/admin/builder/spi-builder-workspace/.swiftpm/xcode
SwiftCompile normal arm64 Compiling\ ContentScrollView.swift /Users/admin/builder/spi-builder-workspace/Sources/SwipeMenuViewController/ContentScrollView.swift (in target 'SwipeMenuViewController' from project 'SwipeMenuViewController')
SwiftCompile normal arm64 /Users/admin/builder/spi-builder-workspace/Sources/SwipeMenuViewController/ContentScrollView.swift (in target 'SwipeMenuViewController' from project 'SwipeMenuViewController')
cd /Users/admin/builder/spi-builder-workspace/.swiftpm/xcode
SwiftEmitModule normal arm64_32 Emitting\ module\ for\ SwipeMenuViewController (in target 'SwipeMenuViewController' from project 'SwipeMenuViewController')
EmitSwiftModule normal arm64_32 (in target 'SwipeMenuViewController' from project 'SwipeMenuViewController')
cd /Users/admin/builder/spi-builder-workspace/.swiftpm/xcode
SwiftCompile normal arm64_32 Compiling\ SwipeMenuView.swift /Users/admin/builder/spi-builder-workspace/Sources/SwipeMenuViewController/SwipeMenuView.swift (in target 'SwipeMenuViewController' from project 'SwipeMenuViewController')
SwiftCompile normal arm64_32 /Users/admin/builder/spi-builder-workspace/Sources/SwipeMenuViewController/SwipeMenuView.swift (in target 'SwipeMenuViewController' from project 'SwipeMenuViewController')
cd /Users/admin/builder/spi-builder-workspace/.swiftpm/xcode
SwiftCompile normal arm64_32 Compiling\ ContentScrollView.swift /Users/admin/builder/spi-builder-workspace/Sources/SwipeMenuViewController/ContentScrollView.swift (in target 'SwipeMenuViewController' from project 'SwipeMenuViewController')
2026-07-16 05:50:07.129 xcodebuild[728:4559] [MT] IDERunDestination: Supported platforms for the buildables in the current scheme is empty.
** BUILD FAILED **
The following build commands failed:
SwiftEmitModule normal arm64 Emitting\ module\ for\ SwipeMenuViewController (in target 'SwipeMenuViewController' from project 'SwipeMenuViewController')
EmitSwiftModule normal arm64 (in target 'SwipeMenuViewController' from project 'SwipeMenuViewController')
Building workspace spi-builder-workspace with scheme SwipeMenuViewController
(3 failures)
Command line invocation:
/Applications/Xcode-26.4.0.app/Contents/Developer/usr/bin/xcodebuild -IDEClonedSourcePackagesDirPathOverride=/Users/admin/builder/spi-builder-workspace/.dependencies -resolvePackageDependencies
Resolve Package Graph
Resolved source packages:
SwipeMenuViewController: /Users/admin/builder/spi-builder-workspace
resolved source packages: SwipeMenuViewController
2026-07-16 05:50:14.140 xcodebuild[849:5025] [MT] IDERunDestination: Supported platforms for the buildables in the current scheme is empty.
{
"dependencies" : [
],
"manifest_display_name" : "SwipeMenuViewController",
"name" : "SwipeMenuViewController",
"path" : "/Users/admin/builder/spi-builder-workspace",
"platforms" : [
{
"name" : "ios",
"version" : "16.0"
}
],
"products" : [
{
"name" : "SwipeMenuViewController",
"targets" : [
"SwipeMenuViewController"
],
"type" : {
"library" : [
"automatic"
]
}
}
],
"targets" : [
{
"c99name" : "SwipeMenuViewControllerTests",
"module_type" : "SwiftTarget",
"name" : "SwipeMenuViewControllerTests",
"path" : "Tests/SwipeMenuViewControllerTests",
"sources" : [
"ContentScrollViewTests.swift",
"RetainCycleTests.swift",
"SwipeMenuViewControllerTests.swift",
"SwipeMenuViewOptionsTests.swift",
"SwipeMenuViewTests.swift",
"TabItemViewTests.swift",
"TabViewTests.swift",
"TestSupport.swift",
"UIColorConversionTests.swift",
"UIEdgeInsetsExtensionTests.swift"
],
"target_dependencies" : [
"SwipeMenuViewController"
],
"type" : "test"
},
{
"c99name" : "SwipeMenuViewController",
"module_type" : "SwiftTarget",
"name" : "SwipeMenuViewController",
"path" : "Sources/SwipeMenuViewController",
"product_memberships" : [
"SwipeMenuViewController"
],
"sources" : [
"ContentScrollView.swift",
"SwipeMenuView.swift",
"SwipeMenuViewController.swift",
"TabItemView.swift",
"TabView.swift",
"UIColorExtension.swift",
"UIEdgeInsetsExtension.swift"
],
"type" : "library"
}
],
"tools_version" : "6.2"
}
{
"workspace" : {
"name" : "spi-builder-workspace",
"schemes" : [
"SwipeMenuViewController"
]
}
}
2026-07-16 05:50:15.220 xcodebuild[859:5098] [MT] IDERunDestination: Supported platforms for the buildables in the current scheme is empty.
Running build ...
env DEVELOPER_DIR=/Applications/Xcode-26.4.0.app xcrun xcodebuild -IDEClonedSourcePackagesDirPathOverride=$PWD/.dependencies -skipMacroValidation -skipPackagePluginValidation -derivedDataPath $PWD/.derivedData build -scheme SwipeMenuViewController -destination generic/platform=watchOS
Command line invocation:
/Applications/Xcode-26.4.0.app/Contents/Developer/usr/bin/xcodebuild -IDEClonedSourcePackagesDirPathOverride=/Users/admin/builder/spi-builder-workspace/.dependencies -skipMacroValidation -skipPackagePluginValidation -derivedDataPath /Users/admin/builder/spi-builder-workspace/.derivedData build -scheme SwipeMenuViewController -destination generic/platform=watchOS
Resolve Package Graph
Resolved source packages:
SwipeMenuViewController: /Users/admin/builder/spi-builder-workspace
ComputePackagePrebuildTargetDependencyGraph
Prepare packages
CreateBuildRequest
SendProjectDescription
CreateBuildOperation
ComputeTargetDependencyGraph
note: Building targets in dependency order
note: Target dependency graph (2 targets)
Target 'SwipeMenuViewController' in project 'SwipeMenuViewController'
➜ Explicit dependency on target 'SwipeMenuViewController' in project 'SwipeMenuViewController'
Target 'SwipeMenuViewController' in project 'SwipeMenuViewController' (no dependencies)
GatherProvisioningInputs
CreateBuildDescription
ClangStatCache /Applications/Xcode-26.4.0.app/Contents/Developer/Toolchains/XcodeDefault.xctoolchain/usr/bin/clang-stat-cache /Applications/Xcode-26.4.0.app/Contents/Developer/Platforms/WatchOS.platform/Developer/SDKs/WatchOS26.4.sdk /Users/admin/builder/spi-builder-workspace/.derivedData/SDKStatCaches.noindex/watchos26.4-23T238-688ef53f1462e2c8f657fdc38a81448f9e51884a582f42380855760c9d4cc599.sdkstatcache
cd /Users/admin/builder/spi-builder-workspace/.swiftpm/xcode
/Applications/Xcode-26.4.0.app/Contents/Developer/Toolchains/XcodeDefault.xctoolchain/usr/bin/clang-stat-cache /Applications/Xcode-26.4.0.app/Contents/Developer/Platforms/WatchOS.platform/Developer/SDKs/WatchOS26.4.sdk -o /Users/admin/builder/spi-builder-workspace/.derivedData/SDKStatCaches.noindex/watchos26.4-23T238-688ef53f1462e2c8f657fdc38a81448f9e51884a582f42380855760c9d4cc599.sdkstatcache
SwiftDriver SwipeMenuViewController normal arm64 com.apple.xcode.tools.swift.compiler (in target 'SwipeMenuViewController' from project 'SwipeMenuViewController')
cd /Users/admin/builder/spi-builder-workspace/.swiftpm/xcode
builtin-SwiftDriver -- /Applications/Xcode-26.4.0.app/Contents/Developer/Toolchains/XcodeDefault.xctoolchain/usr/bin/swiftc -module-name SwipeMenuViewController -Onone @/Users/admin/builder/spi-builder-workspace/.derivedData/Build/Intermediates.noindex/SwipeMenuViewController.build/Debug-watchos/SwipeMenuViewController.build/Objects-normal/arm64/SwipeMenuViewController.SwiftFileList -DSWIFT_PACKAGE -DDEBUG -DSWIFT_MODULE_RESOURCE_BUNDLE_UNAVAILABLE -DXcode -default-isolation MainActor -plugin-path /Applications/Xcode-26.4.0.app/Contents/Developer/Toolchains/XcodeDefault.xctoolchain/usr/lib/swift/host/plugins/testing -enable-experimental-feature DebugDescriptionMacro -sdk /Applications/Xcode-26.4.0.app/Contents/Developer/Platforms/WatchOS.platform/Developer/SDKs/WatchOS26.4.sdk -target arm64-apple-watchos9.0 -g -module-cache-path /Users/admin/builder/spi-builder-workspace/.derivedData/ModuleCache.noindex -Xfrontend -serialize-debugging-options -profile-coverage-mapping -profile-generate -enable-testing -index-store-path /Users/admin/builder/spi-builder-workspace/.derivedData/Index.noindex/DataStore -Xcc -D_LIBCPP_HARDENING_MODE\=_LIBCPP_HARDENING_MODE_DEBUG -swift-version 6 -I /Users/admin/builder/spi-builder-workspace/.derivedData/Build/Products/Debug-watchos -Isystem /Applications/Xcode-26.4.0.app/Contents/Developer/Platforms/WatchOS.platform/Developer/usr/lib -F /Users/admin/builder/spi-builder-workspace/.derivedData/Build/Products/Debug-watchos -F /Applications/Xcode-26.4.0.app/Contents/Developer/Platforms/WatchOS.platform/Developer/Library/Frameworks -F /Applications/Xcode-26.4.0.app/Contents/Developer/Platforms/WatchOS.platform/Developer/SDKs/WatchOS26.4.sdk/Developer/Library/Frameworks -c -j10 -enable-batch-mode -incremental -Xcc -ivfsstatcache -Xcc /Users/admin/builder/spi-builder-workspace/.derivedData/SDKStatCaches.noindex/watchos26.4-23T238-688ef53f1462e2c8f657fdc38a81448f9e51884a582f42380855760c9d4cc599.sdkstatcache -output-file-map /Users/admin/builder/spi-builder-workspace/.derivedData/Build/Intermediates.noindex/SwipeMenuViewController.build/Debug-watchos/SwipeMenuViewController.build/Objects-normal/arm64/SwipeMenuViewController-OutputFileMap.json -use-frontend-parseable-output -save-temps -no-color-diagnostics -explicit-module-build -module-cache-path /Users/admin/builder/spi-builder-workspace/.derivedData/Build/Intermediates.noindex/SwiftExplicitPrecompiledModules -clang-scanner-module-cache-path /Users/admin/builder/spi-builder-workspace/.derivedData/ModuleCache.noindex -sdk-module-cache-path /Users/admin/builder/spi-builder-workspace/.derivedData/ModuleCache.noindex -serialize-diagnostics -emit-dependencies -emit-module -emit-module-path /Users/admin/builder/spi-builder-workspace/.derivedData/Build/Intermediates.noindex/SwipeMenuViewController.build/Debug-watchos/SwipeMenuViewController.build/Objects-normal/arm64/SwipeMenuViewController.swiftmodule -validate-clang-modules-once -clang-build-session-file /Users/admin/builder/spi-builder-workspace/.derivedData/ModuleCache.noindex/Session.modulevalidation -package-name spi_builder_workspace -Xcc -I/Users/admin/builder/spi-builder-workspace/.derivedData/Build/Intermediates.noindex/SwipeMenuViewController.build/Debug-watchos/SwipeMenuViewController.build/swift-overrides.hmap -emit-const-values -Xfrontend -const-gather-protocols-file -Xfrontend /Users/admin/builder/spi-builder-workspace/.derivedData/Build/Intermediates.noindex/SwipeMenuViewController.build/Debug-watchos/SwipeMenuViewController.build/Objects-normal/arm64/SwipeMenuViewController_const_extract_protocols.json -Xcc -I/Users/admin/builder/spi-builder-workspace/.derivedData/Build/Products/Debug-watchos/include -Xcc -I/Users/admin/builder/spi-builder-workspace/.derivedData/Build/Intermediates.noindex/SwipeMenuViewController.build/Debug-watchos/SwipeMenuViewController.build/DerivedSources-normal/arm64 -Xcc -I/Users/admin/builder/spi-builder-workspace/.derivedData/Build/Intermediates.noindex/SwipeMenuViewController.build/Debug-watchos/SwipeMenuViewController.build/DerivedSources/arm64 -Xcc -I/Users/admin/builder/spi-builder-workspace/.derivedData/Build/Intermediates.noindex/SwipeMenuViewController.build/Debug-watchos/SwipeMenuViewController.build/DerivedSources -Xcc -DSWIFT_PACKAGE -Xcc -DDEBUG\=1 -emit-objc-header -emit-objc-header-path /Users/admin/builder/spi-builder-workspace/.derivedData/Build/Intermediates.noindex/SwipeMenuViewController.build/Debug-watchos/SwipeMenuViewController.build/Objects-normal/arm64/SwipeMenuViewController-Swift.h -working-directory /Users/admin/builder/spi-builder-workspace/.swiftpm/xcode -experimental-emit-module-separately -disable-cmo
SwiftDriver SwipeMenuViewController normal arm64_32 com.apple.xcode.tools.swift.compiler (in target 'SwipeMenuViewController' from project 'SwipeMenuViewController')
cd /Users/admin/builder/spi-builder-workspace/.swiftpm/xcode
builtin-SwiftDriver -- /Applications/Xcode-26.4.0.app/Contents/Developer/Toolchains/XcodeDefault.xctoolchain/usr/bin/swiftc -module-name SwipeMenuViewController -Onone @/Users/admin/builder/spi-builder-workspace/.derivedData/Build/Intermediates.noindex/SwipeMenuViewController.build/Debug-watchos/SwipeMenuViewController.build/Objects-normal/arm64_32/SwipeMenuViewController.SwiftFileList -DSWIFT_PACKAGE -DDEBUG -DSWIFT_MODULE_RESOURCE_BUNDLE_UNAVAILABLE -DXcode -default-isolation MainActor -plugin-path /Applications/Xcode-26.4.0.app/Contents/Developer/Toolchains/XcodeDefault.xctoolchain/usr/lib/swift/host/plugins/testing -enable-experimental-feature DebugDescriptionMacro -sdk /Applications/Xcode-26.4.0.app/Contents/Developer/Platforms/WatchOS.platform/Developer/SDKs/WatchOS26.4.sdk -target arm64_32-apple-watchos9.0 -g -module-cache-path /Users/admin/builder/spi-builder-workspace/.derivedData/ModuleCache.noindex -Xfrontend -serialize-debugging-options -profile-coverage-mapping -profile-generate -enable-testing -index-store-path /Users/admin/builder/spi-builder-workspace/.derivedData/Index.noindex/DataStore -Xcc -D_LIBCPP_HARDENING_MODE\=_LIBCPP_HARDENING_MODE_DEBUG -swift-version 6 -I /Users/admin/builder/spi-builder-workspace/.derivedData/Build/Products/Debug-watchos -Isystem /Applications/Xcode-26.4.0.app/Contents/Developer/Platforms/WatchOS.platform/Developer/usr/lib -F /Users/admin/builder/spi-builder-workspace/.derivedData/Build/Products/Debug-watchos -F /Applications/Xcode-26.4.0.app/Contents/Developer/Platforms/WatchOS.platform/Developer/Library/Frameworks -F /Applications/Xcode-26.4.0.app/Contents/Developer/Platforms/WatchOS.platform/Developer/SDKs/WatchOS26.4.sdk/Developer/Library/Frameworks -c -j10 -enable-batch-mode -incremental -Xcc -ivfsstatcache -Xcc /Users/admin/builder/spi-builder-workspace/.derivedData/SDKStatCaches.noindex/watchos26.4-23T238-688ef53f1462e2c8f657fdc38a81448f9e51884a582f42380855760c9d4cc599.sdkstatcache -output-file-map /Users/admin/builder/spi-builder-workspace/.derivedData/Build/Intermediates.noindex/SwipeMenuViewController.build/Debug-watchos/SwipeMenuViewController.build/Objects-normal/arm64_32/SwipeMenuViewController-OutputFileMap.json -use-frontend-parseable-output -save-temps -no-color-diagnostics -explicit-module-build -module-cache-path /Users/admin/builder/spi-builder-workspace/.derivedData/Build/Intermediates.noindex/SwiftExplicitPrecompiledModules -clang-scanner-module-cache-path /Users/admin/builder/spi-builder-workspace/.derivedData/ModuleCache.noindex -sdk-module-cache-path /Users/admin/builder/spi-builder-workspace/.derivedData/ModuleCache.noindex -serialize-diagnostics -emit-dependencies -emit-module -emit-module-path /Users/admin/builder/spi-builder-workspace/.derivedData/Build/Intermediates.noindex/SwipeMenuViewController.build/Debug-watchos/SwipeMenuViewController.build/Objects-normal/arm64_32/SwipeMenuViewController.swiftmodule -validate-clang-modules-once -clang-build-session-file /Users/admin/builder/spi-builder-workspace/.derivedData/ModuleCache.noindex/Session.modulevalidation -package-name spi_builder_workspace -Xcc -I/Users/admin/builder/spi-builder-workspace/.derivedData/Build/Intermediates.noindex/SwipeMenuViewController.build/Debug-watchos/SwipeMenuViewController.build/swift-overrides.hmap -emit-const-values -Xfrontend -const-gather-protocols-file -Xfrontend /Users/admin/builder/spi-builder-workspace/.derivedData/Build/Intermediates.noindex/SwipeMenuViewController.build/Debug-watchos/SwipeMenuViewController.build/Objects-normal/arm64_32/SwipeMenuViewController_const_extract_protocols.json -Xcc -I/Users/admin/builder/spi-builder-workspace/.derivedData/Build/Products/Debug-watchos/include -Xcc -I/Users/admin/builder/spi-builder-workspace/.derivedData/Build/Intermediates.noindex/SwipeMenuViewController.build/Debug-watchos/SwipeMenuViewController.build/DerivedSources-normal/arm64_32 -Xcc -I/Users/admin/builder/spi-builder-workspace/.derivedData/Build/Intermediates.noindex/SwipeMenuViewController.build/Debug-watchos/SwipeMenuViewController.build/DerivedSources/arm64_32 -Xcc -I/Users/admin/builder/spi-builder-workspace/.derivedData/Build/Intermediates.noindex/SwipeMenuViewController.build/Debug-watchos/SwipeMenuViewController.build/DerivedSources -Xcc -DSWIFT_PACKAGE -Xcc -DDEBUG\=1 -emit-objc-header -emit-objc-header-path /Users/admin/builder/spi-builder-workspace/.derivedData/Build/Intermediates.noindex/SwipeMenuViewController.build/Debug-watchos/SwipeMenuViewController.build/Objects-normal/arm64_32/SwipeMenuViewController-Swift.h -working-directory /Users/admin/builder/spi-builder-workspace/.swiftpm/xcode -experimental-emit-module-separately -disable-cmo
SwiftEmitModule normal arm64_32 Emitting\ module\ for\ SwipeMenuViewController (in target 'SwipeMenuViewController' from project 'SwipeMenuViewController')
EmitSwiftModule normal arm64_32 (in target 'SwipeMenuViewController' from project 'SwipeMenuViewController')
cd /Users/admin/builder/spi-builder-workspace/.swiftpm/xcode
/Users/admin/builder/spi-builder-workspace/Sources/SwipeMenuViewController/ContentScrollView.swift:18:97: error: 'UIView' is unavailable in watchOS
func contentScrollView(_ contentScrollView: ContentScrollView, viewForPageAt index: Int) -> UIView?
^~~~~~
/Applications/Xcode-26.4.0.app/Contents/Developer/Platforms/WatchOS.platform/Developer/SDKs/WatchOS26.4.sdk/System/Library/Frameworks/UIKit.framework/Headers/UIView.h:148:12: note: 'UIView' has been explicitly marked unavailable here
@interface UIView : UIResponder <NSCoding, UIAppearance, UIAppearanceContainer, UIDynamicItem, UITraitEnvironment, UICoordinateSpace, UIFocusItem, UIFocusItemContainer, CALayerDelegate>
^
/Users/admin/builder/spi-builder-workspace/Sources/SwipeMenuViewController/ContentScrollView.swift:31:33: error: 'UIView' is unavailable in watchOS
fileprivate var pageViews: [UIView] = []
^~~~~~
/Applications/Xcode-26.4.0.app/Contents/Developer/Platforms/WatchOS.platform/Developer/SDKs/WatchOS26.4.sdk/System/Library/Frameworks/UIKit.framework/Headers/UIView.h:148:12: note: 'UIView' has been explicitly marked unavailable here
@interface UIView : UIResponder <NSCoding, UIAppearance, UIAppearanceContainer, UIDynamicItem, UITraitEnvironment, UICoordinateSpace, UIFocusItem, UIFocusItemContainer, CALayerDelegate>
^
/Users/admin/builder/spi-builder-workspace/Sources/SwipeMenuViewController/ContentScrollView.swift:26:31: error: 'UIScrollView' is unavailable in watchOS
open class ContentScrollView: UIScrollView {
^~~~~~~~~~~~
/Applications/Xcode-26.4.0.app/Contents/Developer/Platforms/WatchOS.platform/Developer/SDKs/WatchOS26.4.sdk/System/Library/Frameworks/UIKit.framework/Headers/UIScrollView.h:87:12: note: 'UIScrollView' has been explicitly marked unavailable here
@interface UIScrollView : UIView <NSCoding, UIFocusItemScrollableContainer>
^
/Users/admin/builder/spi-builder-workspace/Sources/SwipeMenuViewController/ContentScrollView.swift:147:22: error: 'UIView' is unavailable in watchOS
var currentPage: UIView? {
^~~~~~
/Applications/Xcode-26.4.0.app/Contents/Developer/Platforms/WatchOS.platform/Developer/SDKs/WatchOS26.4.sdk/System/Library/Frameworks/UIKit.framework/Headers/UIView.h:148:12: note: 'UIView' has been explicitly marked unavailable here
@interface UIView : UIResponder <NSCoding, UIAppearance, UIAppearanceContainer, UIDynamicItem, UITraitEnvironment, UICoordinateSpace, UIFocusItem, UIFocusItemContainer, CALayerDelegate>
^
/Users/admin/builder/spi-builder-workspace/Sources/SwipeMenuViewController/ContentScrollView.swift:156:19: error: 'UIView' is unavailable in watchOS
var nextPage: UIView? {
^~~~~~
/Applications/Xcode-26.4.0.app/Contents/Developer/Platforms/WatchOS.platform/Developer/SDKs/WatchOS26.4.sdk/System/Library/Frameworks/UIKit.framework/Headers/UIView.h:148:12: note: 'UIView' has been explicitly marked unavailable here
@interface UIView : UIResponder <NSCoding, UIAppearance, UIAppearanceContainer, UIDynamicItem, UITraitEnvironment, UICoordinateSpace, UIFocusItem, UIFocusItemContainer, CALayerDelegate>
^
/Users/admin/builder/spi-builder-workspace/Sources/SwipeMenuViewController/ContentScrollView.swift:165:23: error: 'UIView' is unavailable in watchOS
var previousPage: UIView? {
^~~~~~
/Applications/Xcode-26.4.0.app/Contents/Developer/Platforms/WatchOS.platform/Developer/SDKs/WatchOS26.4.sdk/System/Library/Frameworks/UIKit.framework/Headers/UIView.h:148:12: note: 'UIView' has been explicitly marked unavailable here
@interface UIView : UIResponder <NSCoding, UIAppearance, UIAppearanceContainer, UIDynamicItem, UITraitEnvironment, UICoordinateSpace, UIFocusItem, UIFocusItemContainer, CALayerDelegate>
^
/Users/admin/builder/spi-builder-workspace/Sources/SwipeMenuViewController/SwipeMenuView.swift:54:43: error: 'CACornerMask' is unavailable in watchOS
public var maskedCorners: CACornerMask? = nil
^~~~~~~~~~~~
/Applications/Xcode-26.4.0.app/Contents/Developer/Platforms/WatchOS.platform/Developer/SDKs/WatchOS26.4.sdk/System/Library/Frameworks/QuartzCore.framework/Headers/CALayer.h:106:33: note: 'CACornerMask' has been explicitly marked unavailable here
typedef NS_OPTIONS (NSUInteger, CACornerMask)
^
/Users/admin/builder/spi-builder-workspace/Sources/SwipeMenuViewController/SwipeMenuView.swift:212:95: error: 'UIViewController' is unavailable in watchOS
func swipeMenuView(_ swipeMenuView: SwipeMenuView, viewControllerForPageAt index: Int) -> UIViewController
^~~~~~~~~~~~~~~~
/Applications/Xcode-26.4.0.app/Contents/Developer/Platforms/WatchOS.platform/Developer/SDKs/WatchOS26.4.sdk/System/Library/Frameworks/UIKit.framework/Headers/UIViewController.h:102:12: note: 'UIViewController' has been explicitly marked unavailable here
@interface UIViewController : UIResponder <NSCoding, UIAppearanceContainer, UITraitEnvironment, UIContentContainer, UIFocusEnvironment>
^
/Users/admin/builder/spi-builder-workspace/Sources/SwipeMenuViewController/SwipeMenuView.swift:226:27: error: 'UIView' is unavailable in watchOS
open class SwipeMenuView: UIView {
^~~~~~
/Applications/Xcode-26.4.0.app/Contents/Developer/Platforms/WatchOS.platform/Developer/SDKs/WatchOS26.4.sdk/System/Library/Frameworks/UIKit.framework/Headers/UIView.h:148:12: note: 'UIView' has been explicitly marked unavailable here
@interface UIView : UIResponder <NSCoding, UIAppearance, UIAppearanceContainer, UIDynamicItem, UITraitEnvironment, UICoordinateSpace, UIFocusItem, UIFocusItemContainer, CALayerDelegate>
^
/Users/admin/builder/spi-builder-workspace/Sources/SwipeMenuViewController/SwipeMenuView.swift:533:51: error: 'UIScrollView' is unavailable in watchOS
public func scrollViewDidScroll(_ scrollView: UIScrollView) {
^~~~~~~~~~~~
/Applications/Xcode-26.4.0.app/Contents/Developer/Platforms/WatchOS.platform/Developer/SDKs/WatchOS26.4.sdk/System/Library/Frameworks/UIKit.framework/Headers/UIScrollView.h:87:12: note: 'UIScrollView' has been explicitly marked unavailable here
@interface UIScrollView : UIView <NSCoding, UIFocusItemScrollableContainer>
^
/Users/admin/builder/spi-builder-workspace/Sources/SwipeMenuViewController/SwipeMenuView.swift:547:66: error: 'UIScrollView' is unavailable in watchOS
public func scrollViewDidEndScrollingAnimation(_ scrollView: UIScrollView) {
^~~~~~~~~~~~
/Applications/Xcode-26.4.0.app/Contents/Developer/Platforms/WatchOS.platform/Developer/SDKs/WatchOS26.4.sdk/System/Library/Frameworks/UIKit.framework/Headers/UIScrollView.h:87:12: note: 'UIScrollView' has been explicitly marked unavailable here
@interface UIScrollView : UIView <NSCoding, UIFocusItemScrollableContainer>
^
/Users/admin/builder/spi-builder-workspace/Sources/SwipeMenuViewController/SwipeMenuView.swift:564:55: error: 'UIScrollView' is unavailable in watchOS
private func updateTabViewAddition(by scrollView: UIScrollView) {
^~~~~~~~~~~~
/Applications/Xcode-26.4.0.app/Contents/Developer/Platforms/WatchOS.platform/Developer/SDKs/WatchOS26.4.sdk/System/Library/Frameworks/UIKit.framework/Headers/UIScrollView.h:87:12: note: 'UIScrollView' has been explicitly marked unavailable here
@interface UIScrollView : UIView <NSCoding, UIFocusItemScrollableContainer>
^
/Users/admin/builder/spi-builder-workspace/Sources/SwipeMenuViewController/SwipeMenuView.swift:569:47: error: 'UIScrollView' is unavailable in watchOS
private func moveAdditionView(scrollView: UIScrollView) {
^~~~~~~~~~~~
/Applications/Xcode-26.4.0.app/Contents/Developer/Platforms/WatchOS.platform/Developer/SDKs/WatchOS26.4.sdk/System/Library/Frameworks/UIKit.framework/Headers/UIScrollView.h:87:12: note: 'UIScrollView' has been explicitly marked unavailable here
@interface UIScrollView : UIView <NSCoding, UIFocusItemScrollableContainer>
^
/Users/admin/builder/spi-builder-workspace/Sources/SwipeMenuViewController/SwipeMenuView.swift:531:26: error: 'UIScrollViewDelegate' is unavailable in watchOS
extension SwipeMenuView: UIScrollViewDelegate {
^~~~~~~~~~~~~~~~~~~~
/Applications/Xcode-26.4.0.app/Contents/Developer/Platforms/WatchOS.platform/Developer/SDKs/WatchOS26.4.sdk/System/Library/Frameworks/UIKit.framework/Headers/UIScrollView.h:312:11: note: 'UIScrollViewDelegate' has been explicitly marked unavailable here
@protocol UIScrollViewDelegate<NSObject>
^
/Users/admin/builder/spi-builder-workspace/Sources/SwipeMenuViewController/SwipeMenuView.swift:595:104: error: 'UIView' is unavailable in watchOS
public func contentScrollView(_ contentScrollView: ContentScrollView, viewForPageAt index: Int) -> UIView? {
^~~~~~
/Applications/Xcode-26.4.0.app/Contents/Developer/Platforms/WatchOS.platform/Developer/SDKs/WatchOS26.4.sdk/System/Library/Frameworks/UIKit.framework/Headers/UIView.h:148:12: note: 'UIView' has been explicitly marked unavailable here
@interface UIView : UIResponder <NSCoding, UIAppearance, UIAppearanceContainer, UIDynamicItem, UITraitEnvironment, UICoordinateSpace, UIFocusItem, UIFocusItemContainer, CALayerDelegate>
^
/Users/admin/builder/spi-builder-workspace/Sources/SwipeMenuViewController/SwipeMenuViewController.swift:29:78: error: 'UIViewControllerTransitionCoordinator' is unavailable in watchOS
open override func viewWillTransition(to size: CGSize, with coordinator: UIViewControllerTransitionCoordinator) {
^~~~~~~~~~~~~~~~~~~~~~~~~~~~~~~~~~~~~
/Applications/Xcode-26.4.0.app/Contents/Developer/Platforms/WatchOS.platform/Developer/SDKs/WatchOS26.4.sdk/System/Library/Frameworks/UIKit.framework/Headers/UIViewControllerTransitionCoordinator.h:81:11: note: 'UIViewControllerTransitionCoordinator' has been explicitly marked unavailable here
@protocol UIViewControllerTransitionCoordinator <UIViewControllerTransitionCoordinatorContext>
^
/Users/admin/builder/spi-builder-workspace/Sources/SwipeMenuViewController/SwipeMenuViewController.swift:88:100: error: 'UIViewController' is unavailable in watchOS
open func swipeMenuView(_ swipeMenuView: SwipeMenuView, viewControllerForPageAt index: Int) -> UIViewController {
^~~~~~~~~~~~~~~~
/Applications/Xcode-26.4.0.app/Contents/Developer/Platforms/WatchOS.platform/Developer/SDKs/WatchOS26.4.sdk/System/Library/Frameworks/UIKit.framework/Headers/UIViewController.h:102:12: note: 'UIViewController' has been explicitly marked unavailable here
@interface UIViewController : UIResponder <NSCoding, UIAppearanceContainer, UITraitEnvironment, UIContentContainer, UIFocusEnvironment>
^
/Users/admin/builder/spi-builder-workspace/Sources/SwipeMenuViewController/SwipeMenuViewController.swift:14:37: error: 'UIViewController' is unavailable in watchOS
open class SwipeMenuViewController: UIViewController, SwipeMenuViewDelegate, SwipeMenuViewDataSource {
^~~~~~~~~~~~~~~~
/Applications/Xcode-26.4.0.app/Contents/Developer/Platforms/WatchOS.platform/Developer/SDKs/WatchOS26.4.sdk/System/Library/Frameworks/UIKit.framework/Headers/UIViewController.h:102:12: note: 'UIViewController' has been explicitly marked unavailable here
@interface UIViewController : UIResponder <NSCoding, UIAppearanceContainer, UITraitEnvironment, UIContentContainer, UIFocusEnvironment>
^
/Users/admin/builder/spi-builder-workspace/Sources/SwipeMenuViewController/TabItemView.swift:7:34: error: 'UILabel' is unavailable in watchOS
private(set) var titleLabel: UILabel = UILabel()
^~~~~~~
/Applications/Xcode-26.4.0.app/Contents/Developer/Platforms/WatchOS.platform/Developer/SDKs/WatchOS26.4.sdk/System/Library/Frameworks/UIKit.framework/Headers/UILabel.h:33:12: note: 'UILabel' has been explicitly marked unavailable here
@interface UILabel : UIView <NSCoding, UIContentSizeCategoryAdjusting, UILetterformAwareAdjusting>
^
/Users/admin/builder/spi-builder-workspace/Sources/SwipeMenuViewController/TabItemView.swift:7:44: error: 'UILabel' is unavailable in watchOS
private(set) var titleLabel: UILabel = UILabel()
^~~~~~~
/Applications/Xcode-26.4.0.app/Contents/Developer/Platforms/WatchOS.platform/Developer/SDKs/WatchOS26.4.sdk/System/Library/Frameworks/UIKit.framework/Headers/UILabel.h:33:12: note: 'UILabel' has been explicitly marked unavailable here
@interface UILabel : UIView <NSCoding, UIContentSizeCategoryAdjusting, UILetterformAwareAdjusting>
^
/Users/admin/builder/spi-builder-workspace/Sources/SwipeMenuViewController/TabItemView.swift:7:44: error: 'init()' is unavailable in watchOS
private(set) var titleLabel: UILabel = UILabel()
^~~~~~~
/Applications/Xcode-26.4.0.app/Contents/Developer/Platforms/WatchOS.platform/Developer/SDKs/WatchOS26.4.sdk/System/Library/Frameworks/UIKit.framework/Headers/UIView.h:154:1: note: 'init()' has been explicitly marked unavailable here
- (instancetype)init API_AVAILABLE(ios(2.0), tvos(9.0), visionos(1.0)) API_UNAVAILABLE(watchos);
^
/Users/admin/builder/spi-builder-workspace/Sources/SwipeMenuViewController/TabItemView.swift:4:26: error: 'UIView' is unavailable in watchOS
final class TabItemView: UIView {
^~~~~~
/Applications/Xcode-26.4.0.app/Contents/Developer/Platforms/WatchOS.platform/Developer/SDKs/WatchOS26.4.sdk/System/Library/Frameworks/UIKit.framework/Headers/UIView.h:148:12: note: 'UIView' has been explicitly marked unavailable here
@interface UIView : UIResponder <NSCoding, UIAppearance, UIAppearanceContainer, UIDynamicItem, UITraitEnvironment, UICoordinateSpace, UIFocusItem, UIFocusItemContainer, CALayerDelegate>
^
/Users/admin/builder/spi-builder-workspace/Sources/SwipeMenuViewController/TabView.swift:66:36: error: 'UIStackView' is unavailable in watchOS
fileprivate let containerView: UIStackView = UIStackView()
^~~~~~~~~~~
/Applications/Xcode-26.4.0.app/Contents/Developer/Platforms/WatchOS.platform/Developer/SDKs/WatchOS26.4.sdk/System/Library/Frameworks/UIKit.framework/Headers/UIStackView.h:124:12: note: 'UIStackView' has been explicitly marked unavailable here
@interface UIStackView : UIView
^
/Users/admin/builder/spi-builder-workspace/Sources/SwipeMenuViewController/TabView.swift:66:50: error: 'UIStackView' is unavailable in watchOS
fileprivate let containerView: UIStackView = UIStackView()
^~~~~~~~~~~
/Applications/Xcode-26.4.0.app/Contents/Developer/Platforms/WatchOS.platform/Developer/SDKs/WatchOS26.4.sdk/System/Library/Frameworks/UIKit.framework/Headers/UIStackView.h:124:12: note: 'UIStackView' has been explicitly marked unavailable here
@interface UIStackView : UIView
^
/Users/admin/builder/spi-builder-workspace/Sources/SwipeMenuViewController/TabView.swift:66:50: error: 'init()' is unavailable in watchOS
fileprivate let containerView: UIStackView = UIStackView()
^~~~~~~~~~~
/Applications/Xcode-26.4.0.app/Contents/Developer/Platforms/WatchOS.platform/Developer/SDKs/WatchOS26.4.sdk/System/Library/Frameworks/UIKit.framework/Headers/UIView.h:154:1: note: 'init()' has been explicitly marked unavailable here
- (instancetype)init API_AVAILABLE(ios(2.0), tvos(9.0), visionos(1.0)) API_UNAVAILABLE(watchos);
^
/Users/admin/builder/spi-builder-workspace/Sources/SwipeMenuViewController/TabView.swift:68:35: error: 'UIView' is unavailable in watchOS
fileprivate var additionView: UIView = .init()
^~~~~~
/Applications/Xcode-26.4.0.app/Contents/Developer/Platforms/WatchOS.platform/Developer/SDKs/WatchOS26.4.sdk/System/Library/Frameworks/UIKit.framework/Headers/UIView.h:148:12: note: 'UIView' has been explicitly marked unavailable here
@interface UIView : UIResponder <NSCoding, UIAppearance, UIAppearanceContainer, UIDynamicItem, UITraitEnvironment, UICoordinateSpace, UIFocusItem, UIFocusItemContainer, CALayerDelegate>
^
/Users/admin/builder/spi-builder-workspace/Sources/SwipeMenuViewController/TabView.swift:68:45: error: 'init()' is unavailable in watchOS
fileprivate var additionView: UIView = .init()
^~~~
/Applications/Xcode-26.4.0.app/Contents/Developer/Platforms/WatchOS.platform/Developer/SDKs/WatchOS26.4.sdk/System/Library/Frameworks/UIKit.framework/Headers/UIView.h:154:1: note: 'init()' has been explicitly marked unavailable here
- (instancetype)init API_AVAILABLE(ios(2.0), tvos(9.0), visionos(1.0)) API_UNAVAILABLE(watchos);
^
/Users/admin/builder/spi-builder-workspace/Sources/SwipeMenuViewController/TabView.swift:74:39: error: 'NSLayoutConstraint' is unavailable in watchOS
private var leftMarginConstraint: NSLayoutConstraint = .init()
^~~~~~~~~~~~~~~~~~
/Applications/Xcode-26.4.0.app/Contents/Developer/Platforms/WatchOS.platform/Developer/SDKs/WatchOS26.4.sdk/System/Library/Frameworks/UIKit.framework/Headers/NSLayoutConstraint.h:126:12: note: 'NSLayoutConstraint' has been explicitly marked unavailable here
@interface NSLayoutConstraint : NSObject
^
/Users/admin/builder/spi-builder-workspace/Sources/SwipeMenuViewController/TabView.swift:75:34: error: 'NSLayoutConstraint' is unavailable in watchOS
private var widthConstraint: NSLayoutConstraint = .init()
^~~~~~~~~~~~~~~~~~
/Applications/Xcode-26.4.0.app/Contents/Developer/Platforms/WatchOS.platform/Developer/SDKs/WatchOS26.4.sdk/System/Library/Frameworks/UIKit.framework/Headers/NSLayoutConstraint.h:126:12: note: 'NSLayoutConstraint' has been explicitly marked unavailable here
@interface NSLayoutConstraint : NSObject
^
/Users/admin/builder/spi-builder-workspace/Sources/SwipeMenuViewController/TabView.swift:101:24: error: cannot override 'safeAreaInsetsDidChange' which has been marked unavailable
open override func safeAreaInsetsDidChange() {
^
UIKit.UIView.safeAreaInsetsDidChange:3:13: note: 'safeAreaInsetsDidChange()' has been explicitly marked unavailable here
open func safeAreaInsetsDidChange()}
^
/Users/admin/builder/spi-builder-workspace/Sources/SwipeMenuViewController/TabView.swift:101:24: note: remove 'override' modifier to declare a new 'safeAreaInsetsDidChange'
open override func safeAreaInsetsDidChange() {
~~~~~~~~~ ^
/Users/admin/builder/spi-builder-workspace/Sources/SwipeMenuViewController/TabView.swift:118:39: error: 'UIView' is unavailable in watchOS
fileprivate func focus(on target: UIView, animated: Bool = true) {
^~~~~~
/Applications/Xcode-26.4.0.app/Contents/Developer/Platforms/WatchOS.platform/Developer/SDKs/WatchOS26.4.sdk/System/Library/Frameworks/UIKit.framework/Headers/UIView.h:148:12: note: 'UIView' has been explicitly marked unavailable here
@interface UIView : UIResponder <NSCoding, UIAppearance, UIAppearanceContainer, UIDynamicItem, UITraitEnvironment, UICoordinateSpace, UIFocusItem, UIFocusItemContainer, CALayerDelegate>
^
/Users/admin/builder/spi-builder-workspace/Sources/SwipeMenuViewController/TabView.swift:312:40: error: 'UIView' is unavailable in watchOS
private func layout(containerView: UIView, containerWidth: CGFloat) {
^~~~~~
/Applications/Xcode-26.4.0.app/Contents/Developer/Platforms/WatchOS.platform/Developer/SDKs/WatchOS26.4.sdk/System/Library/Frameworks/UIKit.framework/Headers/UIView.h:148:12: note: 'UIView' has been explicitly marked unavailable here
@interface UIView : UIResponder <NSCoding, UIAppearance, UIAppearanceContainer, UIDynamicItem, UITraitEnvironment, UICoordinateSpace, UIFocusItem, UIFocusItemContainer, CALayerDelegate>
^
/Users/admin/builder/spi-builder-workspace/Sources/SwipeMenuViewController/TabView.swift:56:21: error: 'UIScrollView' is unavailable in watchOS
open class TabView: UIScrollView {
^~~~~~~~~~~~
/Applications/Xcode-26.4.0.app/Contents/Developer/Platforms/WatchOS.platform/Developer/SDKs/WatchOS26.4.sdk/System/Library/Frameworks/UIKit.framework/Headers/UIScrollView.h:87:12: note: 'UIScrollView' has been explicitly marked unavailable here
@interface UIScrollView : UIView <NSCoding, UIFocusItemScrollableContainer>
^
/Users/admin/builder/spi-builder-workspace/Sources/SwipeMenuViewController/TabView.swift:534:43: error: 'UITapGestureRecognizer' is unavailable in watchOS
fileprivate var tapGestureRecognizer: UITapGestureRecognizer {
^~~~~~~~~~~~~~~~~~~~~~
/Applications/Xcode-26.4.0.app/Contents/Developer/Platforms/WatchOS.platform/Developer/SDKs/WatchOS26.4.sdk/System/Library/Frameworks/UIKit.framework/Headers/UITapGestureRecognizer.h:23:12: note: 'UITapGestureRecognizer' has been explicitly marked unavailable here
@interface UITapGestureRecognizer : UIGestureRecognizer
^
/Users/admin/builder/spi-builder-workspace/Sources/SwipeMenuViewController/TabView.swift:547:42: error: 'UITapGestureRecognizer' is unavailable in watchOS
@objc func tapItemView(_ recognizer: UITapGestureRecognizer) {
^~~~~~~~~~~~~~~~~~~~~~
/Applications/Xcode-26.4.0.app/Contents/Developer/Platforms/WatchOS.platform/Developer/SDKs/WatchOS26.4.sdk/System/Library/Frameworks/UIKit.framework/Headers/UITapGestureRecognizer.h:23:12: note: 'UITapGestureRecognizer' has been explicitly marked unavailable here
@interface UITapGestureRecognizer : UIGestureRecognizer
^
Failed frontend command:
/Applications/Xcode-26.4.0.app/Contents/Developer/Toolchains/XcodeDefault.xctoolchain/usr/bin/swift-frontend -frontend -emit-module -experimental-skip-non-inlinable-function-bodies-without-types /Users/admin/builder/spi-builder-workspace/Sources/SwipeMenuViewController/ContentScrollView.swift /Users/admin/builder/spi-builder-workspace/Sources/SwipeMenuViewController/SwipeMenuView.swift /Users/admin/builder/spi-builder-workspace/Sources/SwipeMenuViewController/SwipeMenuViewController.swift /Users/admin/builder/spi-builder-workspace/Sources/SwipeMenuViewController/TabItemView.swift /Users/admin/builder/spi-builder-workspace/Sources/SwipeMenuViewController/TabView.swift /Users/admin/builder/spi-builder-workspace/Sources/SwipeMenuViewController/UIColorExtension.swift /Users/admin/builder/spi-builder-workspace/Sources/SwipeMenuViewController/UIEdgeInsetsExtension.swift -target arm64_32-apple-watchos9.0 -load-resolved-plugin /Applications/Xcode-26.4.0.app/Contents/Developer/Platforms/WatchOS.platform/Developer/usr/lib/swift/host/plugins/libFoundationMacros.dylib\#/Applications/Xcode-26.4.0.app/Contents/Developer/Platforms/WatchOS.platform/Developer/usr/bin/swift-plugin-server\#FoundationMacros -load-resolved-plugin /Applications/Xcode-26.4.0.app/Contents/Developer/Platforms/WatchOS.platform/Developer/usr/lib/swift/host/plugins/libObservationMacros.dylib\#/Applications/Xcode-26.4.0.app/Contents/Developer/Platforms/WatchOS.platform/Developer/usr/bin/swift-plugin-server\#ObservationMacros -load-resolved-plugin /Applications/Xcode-26.4.0.app/Contents/Developer/Platforms/WatchOS.platform/Developer/usr/lib/swift/host/plugins/libSwiftMacros.dylib\#/Applications/Xcode-26.4.0.app/Contents/Developer/Platforms/WatchOS.platform/Developer/usr/bin/swift-plugin-server\#SwiftMacros -load-resolved-plugin /Applications/Xcode-26.4.0.app/Contents/Developer/Platforms/WatchOS.platform/Developer/usr/lib/swift/host/plugins/libSwiftUIMacros.dylib\#/Applications/Xcode-26.4.0.app/Contents/Developer/Platforms/WatchOS.platform/Developer/usr/bin/swift-plugin-server\#SwiftUIMacros -disable-implicit-swift-modules -Xcc -fno-implicit-modules -Xcc -fno-implicit-module-maps -explicit-swift-module-map-file /Users/admin/builder/spi-builder-workspace/.derivedData/Build/Intermediates.noindex/SwipeMenuViewController.build/Debug-watchos/SwipeMenuViewController.build/Objects-normal/arm64_32/SwipeMenuViewController-dependencies-1.json -enable-objc-interop -sdk /Applications/Xcode-26.4.0.app/Contents/Developer/Platforms/WatchOS.platform/Developer/SDKs/WatchOS26.4.sdk -I /Users/admin/builder/spi-builder-workspace/.derivedData/Build/Products/Debug-watchos -Isystem /Applications/Xcode-26.4.0.app/Contents/Developer/Platforms/WatchOS.platform/Developer/usr/lib -F /Users/admin/builder/spi-builder-workspace/.derivedData/Build/Products/Debug-watchos -F /Applications/Xcode-26.4.0.app/Contents/Developer/Platforms/WatchOS.platform/Developer/Library/Frameworks -F /Applications/Xcode-26.4.0.app/Contents/Developer/Platforms/WatchOS.platform/Developer/SDKs/WatchOS26.4.sdk/Developer/Library/Frameworks -no-color-diagnostics -Xcc -fno-color-diagnostics -enable-testing -g -debug-info-format\=dwarf -dwarf-version\=4 -module-cache-path /Users/admin/builder/spi-builder-workspace/.derivedData/Build/Intermediates.noindex/SwiftExplicitPrecompiledModules -profile-generate -profile-coverage-mapping -swift-version 6 -Onone -D SWIFT_PACKAGE -D DEBUG -D SWIFT_MODULE_RESOURCE_BUNDLE_UNAVAILABLE -D Xcode -serialize-debugging-options -const-gather-protocols-file /Users/admin/builder/spi-builder-workspace/.derivedData/Build/Intermediates.noindex/SwipeMenuViewController.build/Debug-watchos/SwipeMenuViewController.build/Objects-normal/arm64_32/SwipeMenuViewController_const_extract_protocols.json -enable-experimental-feature DebugDescriptionMacro -default-isolation MainActor -empty-abi-descriptor -validate-clang-modules-once -clang-build-session-file /Users/admin/builder/spi-builder-workspace/.derivedData/ModuleCache.noindex/Session.modulevalidation -Xcc -working-directory -Xcc /Users/admin/builder/spi-builder-workspace/.swiftpm/xcode -enable-anonymous-context-mangled-names -file-compilation-dir /Users/admin/builder/spi-builder-workspace/.swiftpm/xcode -Xcc -D_LIBCPP_HARDENING_MODE\=_LIBCPP_HARDENING_MODE_DEBUG -Xcc -ivfsstatcache -Xcc /Users/admin/builder/spi-builder-workspace/.derivedData/SDKStatCaches.noindex/watchos26.4-23T238-688ef53f1462e2c8f657fdc38a81448f9e51884a582f42380855760c9d4cc599.sdkstatcache -Xcc -I/Users/admin/builder/spi-builder-workspace/.derivedData/Build/Intermediates.noindex/SwipeMenuViewController.build/Debug-watchos/SwipeMenuViewController.build/swift-overrides.hmap -Xcc -I/Users/admin/builder/spi-builder-workspace/.derivedData/Build/Products/Debug-watchos/include -Xcc -I/Users/admin/builder/spi-builder-workspace/.derivedData/Build/Intermediates.noindex/SwipeMenuViewController.build/Debug-watchos/SwipeMenuViewController.build/DerivedSources-normal/arm64_32 -Xcc -I/Users/admin/builder/spi-builder-workspace/.derivedData/Build/Intermediates.noindex/SwipeMenuViewController.build/Debug-watchos/SwipeMenuViewController.build/DerivedSources/arm64_32 -Xcc -I/Users/admin/builder/spi-builder-workspace/.derivedData/Build/Intermediates.noindex/SwipeMenuViewController.build/Debug-watchos/SwipeMenuViewController.build/DerivedSources -Xcc -DSWIFT_PACKAGE -Xcc -DDEBUG\=1 -no-auto-bridging-header-chaining -module-name SwipeMenuViewController -package-name spi_builder_workspace -frontend-parseable-output -disable-clang-spi -clang-target arm64_32-apple-watchos26.4 -target-sdk-version 26.4 -target-sdk-name watchos26.4 -in-process-plugin-server-path /Applications/Xcode-26.4.0.app/Contents/Developer/Toolchains/XcodeDefault.xctoolchain/usr/lib/swift/host/libSwiftInProcPluginServer.dylib -emit-module-doc-path /Users/admin/builder/spi-builder-workspace/.derivedData/Build/Intermediates.noindex/SwipeMenuViewController.build/Debug-watchos/SwipeMenuViewController.build/Objects-normal/arm64_32/SwipeMenuViewController.swiftdoc -emit-module-source-info-path /Users/admin/builder/spi-builder-workspace/.derivedData/Build/Intermediates.noindex/SwipeMenuViewController.build/Debug-watchos/SwipeMenuViewController.build/Objects-normal/arm64_32/SwipeMenuViewController.swiftsourceinfo -emit-objc-header-path /Users/admin/builder/spi-builder-workspace/.derivedData/Build/Intermediates.noindex/SwipeMenuViewController.build/Debug-watchos/SwipeMenuViewController.build/Objects-normal/arm64_32/SwipeMenuViewController-Swift.h -serialize-diagnostics-path /Users/admin/builder/spi-builder-workspace/.derivedData/Build/Intermediates.noindex/SwipeMenuViewController.build/Debug-watchos/SwipeMenuViewController.build/Objects-normal/arm64_32/SwipeMenuViewController-primary-emit-module.dia -emit-dependencies-path /Users/admin/builder/spi-builder-workspace/.derivedData/Build/Intermediates.noindex/SwipeMenuViewController.build/Debug-watchos/SwipeMenuViewController.build/Objects-normal/arm64_32/SwipeMenuViewController-primary-emit-module.d -o /Users/admin/builder/spi-builder-workspace/.derivedData/Build/Intermediates.noindex/SwipeMenuViewController.build/Debug-watchos/SwipeMenuViewController.build/Objects-normal/arm64_32/SwipeMenuViewController.swiftmodule -emit-abi-descriptor-path /Users/admin/builder/spi-builder-workspace/.derivedData/Build/Intermediates.noindex/SwipeMenuViewController.build/Debug-watchos/SwipeMenuViewController.build/Objects-normal/arm64_32/SwipeMenuViewController.abi.json
SwiftCompile normal arm64_32 Compiling\ ContentScrollView.swift /Users/admin/builder/spi-builder-workspace/Sources/SwipeMenuViewController/ContentScrollView.swift (in target 'SwipeMenuViewController' from project 'SwipeMenuViewController')
SwiftCompile normal arm64_32 /Users/admin/builder/spi-builder-workspace/Sources/SwipeMenuViewController/ContentScrollView.swift (in target 'SwipeMenuViewController' from project 'SwipeMenuViewController')
cd /Users/admin/builder/spi-builder-workspace/.swiftpm/xcode
SwiftCompile normal arm64_32 Compiling\ TabView.swift /Users/admin/builder/spi-builder-workspace/Sources/SwipeMenuViewController/TabView.swift (in target 'SwipeMenuViewController' from project 'SwipeMenuViewController')
SwiftCompile normal arm64_32 /Users/admin/builder/spi-builder-workspace/Sources/SwipeMenuViewController/TabView.swift (in target 'SwipeMenuViewController' from project 'SwipeMenuViewController')
cd /Users/admin/builder/spi-builder-workspace/.swiftpm/xcode
SwiftCompile normal arm64_32 Compiling\ SwipeMenuView.swift /Users/admin/builder/spi-builder-workspace/Sources/SwipeMenuViewController/SwipeMenuView.swift (in target 'SwipeMenuViewController' from project 'SwipeMenuViewController')
SwiftCompile normal arm64_32 /Users/admin/builder/spi-builder-workspace/Sources/SwipeMenuViewController/SwipeMenuView.swift (in target 'SwipeMenuViewController' from project 'SwipeMenuViewController')
cd /Users/admin/builder/spi-builder-workspace/.swiftpm/xcode
SwiftCompile normal arm64_32 Compiling\ TabItemView.swift /Users/admin/builder/spi-builder-workspace/Sources/SwipeMenuViewController/TabItemView.swift (in target 'SwipeMenuViewController' from project 'SwipeMenuViewController')
SwiftCompile normal arm64_32 /Users/admin/builder/spi-builder-workspace/Sources/SwipeMenuViewController/TabItemView.swift (in target 'SwipeMenuViewController' from project 'SwipeMenuViewController')
cd /Users/admin/builder/spi-builder-workspace/.swiftpm/xcode
SwiftCompile normal arm64_32 Compiling\ UIColorExtension.swift /Users/admin/builder/spi-builder-workspace/Sources/SwipeMenuViewController/UIColorExtension.swift (in target 'SwipeMenuViewController' from project 'SwipeMenuViewController')
SwiftCompile normal arm64_32 /Users/admin/builder/spi-builder-workspace/Sources/SwipeMenuViewController/UIColorExtension.swift (in target 'SwipeMenuViewController' from project 'SwipeMenuViewController')
cd /Users/admin/builder/spi-builder-workspace/.swiftpm/xcode
SwiftCompile normal arm64_32 Compiling\ SwipeMenuViewController.swift /Users/admin/builder/spi-builder-workspace/Sources/SwipeMenuViewController/SwipeMenuViewController.swift (in target 'SwipeMenuViewController' from project 'SwipeMenuViewController')
SwiftCompile normal arm64_32 /Users/admin/builder/spi-builder-workspace/Sources/SwipeMenuViewController/SwipeMenuViewController.swift (in target 'SwipeMenuViewController' from project 'SwipeMenuViewController')
cd /Users/admin/builder/spi-builder-workspace/.swiftpm/xcode
SwiftCompile normal arm64_32 Compiling\ UIEdgeInsetsExtension.swift /Users/admin/builder/spi-builder-workspace/Sources/SwipeMenuViewController/UIEdgeInsetsExtension.swift (in target 'SwipeMenuViewController' from project 'SwipeMenuViewController')
SwiftCompile normal arm64_32 /Users/admin/builder/spi-builder-workspace/Sources/SwipeMenuViewController/UIEdgeInsetsExtension.swift (in target 'SwipeMenuViewController' from project 'SwipeMenuViewController')
cd /Users/admin/builder/spi-builder-workspace/.swiftpm/xcode
SwiftEmitModule normal arm64 Emitting\ module\ for\ SwipeMenuViewController (in target 'SwipeMenuViewController' from project 'SwipeMenuViewController')
Failed frontend command:
/Applications/Xcode-26.4.0.app/Contents/Developer/Toolchains/XcodeDefault.xctoolchain/usr/bin/swift-frontend -frontend -emit-module -experimental-skip-non-inlinable-function-bodies-without-types /Users/admin/builder/spi-builder-workspace/Sources/SwipeMenuViewController/ContentScrollView.swift /Users/admin/builder/spi-builder-workspace/Sources/SwipeMenuViewController/SwipeMenuView.swift /Users/admin/builder/spi-builder-workspace/Sources/SwipeMenuViewController/SwipeMenuViewController.swift /Users/admin/builder/spi-builder-workspace/Sources/SwipeMenuViewController/TabItemView.swift /Users/admin/builder/spi-builder-workspace/Sources/SwipeMenuViewController/TabView.swift /Users/admin/builder/spi-builder-workspace/Sources/SwipeMenuViewController/UIColorExtension.swift /Users/admin/builder/spi-builder-workspace/Sources/SwipeMenuViewController/UIEdgeInsetsExtension.swift -target arm64-apple-watchos9.0 -load-resolved-plugin /Applications/Xcode-26.4.0.app/Contents/Developer/Platforms/WatchOS.platform/Developer/usr/lib/swift/host/plugins/libFoundationMacros.dylib\#/Applications/Xcode-26.4.0.app/Contents/Developer/Platforms/WatchOS.platform/Developer/usr/bin/swift-plugin-server\#FoundationMacros -load-resolved-plugin /Applications/Xcode-26.4.0.app/Contents/Developer/Platforms/WatchOS.platform/Developer/usr/lib/swift/host/plugins/libObservationMacros.dylib\#/Applications/Xcode-26.4.0.app/Contents/Developer/Platforms/WatchOS.platform/Developer/usr/bin/swift-plugin-server\#ObservationMacros -load-resolved-plugin /Applications/Xcode-26.4.0.app/Contents/Developer/Platforms/WatchOS.platform/Developer/usr/lib/swift/host/plugins/libSwiftMacros.dylib\#/Applications/Xcode-26.4.0.app/Contents/Developer/Platforms/WatchOS.platform/Developer/usr/bin/swift-plugin-server\#SwiftMacros -load-resolved-plugin /Applications/Xcode-26.4.0.app/Contents/Developer/Platforms/WatchOS.platform/Developer/usr/lib/swift/host/plugins/libSwiftUIMacros.dylib\#/Applications/Xcode-26.4.0.app/Contents/Developer/Platforms/WatchOS.platform/Developer/usr/bin/swift-plugin-server\#SwiftUIMacros -disable-implicit-swift-modules -Xcc -fno-implicit-modules -Xcc -fno-implicit-module-maps -explicit-swift-module-map-file /Users/admin/builder/spi-builder-workspace/.derivedData/Build/Intermediates.noindex/SwipeMenuViewController.build/Debug-watchos/SwipeMenuViewController.build/Objects-normal/arm64/SwipeMenuViewController-dependencies-2.json -Xllvm -aarch64-use-tbi -enable-objc-interop -stack-check -sdk /Applications/Xcode-26.4.0.app/Contents/Developer/Platforms/WatchOS.platform/Developer/SDKs/WatchOS26.4.sdk -I /Users/admin/builder/spi-builder-workspace/.derivedData/Build/Products/Debug-watchos -Isystem /Applications/Xcode-26.4.0.app/Contents/Developer/Platforms/WatchOS.platform/Developer/usr/lib -F /Users/admin/builder/spi-builder-workspace/.derivedData/Build/Products/Debug-watchos -F /Applications/Xcode-26.4.0.app/Contents/Developer/Platforms/WatchOS.platform/Developer/Library/Frameworks -F /Applications/Xcode-26.4.0.app/Contents/Developer/Platforms/WatchOS.platform/Developer/SDKs/WatchOS26.4.sdk/Developer/Library/Frameworks -no-color-diagnostics -Xcc -fno-color-diagnostics -enable-testing -g -debug-info-format\=dwarf -dwarf-version\=4 -module-cache-path /Users/admin/builder/spi-builder-workspace/.derivedData/Build/Intermediates.noindex/SwiftExplicitPrecompiledModules -profile-generate -profile-coverage-mapping -swift-version 6 -Onone -D SWIFT_PACKAGE -D DEBUG -D SWIFT_MODULE_RESOURCE_BUNDLE_UNAVAILABLE -D Xcode -serialize-debugging-options -const-gather-protocols-file /Users/admin/builder/spi-builder-workspace/.derivedData/Build/Intermediates.noindex/SwipeMenuViewController.build/Debug-watchos/SwipeMenuViewController.build/Objects-normal/arm64/SwipeMenuViewController_const_extract_protocols.json -enable-experimental-feature DebugDescriptionMacro -default-isolation MainActor -empty-abi-descriptor -validate-clang-modules-once -clang-build-session-file /Users/admin/builder/spi-builder-workspace/.derivedData/ModuleCache.noindex/Session.modulevalidation -Xcc -working-directory -Xcc /Users/admin/builder/spi-builder-workspace/.swiftpm/xcode -enable-anonymous-context-mangled-names -file-compilation-dir /Users/admin/builder/spi-builder-workspace/.swiftpm/xcode -Xcc -D_LIBCPP_HARDENING_MODE\=_LIBCPP_HARDENING_MODE_DEBUG -Xcc -ivfsstatcache -Xcc /Users/admin/builder/spi-builder-workspace/.derivedData/SDKStatCaches.noindex/watchos26.4-23T238-688ef53f1462e2c8f657fdc38a81448f9e51884a582f42380855760c9d4cc599.sdkstatcache -Xcc -I/Users/admin/builder/spi-builder-workspace/.derivedData/Build/Intermediates.noindex/SwipeMenuViewController.build/Debug-watchos/SwipeMenuViewController.build/swift-overrides.hmap -Xcc -I/Users/admin/builder/spi-builder-workspace/.derivedData/Build/Products/Debug-watchos/include -Xcc -I/Users/admin/builder/spi-builder-workspace/.derivedData/Build/Intermediates.noindex/SwipeMenuViewController.build/Debug-watchos/SwipeMenuViewController.build/DerivedSources-normal/arm64 -Xcc -I/Users/admin/builder/spi-builder-workspace/.derivedData/Build/Intermediates.noindex/SwipeMenuViewController.build/Debug-watchos/SwipeMenuViewController.build/DerivedSources/arm64 -Xcc -I/Users/admin/builder/spi-builder-workspace/.derivedData/Build/Intermediates.noindex/SwipeMenuViewController.build/Debug-watchos/SwipeMenuViewController.build/DerivedSources -Xcc -DSWIFT_PACKAGE -Xcc -DDEBUG\=1 -no-auto-bridging-header-chaining -module-name SwipeMenuViewController -package-name spi_builder_workspace -frontend-parseable-output -disable-clang-spi -clang-target arm64-apple-watchos26.4 -target-sdk-version 26.4 -target-sdk-name watchos26.4 -in-process-plugin-server-path /Applications/Xcode-26.4.0.app/Contents/Developer/Toolchains/XcodeDefault.xctoolchain/usr/lib/swift/host/libSwiftInProcPluginServer.dylib -emit-module-doc-path /Users/admin/builder/spi-builder-workspace/.derivedData/Build/Intermediates.noindex/SwipeMenuViewController.build/Debug-watchos/SwipeMenuViewController.build/Objects-normal/arm64/SwipeMenuViewController.swiftdoc -emit-module-source-info-path /Users/admin/builder/spi-builder-workspace/.derivedData/Build/Intermediates.noindex/SwipeMenuViewController.build/Debug-watchos/SwipeMenuViewController.build/Objects-normal/arm64/SwipeMenuViewController.swiftsourceinfo -emit-objc-header-path /Users/admin/builder/spi-builder-workspace/.derivedData/Build/Intermediates.noindex/SwipeMenuViewController.build/Debug-watchos/SwipeMenuViewController.build/Objects-normal/arm64/SwipeMenuViewController-Swift.h -serialize-diagnostics-path /Users/admin/builder/spi-builder-workspace/.derivedData/Build/Intermediates.noindex/SwipeMenuViewController.build/Debug-watchos/SwipeMenuViewController.build/Objects-normal/arm64/SwipeMenuViewController-primary-emit-module.dia -emit-dependencies-path /Users/admin/builder/spi-builder-workspace/.derivedData/Build/Intermediates.noindex/SwipeMenuViewController.build/Debug-watchos/SwipeMenuViewController.build/Objects-normal/arm64/SwipeMenuViewController-primary-emit-module.d -o /Users/admin/builder/spi-builder-workspace/.derivedData/Build/Intermediates.noindex/SwipeMenuViewController.build/Debug-watchos/SwipeMenuViewController.build/Objects-normal/arm64/SwipeMenuViewController.swiftmodule -emit-abi-descriptor-path /Users/admin/builder/spi-builder-workspace/.derivedData/Build/Intermediates.noindex/SwipeMenuViewController.build/Debug-watchos/SwipeMenuViewController.build/Objects-normal/arm64/SwipeMenuViewController.abi.json
EmitSwiftModule normal arm64 (in target 'SwipeMenuViewController' from project 'SwipeMenuViewController')
cd /Users/admin/builder/spi-builder-workspace/.swiftpm/xcode
/Users/admin/builder/spi-builder-workspace/Sources/SwipeMenuViewController/ContentScrollView.swift:18:97: error: 'UIView' is unavailable in watchOS
func contentScrollView(_ contentScrollView: ContentScrollView, viewForPageAt index: Int) -> UIView?
^~~~~~
/Applications/Xcode-26.4.0.app/Contents/Developer/Platforms/WatchOS.platform/Developer/SDKs/WatchOS26.4.sdk/System/Library/Frameworks/UIKit.framework/Headers/UIView.h:148:12: note: 'UIView' has been explicitly marked unavailable here
@interface UIView : UIResponder <NSCoding, UIAppearance, UIAppearanceContainer, UIDynamicItem, UITraitEnvironment, UICoordinateSpace, UIFocusItem, UIFocusItemContainer, CALayerDelegate>
^
/Users/admin/builder/spi-builder-workspace/Sources/SwipeMenuViewController/ContentScrollView.swift:31:33: error: 'UIView' is unavailable in watchOS
fileprivate var pageViews: [UIView] = []
^~~~~~
/Applications/Xcode-26.4.0.app/Contents/Developer/Platforms/WatchOS.platform/Developer/SDKs/WatchOS26.4.sdk/System/Library/Frameworks/UIKit.framework/Headers/UIView.h:148:12: note: 'UIView' has been explicitly marked unavailable here
@interface UIView : UIResponder <NSCoding, UIAppearance, UIAppearanceContainer, UIDynamicItem, UITraitEnvironment, UICoordinateSpace, UIFocusItem, UIFocusItemContainer, CALayerDelegate>
^
/Users/admin/builder/spi-builder-workspace/Sources/SwipeMenuViewController/ContentScrollView.swift:26:31: error: 'UIScrollView' is unavailable in watchOS
open class ContentScrollView: UIScrollView {
^~~~~~~~~~~~
/Applications/Xcode-26.4.0.app/Contents/Developer/Platforms/WatchOS.platform/Developer/SDKs/WatchOS26.4.sdk/System/Library/Frameworks/UIKit.framework/Headers/UIScrollView.h:87:12: note: 'UIScrollView' has been explicitly marked unavailable here
@interface UIScrollView : UIView <NSCoding, UIFocusItemScrollableContainer>
^
/Users/admin/builder/spi-builder-workspace/Sources/SwipeMenuViewController/ContentScrollView.swift:147:22: error: 'UIView' is unavailable in watchOS
var currentPage: UIView? {
^~~~~~
/Applications/Xcode-26.4.0.app/Contents/Developer/Platforms/WatchOS.platform/Developer/SDKs/WatchOS26.4.sdk/System/Library/Frameworks/UIKit.framework/Headers/UIView.h:148:12: note: 'UIView' has been explicitly marked unavailable here
@interface UIView : UIResponder <NSCoding, UIAppearance, UIAppearanceContainer, UIDynamicItem, UITraitEnvironment, UICoordinateSpace, UIFocusItem, UIFocusItemContainer, CALayerDelegate>
^
/Users/admin/builder/spi-builder-workspace/Sources/SwipeMenuViewController/ContentScrollView.swift:156:19: error: 'UIView' is unavailable in watchOS
var nextPage: UIView? {
^~~~~~
/Applications/Xcode-26.4.0.app/Contents/Developer/Platforms/WatchOS.platform/Developer/SDKs/WatchOS26.4.sdk/System/Library/Frameworks/UIKit.framework/Headers/UIView.h:148:12: note: 'UIView' has been explicitly marked unavailable here
@interface UIView : UIResponder <NSCoding, UIAppearance, UIAppearanceContainer, UIDynamicItem, UITraitEnvironment, UICoordinateSpace, UIFocusItem, UIFocusItemContainer, CALayerDelegate>
^
/Users/admin/builder/spi-builder-workspace/Sources/SwipeMenuViewController/ContentScrollView.swift:165:23: error: 'UIView' is unavailable in watchOS
var previousPage: UIView? {
^~~~~~
/Applications/Xcode-26.4.0.app/Contents/Developer/Platforms/WatchOS.platform/Developer/SDKs/WatchOS26.4.sdk/System/Library/Frameworks/UIKit.framework/Headers/UIView.h:148:12: note: 'UIView' has been explicitly marked unavailable here
@interface UIView : UIResponder <NSCoding, UIAppearance, UIAppearanceContainer, UIDynamicItem, UITraitEnvironment, UICoordinateSpace, UIFocusItem, UIFocusItemContainer, CALayerDelegate>
^
/Users/admin/builder/spi-builder-workspace/Sources/SwipeMenuViewController/SwipeMenuView.swift:54:43: error: 'CACornerMask' is unavailable in watchOS
public var maskedCorners: CACornerMask? = nil
^~~~~~~~~~~~
/Applications/Xcode-26.4.0.app/Contents/Developer/Platforms/WatchOS.platform/Developer/SDKs/WatchOS26.4.sdk/System/Library/Frameworks/QuartzCore.framework/Headers/CALayer.h:106:33: note: 'CACornerMask' has been explicitly marked unavailable here
typedef NS_OPTIONS (NSUInteger, CACornerMask)
^
/Users/admin/builder/spi-builder-workspace/Sources/SwipeMenuViewController/SwipeMenuView.swift:212:95: error: 'UIViewController' is unavailable in watchOS
func swipeMenuView(_ swipeMenuView: SwipeMenuView, viewControllerForPageAt index: Int) -> UIViewController
^~~~~~~~~~~~~~~~
/Applications/Xcode-26.4.0.app/Contents/Developer/Platforms/WatchOS.platform/Developer/SDKs/WatchOS26.4.sdk/System/Library/Frameworks/UIKit.framework/Headers/UIViewController.h:102:12: note: 'UIViewController' has been explicitly marked unavailable here
@interface UIViewController : UIResponder <NSCoding, UIAppearanceContainer, UITraitEnvironment, UIContentContainer, UIFocusEnvironment>
^
/Users/admin/builder/spi-builder-workspace/Sources/SwipeMenuViewController/SwipeMenuView.swift:226:27: error: 'UIView' is unavailable in watchOS
open class SwipeMenuView: UIView {
^~~~~~
/Applications/Xcode-26.4.0.app/Contents/Developer/Platforms/WatchOS.platform/Developer/SDKs/WatchOS26.4.sdk/System/Library/Frameworks/UIKit.framework/Headers/UIView.h:148:12: note: 'UIView' has been explicitly marked unavailable here
@interface UIView : UIResponder <NSCoding, UIAppearance, UIAppearanceContainer, UIDynamicItem, UITraitEnvironment, UICoordinateSpace, UIFocusItem, UIFocusItemContainer, CALayerDelegate>
^
/Users/admin/builder/spi-builder-workspace/Sources/SwipeMenuViewController/SwipeMenuView.swift:533:51: error: 'UIScrollView' is unavailable in watchOS
public func scrollViewDidScroll(_ scrollView: UIScrollView) {
^~~~~~~~~~~~
/Applications/Xcode-26.4.0.app/Contents/Developer/Platforms/WatchOS.platform/Developer/SDKs/WatchOS26.4.sdk/System/Library/Frameworks/UIKit.framework/Headers/UIScrollView.h:87:12: note: 'UIScrollView' has been explicitly marked unavailable here
@interface UIScrollView : UIView <NSCoding, UIFocusItemScrollableContainer>
^
/Users/admin/builder/spi-builder-workspace/Sources/SwipeMenuViewController/SwipeMenuView.swift:547:66: error: 'UIScrollView' is unavailable in watchOS
public func scrollViewDidEndScrollingAnimation(_ scrollView: UIScrollView) {
^~~~~~~~~~~~
/Applications/Xcode-26.4.0.app/Contents/Developer/Platforms/WatchOS.platform/Developer/SDKs/WatchOS26.4.sdk/System/Library/Frameworks/UIKit.framework/Headers/UIScrollView.h:87:12: note: 'UIScrollView' has been explicitly marked unavailable here
@interface UIScrollView : UIView <NSCoding, UIFocusItemScrollableContainer>
^
/Users/admin/builder/spi-builder-workspace/Sources/SwipeMenuViewController/SwipeMenuView.swift:564:55: error: 'UIScrollView' is unavailable in watchOS
private func updateTabViewAddition(by scrollView: UIScrollView) {
^~~~~~~~~~~~
/Applications/Xcode-26.4.0.app/Contents/Developer/Platforms/WatchOS.platform/Developer/SDKs/WatchOS26.4.sdk/System/Library/Frameworks/UIKit.framework/Headers/UIScrollView.h:87:12: note: 'UIScrollView' has been explicitly marked unavailable here
@interface UIScrollView : UIView <NSCoding, UIFocusItemScrollableContainer>
^
/Users/admin/builder/spi-builder-workspace/Sources/SwipeMenuViewController/SwipeMenuView.swift:569:47: error: 'UIScrollView' is unavailable in watchOS
private func moveAdditionView(scrollView: UIScrollView) {
^~~~~~~~~~~~
/Applications/Xcode-26.4.0.app/Contents/Developer/Platforms/WatchOS.platform/Developer/SDKs/WatchOS26.4.sdk/System/Library/Frameworks/UIKit.framework/Headers/UIScrollView.h:87:12: note: 'UIScrollView' has been explicitly marked unavailable here
@interface UIScrollView : UIView <NSCoding, UIFocusItemScrollableContainer>
^
/Users/admin/builder/spi-builder-workspace/Sources/SwipeMenuViewController/SwipeMenuView.swift:531:26: error: 'UIScrollViewDelegate' is unavailable in watchOS
extension SwipeMenuView: UIScrollViewDelegate {
^~~~~~~~~~~~~~~~~~~~
/Applications/Xcode-26.4.0.app/Contents/Developer/Platforms/WatchOS.platform/Developer/SDKs/WatchOS26.4.sdk/System/Library/Frameworks/UIKit.framework/Headers/UIScrollView.h:312:11: note: 'UIScrollViewDelegate' has been explicitly marked unavailable here
@protocol UIScrollViewDelegate<NSObject>
^
/Users/admin/builder/spi-builder-workspace/Sources/SwipeMenuViewController/SwipeMenuView.swift:595:104: error: 'UIView' is unavailable in watchOS
public func contentScrollView(_ contentScrollView: ContentScrollView, viewForPageAt index: Int) -> UIView? {
^~~~~~
/Applications/Xcode-26.4.0.app/Contents/Developer/Platforms/WatchOS.platform/Developer/SDKs/WatchOS26.4.sdk/System/Library/Frameworks/UIKit.framework/Headers/UIView.h:148:12: note: 'UIView' has been explicitly marked unavailable here
@interface UIView : UIResponder <NSCoding, UIAppearance, UIAppearanceContainer, UIDynamicItem, UITraitEnvironment, UICoordinateSpace, UIFocusItem, UIFocusItemContainer, CALayerDelegate>
^
/Users/admin/builder/spi-builder-workspace/Sources/SwipeMenuViewController/SwipeMenuViewController.swift:29:78: error: 'UIViewControllerTransitionCoordinator' is unavailable in watchOS
open override func viewWillTransition(to size: CGSize, with coordinator: UIViewControllerTransitionCoordinator) {
^~~~~~~~~~~~~~~~~~~~~~~~~~~~~~~~~~~~~
/Applications/Xcode-26.4.0.app/Contents/Developer/Platforms/WatchOS.platform/Developer/SDKs/WatchOS26.4.sdk/System/Library/Frameworks/UIKit.framework/Headers/UIViewControllerTransitionCoordinator.h:81:11: note: 'UIViewControllerTransitionCoordinator' has been explicitly marked unavailable here
@protocol UIViewControllerTransitionCoordinator <UIViewControllerTransitionCoordinatorContext>
^
/Users/admin/builder/spi-builder-workspace/Sources/SwipeMenuViewController/SwipeMenuViewController.swift:88:100: error: 'UIViewController' is unavailable in watchOS
open func swipeMenuView(_ swipeMenuView: SwipeMenuView, viewControllerForPageAt index: Int) -> UIViewController {
^~~~~~~~~~~~~~~~
/Applications/Xcode-26.4.0.app/Contents/Developer/Platforms/WatchOS.platform/Developer/SDKs/WatchOS26.4.sdk/System/Library/Frameworks/UIKit.framework/Headers/UIViewController.h:102:12: note: 'UIViewController' has been explicitly marked unavailable here
@interface UIViewController : UIResponder <NSCoding, UIAppearanceContainer, UITraitEnvironment, UIContentContainer, UIFocusEnvironment>
^
/Users/admin/builder/spi-builder-workspace/Sources/SwipeMenuViewController/SwipeMenuViewController.swift:14:37: error: 'UIViewController' is unavailable in watchOS
open class SwipeMenuViewController: UIViewController, SwipeMenuViewDelegate, SwipeMenuViewDataSource {
^~~~~~~~~~~~~~~~
/Applications/Xcode-26.4.0.app/Contents/Developer/Platforms/WatchOS.platform/Developer/SDKs/WatchOS26.4.sdk/System/Library/Frameworks/UIKit.framework/Headers/UIViewController.h:102:12: note: 'UIViewController' has been explicitly marked unavailable here
@interface UIViewController : UIResponder <NSCoding, UIAppearanceContainer, UITraitEnvironment, UIContentContainer, UIFocusEnvironment>
^
/Users/admin/builder/spi-builder-workspace/Sources/SwipeMenuViewController/TabItemView.swift:7:34: error: 'UILabel' is unavailable in watchOS
private(set) var titleLabel: UILabel = UILabel()
^~~~~~~
/Applications/Xcode-26.4.0.app/Contents/Developer/Platforms/WatchOS.platform/Developer/SDKs/WatchOS26.4.sdk/System/Library/Frameworks/UIKit.framework/Headers/UILabel.h:33:12: note: 'UILabel' has been explicitly marked unavailable here
@interface UILabel : UIView <NSCoding, UIContentSizeCategoryAdjusting, UILetterformAwareAdjusting>
^
/Users/admin/builder/spi-builder-workspace/Sources/SwipeMenuViewController/TabItemView.swift:7:44: error: 'UILabel' is unavailable in watchOS
private(set) var titleLabel: UILabel = UILabel()
^~~~~~~
/Applications/Xcode-26.4.0.app/Contents/Developer/Platforms/WatchOS.platform/Developer/SDKs/WatchOS26.4.sdk/System/Library/Frameworks/UIKit.framework/Headers/UILabel.h:33:12: note: 'UILabel' has been explicitly marked unavailable here
@interface UILabel : UIView <NSCoding, UIContentSizeCategoryAdjusting, UILetterformAwareAdjusting>
^
/Users/admin/builder/spi-builder-workspace/Sources/SwipeMenuViewController/TabItemView.swift:7:44: error: 'init()' is unavailable in watchOS
private(set) var titleLabel: UILabel = UILabel()
^~~~~~~
/Applications/Xcode-26.4.0.app/Contents/Developer/Platforms/WatchOS.platform/Developer/SDKs/WatchOS26.4.sdk/System/Library/Frameworks/UIKit.framework/Headers/UIView.h:154:1: note: 'init()' has been explicitly marked unavailable here
- (instancetype)init API_AVAILABLE(ios(2.0), tvos(9.0), visionos(1.0)) API_UNAVAILABLE(watchos);
^
/Users/admin/builder/spi-builder-workspace/Sources/SwipeMenuViewController/TabItemView.swift:4:26: error: 'UIView' is unavailable in watchOS
final class TabItemView: UIView {
^~~~~~
/Applications/Xcode-26.4.0.app/Contents/Developer/Platforms/WatchOS.platform/Developer/SDKs/WatchOS26.4.sdk/System/Library/Frameworks/UIKit.framework/Headers/UIView.h:148:12: note: 'UIView' has been explicitly marked unavailable here
@interface UIView : UIResponder <NSCoding, UIAppearance, UIAppearanceContainer, UIDynamicItem, UITraitEnvironment, UICoordinateSpace, UIFocusItem, UIFocusItemContainer, CALayerDelegate>
^
/Users/admin/builder/spi-builder-workspace/Sources/SwipeMenuViewController/TabView.swift:66:36: error: 'UIStackView' is unavailable in watchOS
fileprivate let containerView: UIStackView = UIStackView()
^~~~~~~~~~~
/Applications/Xcode-26.4.0.app/Contents/Developer/Platforms/WatchOS.platform/Developer/SDKs/WatchOS26.4.sdk/System/Library/Frameworks/UIKit.framework/Headers/UIStackView.h:124:12: note: 'UIStackView' has been explicitly marked unavailable here
@interface UIStackView : UIView
^
/Users/admin/builder/spi-builder-workspace/Sources/SwipeMenuViewController/TabView.swift:66:50: error: 'UIStackView' is unavailable in watchOS
fileprivate let containerView: UIStackView = UIStackView()
^~~~~~~~~~~
/Applications/Xcode-26.4.0.app/Contents/Developer/Platforms/WatchOS.platform/Developer/SDKs/WatchOS26.4.sdk/System/Library/Frameworks/UIKit.framework/Headers/UIStackView.h:124:12: note: 'UIStackView' has been explicitly marked unavailable here
@interface UIStackView : UIView
^
/Users/admin/builder/spi-builder-workspace/Sources/SwipeMenuViewController/TabView.swift:66:50: error: 'init()' is unavailable in watchOS
fileprivate let containerView: UIStackView = UIStackView()
^~~~~~~~~~~
/Applications/Xcode-26.4.0.app/Contents/Developer/Platforms/WatchOS.platform/Developer/SDKs/WatchOS26.4.sdk/System/Library/Frameworks/UIKit.framework/Headers/UIView.h:154:1: note: 'init()' has been explicitly marked unavailable here
- (instancetype)init API_AVAILABLE(ios(2.0), tvos(9.0), visionos(1.0)) API_UNAVAILABLE(watchos);
^
/Users/admin/builder/spi-builder-workspace/Sources/SwipeMenuViewController/TabView.swift:68:35: error: 'UIView' is unavailable in watchOS
fileprivate var additionView: UIView = .init()
^~~~~~
/Applications/Xcode-26.4.0.app/Contents/Developer/Platforms/WatchOS.platform/Developer/SDKs/WatchOS26.4.sdk/System/Library/Frameworks/UIKit.framework/Headers/UIView.h:148:12: note: 'UIView' has been explicitly marked unavailable here
@interface UIView : UIResponder <NSCoding, UIAppearance, UIAppearanceContainer, UIDynamicItem, UITraitEnvironment, UICoordinateSpace, UIFocusItem, UIFocusItemContainer, CALayerDelegate>
^
/Users/admin/builder/spi-builder-workspace/Sources/SwipeMenuViewController/TabView.swift:68:45: error: 'init()' is unavailable in watchOS
fileprivate var additionView: UIView = .init()
^~~~
/Applications/Xcode-26.4.0.app/Contents/Developer/Platforms/WatchOS.platform/Developer/SDKs/WatchOS26.4.sdk/System/Library/Frameworks/UIKit.framework/Headers/UIView.h:154:1: note: 'init()' has been explicitly marked unavailable here
- (instancetype)init API_AVAILABLE(ios(2.0), tvos(9.0), visionos(1.0)) API_UNAVAILABLE(watchos);
^
/Users/admin/builder/spi-builder-workspace/Sources/SwipeMenuViewController/TabView.swift:74:39: error: 'NSLayoutConstraint' is unavailable in watchOS
private var leftMarginConstraint: NSLayoutConstraint = .init()
^~~~~~~~~~~~~~~~~~
/Applications/Xcode-26.4.0.app/Contents/Developer/Platforms/WatchOS.platform/Developer/SDKs/WatchOS26.4.sdk/System/Library/Frameworks/UIKit.framework/Headers/NSLayoutConstraint.h:126:12: note: 'NSLayoutConstraint' has been explicitly marked unavailable here
@interface NSLayoutConstraint : NSObject
^
/Users/admin/builder/spi-builder-workspace/Sources/SwipeMenuViewController/TabView.swift:75:34: error: 'NSLayoutConstraint' is unavailable in watchOS
private var widthConstraint: NSLayoutConstraint = .init()
^~~~~~~~~~~~~~~~~~
/Applications/Xcode-26.4.0.app/Contents/Developer/Platforms/WatchOS.platform/Developer/SDKs/WatchOS26.4.sdk/System/Library/Frameworks/UIKit.framework/Headers/NSLayoutConstraint.h:126:12: note: 'NSLayoutConstraint' has been explicitly marked unavailable here
@interface NSLayoutConstraint : NSObject
^
/Users/admin/builder/spi-builder-workspace/Sources/SwipeMenuViewController/TabView.swift:101:24: error: cannot override 'safeAreaInsetsDidChange' which has been marked unavailable
open override func safeAreaInsetsDidChange() {
^
UIKit.UIView.safeAreaInsetsDidChange:3:13: note: 'safeAreaInsetsDidChange()' has been explicitly marked unavailable here
open func safeAreaInsetsDidChange()}
^
/Users/admin/builder/spi-builder-workspace/Sources/SwipeMenuViewController/TabView.swift:101:24: note: remove 'override' modifier to declare a new 'safeAreaInsetsDidChange'
open override func safeAreaInsetsDidChange() {
~~~~~~~~~ ^
/Users/admin/builder/spi-builder-workspace/Sources/SwipeMenuViewController/TabView.swift:118:39: error: 'UIView' is unavailable in watchOS
fileprivate func focus(on target: UIView, animated: Bool = true) {
^~~~~~
/Applications/Xcode-26.4.0.app/Contents/Developer/Platforms/WatchOS.platform/Developer/SDKs/WatchOS26.4.sdk/System/Library/Frameworks/UIKit.framework/Headers/UIView.h:148:12: note: 'UIView' has been explicitly marked unavailable here
@interface UIView : UIResponder <NSCoding, UIAppearance, UIAppearanceContainer, UIDynamicItem, UITraitEnvironment, UICoordinateSpace, UIFocusItem, UIFocusItemContainer, CALayerDelegate>
^
/Users/admin/builder/spi-builder-workspace/Sources/SwipeMenuViewController/TabView.swift:312:40: error: 'UIView' is unavailable in watchOS
private func layout(containerView: UIView, containerWidth: CGFloat) {
^~~~~~
/Applications/Xcode-26.4.0.app/Contents/Developer/Platforms/WatchOS.platform/Developer/SDKs/WatchOS26.4.sdk/System/Library/Frameworks/UIKit.framework/Headers/UIView.h:148:12: note: 'UIView' has been explicitly marked unavailable here
@interface UIView : UIResponder <NSCoding, UIAppearance, UIAppearanceContainer, UIDynamicItem, UITraitEnvironment, UICoordinateSpace, UIFocusItem, UIFocusItemContainer, CALayerDelegate>
^
/Users/admin/builder/spi-builder-workspace/Sources/SwipeMenuViewController/TabView.swift:56:21: error: 'UIScrollView' is unavailable in watchOS
open class TabView: UIScrollView {
^~~~~~~~~~~~
/Applications/Xcode-26.4.0.app/Contents/Developer/Platforms/WatchOS.platform/Developer/SDKs/WatchOS26.4.sdk/System/Library/Frameworks/UIKit.framework/Headers/UIScrollView.h:87:12: note: 'UIScrollView' has been explicitly marked unavailable here
@interface UIScrollView : UIView <NSCoding, UIFocusItemScrollableContainer>
^
/Users/admin/builder/spi-builder-workspace/Sources/SwipeMenuViewController/TabView.swift:534:43: error: 'UITapGestureRecognizer' is unavailable in watchOS
fileprivate var tapGestureRecognizer: UITapGestureRecognizer {
^~~~~~~~~~~~~~~~~~~~~~
/Applications/Xcode-26.4.0.app/Contents/Developer/Platforms/WatchOS.platform/Developer/SDKs/WatchOS26.4.sdk/System/Library/Frameworks/UIKit.framework/Headers/UITapGestureRecognizer.h:23:12: note: 'UITapGestureRecognizer' has been explicitly marked unavailable here
@interface UITapGestureRecognizer : UIGestureRecognizer
^
/Users/admin/builder/spi-builder-workspace/Sources/SwipeMenuViewController/TabView.swift:547:42: error: 'UITapGestureRecognizer' is unavailable in watchOS
@objc func tapItemView(_ recognizer: UITapGestureRecognizer) {
^~~~~~~~~~~~~~~~~~~~~~
/Applications/Xcode-26.4.0.app/Contents/Developer/Platforms/WatchOS.platform/Developer/SDKs/WatchOS26.4.sdk/System/Library/Frameworks/UIKit.framework/Headers/UITapGestureRecognizer.h:23:12: note: 'UITapGestureRecognizer' has been explicitly marked unavailable here
@interface UITapGestureRecognizer : UIGestureRecognizer
^
SwiftCompile normal arm64 Compiling\ UIColorExtension.swift /Users/admin/builder/spi-builder-workspace/Sources/SwipeMenuViewController/UIColorExtension.swift (in target 'SwipeMenuViewController' from project 'SwipeMenuViewController')
SwiftCompile normal arm64 /Users/admin/builder/spi-builder-workspace/Sources/SwipeMenuViewController/UIColorExtension.swift (in target 'SwipeMenuViewController' from project 'SwipeMenuViewController')
cd /Users/admin/builder/spi-builder-workspace/.swiftpm/xcode
SwiftCompile normal arm64 Compiling\ SwipeMenuView.swift /Users/admin/builder/spi-builder-workspace/Sources/SwipeMenuViewController/SwipeMenuView.swift (in target 'SwipeMenuViewController' from project 'SwipeMenuViewController')
2026-07-16 05:50:16.046 xcodebuild[862:5134] [MT] IDERunDestination: Supported platforms for the buildables in the current scheme is empty.
** BUILD FAILED **
The following build commands failed:
EmitSwiftModule normal arm64_32 (in target 'SwipeMenuViewController' from project 'SwipeMenuViewController')
SwiftEmitModule normal arm64_32 Emitting\ module\ for\ SwipeMenuViewController (in target 'SwipeMenuViewController' from project 'SwipeMenuViewController')
SwiftEmitModule normal arm64 Emitting\ module\ for\ SwipeMenuViewController (in target 'SwipeMenuViewController' from project 'SwipeMenuViewController')
EmitSwiftModule normal arm64 (in target 'SwipeMenuViewController' from project 'SwipeMenuViewController')
Building workspace spi-builder-workspace with scheme SwipeMenuViewController
(5 failures)
BUILD FAILURE 6.3 watchOS