Build Information
Failed to build SpeechAnalyzerLiveMic, reference main (abe6f1), with Swift 6.1 for iOS using Xcode 16.3 on 9 Sep 2026 03:13:08 UTC.
Build Command
env DEVELOPER_DIR=/Applications/Xcode-16.3.0.app xcrun xcodebuild -IDEClonedSourcePackagesDirPathOverride=$PWD/.dependencies -skipMacroValidation -skipPackagePluginValidation -derivedDataPath $PWD/.derivedData build -scheme SpeechAnalyzerLiveMic -destination generic/platform=iOSBuild Log
========================================
RunAll
========================================
Builder version: 5.0.2
Interrupt handler set up.
========================================
Checkout
========================================
Clone URL: https://github.com/simplememofast/ios26-speechanalyzer-live-mic.git
Reference: main
Initialized empty Git repository in /Users/admin/builder/spi-builder-workspace/.git/
From https://github.com/simplememofast/ios26-speechanalyzer-live-mic
* branch main -> FETCH_HEAD
* [new branch] main -> origin/main
HEAD is now at abe6f1e Merge pull request #3 from simplememofast/Codex/fix-queued-audio-buffer-ownership-20260909
Cloned https://github.com/simplememofast/ios26-speechanalyzer-live-mic.git
Revision (git rev-parse @):
abe6f1e1dec60bb478c9ba52de313f53e20d97f9
SUCCESS checkout https://github.com/simplememofast/ios26-speechanalyzer-live-mic.git at main
========================================
Build
========================================
Selected platform: iOS
Swift version: 6.1
Building package at path: $PWD
https://github.com/simplememofast/ios26-speechanalyzer-live-mic.git
https://github.com/simplememofast/ios26-speechanalyzer-live-mic.git
{
"dependencies" : [
],
"manifest_display_name" : "SpeechAnalyzerLiveMic",
"name" : "SpeechAnalyzerLiveMic",
"path" : "/Users/admin/builder/spi-builder-workspace",
"platforms" : [
{
"name" : "ios",
"version" : "26.0"
},
{
"name" : "macos",
"version" : "13.0"
}
],
"products" : [
{
"name" : "SpeechAnalyzerLiveMic",
"targets" : [
"SpeechAnalyzerLiveMic"
],
"type" : {
"library" : [
"automatic"
]
}
}
],
"targets" : [
{
"c99name" : "SpeechAnalyzerLiveMicTests",
"module_type" : "SwiftTarget",
"name" : "SpeechAnalyzerLiveMicTests",
"path" : "Tests/SpeechAnalyzerLiveMicTests",
"sources" : [
"AudioBufferConverterTests.swift"
],
"target_dependencies" : [
"SpeechAnalyzerLiveMic"
],
"type" : "test"
},
{
"c99name" : "SpeechAnalyzerLiveMic",
"module_type" : "SwiftTarget",
"name" : "SpeechAnalyzerLiveMic",
"path" : "Sources",
"product_memberships" : [
"SpeechAnalyzerLiveMic"
],
"sources" : [
"AudioBufferConverter.swift",
"SpeechSession.swift"
],
"type" : "library"
}
],
"tools_version" : "6.0"
}
Command line invocation:
/Applications/Xcode-16.3.0.app/Contents/Developer/usr/bin/xcodebuild -IDEClonedSourcePackagesDirPathOverride=/Users/admin/builder/spi-builder-workspace/.dependencies -resolvePackageDependencies
Resolve Package Graph
Resolve Package Graph
Resolved source packages:
SpeechAnalyzerLiveMic: /Users/admin/builder/spi-builder-workspace
resolved source packages: SpeechAnalyzerLiveMic
{
"dependencies" : [
],
"manifest_display_name" : "SpeechAnalyzerLiveMic",
"name" : "SpeechAnalyzerLiveMic",
"path" : "/Users/admin/builder/spi-builder-workspace",
"platforms" : [
{
"name" : "ios",
"version" : "26.0"
},
{
"name" : "macos",
"version" : "13.0"
}
],
"products" : [
{
"name" : "SpeechAnalyzerLiveMic",
"targets" : [
"SpeechAnalyzerLiveMic"
],
"type" : {
"library" : [
"automatic"
]
}
}
],
"targets" : [
{
"c99name" : "SpeechAnalyzerLiveMicTests",
"module_type" : "SwiftTarget",
"name" : "SpeechAnalyzerLiveMicTests",
"path" : "Tests/SpeechAnalyzerLiveMicTests",
"sources" : [
"AudioBufferConverterTests.swift"
],
"target_dependencies" : [
"SpeechAnalyzerLiveMic"
],
"type" : "test"
},
{
"c99name" : "SpeechAnalyzerLiveMic",
"module_type" : "SwiftTarget",
"name" : "SpeechAnalyzerLiveMic",
"path" : "Sources",
"product_memberships" : [
"SpeechAnalyzerLiveMic"
],
"sources" : [
"AudioBufferConverter.swift",
"SpeechSession.swift"
],
"type" : "library"
}
],
"tools_version" : "6.0"
}
{
"workspace" : {
"name" : "spi-builder-workspace",
"schemes" : [
"SpeechAnalyzerLiveMic"
]
}
}
Running build ...
env DEVELOPER_DIR=/Applications/Xcode-16.3.0.app xcrun xcodebuild -IDEClonedSourcePackagesDirPathOverride=$PWD/.dependencies -skipMacroValidation -skipPackagePluginValidation -derivedDataPath $PWD/.derivedData build -scheme SpeechAnalyzerLiveMic -destination generic/platform=iOS OTHER_SWIFT_FLAGS=-stats-output-dir .stats
Command line invocation:
/Applications/Xcode-16.3.0.app/Contents/Developer/usr/bin/xcodebuild -IDEClonedSourcePackagesDirPathOverride=/Users/admin/builder/spi-builder-workspace/.dependencies -skipMacroValidation -skipPackagePluginValidation -derivedDataPath /Users/admin/builder/spi-builder-workspace/.derivedData build -scheme SpeechAnalyzerLiveMic -destination generic/platform=iOS "OTHER_SWIFT_FLAGS=-stats-output-dir .stats"
Build settings from command line:
OTHER_SWIFT_FLAGS = -stats-output-dir .stats
Resolve Package Graph
Resolved source packages:
SpeechAnalyzerLiveMic: /Users/admin/builder/spi-builder-workspace
ComputePackagePrebuildTargetDependencyGraph
Prepare packages
CreateBuildRequest
SendProjectDescription
CreateBuildOperation
ComputeTargetDependencyGraph
note: Building targets in dependency order
note: Target dependency graph (2 targets)
Target 'SpeechAnalyzerLiveMic' in project 'SpeechAnalyzerLiveMic'
➜ Explicit dependency on target 'SpeechAnalyzerLiveMic' in project 'SpeechAnalyzerLiveMic'
Target 'SpeechAnalyzerLiveMic' in project 'SpeechAnalyzerLiveMic' (no dependencies)
GatherProvisioningInputs
CreateBuildDescription
ExecuteExternalTool /Applications/Xcode-16.3.0.app/Contents/Developer/Toolchains/XcodeDefault.xctoolchain/usr/bin/clang -v -E -dM -isysroot /Applications/Xcode-16.3.0.app/Contents/Developer/Platforms/iPhoneOS.platform/Developer/SDKs/iPhoneOS18.4.sdk -x c -c /dev/null
ExecuteExternalTool /Applications/Xcode-16.3.0.app/Contents/Developer/Toolchains/XcodeDefault.xctoolchain/usr/bin/swiftc --version
ExecuteExternalTool /Applications/Xcode-16.3.0.app/Contents/Developer/Toolchains/XcodeDefault.xctoolchain/usr/bin/ld -version_details
Build description signature: 742532d1b5899d86876494098d17c5e7
Build description path: /Users/admin/builder/spi-builder-workspace/.derivedData/Build/Intermediates.noindex/XCBuildData/742532d1b5899d86876494098d17c5e7.xcbuilddata
CreateBuildDirectory /Users/admin/builder/spi-builder-workspace/.derivedData/Build/Intermediates.noindex
cd /Users/admin/builder/spi-builder-workspace/.swiftpm/xcode
builtin-create-build-directory /Users/admin/builder/spi-builder-workspace/.derivedData/Build/Intermediates.noindex
CreateBuildDirectory /Users/admin/builder/spi-builder-workspace/.derivedData/Build/Products
cd /Users/admin/builder/spi-builder-workspace/.swiftpm/xcode
builtin-create-build-directory /Users/admin/builder/spi-builder-workspace/.derivedData/Build/Products
ClangStatCache /Applications/Xcode-16.3.0.app/Contents/Developer/Toolchains/XcodeDefault.xctoolchain/usr/bin/clang-stat-cache /Applications/Xcode-16.3.0.app/Contents/Developer/Platforms/iPhoneOS.platform/Developer/SDKs/iPhoneOS18.4.sdk /Users/admin/builder/spi-builder-workspace/.derivedData/SDKStatCaches.noindex/iphoneos18.4-22E235-339d34bc69d7fc736c3220795c36f340.sdkstatcache
cd /Users/admin/builder/spi-builder-workspace/.swiftpm/xcode
/Applications/Xcode-16.3.0.app/Contents/Developer/Toolchains/XcodeDefault.xctoolchain/usr/bin/clang-stat-cache /Applications/Xcode-16.3.0.app/Contents/Developer/Platforms/iPhoneOS.platform/Developer/SDKs/iPhoneOS18.4.sdk -o /Users/admin/builder/spi-builder-workspace/.derivedData/SDKStatCaches.noindex/iphoneos18.4-22E235-339d34bc69d7fc736c3220795c36f340.sdkstatcache
CreateBuildDirectory /Users/admin/builder/spi-builder-workspace/.derivedData/Build/Intermediates.noindex/EagerLinkingTBDs/Debug-iphoneos
cd /Users/admin/builder/spi-builder-workspace/.swiftpm/xcode
builtin-create-build-directory /Users/admin/builder/spi-builder-workspace/.derivedData/Build/Intermediates.noindex/EagerLinkingTBDs/Debug-iphoneos
CreateBuildDirectory /Users/admin/builder/spi-builder-workspace/.derivedData/Build/Products/Debug-iphoneos
cd /Users/admin/builder/spi-builder-workspace/.swiftpm/xcode
builtin-create-build-directory /Users/admin/builder/spi-builder-workspace/.derivedData/Build/Products/Debug-iphoneos
CreateBuildDirectory /Users/admin/builder/spi-builder-workspace/.derivedData/Build/Products/Debug-iphoneos/PackageFrameworks
cd /Users/admin/builder/spi-builder-workspace/.swiftpm/xcode
builtin-create-build-directory /Users/admin/builder/spi-builder-workspace/.derivedData/Build/Products/Debug-iphoneos/PackageFrameworks
WriteAuxiliaryFile /Users/admin/builder/spi-builder-workspace/.derivedData/Build/Intermediates.noindex/SpeechAnalyzerLiveMic.build/Debug-iphoneos/SpeechAnalyzerLiveMic.build/SpeechAnalyzerLiveMic.DependencyStaticMetadataFileList (in target 'SpeechAnalyzerLiveMic' from project 'SpeechAnalyzerLiveMic')
cd /Users/admin/builder/spi-builder-workspace
write-file /Users/admin/builder/spi-builder-workspace/.derivedData/Build/Intermediates.noindex/SpeechAnalyzerLiveMic.build/Debug-iphoneos/SpeechAnalyzerLiveMic.build/SpeechAnalyzerLiveMic.DependencyStaticMetadataFileList
WriteAuxiliaryFile /Users/admin/builder/spi-builder-workspace/.derivedData/Build/Intermediates.noindex/SpeechAnalyzerLiveMic.build/Debug-iphoneos/SpeechAnalyzerLiveMic.build/SpeechAnalyzerLiveMic.modulemap (in target 'SpeechAnalyzerLiveMic' from project 'SpeechAnalyzerLiveMic')
cd /Users/admin/builder/spi-builder-workspace
write-file /Users/admin/builder/spi-builder-workspace/.derivedData/Build/Intermediates.noindex/SpeechAnalyzerLiveMic.build/Debug-iphoneos/SpeechAnalyzerLiveMic.build/SpeechAnalyzerLiveMic.modulemap
WriteAuxiliaryFile /Users/admin/builder/spi-builder-workspace/.derivedData/Build/Intermediates.noindex/SpeechAnalyzerLiveMic.build/Debug-iphoneos/SpeechAnalyzerLiveMic.build/SpeechAnalyzerLiveMic.DependencyMetadataFileList (in target 'SpeechAnalyzerLiveMic' from project 'SpeechAnalyzerLiveMic')
cd /Users/admin/builder/spi-builder-workspace
write-file /Users/admin/builder/spi-builder-workspace/.derivedData/Build/Intermediates.noindex/SpeechAnalyzerLiveMic.build/Debug-iphoneos/SpeechAnalyzerLiveMic.build/SpeechAnalyzerLiveMic.DependencyMetadataFileList
WriteAuxiliaryFile /Users/admin/builder/spi-builder-workspace/.derivedData/Build/Intermediates.noindex/SpeechAnalyzerLiveMic.build/Debug-iphoneos/SpeechAnalyzerLiveMic.build/Objects-normal/arm64/SpeechAnalyzerLiveMic.SwiftConstValuesFileList (in target 'SpeechAnalyzerLiveMic' from project 'SpeechAnalyzerLiveMic')
cd /Users/admin/builder/spi-builder-workspace
write-file /Users/admin/builder/spi-builder-workspace/.derivedData/Build/Intermediates.noindex/SpeechAnalyzerLiveMic.build/Debug-iphoneos/SpeechAnalyzerLiveMic.build/Objects-normal/arm64/SpeechAnalyzerLiveMic.SwiftConstValuesFileList
WriteAuxiliaryFile /Users/admin/builder/spi-builder-workspace/.derivedData/Build/Intermediates.noindex/SpeechAnalyzerLiveMic.build/Debug-iphoneos/SpeechAnalyzerLiveMic.build/Objects-normal/arm64/SpeechAnalyzerLiveMic.LinkFileList (in target 'SpeechAnalyzerLiveMic' from project 'SpeechAnalyzerLiveMic')
cd /Users/admin/builder/spi-builder-workspace
write-file /Users/admin/builder/spi-builder-workspace/.derivedData/Build/Intermediates.noindex/SpeechAnalyzerLiveMic.build/Debug-iphoneos/SpeechAnalyzerLiveMic.build/Objects-normal/arm64/SpeechAnalyzerLiveMic.LinkFileList
WriteAuxiliaryFile /Users/admin/builder/spi-builder-workspace/.derivedData/Build/Intermediates.noindex/SpeechAnalyzerLiveMic.build/Debug-iphoneos/SpeechAnalyzerLiveMic.build/Objects-normal/arm64/SpeechAnalyzerLiveMic.SwiftFileList (in target 'SpeechAnalyzerLiveMic' from project 'SpeechAnalyzerLiveMic')
cd /Users/admin/builder/spi-builder-workspace
write-file /Users/admin/builder/spi-builder-workspace/.derivedData/Build/Intermediates.noindex/SpeechAnalyzerLiveMic.build/Debug-iphoneos/SpeechAnalyzerLiveMic.build/Objects-normal/arm64/SpeechAnalyzerLiveMic.SwiftFileList
WriteAuxiliaryFile /Users/admin/builder/spi-builder-workspace/.derivedData/Build/Intermediates.noindex/SpeechAnalyzerLiveMic.build/Debug-iphoneos/SpeechAnalyzerLiveMic.build/Objects-normal/arm64/SpeechAnalyzerLiveMic-OutputFileMap.json (in target 'SpeechAnalyzerLiveMic' from project 'SpeechAnalyzerLiveMic')
cd /Users/admin/builder/spi-builder-workspace
write-file /Users/admin/builder/spi-builder-workspace/.derivedData/Build/Intermediates.noindex/SpeechAnalyzerLiveMic.build/Debug-iphoneos/SpeechAnalyzerLiveMic.build/Objects-normal/arm64/SpeechAnalyzerLiveMic-OutputFileMap.json
WriteAuxiliaryFile /Users/admin/builder/spi-builder-workspace/.derivedData/Build/Intermediates.noindex/SpeechAnalyzerLiveMic.build/Debug-iphoneos/SpeechAnalyzerLiveMic.build/Objects-normal/arm64/SpeechAnalyzerLiveMic_const_extract_protocols.json (in target 'SpeechAnalyzerLiveMic' from project 'SpeechAnalyzerLiveMic')
cd /Users/admin/builder/spi-builder-workspace
write-file /Users/admin/builder/spi-builder-workspace/.derivedData/Build/Intermediates.noindex/SpeechAnalyzerLiveMic.build/Debug-iphoneos/SpeechAnalyzerLiveMic.build/Objects-normal/arm64/SpeechAnalyzerLiveMic_const_extract_protocols.json
Copy /Users/admin/builder/spi-builder-workspace/.derivedData/Build/Intermediates.noindex/GeneratedModuleMaps-iphoneos/SpeechAnalyzerLiveMic.modulemap /Users/admin/builder/spi-builder-workspace/.derivedData/Build/Intermediates.noindex/SpeechAnalyzerLiveMic.build/Debug-iphoneos/SpeechAnalyzerLiveMic.build/SpeechAnalyzerLiveMic.modulemap (in target 'SpeechAnalyzerLiveMic' from project 'SpeechAnalyzerLiveMic')
cd /Users/admin/builder/spi-builder-workspace
builtin-copy -exclude .DS_Store -exclude CVS -exclude .svn -exclude .git -exclude .hg -resolve-src-symlinks /Users/admin/builder/spi-builder-workspace/.derivedData/Build/Intermediates.noindex/SpeechAnalyzerLiveMic.build/Debug-iphoneos/SpeechAnalyzerLiveMic.build/SpeechAnalyzerLiveMic.modulemap /Users/admin/builder/spi-builder-workspace/.derivedData/Build/Intermediates.noindex/GeneratedModuleMaps-iphoneos
SwiftDriver SpeechAnalyzerLiveMic normal arm64 com.apple.xcode.tools.swift.compiler (in target 'SpeechAnalyzerLiveMic' from project 'SpeechAnalyzerLiveMic')
cd /Users/admin/builder/spi-builder-workspace/.swiftpm/xcode
builtin-SwiftDriver -- /Applications/Xcode-16.3.0.app/Contents/Developer/Toolchains/XcodeDefault.xctoolchain/usr/bin/swiftc -module-name SpeechAnalyzerLiveMic -Onone -enforce-exclusivity\=checked @/Users/admin/builder/spi-builder-workspace/.derivedData/Build/Intermediates.noindex/SpeechAnalyzerLiveMic.build/Debug-iphoneos/SpeechAnalyzerLiveMic.build/Objects-normal/arm64/SpeechAnalyzerLiveMic.SwiftFileList -DSWIFT_PACKAGE -DDEBUG -stats-output-dir .stats -plugin-path /Applications/Xcode-16.3.0.app/Contents/Developer/Toolchains/XcodeDefault.xctoolchain/usr/lib/swift/host/plugins/testing -enable-experimental-feature DebugDescriptionMacro -sdk /Applications/Xcode-16.3.0.app/Contents/Developer/Platforms/iPhoneOS.platform/Developer/SDKs/iPhoneOS18.4.sdk -target arm64-apple-ios26.0 -g -module-cache-path /Users/admin/builder/spi-builder-workspace/.derivedData/ModuleCache.noindex -Xfrontend -serialize-debugging-options -profile-coverage-mapping -profile-generate -enable-testing -index-store-path /Users/admin/builder/spi-builder-workspace/.derivedData/Index.noindex/DataStore -swift-version 6 -I /Users/admin/builder/spi-builder-workspace/.derivedData/Build/Products/Debug-iphoneos -I /Applications/Xcode-16.3.0.app/Contents/Developer/Platforms/iPhoneOS.platform/Developer/usr/lib -F /Users/admin/builder/spi-builder-workspace/.derivedData/Build/Products/Debug-iphoneos -F /Applications/Xcode-16.3.0.app/Contents/Developer/Platforms/iPhoneOS.platform/Developer/Library/Frameworks -F /Applications/Xcode-16.3.0.app/Contents/Developer/Platforms/iPhoneOS.platform/Developer/SDKs/iPhoneOS18.4.sdk/Developer/Library/Frameworks -c -j10 -enable-batch-mode -incremental -Xcc -ivfsstatcache -Xcc /Users/admin/builder/spi-builder-workspace/.derivedData/SDKStatCaches.noindex/iphoneos18.4-22E235-339d34bc69d7fc736c3220795c36f340.sdkstatcache -output-file-map /Users/admin/builder/spi-builder-workspace/.derivedData/Build/Intermediates.noindex/SpeechAnalyzerLiveMic.build/Debug-iphoneos/SpeechAnalyzerLiveMic.build/Objects-normal/arm64/SpeechAnalyzerLiveMic-OutputFileMap.json -use-frontend-parseable-output -save-temps -no-color-diagnostics -serialize-diagnostics -emit-dependencies -emit-module -emit-module-path /Users/admin/builder/spi-builder-workspace/.derivedData/Build/Intermediates.noindex/SpeechAnalyzerLiveMic.build/Debug-iphoneos/SpeechAnalyzerLiveMic.build/Objects-normal/arm64/SpeechAnalyzerLiveMic.swiftmodule -validate-clang-modules-once -clang-build-session-file /Users/admin/builder/spi-builder-workspace/.derivedData/ModuleCache.noindex/Session.modulevalidation -package-name spi_builder_workspace -Xcc -I/Users/admin/builder/spi-builder-workspace/.derivedData/Build/Intermediates.noindex/SpeechAnalyzerLiveMic.build/Debug-iphoneos/SpeechAnalyzerLiveMic.build/swift-overrides.hmap -emit-const-values -Xfrontend -const-gather-protocols-file -Xfrontend /Users/admin/builder/spi-builder-workspace/.derivedData/Build/Intermediates.noindex/SpeechAnalyzerLiveMic.build/Debug-iphoneos/SpeechAnalyzerLiveMic.build/Objects-normal/arm64/SpeechAnalyzerLiveMic_const_extract_protocols.json -Xcc -I/Users/admin/builder/spi-builder-workspace/.derivedData/Build/Products/Debug-iphoneos/include -Xcc -I/Users/admin/builder/spi-builder-workspace/.derivedData/Build/Intermediates.noindex/SpeechAnalyzerLiveMic.build/Debug-iphoneos/SpeechAnalyzerLiveMic.build/DerivedSources-normal/arm64 -Xcc -I/Users/admin/builder/spi-builder-workspace/.derivedData/Build/Intermediates.noindex/SpeechAnalyzerLiveMic.build/Debug-iphoneos/SpeechAnalyzerLiveMic.build/DerivedSources/arm64 -Xcc -I/Users/admin/builder/spi-builder-workspace/.derivedData/Build/Intermediates.noindex/SpeechAnalyzerLiveMic.build/Debug-iphoneos/SpeechAnalyzerLiveMic.build/DerivedSources -Xcc -DSWIFT_PACKAGE -Xcc -DDEBUG\=1 -emit-objc-header -emit-objc-header-path /Users/admin/builder/spi-builder-workspace/.derivedData/Build/Intermediates.noindex/SpeechAnalyzerLiveMic.build/Debug-iphoneos/SpeechAnalyzerLiveMic.build/Objects-normal/arm64/SpeechAnalyzerLiveMic-Swift.h -working-directory /Users/admin/builder/spi-builder-workspace/.swiftpm/xcode -experimental-emit-module-separately -disable-cmo
SwiftCompile normal arm64 Compiling\ SpeechSession.swift /Users/admin/builder/spi-builder-workspace/Sources/SpeechSession.swift (in target 'SpeechAnalyzerLiveMic' from project 'SpeechAnalyzerLiveMic')
SwiftCompile normal arm64 /Users/admin/builder/spi-builder-workspace/Sources/SpeechSession.swift (in target 'SpeechAnalyzerLiveMic' from project 'SpeechAnalyzerLiveMic')
cd /Users/admin/builder/spi-builder-workspace/.swiftpm/xcode
SwiftCompile normal arm64 Compiling\ AudioBufferConverter.swift /Users/admin/builder/spi-builder-workspace/Sources/AudioBufferConverter.swift (in target 'SpeechAnalyzerLiveMic' from project 'SpeechAnalyzerLiveMic')
SwiftCompile normal arm64 /Users/admin/builder/spi-builder-workspace/Sources/AudioBufferConverter.swift (in target 'SpeechAnalyzerLiveMic' from project 'SpeechAnalyzerLiveMic')
cd /Users/admin/builder/spi-builder-workspace/.swiftpm/xcode
SwiftEmitModule normal arm64 Emitting\ module\ for\ SpeechAnalyzerLiveMic (in target 'SpeechAnalyzerLiveMic' from project 'SpeechAnalyzerLiveMic')
Failed frontend command:
/Applications/Xcode-16.3.0.app/Contents/Developer/Toolchains/XcodeDefault.xctoolchain/usr/bin/swift-frontend -frontend -emit-module -experimental-skip-non-inlinable-function-bodies-without-types /Users/admin/builder/spi-builder-workspace/Sources/AudioBufferConverter.swift /Users/admin/builder/spi-builder-workspace/Sources/SpeechSession.swift -target arm64-apple-ios26.0 -Xllvm -aarch64-use-tbi -enable-objc-interop -stack-check -sdk /Applications/Xcode-16.3.0.app/Contents/Developer/Platforms/iPhoneOS.platform/Developer/SDKs/iPhoneOS18.4.sdk -I /Users/admin/builder/spi-builder-workspace/.derivedData/Build/Products/Debug-iphoneos -I /Applications/Xcode-16.3.0.app/Contents/Developer/Platforms/iPhoneOS.platform/Developer/usr/lib -F /Users/admin/builder/spi-builder-workspace/.derivedData/Build/Products/Debug-iphoneos -F /Applications/Xcode-16.3.0.app/Contents/Developer/Platforms/iPhoneOS.platform/Developer/Library/Frameworks -F /Applications/Xcode-16.3.0.app/Contents/Developer/Platforms/iPhoneOS.platform/Developer/SDKs/iPhoneOS18.4.sdk/Developer/Library/Frameworks -no-color-diagnostics -enable-testing -g -debug-info-format\=dwarf -dwarf-version\=5 -module-cache-path /Users/admin/builder/spi-builder-workspace/.derivedData/ModuleCache.noindex -profile-generate -profile-coverage-mapping -swift-version 6 -enforce-exclusivity\=checked -stats-output-dir /Users/admin/builder/spi-builder-workspace/.swiftpm/xcode/.stats -Onone -D SWIFT_PACKAGE -D DEBUG -serialize-debugging-options -const-gather-protocols-file /Users/admin/builder/spi-builder-workspace/.derivedData/Build/Intermediates.noindex/SpeechAnalyzerLiveMic.build/Debug-iphoneos/SpeechAnalyzerLiveMic.build/Objects-normal/arm64/SpeechAnalyzerLiveMic_const_extract_protocols.json -enable-experimental-feature DebugDescriptionMacro -empty-abi-descriptor -plugin-path /Applications/Xcode-16.3.0.app/Contents/Developer/Toolchains/XcodeDefault.xctoolchain/usr/lib/swift/host/plugins/testing -validate-clang-modules-once -clang-build-session-file /Users/admin/builder/spi-builder-workspace/.derivedData/ModuleCache.noindex/Session.modulevalidation -Xcc -working-directory -Xcc /Users/admin/builder/spi-builder-workspace/.swiftpm/xcode -resource-dir /Applications/Xcode-16.3.0.app/Contents/Developer/Toolchains/XcodeDefault.xctoolchain/usr/lib/swift -enable-anonymous-context-mangled-names -file-compilation-dir /Users/admin/builder/spi-builder-workspace/.swiftpm/xcode -Xcc -ivfsstatcache -Xcc /Users/admin/builder/spi-builder-workspace/.derivedData/SDKStatCaches.noindex/iphoneos18.4-22E235-339d34bc69d7fc736c3220795c36f340.sdkstatcache -Xcc -I/Users/admin/builder/spi-builder-workspace/.derivedData/Build/Intermediates.noindex/SpeechAnalyzerLiveMic.build/Debug-iphoneos/SpeechAnalyzerLiveMic.build/swift-overrides.hmap -Xcc -I/Users/admin/builder/spi-builder-workspace/.derivedData/Build/Products/Debug-iphoneos/include -Xcc -I/Users/admin/builder/spi-builder-workspace/.derivedData/Build/Intermediates.noindex/SpeechAnalyzerLiveMic.build/Debug-iphoneos/SpeechAnalyzerLiveMic.build/DerivedSources-normal/arm64 -Xcc -I/Users/admin/builder/spi-builder-workspace/.derivedData/Build/Intermediates.noindex/SpeechAnalyzerLiveMic.build/Debug-iphoneos/SpeechAnalyzerLiveMic.build/DerivedSources/arm64 -Xcc -I/Users/admin/builder/spi-builder-workspace/.derivedData/Build/Intermediates.noindex/SpeechAnalyzerLiveMic.build/Debug-iphoneos/SpeechAnalyzerLiveMic.build/DerivedSources -Xcc -DSWIFT_PACKAGE -Xcc -DDEBUG\=1 -module-name SpeechAnalyzerLiveMic -package-name spi_builder_workspace -frontend-parseable-output -disable-clang-spi -target-sdk-version 18.4 -target-sdk-name iphoneos18.4 -external-plugin-path /Applications/Xcode-16.3.0.app/Contents/Developer/Platforms/iPhoneOS.platform/Developer/usr/lib/swift/host/plugins\#/Applications/Xcode-16.3.0.app/Contents/Developer/Platforms/iPhoneOS.platform/Developer/usr/bin/swift-plugin-server -external-plugin-path /Applications/Xcode-16.3.0.app/Contents/Developer/Platforms/iPhoneOS.platform/Developer/usr/local/lib/swift/host/plugins\#/Applications/Xcode-16.3.0.app/Contents/Developer/Platforms/iPhoneOS.platform/Developer/usr/bin/swift-plugin-server -in-process-plugin-server-path /Applications/Xcode-16.3.0.app/Contents/Developer/Toolchains/XcodeDefault.xctoolchain/usr/lib/swift/host/libSwiftInProcPluginServer.dylib -plugin-path /Applications/Xcode-16.3.0.app/Contents/Developer/Toolchains/XcodeDefault.xctoolchain/usr/lib/swift/host/plugins -plugin-path /Applications/Xcode-16.3.0.app/Contents/Developer/Toolchains/XcodeDefault.xctoolchain/usr/local/lib/swift/host/plugins -emit-module-doc-path /Users/admin/builder/spi-builder-workspace/.derivedData/Build/Intermediates.noindex/SpeechAnalyzerLiveMic.build/Debug-iphoneos/SpeechAnalyzerLiveMic.build/Objects-normal/arm64/SpeechAnalyzerLiveMic.swiftdoc -emit-module-source-info-path /Users/admin/builder/spi-builder-workspace/.derivedData/Build/Intermediates.noindex/SpeechAnalyzerLiveMic.build/Debug-iphoneos/SpeechAnalyzerLiveMic.build/Objects-normal/arm64/SpeechAnalyzerLiveMic.swiftsourceinfo -emit-objc-header-path /Users/admin/builder/spi-builder-workspace/.derivedData/Build/Intermediates.noindex/SpeechAnalyzerLiveMic.build/Debug-iphoneos/SpeechAnalyzerLiveMic.build/Objects-normal/arm64/SpeechAnalyzerLiveMic-Swift.h -serialize-diagnostics-path /Users/admin/builder/spi-builder-workspace/.derivedData/Build/Intermediates.noindex/SpeechAnalyzerLiveMic.build/Debug-iphoneos/SpeechAnalyzerLiveMic.build/Objects-normal/arm64/SpeechAnalyzerLiveMic-master-emit-module.dia -emit-dependencies-path /Users/admin/builder/spi-builder-workspace/.derivedData/Build/Intermediates.noindex/SpeechAnalyzerLiveMic.build/Debug-iphoneos/SpeechAnalyzerLiveMic.build/Objects-normal/arm64/SpeechAnalyzerLiveMic-master-emit-module.d -o /Users/admin/builder/spi-builder-workspace/.derivedData/Build/Intermediates.noindex/SpeechAnalyzerLiveMic.build/Debug-iphoneos/SpeechAnalyzerLiveMic.build/Objects-normal/arm64/SpeechAnalyzerLiveMic.swiftmodule -emit-abi-descriptor-path /Users/admin/builder/spi-builder-workspace/.derivedData/Build/Intermediates.noindex/SpeechAnalyzerLiveMic.build/Debug-iphoneos/SpeechAnalyzerLiveMic.build/Objects-normal/arm64/SpeechAnalyzerLiveMic.abi.json
EmitSwiftModule normal arm64 (in target 'SpeechAnalyzerLiveMic' from project 'SpeechAnalyzerLiveMic')
cd /Users/admin/builder/spi-builder-workspace/.swiftpm/xcode
/Users/admin/builder/spi-builder-workspace/Sources/SpeechSession.swift:50:30: error: cannot find type 'SpeechTranscriber' in scope
private var transcriber: SpeechTranscriber?
^~~~~~~~~~~~~~~~~
@__swiftmacro_21SpeechAnalyzerLiveMic0A7SessionC11transcriber012_7689E47F4C6I19ED488A5E2CDCE6A700FLL18ObservationTrackedfMp_.swift:1:48: error: cannot find type 'SpeechTranscriber' in scope
@ObservationIgnored private var _transcriber: SpeechTranscriber?
^~~~~~~~~~~~~~~~~
@__swiftmacro_21SpeechAnalyzerLiveMic0A7SessionC11transcriber012_7689E47F4C6I19ED488A5E2CDCE6A700FLL10ObservablefMr10_.swift:1:1: note: in expansion of macro 'ObservationTracked' on property 'transcriber' here
@ObservationTracked
^
@__swiftmacro_21SpeechAnalyzerLiveMic0A7SessionC11transcriber012_7689E47F4C6I19ED488A5E2CDCE6A700FLL10ObservablefMr10_.swift:1:1: note: in expansion of macro 'ObservationTracked' on property 'transcriber' here
@ObservationTracked
^
/Users/admin/builder/spi-builder-workspace/Sources/SpeechSession.swift:51:27: error: cannot find type 'SpeechAnalyzer' in scope
private var analyzer: SpeechAnalyzer?
^~~~~~~~~~~~~~
@__swiftmacro_21SpeechAnalyzerLiveMic0A7SessionC8analyzer012_7689E47F4C6I19ED488A5E2CDCE6A700FLL18ObservationTrackedfMp_.swift:1:45: error: cannot find type 'SpeechAnalyzer' in scope
@ObservationIgnored private var _analyzer: SpeechAnalyzer?
^~~~~~~~~~~~~~
@__swiftmacro_21SpeechAnalyzerLiveMic0A7SessionC8analyzer012_7689E47F4C6I19ED488A5E2CDCE6A700FLL10ObservablefMr11_.swift:1:1: note: in expansion of macro 'ObservationTracked' on property 'analyzer' here
@ObservationTracked
^
@__swiftmacro_21SpeechAnalyzerLiveMic0A7SessionC8analyzer012_7689E47F4C6I19ED488A5E2CDCE6A700FLL10ObservablefMr11_.swift:1:1: note: in expansion of macro 'ObservationTracked' on property 'analyzer' here
@ObservationTracked
^
/Users/admin/builder/spi-builder-workspace/Sources/SpeechSession.swift:52:43: error: cannot find type 'AnalyzerInput' in scope
private var inputBuilder: AsyncStream<AnalyzerInput>.Continuation?
^~~~~~~~~~~~~
@__swiftmacro_21SpeechAnalyzerLiveMic0A7SessionC12inputBuilder012_7689E47F4C6J19ED488A5E2CDCE6A700FLL18ObservationTrackedfMp_.swift:1:61: error: cannot find type 'AnalyzerInput' in scope
@ObservationIgnored private var _inputBuilder: AsyncStream<AnalyzerInput>.Continuation?
^~~~~~~~~~~~~
@__swiftmacro_21SpeechAnalyzerLiveMic0A7SessionC12inputBuilder012_7689E47F4C6J19ED488A5E2CDCE6A700FLL10ObservablefMr12_.swift:1:1: note: in expansion of macro 'ObservationTracked' on property 'inputBuilder' here
@ObservationTracked
^
@__swiftmacro_21SpeechAnalyzerLiveMic0A7SessionC12inputBuilder012_7689E47F4C6J19ED488A5E2CDCE6A700FLL10ObservablefMr12_.swift:1:1: note: in expansion of macro 'ObservationTracked' on property 'inputBuilder' here
@ObservationTracked
^
/Users/admin/builder/spi-builder-workspace/Sources/SpeechSession.swift:184:56: error: cannot find type 'SpeechTranscriber' in scope
private func ensureModelInstalled(for transcriber: SpeechTranscriber, locale: Locale) async throws {
^~~~~~~~~~~~~~~~~
/Users/admin/builder/spi-builder-workspace/Package.swift: warning: The iOS deployment target 'IPHONEOS_DEPLOYMENT_TARGET' is set to 26.0, but the range of supported deployment target versions is 12.0 to 18.4.99. (in target 'SpeechAnalyzerLiveMic' from project 'SpeechAnalyzerLiveMic')
/Users/admin/builder/spi-builder-workspace/Package.swift: warning: The iOS deployment target 'IPHONEOS_DEPLOYMENT_TARGET' is set to 26.0, but the range of supported deployment target versions is 12.0 to 18.4.99. (in target 'SpeechAnalyzerLiveMic' from project 'SpeechAnalyzerLiveMic')
** BUILD FAILED **
The following build commands failed:
SwiftEmitModule normal arm64 Emitting\ module\ for\ SpeechAnalyzerLiveMic (in target 'SpeechAnalyzerLiveMic' from project 'SpeechAnalyzerLiveMic')
EmitSwiftModule normal arm64 (in target 'SpeechAnalyzerLiveMic' from project 'SpeechAnalyzerLiveMic')
Building workspace spi-builder-workspace with scheme SpeechAnalyzerLiveMic
(3 failures)
Command line invocation:
/Applications/Xcode-16.3.0.app/Contents/Developer/usr/bin/xcodebuild -IDEClonedSourcePackagesDirPathOverride=/Users/admin/builder/spi-builder-workspace/.dependencies -resolvePackageDependencies
Resolve Package Graph
Resolved source packages:
SpeechAnalyzerLiveMic: /Users/admin/builder/spi-builder-workspace
resolved source packages: SpeechAnalyzerLiveMic
{
"dependencies" : [
],
"manifest_display_name" : "SpeechAnalyzerLiveMic",
"name" : "SpeechAnalyzerLiveMic",
"path" : "/Users/admin/builder/spi-builder-workspace",
"platforms" : [
{
"name" : "ios",
"version" : "26.0"
},
{
"name" : "macos",
"version" : "13.0"
}
],
"products" : [
{
"name" : "SpeechAnalyzerLiveMic",
"targets" : [
"SpeechAnalyzerLiveMic"
],
"type" : {
"library" : [
"automatic"
]
}
}
],
"targets" : [
{
"c99name" : "SpeechAnalyzerLiveMicTests",
"module_type" : "SwiftTarget",
"name" : "SpeechAnalyzerLiveMicTests",
"path" : "Tests/SpeechAnalyzerLiveMicTests",
"sources" : [
"AudioBufferConverterTests.swift"
],
"target_dependencies" : [
"SpeechAnalyzerLiveMic"
],
"type" : "test"
},
{
"c99name" : "SpeechAnalyzerLiveMic",
"module_type" : "SwiftTarget",
"name" : "SpeechAnalyzerLiveMic",
"path" : "Sources",
"product_memberships" : [
"SpeechAnalyzerLiveMic"
],
"sources" : [
"AudioBufferConverter.swift",
"SpeechSession.swift"
],
"type" : "library"
}
],
"tools_version" : "6.0"
}
{
"workspace" : {
"name" : "spi-builder-workspace",
"schemes" : [
"SpeechAnalyzerLiveMic"
]
}
}
Running build ...
env DEVELOPER_DIR=/Applications/Xcode-16.3.0.app xcrun xcodebuild -IDEClonedSourcePackagesDirPathOverride=$PWD/.dependencies -skipMacroValidation -skipPackagePluginValidation -derivedDataPath $PWD/.derivedData build -scheme SpeechAnalyzerLiveMic -destination generic/platform=iOS
Command line invocation:
/Applications/Xcode-16.3.0.app/Contents/Developer/usr/bin/xcodebuild -IDEClonedSourcePackagesDirPathOverride=/Users/admin/builder/spi-builder-workspace/.dependencies -skipMacroValidation -skipPackagePluginValidation -derivedDataPath /Users/admin/builder/spi-builder-workspace/.derivedData build -scheme SpeechAnalyzerLiveMic -destination generic/platform=iOS
Resolve Package Graph
Resolved source packages:
SpeechAnalyzerLiveMic: /Users/admin/builder/spi-builder-workspace
ComputePackagePrebuildTargetDependencyGraph
Prepare packages
CreateBuildRequest
SendProjectDescription
CreateBuildOperation
ComputeTargetDependencyGraph
note: Building targets in dependency order
note: Target dependency graph (2 targets)
Target 'SpeechAnalyzerLiveMic' in project 'SpeechAnalyzerLiveMic'
➜ Explicit dependency on target 'SpeechAnalyzerLiveMic' in project 'SpeechAnalyzerLiveMic'
Target 'SpeechAnalyzerLiveMic' in project 'SpeechAnalyzerLiveMic' (no dependencies)
GatherProvisioningInputs
CreateBuildDescription
ExecuteExternalTool /Applications/Xcode-16.3.0.app/Contents/Developer/Toolchains/XcodeDefault.xctoolchain/usr/bin/clang -v -E -dM -isysroot /Applications/Xcode-16.3.0.app/Contents/Developer/Platforms/iPhoneOS.platform/Developer/SDKs/iPhoneOS18.4.sdk -x c -c /dev/null
ExecuteExternalTool /Applications/Xcode-16.3.0.app/Contents/Developer/Toolchains/XcodeDefault.xctoolchain/usr/bin/swiftc --version
ExecuteExternalTool /Applications/Xcode-16.3.0.app/Contents/Developer/Toolchains/XcodeDefault.xctoolchain/usr/bin/ld -version_details
Build description signature: 86d5c189c2fbbec936fec1968973b3b4
Build description path: /Users/admin/builder/spi-builder-workspace/.derivedData/Build/Intermediates.noindex/XCBuildData/86d5c189c2fbbec936fec1968973b3b4.xcbuilddata
ClangStatCache /Applications/Xcode-16.3.0.app/Contents/Developer/Toolchains/XcodeDefault.xctoolchain/usr/bin/clang-stat-cache /Applications/Xcode-16.3.0.app/Contents/Developer/Platforms/iPhoneOS.platform/Developer/SDKs/iPhoneOS18.4.sdk /Users/admin/builder/spi-builder-workspace/.derivedData/SDKStatCaches.noindex/iphoneos18.4-22E235-339d34bc69d7fc736c3220795c36f340.sdkstatcache
cd /Users/admin/builder/spi-builder-workspace/.swiftpm/xcode
/Applications/Xcode-16.3.0.app/Contents/Developer/Toolchains/XcodeDefault.xctoolchain/usr/bin/clang-stat-cache /Applications/Xcode-16.3.0.app/Contents/Developer/Platforms/iPhoneOS.platform/Developer/SDKs/iPhoneOS18.4.sdk -o /Users/admin/builder/spi-builder-workspace/.derivedData/SDKStatCaches.noindex/iphoneos18.4-22E235-339d34bc69d7fc736c3220795c36f340.sdkstatcache
/Users/admin/builder/spi-builder-workspace/Package.swift: warning: The iOS deployment target 'IPHONEOS_DEPLOYMENT_TARGET' is set to 26.0, but the range of supported deployment target versions is 12.0 to 18.4.99. (in target 'SpeechAnalyzerLiveMic' from project 'SpeechAnalyzerLiveMic')
SwiftDriver SpeechAnalyzerLiveMic normal arm64 com.apple.xcode.tools.swift.compiler (in target 'SpeechAnalyzerLiveMic' from project 'SpeechAnalyzerLiveMic')
cd /Users/admin/builder/spi-builder-workspace/.swiftpm/xcode
builtin-SwiftDriver -- /Applications/Xcode-16.3.0.app/Contents/Developer/Toolchains/XcodeDefault.xctoolchain/usr/bin/swiftc -module-name SpeechAnalyzerLiveMic -Onone -enforce-exclusivity\=checked @/Users/admin/builder/spi-builder-workspace/.derivedData/Build/Intermediates.noindex/SpeechAnalyzerLiveMic.build/Debug-iphoneos/SpeechAnalyzerLiveMic.build/Objects-normal/arm64/SpeechAnalyzerLiveMic.SwiftFileList -DSWIFT_PACKAGE -DDEBUG -DXcode -plugin-path /Applications/Xcode-16.3.0.app/Contents/Developer/Toolchains/XcodeDefault.xctoolchain/usr/lib/swift/host/plugins/testing -enable-experimental-feature DebugDescriptionMacro -sdk /Applications/Xcode-16.3.0.app/Contents/Developer/Platforms/iPhoneOS.platform/Developer/SDKs/iPhoneOS18.4.sdk -target arm64-apple-ios26.0 -g -module-cache-path /Users/admin/builder/spi-builder-workspace/.derivedData/ModuleCache.noindex -Xfrontend -serialize-debugging-options -profile-coverage-mapping -profile-generate -enable-testing -index-store-path /Users/admin/builder/spi-builder-workspace/.derivedData/Index.noindex/DataStore -swift-version 6 -I /Users/admin/builder/spi-builder-workspace/.derivedData/Build/Products/Debug-iphoneos -I /Applications/Xcode-16.3.0.app/Contents/Developer/Platforms/iPhoneOS.platform/Developer/usr/lib -F /Users/admin/builder/spi-builder-workspace/.derivedData/Build/Products/Debug-iphoneos -F /Applications/Xcode-16.3.0.app/Contents/Developer/Platforms/iPhoneOS.platform/Developer/Library/Frameworks -F /Applications/Xcode-16.3.0.app/Contents/Developer/Platforms/iPhoneOS.platform/Developer/SDKs/iPhoneOS18.4.sdk/Developer/Library/Frameworks -c -j10 -enable-batch-mode -incremental -Xcc -ivfsstatcache -Xcc /Users/admin/builder/spi-builder-workspace/.derivedData/SDKStatCaches.noindex/iphoneos18.4-22E235-339d34bc69d7fc736c3220795c36f340.sdkstatcache -output-file-map /Users/admin/builder/spi-builder-workspace/.derivedData/Build/Intermediates.noindex/SpeechAnalyzerLiveMic.build/Debug-iphoneos/SpeechAnalyzerLiveMic.build/Objects-normal/arm64/SpeechAnalyzerLiveMic-OutputFileMap.json -use-frontend-parseable-output -save-temps -no-color-diagnostics -serialize-diagnostics -emit-dependencies -emit-module -emit-module-path /Users/admin/builder/spi-builder-workspace/.derivedData/Build/Intermediates.noindex/SpeechAnalyzerLiveMic.build/Debug-iphoneos/SpeechAnalyzerLiveMic.build/Objects-normal/arm64/SpeechAnalyzerLiveMic.swiftmodule -validate-clang-modules-once -clang-build-session-file /Users/admin/builder/spi-builder-workspace/.derivedData/ModuleCache.noindex/Session.modulevalidation -package-name spi_builder_workspace -Xcc -I/Users/admin/builder/spi-builder-workspace/.derivedData/Build/Intermediates.noindex/SpeechAnalyzerLiveMic.build/Debug-iphoneos/SpeechAnalyzerLiveMic.build/swift-overrides.hmap -emit-const-values -Xfrontend -const-gather-protocols-file -Xfrontend /Users/admin/builder/spi-builder-workspace/.derivedData/Build/Intermediates.noindex/SpeechAnalyzerLiveMic.build/Debug-iphoneos/SpeechAnalyzerLiveMic.build/Objects-normal/arm64/SpeechAnalyzerLiveMic_const_extract_protocols.json -Xcc -I/Users/admin/builder/spi-builder-workspace/.derivedData/Build/Products/Debug-iphoneos/include -Xcc -I/Users/admin/builder/spi-builder-workspace/.derivedData/Build/Intermediates.noindex/SpeechAnalyzerLiveMic.build/Debug-iphoneos/SpeechAnalyzerLiveMic.build/DerivedSources-normal/arm64 -Xcc -I/Users/admin/builder/spi-builder-workspace/.derivedData/Build/Intermediates.noindex/SpeechAnalyzerLiveMic.build/Debug-iphoneos/SpeechAnalyzerLiveMic.build/DerivedSources/arm64 -Xcc -I/Users/admin/builder/spi-builder-workspace/.derivedData/Build/Intermediates.noindex/SpeechAnalyzerLiveMic.build/Debug-iphoneos/SpeechAnalyzerLiveMic.build/DerivedSources -Xcc -DSWIFT_PACKAGE -Xcc -DDEBUG\=1 -emit-objc-header -emit-objc-header-path /Users/admin/builder/spi-builder-workspace/.derivedData/Build/Intermediates.noindex/SpeechAnalyzerLiveMic.build/Debug-iphoneos/SpeechAnalyzerLiveMic.build/Objects-normal/arm64/SpeechAnalyzerLiveMic-Swift.h -working-directory /Users/admin/builder/spi-builder-workspace/.swiftpm/xcode -experimental-emit-module-separately -disable-cmo
SwiftCompile normal arm64 Compiling\ AudioBufferConverter.swift /Users/admin/builder/spi-builder-workspace/Sources/AudioBufferConverter.swift (in target 'SpeechAnalyzerLiveMic' from project 'SpeechAnalyzerLiveMic')
SwiftCompile normal arm64 /Users/admin/builder/spi-builder-workspace/Sources/AudioBufferConverter.swift (in target 'SpeechAnalyzerLiveMic' from project 'SpeechAnalyzerLiveMic')
cd /Users/admin/builder/spi-builder-workspace/.swiftpm/xcode
SwiftCompile normal arm64 Compiling\ SpeechSession.swift /Users/admin/builder/spi-builder-workspace/Sources/SpeechSession.swift (in target 'SpeechAnalyzerLiveMic' from project 'SpeechAnalyzerLiveMic')
SwiftCompile normal arm64 /Users/admin/builder/spi-builder-workspace/Sources/SpeechSession.swift (in target 'SpeechAnalyzerLiveMic' from project 'SpeechAnalyzerLiveMic')
cd /Users/admin/builder/spi-builder-workspace/.swiftpm/xcode
SwiftEmitModule normal arm64 Emitting\ module\ for\ SpeechAnalyzerLiveMic (in target 'SpeechAnalyzerLiveMic' from project 'SpeechAnalyzerLiveMic')
Failed frontend command:
/Applications/Xcode-16.3.0.app/Contents/Developer/Toolchains/XcodeDefault.xctoolchain/usr/bin/swift-frontend -frontend -emit-module -experimental-skip-non-inlinable-function-bodies-without-types /Users/admin/builder/spi-builder-workspace/Sources/AudioBufferConverter.swift /Users/admin/builder/spi-builder-workspace/Sources/SpeechSession.swift -target arm64-apple-ios26.0 -Xllvm -aarch64-use-tbi -enable-objc-interop -stack-check -sdk /Applications/Xcode-16.3.0.app/Contents/Developer/Platforms/iPhoneOS.platform/Developer/SDKs/iPhoneOS18.4.sdk -I /Users/admin/builder/spi-builder-workspace/.derivedData/Build/Products/Debug-iphoneos -I /Applications/Xcode-16.3.0.app/Contents/Developer/Platforms/iPhoneOS.platform/Developer/usr/lib -F /Users/admin/builder/spi-builder-workspace/.derivedData/Build/Products/Debug-iphoneos -F /Applications/Xcode-16.3.0.app/Contents/Developer/Platforms/iPhoneOS.platform/Developer/Library/Frameworks -F /Applications/Xcode-16.3.0.app/Contents/Developer/Platforms/iPhoneOS.platform/Developer/SDKs/iPhoneOS18.4.sdk/Developer/Library/Frameworks -no-color-diagnostics -enable-testing -g -debug-info-format\=dwarf -dwarf-version\=5 -module-cache-path /Users/admin/builder/spi-builder-workspace/.derivedData/ModuleCache.noindex -profile-generate -profile-coverage-mapping -swift-version 6 -enforce-exclusivity\=checked -Onone -D SWIFT_PACKAGE -D DEBUG -D Xcode -serialize-debugging-options -const-gather-protocols-file /Users/admin/builder/spi-builder-workspace/.derivedData/Build/Intermediates.noindex/SpeechAnalyzerLiveMic.build/Debug-iphoneos/SpeechAnalyzerLiveMic.build/Objects-normal/arm64/SpeechAnalyzerLiveMic_const_extract_protocols.json -enable-experimental-feature DebugDescriptionMacro -empty-abi-descriptor -plugin-path /Applications/Xcode-16.3.0.app/Contents/Developer/Toolchains/XcodeDefault.xctoolchain/usr/lib/swift/host/plugins/testing -validate-clang-modules-once -clang-build-session-file /Users/admin/builder/spi-builder-workspace/.derivedData/ModuleCache.noindex/Session.modulevalidation -Xcc -working-directory -Xcc /Users/admin/builder/spi-builder-workspace/.swiftpm/xcode -resource-dir /Applications/Xcode-16.3.0.app/Contents/Developer/Toolchains/XcodeDefault.xctoolchain/usr/lib/swift -enable-anonymous-context-mangled-names -file-compilation-dir /Users/admin/builder/spi-builder-workspace/.swiftpm/xcode -Xcc -ivfsstatcache -Xcc /Users/admin/builder/spi-builder-workspace/.derivedData/SDKStatCaches.noindex/iphoneos18.4-22E235-339d34bc69d7fc736c3220795c36f340.sdkstatcache -Xcc -I/Users/admin/builder/spi-builder-workspace/.derivedData/Build/Intermediates.noindex/SpeechAnalyzerLiveMic.build/Debug-iphoneos/SpeechAnalyzerLiveMic.build/swift-overrides.hmap -Xcc -I/Users/admin/builder/spi-builder-workspace/.derivedData/Build/Products/Debug-iphoneos/include -Xcc -I/Users/admin/builder/spi-builder-workspace/.derivedData/Build/Intermediates.noindex/SpeechAnalyzerLiveMic.build/Debug-iphoneos/SpeechAnalyzerLiveMic.build/DerivedSources-normal/arm64 -Xcc -I/Users/admin/builder/spi-builder-workspace/.derivedData/Build/Intermediates.noindex/SpeechAnalyzerLiveMic.build/Debug-iphoneos/SpeechAnalyzerLiveMic.build/DerivedSources/arm64 -Xcc -I/Users/admin/builder/spi-builder-workspace/.derivedData/Build/Intermediates.noindex/SpeechAnalyzerLiveMic.build/Debug-iphoneos/SpeechAnalyzerLiveMic.build/DerivedSources -Xcc -DSWIFT_PACKAGE -Xcc -DDEBUG\=1 -module-name SpeechAnalyzerLiveMic -package-name spi_builder_workspace -frontend-parseable-output -disable-clang-spi -target-sdk-version 18.4 -target-sdk-name iphoneos18.4 -external-plugin-path /Applications/Xcode-16.3.0.app/Contents/Developer/Platforms/iPhoneOS.platform/Developer/usr/lib/swift/host/plugins\#/Applications/Xcode-16.3.0.app/Contents/Developer/Platforms/iPhoneOS.platform/Developer/usr/bin/swift-plugin-server -external-plugin-path /Applications/Xcode-16.3.0.app/Contents/Developer/Platforms/iPhoneOS.platform/Developer/usr/local/lib/swift/host/plugins\#/Applications/Xcode-16.3.0.app/Contents/Developer/Platforms/iPhoneOS.platform/Developer/usr/bin/swift-plugin-server -in-process-plugin-server-path /Applications/Xcode-16.3.0.app/Contents/Developer/Toolchains/XcodeDefault.xctoolchain/usr/lib/swift/host/libSwiftInProcPluginServer.dylib -plugin-path /Applications/Xcode-16.3.0.app/Contents/Developer/Toolchains/XcodeDefault.xctoolchain/usr/lib/swift/host/plugins -plugin-path /Applications/Xcode-16.3.0.app/Contents/Developer/Toolchains/XcodeDefault.xctoolchain/usr/local/lib/swift/host/plugins -emit-module-doc-path /Users/admin/builder/spi-builder-workspace/.derivedData/Build/Intermediates.noindex/SpeechAnalyzerLiveMic.build/Debug-iphoneos/SpeechAnalyzerLiveMic.build/Objects-normal/arm64/SpeechAnalyzerLiveMic.swiftdoc -emit-module-source-info-path /Users/admin/builder/spi-builder-workspace/.derivedData/Build/Intermediates.noindex/SpeechAnalyzerLiveMic.build/Debug-iphoneos/SpeechAnalyzerLiveMic.build/Objects-normal/arm64/SpeechAnalyzerLiveMic.swiftsourceinfo -emit-objc-header-path /Users/admin/builder/spi-builder-workspace/.derivedData/Build/Intermediates.noindex/SpeechAnalyzerLiveMic.build/Debug-iphoneos/SpeechAnalyzerLiveMic.build/Objects-normal/arm64/SpeechAnalyzerLiveMic-Swift.h -serialize-diagnostics-path /Users/admin/builder/spi-builder-workspace/.derivedData/Build/Intermediates.noindex/SpeechAnalyzerLiveMic.build/Debug-iphoneos/SpeechAnalyzerLiveMic.build/Objects-normal/arm64/SpeechAnalyzerLiveMic-master-emit-module.dia -emit-dependencies-path /Users/admin/builder/spi-builder-workspace/.derivedData/Build/Intermediates.noindex/SpeechAnalyzerLiveMic.build/Debug-iphoneos/SpeechAnalyzerLiveMic.build/Objects-normal/arm64/SpeechAnalyzerLiveMic-master-emit-module.d -o /Users/admin/builder/spi-builder-workspace/.derivedData/Build/Intermediates.noindex/SpeechAnalyzerLiveMic.build/Debug-iphoneos/SpeechAnalyzerLiveMic.build/Objects-normal/arm64/SpeechAnalyzerLiveMic.swiftmodule -emit-abi-descriptor-path /Users/admin/builder/spi-builder-workspace/.derivedData/Build/Intermediates.noindex/SpeechAnalyzerLiveMic.build/Debug-iphoneos/SpeechAnalyzerLiveMic.build/Objects-normal/arm64/SpeechAnalyzerLiveMic.abi.json
EmitSwiftModule normal arm64 (in target 'SpeechAnalyzerLiveMic' from project 'SpeechAnalyzerLiveMic')
cd /Users/admin/builder/spi-builder-workspace/.swiftpm/xcode
/Users/admin/builder/spi-builder-workspace/Sources/SpeechSession.swift:50:30: error: cannot find type 'SpeechTranscriber' in scope
private var transcriber: SpeechTranscriber?
^~~~~~~~~~~~~~~~~
@__swiftmacro_21SpeechAnalyzerLiveMic0A7SessionC11transcriber012_7689E47F4C6I19ED488A5E2CDCE6A700FLL18ObservationTrackedfMp_.swift:1:48: error: cannot find type 'SpeechTranscriber' in scope
@ObservationIgnored private var _transcriber: SpeechTranscriber?
^~~~~~~~~~~~~~~~~
@__swiftmacro_21SpeechAnalyzerLiveMic0A7SessionC11transcriber012_7689E47F4C6I19ED488A5E2CDCE6A700FLL10ObservablefMr10_.swift:1:1: note: in expansion of macro 'ObservationTracked' on property 'transcriber' here
@ObservationTracked
^
@__swiftmacro_21SpeechAnalyzerLiveMic0A7SessionC11transcriber012_7689E47F4C6I19ED488A5E2CDCE6A700FLL10ObservablefMr10_.swift:1:1: note: in expansion of macro 'ObservationTracked' on property 'transcriber' here
@ObservationTracked
^
/Users/admin/builder/spi-builder-workspace/Sources/SpeechSession.swift:51:27: error: cannot find type 'SpeechAnalyzer' in scope
private var analyzer: SpeechAnalyzer?
^~~~~~~~~~~~~~
@__swiftmacro_21SpeechAnalyzerLiveMic0A7SessionC8analyzer012_7689E47F4C6I19ED488A5E2CDCE6A700FLL18ObservationTrackedfMp_.swift:1:45: error: cannot find type 'SpeechAnalyzer' in scope
@ObservationIgnored private var _analyzer: SpeechAnalyzer?
^~~~~~~~~~~~~~
@__swiftmacro_21SpeechAnalyzerLiveMic0A7SessionC8analyzer012_7689E47F4C6I19ED488A5E2CDCE6A700FLL10ObservablefMr11_.swift:1:1: note: in expansion of macro 'ObservationTracked' on property 'analyzer' here
@ObservationTracked
^
@__swiftmacro_21SpeechAnalyzerLiveMic0A7SessionC8analyzer012_7689E47F4C6I19ED488A5E2CDCE6A700FLL10ObservablefMr11_.swift:1:1: note: in expansion of macro 'ObservationTracked' on property 'analyzer' here
@ObservationTracked
^
/Users/admin/builder/spi-builder-workspace/Sources/SpeechSession.swift:52:43: error: cannot find type 'AnalyzerInput' in scope
private var inputBuilder: AsyncStream<AnalyzerInput>.Continuation?
^~~~~~~~~~~~~
@__swiftmacro_21SpeechAnalyzerLiveMic0A7SessionC12inputBuilder012_7689E47F4C6J19ED488A5E2CDCE6A700FLL18ObservationTrackedfMp_.swift:1:61: error: cannot find type 'AnalyzerInput' in scope
@ObservationIgnored private var _inputBuilder: AsyncStream<AnalyzerInput>.Continuation?
^~~~~~~~~~~~~
@__swiftmacro_21SpeechAnalyzerLiveMic0A7SessionC12inputBuilder012_7689E47F4C6J19ED488A5E2CDCE6A700FLL10ObservablefMr12_.swift:1:1: note: in expansion of macro 'ObservationTracked' on property 'inputBuilder' here
@ObservationTracked
^
@__swiftmacro_21SpeechAnalyzerLiveMic0A7SessionC12inputBuilder012_7689E47F4C6J19ED488A5E2CDCE6A700FLL10ObservablefMr12_.swift:1:1: note: in expansion of macro 'ObservationTracked' on property 'inputBuilder' here
@ObservationTracked
^
/Users/admin/builder/spi-builder-workspace/Sources/SpeechSession.swift:184:56: error: cannot find type 'SpeechTranscriber' in scope
private func ensureModelInstalled(for transcriber: SpeechTranscriber, locale: Locale) async throws {
^~~~~~~~~~~~~~~~~
/Users/admin/builder/spi-builder-workspace/Package.swift: warning: The iOS deployment target 'IPHONEOS_DEPLOYMENT_TARGET' is set to 26.0, but the range of supported deployment target versions is 12.0 to 18.4.99. (in target 'SpeechAnalyzerLiveMic' from project 'SpeechAnalyzerLiveMic')
** BUILD FAILED **
The following build commands failed:
SwiftEmitModule normal arm64 Emitting\ module\ for\ SpeechAnalyzerLiveMic (in target 'SpeechAnalyzerLiveMic' from project 'SpeechAnalyzerLiveMic')
EmitSwiftModule normal arm64 (in target 'SpeechAnalyzerLiveMic' from project 'SpeechAnalyzerLiveMic')
Building workspace spi-builder-workspace with scheme SpeechAnalyzerLiveMic
(3 failures)
BUILD FAILURE 6.1 iOS