The Swift Package Index logo.Swift Package Index

Build Information

Failed to build Stacked, reference 0.3.1 (b510bc), with Swift 6.4 for Wasm on 20 Sep 2026 14:59:10 UTC.

Build Command

bash -c docker run --pull=always --rm -v "checkouts-54344844-0":/host -w "$PWD" -e JAVA_HOME="/root/.sdkman/candidates/java/current" -e SPI_BUILD="1" -e SPI_PROCESSING="1" registry.gitlab.com/saguaro1/spi-images:wasm-6.4-latest swift build --swift-sdk swift-6.4.x-DEVELOPMENT-SNAPSHOT-2026-09-04-a_wasm 2>&1

Build Log

========================================
RunAll
========================================
Builder version: 5.1.0
Interrupt handler set up.
========================================
Checkout
========================================
Clone URL: https://github.com/ml-archive/stacked.git
Reference: 0.3.1
Initialized empty Git repository in /host/spi-builder-workspace/.git/
hint: Using 'master' as the name for the initial branch. This default branch name
hint: is subject to change. To configure the initial branch name to use in all
hint: of your new repositories, which will suppress this warning, call:
hint:
hint: 	git config --global init.defaultBranch <name>
hint:
hint: Names commonly chosen instead of 'master' are 'main', 'trunk' and
hint: 'development'. The just-created branch can be renamed via this command:
hint:
hint: 	git branch -m <name>
From https://github.com/ml-archive/stacked
 * tag               0.3.1      -> FETCH_HEAD
HEAD is now at b510bcb Merge pull request #20 from nodes-vapor/feature/add-library
Cloned https://github.com/ml-archive/stacked.git
Revision (git rev-parse @):
b510bcbd5fb3f84f3a78540a2c508f477ec44de8
SUCCESS checkout https://github.com/ml-archive/stacked.git at 0.3.1
========================================
Build
========================================
Selected platform:         wasm
Swift version:             6.4
Building package at path:  $PWD
https://github.com/ml-archive/stacked.git
Running build ...
bash -c docker run --pull=always --rm -v "checkouts-54344844-0":/host -w "$PWD" -e JAVA_HOME="/root/.sdkman/candidates/java/current" -e SPI_BUILD="1" -e SPI_PROCESSING="1" registry.gitlab.com/saguaro1/spi-images:wasm-6.4-latest swift build --swift-sdk swift-6.4.x-DEVELOPMENT-SNAPSHOT-2026-09-04-a_wasm 2>&1
wasm-6.4-latest: Pulling from saguaro1/spi-images
Digest: sha256:4328fdb43c680d205c1d6761b1e3267aa38277eefdda9ddfb17b6a0f1a77857a
Status: Image is up to date for registry.gitlab.com/saguaro1/spi-images:wasm-6.4-latest
Fetching https://github.com/nodes-vapor/cstack.git
[1/16] Fetching cstack
Fetched https://github.com/nodes-vapor/cstack.git (0.42s)
Computing version for https://github.com/nodes-vapor/cstack.git
Computed https://github.com/nodes-vapor/cstack.git at 1.0.1 (0.61s)
Creating working copy for https://github.com/nodes-vapor/cstack.git
Working copy of https://github.com/nodes-vapor/cstack.git resolved at 1.0.1
warning: 'cstack': ignoring declared target(s) 'CStack' in the system package
warning: 'cstack': ignoring declared target(s) 'CStack' in the system package
warning: 'cstack': you may be able to install cstack using your system-packager:
    apt-get install cstack
Building for debugging...
[Pre-planning 1 / 68]
[18 / 26] Stacked
error: SwiftCompile normal wasm32 failed with a nonzero exit code. Command line:     cd /host

<module-includes>:1:10: note: in file included from <module-includes>:1:
1 | #include "shim.h"
  |          `- note: in file included from <module-includes>:1:
2 |
/host/spi-builder-workspace/.build/checkouts/cstack/shim.h:4:10: error: 'stack.h' file not found
2 | #define __CSTACK_SHIM_H__
3 |
4 | #include "stack.h"
  |          `- error: 'stack.h' file not found
5 |
6 | #endif
/host/spi-builder-workspace/Sources/Stacked/Stacked.swift:1:8: error: could not build C module 'CStack'
 1 | import CStack
   |        `- error: could not build C module 'CStack'
 2 | import Foundation
 3 |
Failed frontend command:
/usr/bin/swift-frontend -frontend -emit-module -experimental-skip-non-inlinable-function-bodies-without-types /host/spi-builder-workspace/Sources/Stacked/Stacked.swift -target wasm32-unknown-wasip1 -disable-objc-interop -sdk /root/.swiftpm/swift-sdks/swift-6.4.x-DEVELOPMENT-SNAPSHOT-2026-09-04-a_wasm.artifactbundle/swift-6.4.x-DEVELOPMENT-SNAPSHOT-2026-09-04-a_wasm/wasm32-unknown-wasip1/WASI.sdk -sysroot /root/.swiftpm/swift-sdks/swift-6.4.x-DEVELOPMENT-SNAPSHOT-2026-09-04-a_wasm.artifactbundle/swift-6.4.x-DEVELOPMENT-SNAPSHOT-2026-09-04-a_wasm/wasm32-unknown-wasip1/WASI.sdk -I /host/spi-builder-workspace/.build/out/Products/Debug-webassembly-wasm32 -module-cache-path /host/spi-builder-workspace/.build/out/ModuleCache.noindex -color-diagnostics -Xcc -fcolor-diagnostics -enable-testing -g -debug-info-format\=dwarf -dwarf-version\=4 -swift-version 4 -Onone -D SWIFT_PACKAGE -D DEBUG -D SWIFT_MODULE_RESOURCE_BUNDLE_UNAVAILABLE -D Xcode -serialize-debugging-options -enable-experimental-feature DebugDescriptionMacro -empty-abi-descriptor -external-plugin-path /usr/lib/swift/host/plugins/testing\#/usr/bin/swift-plugin-server -validate-clang-modules-once -clang-build-session-file /host/spi-builder-workspace/.build/out/ModuleCache.noindex/Session.modulevalidation -Xcc -working-directory -Xcc /host -resource-dir /root/.swiftpm/swift-sdks/swift-6.4.x-DEVELOPMENT-SNAPSHOT-2026-09-04-a_wasm.artifactbundle/swift-6.4.x-DEVELOPMENT-SNAPSHOT-2026-09-04-a_wasm/wasm32-unknown-wasip1/swift.xctoolchain/usr/lib/swift_static -use-static-resource-dir -enable-anonymous-context-mangled-names -file-compilation-dir /host -Xcc -resource-dir -Xcc /root/.swiftpm/swift-sdks/swift-6.4.x-DEVELOPMENT-SNAPSHOT-2026-09-04-a_wasm.artifactbundle/swift-6.4.x-DEVELOPMENT-SNAPSHOT-2026-09-04-a_wasm/wasm32-unknown-wasip1/swift.xctoolchain/usr/lib/swift_static/clang -Xcc -fmodule-map-file\=/host/spi-builder-workspace/.build/checkouts/cstack/module.modulemap -Xcc -D_LIBCPP_HARDENING_MODE\=_LIBCPP_HARDENING_MODE_DEBUG -Xcc -fmodules-prune-interval\=86400 -Xcc -fmodules-prune-after\=345600 -Xcc -I/host/spi-builder-workspace/.build/out/Products/Debug-webassembly-wasm32/include -Xcc -I/host/spi-builder-workspace/.build/out/Intermediates.noindex/Stacked.build/Debug-webassembly-wasm32/Stacked-t.build/DerivedSources-normal/wasm32 -Xcc -I/host/spi-builder-workspace/.build/out/Intermediates.noindex/Stacked.build/Debug-webassembly-wasm32/Stacked-t.build/DerivedSources/wasm32 -Xcc -I/host/spi-builder-workspace/.build/out/Intermediates.noindex/Stacked.build/Debug-webassembly-wasm32/Stacked-t.build/DerivedSources -Xcc -DSWIFT_PACKAGE -Xcc -DDEBUG\=1 -no-auto-bridging-header-chaining -module-name Stacked -const-gather-protocols-file /host/spi-builder-workspace/.build/out/Intermediates.noindex/Stacked.build/Debug-webassembly-wasm32/Stacked-t.build/Objects-normal/wasm32/Stacked_const_extract_protocols.json -in-process-plugin-server-path /usr/lib/swift/host/libSwiftInProcPluginServer.so -plugin-path /usr/lib/swift/host/plugins -plugin-path /usr/local/lib/swift/host/plugins -emit-module-doc-path /host/spi-builder-workspace/.build/out/Intermediates.noindex/Stacked.build/Debug-webassembly-wasm32/Stacked-t.build/Objects-normal/wasm32/Modules/Stacked.swiftdoc -emit-module-source-info-path /host/spi-builder-workspace/.build/out/Intermediates.noindex/Stacked.build/Debug-webassembly-wasm32/Stacked-t.build/Objects-normal/wasm32/Modules/Stacked.swiftsourceinfo -emit-objc-header-path /host/spi-builder-workspace/.build/out/Intermediates.noindex/Stacked.build/Debug-webassembly-wasm32/Stacked-t.build/Objects-normal/wasm32/Stacked-Swift.h -serialize-diagnostics-path /host/spi-builder-workspace/.build/out/Intermediates.noindex/Stacked.build/Debug-webassembly-wasm32/Stacked-t.build/Objects-normal/wasm32/Stacked-primary-emit-module.dia -emit-dependencies-path /host/spi-builder-workspace/.build/out/Intermediates.noindex/Stacked.build/Debug-webassembly-wasm32/Stacked-t.build/Objects-normal/wasm32/Stacked-primary-emit-module.d -parse-as-library -o /host/spi-builder-workspace/.build/out/Intermediates.noindex/Stacked.build/Debug-webassembly-wasm32/Stacked-t.build/Objects-normal/wasm32/Modules/Stacked.swiftmodule
error: Build failed
BUILD FAILURE 6.4 wasm