Build Information
Failed to build GLib, reference main (895fb2), with Swift 6.4 for tvOS using Xcode 27.0 on 10 Oct 2026 05:20:04 UTC.
Build Command
No build command. This typically means the build failed at an early stage where we determine the build command.Build Log
========================================
RunAll
========================================
Builder version: 5.1.1
Interrupt handler set up.
========================================
Checkout
========================================
Clone URL: https://github.com/rhx/swiftglib.git
Reference: main
Initialized empty Git repository in /Users/admin/builder/spi-builder-workspace/.git/
From https://github.com/rhx/swiftglib
* branch main -> FETCH_HEAD
* [new branch] main -> origin/main
HEAD is now at 895fb27 Merge pull request #10 from vivekgalatage/main
Cloned https://github.com/rhx/swiftglib.git
Revision (git rev-parse @):
895fb2790b0ff43f3e6a233308fb70e980618ccf
SUCCESS checkout https://github.com/rhx/swiftglib.git at main
========================================
Build
========================================
Selected platform: tvOS
Swift version: 6.4
Building package at path: $PWD
https://github.com/rhx/swiftglib.git
Command line invocation:
/Applications/Xcode-27.0.0.app/Contents/Developer/usr/bin/xcodebuild -IDEClonedSourcePackagesDirPathOverride=/Users/admin/builder/spi-builder-workspace/.dependencies -resolvePackageDependencies
Resolve Package Graph
Fetching from https://github.com/rhx/gir2swift.git
Fetching from https://github.com/rhx/SwiftLibXML.git
Fetching from https://github.com/apple/swift-docc-plugin
Fetching from https://github.com/apple/swift-argument-parser
Fetching from https://github.com/jpsim/Yams.git
Fetching from https://github.com/swiftlang/swift-docc-symbolkit
Creating working copy of package ‘SwiftLibXML’
Checking out main (35dea8f) of package ‘SwiftLibXML’
Creating working copy of package ‘swift-argument-parser’
Checking out 1.8.2 of package ‘swift-argument-parser’
Creating working copy of package ‘swift-docc-plugin’
Checking out 1.5.0 of package ‘swift-docc-plugin’
Creating working copy of package ‘Yams’
Checking out 4.0.6 of package ‘Yams’
Creating working copy of package ‘swift-docc-symbolkit’
Checking out 1.0.0 of package ‘swift-docc-symbolkit’
Creating working copy of package ‘gir2swift’
Checking out main (e2b894e) of package ‘gir2swift’
DecodingError.dataCorrupted: Data was corrupted. Debug description: The given data was not valid JSON.. Underlying error: Error Domain=NSCocoaErrorDomain Code=3840 "Unexpected end of file" UserInfo={NSDebugDescription=Unexpected end of file}Resolve Package Graph
DecodingError.dataCorrupted: Data was corrupted. Debug description: The given data was not valid JSON.. Underlying error: Error Domain=NSCocoaErrorDomain Code=3840 "Unexpected end of file" UserInfo={NSDebugDescription=Unexpected end of file}
Resolved source packages:
spi-builder-workspace: (null)
2026-10-10 01:19:57.261 xcodebuild[529:3028] Writing error result bundle to /var/folders/xq/y_g06wb113726d38xsyx71_h0000gn/T/ResultBundle_2026-10-10_01-19-0057.xcresult
xcodebuild: error: Could not resolve package dependencies:
DecodingError.dataCorrupted: Data was corrupted. Debug description: The given data was not valid JSON.. Underlying error: Error Domain=NSCocoaErrorDomain Code=3840 "Unexpected end of file" UserInfo={NSDebugDescription=Unexpected end of file}
Command line invocation:
/Applications/Xcode-27.0.0.app/Contents/Developer/usr/bin/xcodebuild -IDEClonedSourcePackagesDirPathOverride=/Users/admin/builder/spi-builder-workspace/.dependencies -resolvePackageDependencies
Resolve Package Graph
DecodingError.dataCorrupted: Data was corrupted. Debug description: The given data was not valid JSON.. Underlying error: Error Domain=NSCocoaErrorDomain Code=3840 "Unexpected end of file" UserInfo={NSDebugDescription=Unexpected end of file}
Resolved source packages:
spi-builder-workspace: (null)
2026-10-10 01:20:04.506 xcodebuild[920:5241] Writing error result bundle to /var/folders/xq/y_g06wb113726d38xsyx71_h0000gn/T/ResultBundle_2026-10-10_01-20-0004.xcresult
xcodebuild: error: Could not resolve package dependencies:
DecodingError.dataCorrupted: Data was corrupted. Debug description: The given data was not valid JSON.. Underlying error: Error Domain=NSCocoaErrorDomain Code=3840 "Unexpected end of file" UserInfo={NSDebugDescription=Unexpected end of file}
BUILD FAILURE 6.4 tvOS