The Swift Package Index logo.Swift Package Index

Build Information

Failed to build Nuke-AVIF-Plugin, reference main (e6e978), with Swift 6.4 for watchOS using Xcode 27.0 on 18 Sep 2026 08:44:21 UTC.

Build Command

No build command. This typically means the build failed at an early stage where we determine the build command.

Build Log

========================================
RunAll
========================================
Builder version: 5.1.0
Interrupt handler set up.
========================================
Checkout
========================================
Clone URL: https://github.com/delneg/Nuke-AVIF-Plugin.git
Reference: main
Initialized empty Git repository in /Users/admin/builder/spi-builder-workspace/.git/
From https://github.com/delneg/Nuke-AVIF-Plugin
 * branch            main       -> FETCH_HEAD
 * [new branch]      main       -> origin/main
HEAD is now at e6e9786 Update Package.swift to support Nuke version 11 ..< 13 (#3)
Cloned https://github.com/delneg/Nuke-AVIF-Plugin.git
Revision (git rev-parse @):
e6e9786f453159b30e0550bfce518a4f4e01fe87
SUCCESS checkout https://github.com/delneg/Nuke-AVIF-Plugin.git at main
========================================
Build
========================================
Selected platform:         watchOS
Swift version:             6.4
Building package at path:  $PWD
https://github.com/delneg/Nuke-AVIF-Plugin.git
Command line invocation:
    /Applications/Xcode-27.0.0-Release.Candidate.app/Contents/Developer/usr/bin/xcodebuild -IDEClonedSourcePackagesDirPathOverride=/Users/admin/builder/spi-builder-workspace/.dependencies -resolvePackageDependencies
2026-09-18 04:44:19.862 xcodebuild[529:3006] Writing error result bundle to /var/folders/xq/y_g06wb113726d38xsyx71_h0000gn/T/ResultBundle_2026-18-09_04-44-0019.xcresult
xcodebuild: error: The directory /Users/admin/builder/spi-builder-workspace contains 2 projects, including multiple projects with the current extension (.xcodeproj). Specify the project to use with the -project option.
Command line invocation:
    /Applications/Xcode-27.0.0-Release.Candidate.app/Contents/Developer/usr/bin/xcodebuild -IDEClonedSourcePackagesDirPathOverride=/Users/admin/builder/spi-builder-workspace/.dependencies -resolvePackageDependencies
2026-09-18 04:44:20.875 xcodebuild[539:3084] Writing error result bundle to /var/folders/xq/y_g06wb113726d38xsyx71_h0000gn/T/ResultBundle_2026-18-09_04-44-0020.xcresult
xcodebuild: error: The directory /Users/admin/builder/spi-builder-workspace contains 2 projects, including multiple projects with the current extension (.xcodeproj). Specify the project to use with the -project option.
BUILD FAILURE 6.4 watchOS