The Swift Package Index logo.Swift Package Index

Build Information

Failed to build galah, reference v1.0.2 (49cd69), with Swift 6.4 for Android on 21 Sep 2026 13:42:39 UTC.

Build Command

bash -c docker run --pull=always --rm -v "checkouts-54344843-2":/host -w "$PWD" -e JAVA_HOME="/root/.sdkman/candidates/java/current" -e SPI_BUILD="1" -e SPI_PROCESSING="1" registry.gitlab.com/saguaro1/spi-images:android-6.4-latest swift build --swift-sdk aarch64-unknown-linux-android28 2>&1

Build Log

========================================
RunAll
========================================
Builder version: 5.1.0
Interrupt handler set up.
========================================
Checkout
========================================
Clone URL: https://github.com/wabiverse/galah.git
Reference: v1.0.2
Initialized empty Git repository in /host/spi-builder-workspace/.git/
hint: Using 'master' as the name for the initial branch. This default branch name
hint: is subject to change. To configure the initial branch name to use in all
hint: of your new repositories, which will suppress this warning, call:
hint:
hint: 	git config --global init.defaultBranch <name>
hint:
hint: Names commonly chosen instead of 'master' are 'main', 'trunk' and
hint: 'development'. The just-created branch can be renamed via this command:
hint:
hint: 	git branch -m <name>
From https://github.com/wabiverse/galah
 * tag               v1.0.2     -> FETCH_HEAD
HEAD is now at 49cd69c Bump swift syntax and stacky macros. * also silence retroactive conformance warnings.
Cloned https://github.com/wabiverse/galah.git
Revision (git rev-parse @):
49cd69c9af968c034b345e39956ad458ce9bd27d
SUCCESS checkout https://github.com/wabiverse/galah.git at v1.0.2
========================================
Build
========================================
Selected platform:         android
Swift version:             6.4
Building package at path:  $PWD
https://github.com/wabiverse/galah.git
Running build ...
bash -c docker run --pull=always --rm -v "checkouts-54344843-2":/host -w "$PWD" -e JAVA_HOME="/root/.sdkman/candidates/java/current" -e SPI_BUILD="1" -e SPI_PROCESSING="1" registry.gitlab.com/saguaro1/spi-images:android-6.4-latest swift build --swift-sdk aarch64-unknown-linux-android28 2>&1
android-6.4-latest: Pulling from saguaro1/spi-images
Digest: sha256:abadcff584c273feba50641b454858d377ba30b35ea7287a94f45ebd8afd0ea0
Status: Image is up to date for registry.gitlab.com/saguaro1/spi-images:android-6.4-latest
Fetching https://github.com/stackotter/swift-macro-toolkit
Fetching https://github.com/swiftlang/swift-syntax.git
Fetching https://github.com/swiftwasm/carton
Fetching https://github.com/apple/swift-argument-parser
[1/996] Fetching swift-macro-toolkit
[958/10842] Fetching swift-macro-toolkit, carton
[7693/29760] Fetching swift-macro-toolkit, carton, swift-argument-parser
Fetched https://github.com/apple/swift-argument-parser (0.86s)
Fetched https://github.com/swiftwasm/carton (0.86s)
[1/79999] Fetching swift-syntax
Fetched https://github.com/stackotter/swift-macro-toolkit (3.70s)
Fetched https://github.com/swiftlang/swift-syntax.git (3.72s)
Computing version for https://github.com/swiftlang/swift-syntax.git
Computed https://github.com/swiftlang/swift-syntax.git at 600.0.1 (4.03s)
Computing version for https://github.com/swiftwasm/carton
Computed https://github.com/swiftwasm/carton at 1.1.3 (0.18s)
Fetching https://github.com/swiftwasm/WasmTransformer
Fetching https://github.com/apple/swift-nio.git
[1/809] Fetching wasmtransformer
[810/86874] Fetching wasmtransformer, swift-nio
Fetched https://github.com/swiftwasm/WasmTransformer (3.63s)
Fetched https://github.com/apple/swift-nio.git (3.67s)
Computing version for https://github.com/swiftwasm/WasmTransformer
Computed https://github.com/swiftwasm/WasmTransformer at 0.5.0 (3.86s)
Computing version for https://github.com/apple/swift-argument-parser
Computed https://github.com/apple/swift-argument-parser at 1.3.1 (0.16s)
Computing version for https://github.com/stackotter/swift-macro-toolkit
Computed https://github.com/stackotter/swift-macro-toolkit at 0.9.0 (0.20s)
Computing version for https://github.com/apple/swift-nio.git
Computed https://github.com/apple/swift-nio.git at 2.103.0 (0.37s)
Fetching https://github.com/apple/swift-collections.git
Fetching https://github.com/apple/swift-atomics.git
Fetching https://github.com/apple/swift-system.git
[1/1875] Fetching swift-atomics
[1876/8773] Fetching swift-atomics, swift-system
Fetched https://github.com/apple/swift-atomics.git (0.76s)
Fetched https://github.com/apple/swift-system.git (0.76s)
[1/27352] Fetching swift-collections
Fetched https://github.com/apple/swift-collections.git (1.44s)
Computing version for https://github.com/apple/swift-atomics.git
Computed https://github.com/apple/swift-atomics.git at 1.3.1 (1.61s)
Computing version for https://github.com/apple/swift-collections.git
Computed https://github.com/apple/swift-collections.git at 1.6.0 (0.29s)
Computing version for https://github.com/apple/swift-system.git
Computed https://github.com/apple/swift-system.git at 1.8.1 (0.23s)
Creating working copy for https://github.com/apple/swift-atomics.git
Working copy of https://github.com/apple/swift-atomics.git resolved at 1.3.1
Creating working copy for https://github.com/apple/swift-nio.git
Working copy of https://github.com/apple/swift-nio.git resolved at 2.103.0
Creating working copy for https://github.com/stackotter/swift-macro-toolkit
Working copy of https://github.com/stackotter/swift-macro-toolkit resolved at 0.9.0
Creating working copy for https://github.com/swiftwasm/WasmTransformer
Working copy of https://github.com/swiftwasm/WasmTransformer resolved at 0.5.0
Creating working copy for https://github.com/swiftlang/swift-syntax.git
Working copy of https://github.com/swiftlang/swift-syntax.git resolved at 600.0.1
Creating working copy for https://github.com/apple/swift-argument-parser
Working copy of https://github.com/apple/swift-argument-parser resolved at 1.3.1
Creating working copy for https://github.com/apple/swift-collections.git
Working copy of https://github.com/apple/swift-collections.git resolved at 1.6.0
Creating working copy for https://github.com/apple/swift-system.git
Working copy of https://github.com/apple/swift-system.git resolved at 1.8.1
Creating working copy for https://github.com/swiftwasm/carton
Working copy of https://github.com/swiftwasm/carton resolved at 1.1.3
Building for debugging...
[Computing dependencies]
[Constructing description]
[Pre-planning 1 / 681]
[Planning deferred tasks]
[Starting]
[65 / 283] SwiftSyntax509
[146 / 293] ArgumentParserToolInfo
[148 / 295] SwiftSyntax510
[165 / 296] SwiftSyntax
[169 / 305] SwiftSyntax
[169 / 305] ArgumentParserToolInfo
[172 / 306] ArgumentParserToolInfo
[180 / 309] SwiftSyntax509
[184 / 309] SwiftSyntax510
[187 / 309] SwiftSyntax509
[189 / 309] ArgumentParserToolInfo
[191 / 309] ArgumentParser
[192 / 310]
[194 / 319] ArgumentParser
[195 / 319] ArgumentParser
[196 / 319] ArgumentParser
[197 / 319] ArgumentParser
[198 / 319] ArgumentParser
[199 / 319] ArgumentParser
[201 / 319] ArgumentParser
error: SwiftCompile normal aarch64 /host/spi-builder-workspace/.build/checkouts/swift-argument-parser/Sources/ArgumentParser/Utilities/Platform.swift failed with a nonzero exit code. Command line:     cd /host
    builtin-SwiftPerFileCompile Platform.swift
[205 / 319] ArgumentParser
/host/spi-builder-workspace/.build/checkouts/swift-argument-parser/Sources/ArgumentParser/Utilities/Platform.swift:46:26: error: cannot find 'getenv' in scope
 44 | #else
 45 |     // FIXME: This retrieves the user's preferred shell, not necessarily the one currently in use.
 46 |     guard let shellVar = getenv("SHELL") else { return nil }
    |                          `- error: cannot find 'getenv' in scope
 47 |     let shellParts = String(cString: shellVar).split(separator: "/")
 48 |     return shellParts.last.map(String.init)
/host/spi-builder-workspace/.build/checkouts/swift-argument-parser/Sources/ArgumentParser/Utilities/Platform.swift:66:5: error: cannot find 'EXIT_SUCCESS' in scope
 64 |   /// The code for successful exit.
 65 |   static var exitCodeSuccess: Int32 {
 66 |     EXIT_SUCCESS
    |     `- error: cannot find 'EXIT_SUCCESS' in scope
 67 |   }
 68 |
/host/spi-builder-workspace/.build/checkouts/swift-argument-parser/Sources/ArgumentParser/Utilities/Platform.swift:71:5: error: cannot find 'EXIT_FAILURE' in scope
 69 |   /// The code for exit with a general failure.
 70 |   static var exitCodeFailure: Int32 {
 71 |     EXIT_FAILURE
    |     `- error: cannot find 'EXIT_FAILURE' in scope
 72 |   }
 73 |
/host/spi-builder-workspace/.build/checkouts/swift-argument-parser/Sources/ArgumentParser/Utilities/Platform.swift:81:12: error: cannot find 'EX_USAGE' in scope
 79 |     return EXIT_FAILURE
 80 | #else
 81 |     return EX_USAGE
    |            `- error: cannot find 'EX_USAGE' in scope
 82 | #endif
 83 |   }
/host/spi-builder-workspace/.build/checkouts/swift-argument-parser/Sources/ArgumentParser/Utilities/Platform.swift:111:33: error: cannot find 'putc' in scope
109 |   struct StandardError: TextOutputStream {
110 |     mutating func write(_ string: String) {
111 |       for byte in string.utf8 { putc(numericCast(byte), stderr) }
    |                                 `- error: cannot find 'putc' in scope
112 |     }
113 |   }
/host/spi-builder-workspace/.build/checkouts/swift-argument-parser/Sources/ArgumentParser/Utilities/Platform.swift:111:57: error: cannot find 'stderr' in scope
109 |   struct StandardError: TextOutputStream {
110 |     mutating func write(_ string: String) {
111 |       for byte in string.utf8 { putc(numericCast(byte), stderr) }
    |                                                         `- error: cannot find 'stderr' in scope
112 |     }
113 |   }
/host/spi-builder-workspace/.build/checkouts/swift-argument-parser/Sources/ArgumentParser/Utilities/Platform.swift:167:23: error: cannot find 'getenv' in scope
165 |
166 | #if !os(Windows) && !os(WASI)
167 |     if let colsCStr = getenv("COLUMNS"), let colsVal = Int(String(cString: colsCStr)) {
    |                       `- error: cannot find 'getenv' in scope
168 |       width = colsVal
169 |     }
/host/spi-builder-workspace/.build/checkouts/swift-argument-parser/Sources/ArgumentParser/Utilities/Platform.swift:170:24: error: cannot find 'getenv' in scope
168 |       width = colsVal
169 |     }
170 |     if let linesCStr = getenv("LINES"), let linesVal = Int(String(cString: linesCStr)) {
    |                        `- error: cannot find 'getenv' in scope
171 |       height = linesVal
172 |     }
/host/spi-builder-workspace/.build/checkouts/swift-argument-parser/Sources/ArgumentParser/Utilities/Platform.swift:194:13: error: cannot find 'winsize' in scope
192 |             height: Int(csbi.srWindow.Bottom - csbi.srWindow.Top) + 1)
193 | #else
194 |     var w = winsize()
    |             `- error: cannot find 'winsize' in scope
195 |
196 | #if os(OpenBSD)
/host/spi-builder-workspace/.build/checkouts/swift-argument-parser/Sources/ArgumentParser/Utilities/Platform.swift:203:15: error: cannot find 'ioctl' in scope
201 |     let err = ioctl(STDOUT_FILENO, UInt(TIOCGWINSZ), &w)
202 | #else
203 |     let err = ioctl(STDOUT_FILENO, TIOCGWINSZ, &w)
    |               `- error: cannot find 'ioctl' in scope
204 | #endif
205 |     guard err == 0 else { return (width: nil, height: nil) }
/host/spi-builder-workspace/.build/checkouts/swift-argument-parser/Sources/ArgumentParser/Utilities/Platform.swift:203:21: error: cannot find 'STDOUT_FILENO' in scope
201 |     let err = ioctl(STDOUT_FILENO, UInt(TIOCGWINSZ), &w)
202 | #else
203 |     let err = ioctl(STDOUT_FILENO, TIOCGWINSZ, &w)
    |                     `- error: cannot find 'STDOUT_FILENO' in scope
204 | #endif
205 |     guard err == 0 else { return (width: nil, height: nil) }
/host/spi-builder-workspace/.build/checkouts/swift-argument-parser/Sources/ArgumentParser/Utilities/Platform.swift:203:36: error: cannot find 'TIOCGWINSZ' in scope
201 |     let err = ioctl(STDOUT_FILENO, UInt(TIOCGWINSZ), &w)
202 | #else
203 |     let err = ioctl(STDOUT_FILENO, TIOCGWINSZ, &w)
    |                                    `- error: cannot find 'TIOCGWINSZ' in scope
204 | #endif
205 |     guard err == 0 else { return (width: nil, height: nil) }
Failed frontend command:
/root/.local/share/swiftly/toolchains/6.4.x-snapshot-2026-09-04/usr/bin/swift-frontend -frontend -c /host/spi-builder-workspace/.build/checkouts/swift-argument-parser/Sources/ArgumentParser/Completions/BashCompletionsGenerator.swift /host/spi-builder-workspace/.build/checkouts/swift-argument-parser/Sources/ArgumentParser/Completions/CompletionsGenerator.swift /host/spi-builder-workspace/.build/checkouts/swift-argument-parser/Sources/ArgumentParser/Completions/FishCompletionsGenerator.swift /host/spi-builder-workspace/.build/checkouts/swift-argument-parser/Sources/ArgumentParser/Completions/ZshCompletionsGenerator.swift /host/spi-builder-workspace/.build/checkouts/swift-argument-parser/Sources/ArgumentParser/Parsable\ Properties/Argument.swift /host/spi-builder-workspace/.build/checkouts/swift-argument-parser/Sources/ArgumentParser/Parsable\ Properties/ArgumentHelp.swift /host/spi-builder-workspace/.build/checkouts/swift-argument-parser/Sources/ArgumentParser/Parsable\ Properties/ArgumentVisibility.swift /host/spi-builder-workspace/.build/checkouts/swift-argument-parser/Sources/ArgumentParser/Parsable\ Properties/CompletionKind.swift /host/spi-builder-workspace/.build/checkouts/swift-argument-parser/Sources/ArgumentParser/Parsable\ Properties/Errors.swift /host/spi-builder-workspace/.build/checkouts/swift-argument-parser/Sources/ArgumentParser/Parsable\ Properties/Flag.swift /host/spi-builder-workspace/.build/checkouts/swift-argument-parser/Sources/ArgumentParser/Parsable\ Properties/NameSpecification.swift /host/spi-builder-workspace/.build/checkouts/swift-argument-parser/Sources/ArgumentParser/Parsable\ Properties/Option.swift /host/spi-builder-workspace/.build/checkouts/swift-argument-parser/Sources/ArgumentParser/Parsable\ Properties/OptionGroup.swift /host/spi-builder-workspace/.build/checkouts/swift-argument-parser/Sources/ArgumentParser/Parsable\ Types/AsyncParsableCommand.swift /host/spi-builder-workspace/.build/checkouts/swift-argument-parser/Sources/ArgumentParser/Parsable\ Types/CommandConfiguration.swift /host/spi-builder-workspace/.build/checkouts/swift-argument-parser/Sources/ArgumentParser/Parsable\ Types/EnumerableFlag.swift /host/spi-builder-workspace/.build/checkouts/swift-argument-parser/Sources/ArgumentParser/Parsable\ Types/ExpressibleByArgument.swift /host/spi-builder-workspace/.build/checkouts/swift-argument-parser/Sources/ArgumentParser/Parsable\ Types/ParsableArguments.swift /host/spi-builder-workspace/.build/checkouts/swift-argument-parser/Sources/ArgumentParser/Parsable\ Types/ParsableArgumentsValidation.swift /host/spi-builder-workspace/.build/checkouts/swift-argument-parser/Sources/ArgumentParser/Parsable\ Types/ParsableCommand.swift /host/spi-builder-workspace/.build/checkouts/swift-argument-parser/Sources/ArgumentParser/Parsing/ArgumentDecoder.swift /host/spi-builder-workspace/.build/checkouts/swift-argument-parser/Sources/ArgumentParser/Parsing/ArgumentDefinition.swift /host/spi-builder-workspace/.build/checkouts/swift-argument-parser/Sources/ArgumentParser/Parsing/ArgumentSet.swift /host/spi-builder-workspace/.build/checkouts/swift-argument-parser/Sources/ArgumentParser/Parsing/CommandParser.swift /host/spi-builder-workspace/.build/checkouts/swift-argument-parser/Sources/ArgumentParser/Parsing/InputKey.swift /host/spi-builder-workspace/.build/checkouts/swift-argument-parser/Sources/ArgumentParser/Parsing/InputOrigin.swift /host/spi-builder-workspace/.build/checkouts/swift-argument-parser/Sources/ArgumentParser/Parsing/Name.swift /host/spi-builder-workspace/.build/checkouts/swift-argument-parser/Sources/ArgumentParser/Parsing/Parsed.swift /host/spi-builder-workspace/.build/checkouts/swift-argument-parser/Sources/ArgumentParser/Parsing/ParsedValues.swift /host/spi-builder-workspace/.build/checkouts/swift-argument-parser/Sources/ArgumentParser/Parsing/ParserError.swift /host/spi-builder-workspace/.build/checkouts/swift-argument-parser/Sources/ArgumentParser/Parsing/SplitArguments.swift /host/spi-builder-workspace/.build/checkouts/swift-argument-parser/Sources/ArgumentParser/Usage/DumpHelpGenerator.swift /host/spi-builder-workspace/.build/checkouts/swift-argument-parser/Sources/ArgumentParser/Usage/HelpCommand.swift /host/spi-builder-workspace/.build/checkouts/swift-argument-parser/Sources/ArgumentParser/Usage/HelpGenerator.swift /host/spi-builder-workspace/.build/checkouts/swift-argument-parser/Sources/ArgumentParser/Usage/MessageInfo.swift /host/spi-builder-workspace/.build/checkouts/swift-argument-parser/Sources/ArgumentParser/Usage/UsageGenerator.swift -primary-file /host/spi-builder-workspace/.build/checkouts/swift-argument-parser/Sources/ArgumentParser/Utilities/CollectionExtensions.swift -primary-file /host/spi-builder-workspace/.build/checkouts/swift-argument-parser/Sources/ArgumentParser/Utilities/Platform.swift -primary-file /host/spi-builder-workspace/.build/checkouts/swift-argument-parser/Sources/ArgumentParser/Utilities/SequenceExtensions.swift -primary-file /host/spi-builder-workspace/.build/checkouts/swift-argument-parser/Sources/ArgumentParser/Utilities/StringExtensions.swift -primary-file /host/spi-builder-workspace/.build/checkouts/swift-argument-parser/Sources/ArgumentParser/Utilities/Tree.swift -supplementary-output-file-map /host/spi-builder-workspace/.build/out/Intermediates.noindex/swift-argument-parser.build/Debug-android-aarch64/ArgumentParser-t.build/Objects-normal/aarch64/supplementaryOutputs-16 -target aarch64-unknown-linux-android28 -Xllvm -aarch64-use-tbi -disable-objc-interop -sdk /android-ndk/android-ndk-r27d/toolchains/llvm/prebuilt/linux-x86_64/sysroot -sysroot /android-ndk/android-ndk-r27d/toolchains/llvm/prebuilt/linux-x86_64/sysroot -I /host/spi-builder-workspace/.build/out/Products/Debug-android-aarch64 -module-cache-path /host/spi-builder-workspace/.build/out/ModuleCache.noindex -color-diagnostics -Xcc -fcolor-diagnostics -enable-testing -g -debug-info-format\=dwarf -dwarf-version\=4 -suppress-warnings -swift-version 5 -Onone -D SWIFT_PACKAGE -D DEBUG -D SWIFT_MODULE_RESOURCE_BUNDLE_UNAVAILABLE -D Xcode -serialize-debugging-options -enable-experimental-feature StrictConcurrency -enable-experimental-feature DebugDescriptionMacro -empty-abi-descriptor -external-plugin-path /root/.local/share/swiftly/toolchains/6.4.x-snapshot-2026-09-04/usr/lib/swift/host/plugins/testing\#/root/.local/share/swiftly/toolchains/6.4.x-snapshot-2026-09-04/usr/bin/swift-plugin-server -validate-clang-modules-once -clang-build-session-file /host/spi-builder-workspace/.build/out/ModuleCache.noindex/Session.modulevalidation -Xcc -working-directory -Xcc /host -resource-dir /root/.swiftpm/swift-sdks/swift-6.4.x-DEVELOPMENT-SNAPSHOT-2026-09-04-a_android.artifactbundle/swift-android/swift-resources/usr/lib/swift-aarch64 -enable-anonymous-context-mangled-names -file-compilation-dir /host -Xcc -resource-dir -Xcc /android-ndk/android-ndk-r27d/toolchains/llvm/prebuilt/linux-x86_64/lib/clang/18 -Xcc -fno-omit-frame-pointer -Xcc -D_LIBCPP_HARDENING_MODE\=_LIBCPP_HARDENING_MODE_DEBUG -Xcc -fmodules-prune-interval\=86400 -Xcc -fmodules-prune-after\=345600 -Xcc -I/host/spi-builder-workspace/.build/out/Products/Debug-android-aarch64/include -Xcc -I/host/spi-builder-workspace/.build/out/Intermediates.noindex/swift-argument-parser.build/Debug-android-aarch64/ArgumentParser-t.build/DerivedSources-normal/aarch64 -Xcc -I/host/spi-builder-workspace/.build/out/Intermediates.noindex/swift-argument-parser.build/Debug-android-aarch64/ArgumentParser-t.build/DerivedSources/aarch64 -Xcc -I/host/spi-builder-workspace/.build/out/Intermediates.noindex/swift-argument-parser.build/Debug-android-aarch64/ArgumentParser-t.build/DerivedSources -Xcc -DSWIFT_PACKAGE -Xcc -DDEBUG\=1 -no-auto-bridging-header-chaining -module-name ArgumentParser -const-gather-protocols-file /host/spi-builder-workspace/.build/out/Intermediates.noindex/swift-argument-parser.build/Debug-android-aarch64/ArgumentParser-t.build/Objects-normal/aarch64/ArgumentParser_const_extract_protocols.json -in-process-plugin-server-path /root/.local/share/swiftly/toolchains/6.4.x-snapshot-2026-09-04/usr/lib/swift/host/libSwiftInProcPluginServer.so -plugin-path /root/.local/share/swiftly/toolchains/6.4.x-snapshot-2026-09-04/usr/lib/swift/host/plugins -plugin-path /root/.local/share/swiftly/toolchains/6.4.x-snapshot-2026-09-04/usr/local/lib/swift/host/plugins -parse-as-library -o /host/spi-builder-workspace/.build/out/Intermediates.noindex/swift-argument-parser.build/Debug-android-aarch64/ArgumentParser-t.build/Objects-normal/aarch64/CollectionExtensions.o -o /host/spi-builder-workspace/.build/out/Intermediates.noindex/swift-argument-parser.build/Debug-android-aarch64/ArgumentParser-t.build/Objects-normal/aarch64/Platform.o -o /host/spi-builder-workspace/.build/out/Intermediates.noindex/swift-argument-parser.build/Debug-android-aarch64/ArgumentParser-t.build/Objects-normal/aarch64/SequenceExtensions.o -o /host/spi-builder-workspace/.build/out/Intermediates.noindex/swift-argument-parser.build/Debug-android-aarch64/ArgumentParser-t.build/Objects-normal/aarch64/StringExtensions.o -o /host/spi-builder-workspace/.build/out/Intermediates.noindex/swift-argument-parser.build/Debug-android-aarch64/ArgumentParser-t.build/Objects-normal/aarch64/Tree.o -index-unit-output-path /swift-argument-parser.build/Debug-android-aarch64/ArgumentParser-t.build/Objects-normal/aarch64/CollectionExtensions.o -index-unit-output-path /swift-argument-parser.build/Debug-android-aarch64/ArgumentParser-t.build/Objects-normal/aarch64/Platform.o -index-unit-output-path /swift-argument-parser.build/Debug-android-aarch64/ArgumentParser-t.build/Objects-normal/aarch64/SequenceExtensions.o -index-unit-output-path /swift-argument-parser.build/Debug-android-aarch64/ArgumentParser-t.build/Objects-normal/aarch64/StringExtensions.o -index-unit-output-path /swift-argument-parser.build/Debug-android-aarch64/ArgumentParser-t.build/Objects-normal/aarch64/Tree.o -index-store-path /host/spi-builder-workspace/.build/out -index-system-modules
error: Build failed
BUILD FAILURE 6.4 android