Build Information
Failed to build SwiftUIImageViewer, reference 2.3.1 (f61f29), with Swift 6.4 for watchOS using Xcode 27.0 on 17 Sep 2026 15:53:48 UTC.
Build Command
env DEVELOPER_DIR=/Applications/Xcode-27.0.0-Release.Candidate.app xcrun xcodebuild -IDEClonedSourcePackagesDirPathOverride=$PWD/.dependencies -skipMacroValidation -skipPackagePluginValidation -derivedDataPath $PWD/.derivedData build -scheme SwiftUIImageViewer-Package -destination generic/platform=watchOSBuild Log
Ld /Users/admin/builder/spi-builder-workspace/.derivedData/Build/Intermediates.noindex/URLImage.build/Debug-watchos/RemoteContentView-t.build/Objects-normal/arm64_32/Binary/RemoteContentView.o normal arm64_32 (in target 'RemoteContentView' from project 'URLImage')
cd /Users/admin/builder/spi-builder-workspace/.dependencies/checkouts/url-image
/Applications/Xcode-27.0.0-Release.Candidate.app/Contents/Developer/Toolchains/XcodeDefault.xctoolchain/usr/bin/clang -Xlinker -reproducible -target arm64_32-apple-watchos9.0 -r -isysroot /Applications/Xcode-27.0.0-Release.Candidate.app/Contents/Developer/Platforms/WatchOS.platform/Developer/SDKs/WatchOS27.0.sdk -O0 -w -Xlinker -no_warn_duplicate_libraries -F/Users/admin/builder/spi-builder-workspace/.derivedData/Build/Intermediates.noindex/EagerLinkingTBDs/Debug-watchos -F/Users/admin/builder/spi-builder-workspace/.derivedData/Build/Products/Debug-watchos -iframework /Applications/Xcode-27.0.0-Release.Candidate.app/Contents/Developer/Platforms/WatchOS.platform/Developer/Library/Frameworks -iframework /Applications/Xcode-27.0.0-Release.Candidate.app/Contents/Developer/Platforms/WatchOS.platform/Developer/SDKs/WatchOS27.0.sdk/Developer/Library/Frameworks -filelist /Users/admin/builder/spi-builder-workspace/.derivedData/Build/Intermediates.noindex/URLImage.build/Debug-watchos/RemoteContentView-t.build/Objects-normal/arm64_32/RemoteContentView.LinkFileList -nostdlib -Xlinker -object_path_lto -Xlinker /Users/admin/builder/spi-builder-workspace/.derivedData/Build/Intermediates.noindex/URLImage.build/Debug-watchos/RemoteContentView-t.build/Objects-normal/arm64_32/RemoteContentView_lto.o -Xlinker -no_deduplicate -Xlinker -dependency_info -Xlinker /Users/admin/builder/spi-builder-workspace/.derivedData/Build/Intermediates.noindex/URLImage.build/Debug-watchos/RemoteContentView-t.build/Objects-normal/arm64_32/RemoteContentView_dependency_info.dat -fobjc-link-runtime -L/Applications/Xcode-27.0.0-Release.Candidate.app/Contents/Developer/Toolchains/XcodeDefault.xctoolchain/usr/lib/swift/watchos -L/usr/lib/swift -Xlinker -add_ast_path -Xlinker /Users/admin/builder/spi-builder-workspace/.derivedData/Build/Intermediates.noindex/URLImage.build/Debug-watchos/RemoteContentView-t.build/Objects-normal/arm64_32/RemoteContentView.swiftmodule -o /Users/admin/builder/spi-builder-workspace/.derivedData/Build/Intermediates.noindex/URLImage.build/Debug-watchos/RemoteContentView-t.build/Objects-normal/arm64_32/Binary/RemoteContentView.o
SwiftDriverJobDiscovery normal arm64 Compiling RemoteContentView.swift (in target 'RemoteContentView' from project 'URLImage')
SwiftDriver\ Compilation RemoteContentView normal arm64 com.apple.xcode.tools.swift.compiler (in target 'RemoteContentView' from project 'URLImage')
cd /Users/admin/builder/spi-builder-workspace/.swiftpm/xcode
builtin-Swift-Compilation -- /Applications/Xcode-27.0.0-Release.Candidate.app/Contents/Developer/Toolchains/XcodeDefault.xctoolchain/usr/bin/swiftc -parse-as-library -module-name RemoteContentView -Onone @/Users/admin/builder/spi-builder-workspace/.derivedData/Build/Intermediates.noindex/URLImage.build/Debug-watchos/RemoteContentView-t.build/Objects-normal/arm64/RemoteContentView.SwiftFileList -DSWIFT_PACKAGE -DDEBUG -DSWIFT_MODULE_RESOURCE_BUNDLE_UNAVAILABLE -DXcode -plugin-path /Applications/Xcode-27.0.0-Release.Candidate.app/Contents/Developer/Toolchains/XcodeDefault.xctoolchain/usr/lib/swift/host/plugins/testing -enable-experimental-feature DebugDescriptionMacro -sdk /Applications/Xcode-27.0.0-Release.Candidate.app/Contents/Developer/Platforms/WatchOS.platform/Developer/SDKs/WatchOS27.0.sdk -target arm64-apple-watchos9.0 -g -module-cache-path /Users/admin/builder/spi-builder-workspace/.derivedData/ModuleCache.noindex -Xfrontend -serialize-debugging-options -enable-testing -suppress-warnings -index-store-path /Users/admin/builder/spi-builder-workspace/.derivedData/Index.noindex/DataStore -Xcc -D_LIBCPP_HARDENING_MODE\=_LIBCPP_HARDENING_MODE_DEBUG -swift-version 5 -I /Users/admin/builder/spi-builder-workspace/.derivedData/Build/Products/Debug-watchos -Isystem /Applications/Xcode-27.0.0-Release.Candidate.app/Contents/Developer/Platforms/WatchOS.platform/Developer/usr/lib -F /Users/admin/builder/spi-builder-workspace/.derivedData/Build/Products/Debug-watchos -F /Applications/Xcode-27.0.0-Release.Candidate.app/Contents/Developer/Platforms/WatchOS.platform/Developer/Library/Frameworks -F /Applications/Xcode-27.0.0-Release.Candidate.app/Contents/Developer/Platforms/WatchOS.platform/Developer/SDKs/WatchOS27.0.sdk/Developer/Library/Frameworks -c -j10 -enable-batch-mode -incremental -Xcc -ivfsstatcache -Xcc /Users/admin/builder/spi-builder-workspace/.derivedData/SDKStatCaches.noindex/watchos27.0-24R360-e829b21a6f8c9b70876ba0858053c04477534ef55a1706bf4c1112bbb242f0a2.sdkstatcache -output-file-map /Users/admin/builder/spi-builder-workspace/.derivedData/Build/Intermediates.noindex/URLImage.build/Debug-watchos/RemoteContentView-t.build/Objects-normal/arm64/RemoteContentView-OutputFileMap.json -save-temps -no-color-diagnostics -explicit-module-build -module-cache-path /Users/admin/builder/spi-builder-workspace/.derivedData/Build/Intermediates.noindex/SwiftExplicitPrecompiledModules -clang-scanner-module-cache-path /Users/admin/builder/spi-builder-workspace/.derivedData/ModuleCache.noindex -sdk-module-cache-path /Users/admin/builder/spi-builder-workspace/.derivedData/SDKExplicitPrecompiledModules -emit-dependencies -emit-module -emit-module-path /Users/admin/builder/spi-builder-workspace/.derivedData/Build/Intermediates.noindex/URLImage.build/Debug-watchos/RemoteContentView-t.build/Objects-normal/arm64/RemoteContentView.swiftmodule -serialize-diagnostics -dependency-scan-serialize-diagnostics-path /Users/admin/builder/spi-builder-workspace/.derivedData/Build/Intermediates.noindex/URLImage.build/Debug-watchos/RemoteContentView-t.build/Objects-normal/arm64/RemoteContentView-dependency-scan.dia -validate-clang-modules-once -clang-build-session-file /Users/admin/builder/spi-builder-workspace/.derivedData/ModuleCache.noindex/Session.modulevalidation -Xcc -fmodules-prune-interval\=86400 -Xcc -fmodules-prune-after\=345600 -emit-const-values -const-gather-protocols-list /Users/admin/builder/spi-builder-workspace/.derivedData/Build/Intermediates.noindex/URLImage.build/Debug-watchos/RemoteContentView-t.build/Objects-normal/arm64/RemoteContentView_const_extract_protocols.json -Xcc -I/Users/admin/builder/spi-builder-workspace/.derivedData/Build/Products/Debug-watchos/include -Xcc -I/Users/admin/builder/spi-builder-workspace/.derivedData/Build/Intermediates.noindex/URLImage.build/Debug-watchos/RemoteContentView-t.build/DerivedSources-normal/arm64 -Xcc -I/Users/admin/builder/spi-builder-workspace/.derivedData/Build/Intermediates.noindex/URLImage.build/Debug-watchos/RemoteContentView-t.build/DerivedSources/arm64 -Xcc -I/Users/admin/builder/spi-builder-workspace/.derivedData/Build/Intermediates.noindex/URLImage.build/Debug-watchos/RemoteContentView-t.build/DerivedSources -Xcc -DSWIFT_PACKAGE -Xcc -DDEBUG\=1 -emit-objc-header -emit-objc-header-path /Users/admin/builder/spi-builder-workspace/.derivedData/Build/Intermediates.noindex/URLImage.build/Debug-watchos/RemoteContentView-t.build/Objects-normal/arm64/RemoteContentView-Swift.h -working-directory /Users/admin/builder/spi-builder-workspace/.swiftpm/xcode -experimental-emit-module-separately -disable-cmo
Ld /Users/admin/builder/spi-builder-workspace/.derivedData/Build/Intermediates.noindex/URLImage.build/Debug-watchos/RemoteContentView-t.build/Objects-normal/arm64/Binary/RemoteContentView.o normal arm64 (in target 'RemoteContentView' from project 'URLImage')
cd /Users/admin/builder/spi-builder-workspace/.dependencies/checkouts/url-image
/Applications/Xcode-27.0.0-Release.Candidate.app/Contents/Developer/Toolchains/XcodeDefault.xctoolchain/usr/bin/clang -Xlinker -reproducible -target arm64-apple-watchos9.0 -r -isysroot /Applications/Xcode-27.0.0-Release.Candidate.app/Contents/Developer/Platforms/WatchOS.platform/Developer/SDKs/WatchOS27.0.sdk -O0 -w -Xlinker -no_warn_duplicate_libraries -F/Users/admin/builder/spi-builder-workspace/.derivedData/Build/Intermediates.noindex/EagerLinkingTBDs/Debug-watchos -F/Users/admin/builder/spi-builder-workspace/.derivedData/Build/Products/Debug-watchos -iframework /Applications/Xcode-27.0.0-Release.Candidate.app/Contents/Developer/Platforms/WatchOS.platform/Developer/Library/Frameworks -iframework /Applications/Xcode-27.0.0-Release.Candidate.app/Contents/Developer/Platforms/WatchOS.platform/Developer/SDKs/WatchOS27.0.sdk/Developer/Library/Frameworks -filelist /Users/admin/builder/spi-builder-workspace/.derivedData/Build/Intermediates.noindex/URLImage.build/Debug-watchos/RemoteContentView-t.build/Objects-normal/arm64/RemoteContentView.LinkFileList -nostdlib -Xlinker -object_path_lto -Xlinker /Users/admin/builder/spi-builder-workspace/.derivedData/Build/Intermediates.noindex/URLImage.build/Debug-watchos/RemoteContentView-t.build/Objects-normal/arm64/RemoteContentView_lto.o -Xlinker -no_deduplicate -Xlinker -dependency_info -Xlinker /Users/admin/builder/spi-builder-workspace/.derivedData/Build/Intermediates.noindex/URLImage.build/Debug-watchos/RemoteContentView-t.build/Objects-normal/arm64/RemoteContentView_dependency_info.dat -fobjc-link-runtime -L/Applications/Xcode-27.0.0-Release.Candidate.app/Contents/Developer/Toolchains/XcodeDefault.xctoolchain/usr/lib/swift/watchos -L/usr/lib/swift -Xlinker -add_ast_path -Xlinker /Users/admin/builder/spi-builder-workspace/.derivedData/Build/Intermediates.noindex/URLImage.build/Debug-watchos/RemoteContentView-t.build/Objects-normal/arm64/RemoteContentView.swiftmodule -o /Users/admin/builder/spi-builder-workspace/.derivedData/Build/Intermediates.noindex/URLImage.build/Debug-watchos/RemoteContentView-t.build/Objects-normal/arm64/Binary/RemoteContentView.o
CreateUniversalBinary /Users/admin/builder/spi-builder-workspace/.derivedData/Build/Products/Debug-watchos/RemoteContentView.o normal arm64\ arm64_32 (in target 'RemoteContentView' from project 'URLImage')
cd /Users/admin/builder/spi-builder-workspace/.dependencies/checkouts/url-image
/Applications/Xcode-27.0.0-Release.Candidate.app/Contents/Developer/Toolchains/XcodeDefault.xctoolchain/usr/bin/lipo -create /Users/admin/builder/spi-builder-workspace/.derivedData/Build/Intermediates.noindex/URLImage.build/Debug-watchos/RemoteContentView-t.build/Objects-normal/arm64/Binary/RemoteContentView.o /Users/admin/builder/spi-builder-workspace/.derivedData/Build/Intermediates.noindex/URLImage.build/Debug-watchos/RemoteContentView-t.build/Objects-normal/arm64_32/Binary/RemoteContentView.o -output /Users/admin/builder/spi-builder-workspace/.derivedData/Build/Products/Debug-watchos/RemoteContentView.o
ExtractAppIntentsMetadata (in target 'RemoteContentView' from project 'URLImage')
cd /Users/admin/builder/spi-builder-workspace/.dependencies/checkouts/url-image
/Applications/Xcode-27.0.0-Release.Candidate.app/Contents/Developer/Toolchains/XcodeDefault.xctoolchain/usr/bin/appintentsmetadataprocessor --toolchain-dir /var/run/com.apple.security.cryptexd/mnt/com.apple.MobileAsset.MetalToolchain-v27.1.266.1.BCZmpU/Metal.xctoolchain --module-name RemoteContentView --sdk-root /Applications/Xcode-27.0.0-Release.Candidate.app/Contents/Developer/Platforms/WatchOS.platform/Developer/SDKs/WatchOS27.0.sdk --xcode-version 27A266a --platform-family watchOS --deployment-target 9.0 --bundle-identifier url-image.RemoteContentView --output /Users/admin/builder/spi-builder-workspace/.derivedData/Build/Products/Debug-watchos/RemoteContentView.appintents --target-triple arm64-apple-watchos9.0 --target-triple arm64_32-apple-watchos9.0 --binary-file /Users/admin/builder/spi-builder-workspace/.derivedData/Build/Products/Debug-watchos/RemoteContentView.o --dependency-file /Users/admin/builder/spi-builder-workspace/.derivedData/Build/Intermediates.noindex/URLImage.build/Debug-watchos/RemoteContentView-t.build/Objects-normal/arm64/RemoteContentView_dependency_info.dat --dependency-file /Users/admin/builder/spi-builder-workspace/.derivedData/Build/Intermediates.noindex/URLImage.build/Debug-watchos/RemoteContentView-t.build/Objects-normal/arm64_32/RemoteContentView_dependency_info.dat --stringsdata-file /Users/admin/builder/spi-builder-workspace/.derivedData/Build/Intermediates.noindex/URLImage.build/Debug-watchos/RemoteContentView-t.build/Objects-normal/arm64/ExtractedAppShortcutsMetadata.stringsdata --stringsdata-file /Users/admin/builder/spi-builder-workspace/.derivedData/Build/Intermediates.noindex/URLImage.build/Debug-watchos/RemoteContentView-t.build/Objects-normal/arm64_32/ExtractedAppShortcutsMetadata.stringsdata --source-file-list /Users/admin/builder/spi-builder-workspace/.derivedData/Build/Intermediates.noindex/URLImage.build/Debug-watchos/RemoteContentView-t.build/Objects-normal/arm64/RemoteContentView.SwiftFileList --source-file-list /Users/admin/builder/spi-builder-workspace/.derivedData/Build/Intermediates.noindex/URLImage.build/Debug-watchos/RemoteContentView-t.build/Objects-normal/arm64_32/RemoteContentView.SwiftFileList --metadata-file-list /Users/admin/builder/spi-builder-workspace/.derivedData/Build/Intermediates.noindex/URLImage.build/Debug-watchos/RemoteContentView-t.build/RemoteContentView.DependencyMetadataFileList --static-metadata-file-list /Users/admin/builder/spi-builder-workspace/.derivedData/Build/Intermediates.noindex/URLImage.build/Debug-watchos/RemoteContentView-t.build/RemoteContentView.DependencyStaticMetadataFileList --swift-const-vals-list /Users/admin/builder/spi-builder-workspace/.derivedData/Build/Intermediates.noindex/URLImage.build/Debug-watchos/RemoteContentView-t.build/Objects-normal/arm64/RemoteContentView.SwiftConstValuesFileList --swift-const-vals-list /Users/admin/builder/spi-builder-workspace/.derivedData/Build/Intermediates.noindex/URLImage.build/Debug-watchos/RemoteContentView-t.build/Objects-normal/arm64_32/RemoteContentView.SwiftConstValuesFileList --force --compile-time-extraction --deployment-aware-processing --no-app-shortcuts-localization
2026-09-17 11:53:41.616 appintentsmetadataprocessor[941:5918] Starting appintentsmetadataprocessor export
2026-09-17 11:53:41.699 appintentsmetadataprocessor[941:5918] Extracted no relevant App Intents symbols, skipping writing output
SwiftEmitModule normal arm64_32 Emitting\ module\ for\ URLImage (in target 'URLImage' from project 'URLImage')
SwiftCompile normal arm64_32 (in target 'URLImage' from project 'URLImage')
cd /Users/admin/builder/spi-builder-workspace/.swiftpm/xcode
SwiftCompile normal arm64_32 Compiling\ Download+URLImageOptions.swift,\ Image_Orientation+CGImagePropertyOrientation.swift /Users/admin/builder/spi-builder-workspace/.dependencies/checkouts/url-image/Sources/URLImage/Common/Download+URLImageOptions.swift /Users/admin/builder/spi-builder-workspace/.dependencies/checkouts/url-image/Sources/URLImage/Common/Image_Orientation+CGImagePropertyOrientation.swift (in target 'URLImage' from project 'URLImage')
SwiftCompile normal arm64_32 /Users/admin/builder/spi-builder-workspace/.dependencies/checkouts/url-image/Sources/URLImage/Common/Download+URLImageOptions.swift (in target 'URLImage' from project 'URLImage')
cd /Users/admin/builder/spi-builder-workspace/.swiftpm/xcode
builtin-SwiftPerFileCompile Download+URLImageOptions.swift
SwiftCompile normal arm64_32 /Users/admin/builder/spi-builder-workspace/.dependencies/checkouts/url-image/Sources/URLImage/Common/Image_Orientation+CGImagePropertyOrientation.swift (in target 'URLImage' from project 'URLImage')
cd /Users/admin/builder/spi-builder-workspace/.swiftpm/xcode
builtin-SwiftPerFileCompile Image_Orientation+CGImagePropertyOrientation.swift
SwiftCompile normal arm64_32 Compiling\ URLImageService.swift /Users/admin/builder/spi-builder-workspace/.dependencies/checkouts/url-image/Sources/URLImage/URLImageService.swift (in target 'URLImage' from project 'URLImage')
SwiftCompile normal arm64_32 /Users/admin/builder/spi-builder-workspace/.dependencies/checkouts/url-image/Sources/URLImage/URLImageService.swift (in target 'URLImage' from project 'URLImage')
cd /Users/admin/builder/spi-builder-workspace/.swiftpm/xcode
builtin-SwiftPerFileCompile URLImageService.swift
SwiftCompile normal arm64_32 Compiling\ TransientImage.swift,\ URLImage.swift /Users/admin/builder/spi-builder-workspace/.dependencies/checkouts/url-image/Sources/URLImage/Model/TransientImage.swift /Users/admin/builder/spi-builder-workspace/.dependencies/checkouts/url-image/Sources/URLImage/URLImage.swift (in target 'URLImage' from project 'URLImage')
SwiftCompile normal arm64_32 /Users/admin/builder/spi-builder-workspace/.dependencies/checkouts/url-image/Sources/URLImage/Model/TransientImage.swift (in target 'URLImage' from project 'URLImage')
cd /Users/admin/builder/spi-builder-workspace/.swiftpm/xcode
builtin-SwiftPerFileCompile TransientImage.swift
SwiftCompile normal arm64_32 /Users/admin/builder/spi-builder-workspace/.dependencies/checkouts/url-image/Sources/URLImage/URLImage.swift (in target 'URLImage' from project 'URLImage')
cd /Users/admin/builder/spi-builder-workspace/.swiftpm/xcode
builtin-SwiftPerFileCompile URLImage.swift
SwiftCompile normal arm64_32 Compiling\ URLImageService+Decode.swift /Users/admin/builder/spi-builder-workspace/.dependencies/checkouts/url-image/Sources/URLImage/URLImageService+Decode.swift (in target 'URLImage' from project 'URLImage')
SwiftCompile normal arm64_32 /Users/admin/builder/spi-builder-workspace/.dependencies/checkouts/url-image/Sources/URLImage/URLImageService+Decode.swift (in target 'URLImage' from project 'URLImage')
cd /Users/admin/builder/spi-builder-workspace/.swiftpm/xcode
builtin-SwiftPerFileCompile URLImageService+Decode.swift
SwiftCompile normal arm64_32 Compiling\ URLImageOptions.swift,\ URLImageService+Cache.swift /Users/admin/builder/spi-builder-workspace/.dependencies/checkouts/url-image/Sources/URLImage/URLImageOptions.swift /Users/admin/builder/spi-builder-workspace/.dependencies/checkouts/url-image/Sources/URLImage/URLImageService+Cache.swift (in target 'URLImage' from project 'URLImage')
SwiftCompile normal arm64_32 /Users/admin/builder/spi-builder-workspace/.dependencies/checkouts/url-image/Sources/URLImage/URLImageOptions.swift (in target 'URLImage' from project 'URLImage')
cd /Users/admin/builder/spi-builder-workspace/.swiftpm/xcode
builtin-SwiftPerFileCompile URLImageOptions.swift
SwiftCompile normal arm64_32 /Users/admin/builder/spi-builder-workspace/.dependencies/checkouts/url-image/Sources/URLImage/URLImageService+Cache.swift (in target 'URLImage' from project 'URLImage')
cd /Users/admin/builder/spi-builder-workspace/.swiftpm/xcode
builtin-SwiftPerFileCompile URLImageService+Cache.swift
SwiftCompile normal arm64_32 Compiling\ RemoteContentViewLoadOptions+URLImageOptions_LoadOptions.swift,\ URLImageError.swift /Users/admin/builder/spi-builder-workspace/.dependencies/checkouts/url-image/Sources/URLImage/Common/RemoteContentViewLoadOptions+URLImageOptions_LoadOptions.swift /Users/admin/builder/spi-builder-workspace/.dependencies/checkouts/url-image/Sources/URLImage/Common/URLImageError.swift (in target 'URLImage' from project 'URLImage')
SwiftCompile normal arm64_32 /Users/admin/builder/spi-builder-workspace/.dependencies/checkouts/url-image/Sources/URLImage/Common/RemoteContentViewLoadOptions+URLImageOptions_LoadOptions.swift (in target 'URLImage' from project 'URLImage')
cd /Users/admin/builder/spi-builder-workspace/.swiftpm/xcode
builtin-SwiftPerFileCompile RemoteContentViewLoadOptions+URLImageOptions_LoadOptions.swift
SwiftCompile normal arm64_32 /Users/admin/builder/spi-builder-workspace/.dependencies/checkouts/url-image/Sources/URLImage/Common/URLImageError.swift (in target 'URLImage' from project 'URLImage')
cd /Users/admin/builder/spi-builder-workspace/.swiftpm/xcode
builtin-SwiftPerFileCompile URLImageError.swift
SwiftCompile normal arm64_32 Compiling\ DiskCache.swift,\ InMemoryCache.swift /Users/admin/builder/spi-builder-workspace/.dependencies/checkouts/url-image/Sources/URLImage/Cache/DiskCache.swift /Users/admin/builder/spi-builder-workspace/.dependencies/checkouts/url-image/Sources/URLImage/Cache/InMemoryCache.swift (in target 'URLImage' from project 'URLImage')
SwiftCompile normal arm64_32 /Users/admin/builder/spi-builder-workspace/.dependencies/checkouts/url-image/Sources/URLImage/Cache/DiskCache.swift (in target 'URLImage' from project 'URLImage')
cd /Users/admin/builder/spi-builder-workspace/.swiftpm/xcode
builtin-SwiftPerFileCompile DiskCache.swift
SwiftCompile normal arm64_32 /Users/admin/builder/spi-builder-workspace/.dependencies/checkouts/url-image/Sources/URLImage/Cache/InMemoryCache.swift (in target 'URLImage' from project 'URLImage')
cd /Users/admin/builder/spi-builder-workspace/.swiftpm/xcode
builtin-SwiftPerFileCompile InMemoryCache.swift
SwiftCompile normal arm64_32 Compiling\ URLImageService+RemoteImage.swift /Users/admin/builder/spi-builder-workspace/.dependencies/checkouts/url-image/Sources/URLImage/URLImageService+RemoteImage.swift (in target 'URLImage' from project 'URLImage')
SwiftCompile normal arm64_32 /Users/admin/builder/spi-builder-workspace/.dependencies/checkouts/url-image/Sources/URLImage/URLImageService+RemoteImage.swift (in target 'URLImage' from project 'URLImage')
cd /Users/admin/builder/spi-builder-workspace/.swiftpm/xcode
builtin-SwiftPerFileCompile URLImageService+RemoteImage.swift
SwiftEmitModule normal arm64 Emitting\ module\ for\ URLImage (in target 'URLImage' from project 'URLImage')
SwiftCompile normal arm64 (in target 'URLImage' from project 'URLImage')
cd /Users/admin/builder/spi-builder-workspace/.swiftpm/xcode
SwiftCompile normal arm64 Compiling\ ImageInfo.swift,\ RemoteImage.swift /Users/admin/builder/spi-builder-workspace/.dependencies/checkouts/url-image/Sources/URLImage/Model/ImageInfo.swift /Users/admin/builder/spi-builder-workspace/.dependencies/checkouts/url-image/Sources/URLImage/Model/RemoteImage.swift (in target 'URLImage' from project 'URLImage')
SwiftCompile normal arm64 /Users/admin/builder/spi-builder-workspace/.dependencies/checkouts/url-image/Sources/URLImage/Model/ImageInfo.swift (in target 'URLImage' from project 'URLImage')
cd /Users/admin/builder/spi-builder-workspace/.swiftpm/xcode
builtin-SwiftPerFileCompile ImageInfo.swift
SwiftCompile normal arm64 /Users/admin/builder/spi-builder-workspace/.dependencies/checkouts/url-image/Sources/URLImage/Model/RemoteImage.swift (in target 'URLImage' from project 'URLImage')
cd /Users/admin/builder/spi-builder-workspace/.swiftpm/xcode
builtin-SwiftPerFileCompile RemoteImage.swift
SwiftDriverJobDiscovery normal arm64_32 Compiling RemoteContentViewLoadOptions+URLImageOptions_LoadOptions.swift, URLImageError.swift (in target 'URLImage' from project 'URLImage')
SwiftCompile normal arm64 Compiling\ URLImageService.swift /Users/admin/builder/spi-builder-workspace/.dependencies/checkouts/url-image/Sources/URLImage/URLImageService.swift (in target 'URLImage' from project 'URLImage')
SwiftCompile normal arm64 /Users/admin/builder/spi-builder-workspace/.dependencies/checkouts/url-image/Sources/URLImage/URLImageService.swift (in target 'URLImage' from project 'URLImage')
cd /Users/admin/builder/spi-builder-workspace/.swiftpm/xcode
builtin-SwiftPerFileCompile URLImageService.swift
SwiftDriverJobDiscovery normal arm64_32 Compiling Download+URLImageOptions.swift, Image_Orientation+CGImagePropertyOrientation.swift (in target 'URLImage' from project 'URLImage')
SwiftCompile normal arm64 Compiling\ URLImageOptions.swift,\ URLImageService+Cache.swift /Users/admin/builder/spi-builder-workspace/.dependencies/checkouts/url-image/Sources/URLImage/URLImageOptions.swift /Users/admin/builder/spi-builder-workspace/.dependencies/checkouts/url-image/Sources/URLImage/URLImageService+Cache.swift (in target 'URLImage' from project 'URLImage')
SwiftCompile normal arm64 /Users/admin/builder/spi-builder-workspace/.dependencies/checkouts/url-image/Sources/URLImage/URLImageOptions.swift (in target 'URLImage' from project 'URLImage')
cd /Users/admin/builder/spi-builder-workspace/.swiftpm/xcode
builtin-SwiftPerFileCompile URLImageOptions.swift
SwiftCompile normal arm64 /Users/admin/builder/spi-builder-workspace/.dependencies/checkouts/url-image/Sources/URLImage/URLImageService+Cache.swift (in target 'URLImage' from project 'URLImage')
cd /Users/admin/builder/spi-builder-workspace/.swiftpm/xcode
builtin-SwiftPerFileCompile URLImageService+Cache.swift
SwiftDriverJobDiscovery normal arm64_32 Compiling URLImageService.swift (in target 'URLImage' from project 'URLImage')
SwiftCompile normal arm64 Compiling\ DiskCache.swift,\ InMemoryCache.swift /Users/admin/builder/spi-builder-workspace/.dependencies/checkouts/url-image/Sources/URLImage/Cache/DiskCache.swift /Users/admin/builder/spi-builder-workspace/.dependencies/checkouts/url-image/Sources/URLImage/Cache/InMemoryCache.swift (in target 'URLImage' from project 'URLImage')
SwiftCompile normal arm64 /Users/admin/builder/spi-builder-workspace/.dependencies/checkouts/url-image/Sources/URLImage/Cache/DiskCache.swift (in target 'URLImage' from project 'URLImage')
cd /Users/admin/builder/spi-builder-workspace/.swiftpm/xcode
builtin-SwiftPerFileCompile DiskCache.swift
SwiftCompile normal arm64 /Users/admin/builder/spi-builder-workspace/.dependencies/checkouts/url-image/Sources/URLImage/Cache/InMemoryCache.swift (in target 'URLImage' from project 'URLImage')
cd /Users/admin/builder/spi-builder-workspace/.swiftpm/xcode
builtin-SwiftPerFileCompile InMemoryCache.swift
SwiftDriverJobDiscovery normal arm64_32 Compiling URLImageService+Decode.swift (in target 'URLImage' from project 'URLImage')
SwiftCompile normal arm64 Compiling\ URLImageService+Extension.swift /Users/admin/builder/spi-builder-workspace/.dependencies/checkouts/url-image/Sources/URLImage/URLImageService+Extension.swift (in target 'URLImage' from project 'URLImage')
SwiftCompile normal arm64 /Users/admin/builder/spi-builder-workspace/.dependencies/checkouts/url-image/Sources/URLImage/URLImageService+Extension.swift (in target 'URLImage' from project 'URLImage')
cd /Users/admin/builder/spi-builder-workspace/.swiftpm/xcode
builtin-SwiftPerFileCompile URLImageService+Extension.swift
SwiftDriverJobDiscovery normal arm64_32 Compiling URLImageService+RemoteImage.swift (in target 'URLImage' from project 'URLImage')
SwiftCompile normal arm64 Compiling\ TransientImage.swift,\ URLImage.swift /Users/admin/builder/spi-builder-workspace/.dependencies/checkouts/url-image/Sources/URLImage/Model/TransientImage.swift /Users/admin/builder/spi-builder-workspace/.dependencies/checkouts/url-image/Sources/URLImage/URLImage.swift (in target 'URLImage' from project 'URLImage')
SwiftCompile normal arm64 /Users/admin/builder/spi-builder-workspace/.dependencies/checkouts/url-image/Sources/URLImage/Model/TransientImage.swift (in target 'URLImage' from project 'URLImage')
cd /Users/admin/builder/spi-builder-workspace/.swiftpm/xcode
builtin-SwiftPerFileCompile TransientImage.swift
SwiftCompile normal arm64 /Users/admin/builder/spi-builder-workspace/.dependencies/checkouts/url-image/Sources/URLImage/URLImage.swift (in target 'URLImage' from project 'URLImage')
cd /Users/admin/builder/spi-builder-workspace/.swiftpm/xcode
builtin-SwiftPerFileCompile URLImage.swift
SwiftDriverJobDiscovery normal arm64_32 Emitting module for URLImage (in target 'URLImage' from project 'URLImage')
SwiftDriver\ Compilation\ Requirements URLImage normal arm64_32 com.apple.xcode.tools.swift.compiler (in target 'URLImage' from project 'URLImage')
cd /Users/admin/builder/spi-builder-workspace/.swiftpm/xcode
builtin-Swift-Compilation-Requirements -- /Applications/Xcode-27.0.0-Release.Candidate.app/Contents/Developer/Toolchains/XcodeDefault.xctoolchain/usr/bin/swiftc -parse-as-library -module-name URLImage -Onone @/Users/admin/builder/spi-builder-workspace/.derivedData/Build/Intermediates.noindex/URLImage.build/Debug-watchos/URLImage-t.build/Objects-normal/arm64_32/URLImage.SwiftFileList -DSWIFT_PACKAGE -DDEBUG -DSWIFT_MODULE_RESOURCE_BUNDLE_UNAVAILABLE -DXcode -plugin-path /Applications/Xcode-27.0.0-Release.Candidate.app/Contents/Developer/Toolchains/XcodeDefault.xctoolchain/usr/lib/swift/host/plugins/testing -enable-experimental-feature DebugDescriptionMacro -sdk /Applications/Xcode-27.0.0-Release.Candidate.app/Contents/Developer/Platforms/WatchOS.platform/Developer/SDKs/WatchOS27.0.sdk -target arm64_32-apple-watchos9.0 -g -module-cache-path /Users/admin/builder/spi-builder-workspace/.derivedData/ModuleCache.noindex -Xfrontend -serialize-debugging-options -enable-testing -suppress-warnings -index-store-path /Users/admin/builder/spi-builder-workspace/.derivedData/Index.noindex/DataStore -Xcc -D_LIBCPP_HARDENING_MODE\=_LIBCPP_HARDENING_MODE_DEBUG -swift-version 5 -I /Users/admin/builder/spi-builder-workspace/.derivedData/Build/Products/Debug-watchos -Isystem /Applications/Xcode-27.0.0-Release.Candidate.app/Contents/Developer/Platforms/WatchOS.platform/Developer/usr/lib -F /Users/admin/builder/spi-builder-workspace/.derivedData/Build/Products/Debug-watchos/PackageFrameworks -F /Users/admin/builder/spi-builder-workspace/.derivedData/Build/Products/Debug-watchos -F /Applications/Xcode-27.0.0-Release.Candidate.app/Contents/Developer/Platforms/WatchOS.platform/Developer/Library/Frameworks -F /Applications/Xcode-27.0.0-Release.Candidate.app/Contents/Developer/Platforms/WatchOS.platform/Developer/SDKs/WatchOS27.0.sdk/Developer/Library/Frameworks -c -j10 -enable-batch-mode -incremental -Xcc -ivfsstatcache -Xcc /Users/admin/builder/spi-builder-workspace/.derivedData/SDKStatCaches.noindex/watchos27.0-24R360-e829b21a6f8c9b70876ba0858053c04477534ef55a1706bf4c1112bbb242f0a2.sdkstatcache -output-file-map /Users/admin/builder/spi-builder-workspace/.derivedData/Build/Intermediates.noindex/URLImage.build/Debug-watchos/URLImage-t.build/Objects-normal/arm64_32/URLImage-OutputFileMap.json -save-temps -no-color-diagnostics -explicit-module-build -module-cache-path /Users/admin/builder/spi-builder-workspace/.derivedData/Build/Intermediates.noindex/SwiftExplicitPrecompiledModules -clang-scanner-module-cache-path /Users/admin/builder/spi-builder-workspace/.derivedData/ModuleCache.noindex -sdk-module-cache-path /Users/admin/builder/spi-builder-workspace/.derivedData/SDKExplicitPrecompiledModules -emit-dependencies -emit-module -emit-module-path /Users/admin/builder/spi-builder-workspace/.derivedData/Build/Intermediates.noindex/URLImage.build/Debug-watchos/URLImage-t.build/Objects-normal/arm64_32/URLImage.swiftmodule -serialize-diagnostics -dependency-scan-serialize-diagnostics-path /Users/admin/builder/spi-builder-workspace/.derivedData/Build/Intermediates.noindex/URLImage.build/Debug-watchos/URLImage-t.build/Objects-normal/arm64_32/URLImage-dependency-scan.dia -validate-clang-modules-once -clang-build-session-file /Users/admin/builder/spi-builder-workspace/.derivedData/ModuleCache.noindex/Session.modulevalidation -Xcc -fmodules-prune-interval\=86400 -Xcc -fmodules-prune-after\=345600 -emit-const-values -const-gather-protocols-list /Users/admin/builder/spi-builder-workspace/.derivedData/Build/Intermediates.noindex/URLImage.build/Debug-watchos/URLImage-t.build/Objects-normal/arm64_32/URLImage_const_extract_protocols.json -Xcc -I/Users/admin/builder/spi-builder-workspace/.derivedData/Build/Products/Debug-watchos/include -Xcc -I/Users/admin/builder/spi-builder-workspace/.derivedData/Build/Intermediates.noindex/URLImage.build/Debug-watchos/URLImage-t.build/DerivedSources-normal/arm64_32 -Xcc -I/Users/admin/builder/spi-builder-workspace/.derivedData/Build/Intermediates.noindex/URLImage.build/Debug-watchos/URLImage-t.build/DerivedSources/arm64_32 -Xcc -I/Users/admin/builder/spi-builder-workspace/.derivedData/Build/Intermediates.noindex/URLImage.build/Debug-watchos/URLImage-t.build/DerivedSources -Xcc -DSWIFT_PACKAGE -Xcc -DDEBUG\=1 -emit-objc-header -emit-objc-header-path /Users/admin/builder/spi-builder-workspace/.derivedData/Build/Intermediates.noindex/URLImage.build/Debug-watchos/URLImage-t.build/Objects-normal/arm64_32/URLImage-Swift.h -working-directory /Users/admin/builder/spi-builder-workspace/.swiftpm/xcode -experimental-emit-module-separately -disable-cmo
SwiftDriverJobDiscovery normal arm64_32 Compiling DiskCache.swift, InMemoryCache.swift (in target 'URLImage' from project 'URLImage')
SwiftCompile normal arm64 Compiling\ URLImageService+RemoteImage.swift /Users/admin/builder/spi-builder-workspace/.dependencies/checkouts/url-image/Sources/URLImage/URLImageService+RemoteImage.swift (in target 'URLImage' from project 'URLImage')
SwiftCompile normal arm64 /Users/admin/builder/spi-builder-workspace/.dependencies/checkouts/url-image/Sources/URLImage/URLImageService+RemoteImage.swift (in target 'URLImage' from project 'URLImage')
cd /Users/admin/builder/spi-builder-workspace/.swiftpm/xcode
builtin-SwiftPerFileCompile URLImageService+RemoteImage.swift
Copy /Users/admin/builder/spi-builder-workspace/.derivedData/Build/Products/Debug-watchos/URLImage.swiftmodule/arm64_32-apple-watchos.swiftmodule /Users/admin/builder/spi-builder-workspace/.derivedData/Build/Intermediates.noindex/URLImage.build/Debug-watchos/URLImage-t.build/Objects-normal/arm64_32/URLImage.swiftmodule (in target 'URLImage' from project 'URLImage')
cd /Users/admin/builder/spi-builder-workspace/.dependencies/checkouts/url-image
builtin-copy -exclude .DS_Store -exclude CVS -exclude .svn -exclude .git -exclude .hg -resolve-src-symlinks -rename /Users/admin/builder/spi-builder-workspace/.derivedData/Build/Intermediates.noindex/URLImage.build/Debug-watchos/URLImage-t.build/Objects-normal/arm64_32/URLImage.swiftmodule /Users/admin/builder/spi-builder-workspace/.derivedData/Build/Products/Debug-watchos/URLImage.swiftmodule/arm64_32-apple-watchos.swiftmodule
SwiftDriverJobDiscovery normal arm64_32 Compiling URLImageOptions.swift, URLImageService+Cache.swift (in target 'URLImage' from project 'URLImage')
Copy /Users/admin/builder/spi-builder-workspace/.derivedData/Build/Products/Debug-watchos/URLImage.swiftmodule/arm64_32-apple-watchos.swiftdoc /Users/admin/builder/spi-builder-workspace/.derivedData/Build/Intermediates.noindex/URLImage.build/Debug-watchos/URLImage-t.build/Objects-normal/arm64_32/URLImage.swiftdoc (in target 'URLImage' from project 'URLImage')
cd /Users/admin/builder/spi-builder-workspace/.dependencies/checkouts/url-image
builtin-copy -exclude .DS_Store -exclude CVS -exclude .svn -exclude .git -exclude .hg -resolve-src-symlinks -rename /Users/admin/builder/spi-builder-workspace/.derivedData/Build/Intermediates.noindex/URLImage.build/Debug-watchos/URLImage-t.build/Objects-normal/arm64_32/URLImage.swiftdoc /Users/admin/builder/spi-builder-workspace/.derivedData/Build/Products/Debug-watchos/URLImage.swiftmodule/arm64_32-apple-watchos.swiftdoc
Copy /Users/admin/builder/spi-builder-workspace/.derivedData/Build/Products/Debug-watchos/URLImage.swiftmodule/arm64_32-apple-watchos.abi.json /Users/admin/builder/spi-builder-workspace/.derivedData/Build/Intermediates.noindex/URLImage.build/Debug-watchos/URLImage-t.build/Objects-normal/arm64_32/URLImage.abi.json (in target 'URLImage' from project 'URLImage')
cd /Users/admin/builder/spi-builder-workspace/.dependencies/checkouts/url-image
builtin-copy -exclude .DS_Store -exclude CVS -exclude .svn -exclude .git -exclude .hg -resolve-src-symlinks -rename /Users/admin/builder/spi-builder-workspace/.derivedData/Build/Intermediates.noindex/URLImage.build/Debug-watchos/URLImage-t.build/Objects-normal/arm64_32/URLImage.abi.json /Users/admin/builder/spi-builder-workspace/.derivedData/Build/Products/Debug-watchos/URLImage.swiftmodule/arm64_32-apple-watchos.abi.json
Copy /Users/admin/builder/spi-builder-workspace/.derivedData/Build/Products/Debug-watchos/URLImage.swiftmodule/Project/arm64_32-apple-watchos.swiftsourceinfo /Users/admin/builder/spi-builder-workspace/.derivedData/Build/Intermediates.noindex/URLImage.build/Debug-watchos/URLImage-t.build/Objects-normal/arm64_32/URLImage.swiftsourceinfo (in target 'URLImage' from project 'URLImage')
cd /Users/admin/builder/spi-builder-workspace/.dependencies/checkouts/url-image
builtin-copy -exclude .DS_Store -exclude CVS -exclude .svn -exclude .git -exclude .hg -resolve-src-symlinks -rename /Users/admin/builder/spi-builder-workspace/.derivedData/Build/Intermediates.noindex/URLImage.build/Debug-watchos/URLImage-t.build/Objects-normal/arm64_32/URLImage.swiftsourceinfo /Users/admin/builder/spi-builder-workspace/.derivedData/Build/Products/Debug-watchos/URLImage.swiftmodule/Project/arm64_32-apple-watchos.swiftsourceinfo
SwiftDriverJobDiscovery normal arm64_32 Compiling TransientImage.swift, URLImage.swift (in target 'URLImage' from project 'URLImage')
SwiftCompile normal arm64_32 Compiling\ URLImageService+Extension.swift /Users/admin/builder/spi-builder-workspace/.dependencies/checkouts/url-image/Sources/URLImage/URLImageService+Extension.swift (in target 'URLImage' from project 'URLImage')
SwiftCompile normal arm64_32 /Users/admin/builder/spi-builder-workspace/.dependencies/checkouts/url-image/Sources/URLImage/URLImageService+Extension.swift (in target 'URLImage' from project 'URLImage')
cd /Users/admin/builder/spi-builder-workspace/.swiftpm/xcode
builtin-SwiftPerFileCompile URLImageService+Extension.swift
SwiftCompile normal arm64 Compiling\ URLImageService+Decode.swift /Users/admin/builder/spi-builder-workspace/.dependencies/checkouts/url-image/Sources/URLImage/URLImageService+Decode.swift (in target 'URLImage' from project 'URLImage')
SwiftCompile normal arm64 /Users/admin/builder/spi-builder-workspace/.dependencies/checkouts/url-image/Sources/URLImage/URLImageService+Decode.swift (in target 'URLImage' from project 'URLImage')
cd /Users/admin/builder/spi-builder-workspace/.swiftpm/xcode
builtin-SwiftPerFileCompile URLImageService+Decode.swift
SwiftCompile normal arm64 Compiling\ RemoteContentViewLoadOptions+URLImageOptions_LoadOptions.swift,\ URLImageError.swift /Users/admin/builder/spi-builder-workspace/.dependencies/checkouts/url-image/Sources/URLImage/Common/RemoteContentViewLoadOptions+URLImageOptions_LoadOptions.swift /Users/admin/builder/spi-builder-workspace/.dependencies/checkouts/url-image/Sources/URLImage/Common/URLImageError.swift (in target 'URLImage' from project 'URLImage')
SwiftCompile normal arm64 /Users/admin/builder/spi-builder-workspace/.dependencies/checkouts/url-image/Sources/URLImage/Common/RemoteContentViewLoadOptions+URLImageOptions_LoadOptions.swift (in target 'URLImage' from project 'URLImage')
cd /Users/admin/builder/spi-builder-workspace/.swiftpm/xcode
builtin-SwiftPerFileCompile RemoteContentViewLoadOptions+URLImageOptions_LoadOptions.swift
SwiftCompile normal arm64 /Users/admin/builder/spi-builder-workspace/.dependencies/checkouts/url-image/Sources/URLImage/Common/URLImageError.swift (in target 'URLImage' from project 'URLImage')
cd /Users/admin/builder/spi-builder-workspace/.swiftpm/xcode
builtin-SwiftPerFileCompile URLImageError.swift
SwiftDriverJobDiscovery normal arm64 Emitting module for URLImage (in target 'URLImage' from project 'URLImage')
SwiftDriver\ Compilation\ Requirements URLImage normal arm64 com.apple.xcode.tools.swift.compiler (in target 'URLImage' from project 'URLImage')
cd /Users/admin/builder/spi-builder-workspace/.swiftpm/xcode
builtin-Swift-Compilation-Requirements -- /Applications/Xcode-27.0.0-Release.Candidate.app/Contents/Developer/Toolchains/XcodeDefault.xctoolchain/usr/bin/swiftc -parse-as-library -module-name URLImage -Onone @/Users/admin/builder/spi-builder-workspace/.derivedData/Build/Intermediates.noindex/URLImage.build/Debug-watchos/URLImage-t.build/Objects-normal/arm64/URLImage.SwiftFileList -DSWIFT_PACKAGE -DDEBUG -DSWIFT_MODULE_RESOURCE_BUNDLE_UNAVAILABLE -DXcode -plugin-path /Applications/Xcode-27.0.0-Release.Candidate.app/Contents/Developer/Toolchains/XcodeDefault.xctoolchain/usr/lib/swift/host/plugins/testing -enable-experimental-feature DebugDescriptionMacro -sdk /Applications/Xcode-27.0.0-Release.Candidate.app/Contents/Developer/Platforms/WatchOS.platform/Developer/SDKs/WatchOS27.0.sdk -target arm64-apple-watchos9.0 -g -module-cache-path /Users/admin/builder/spi-builder-workspace/.derivedData/ModuleCache.noindex -Xfrontend -serialize-debugging-options -enable-testing -suppress-warnings -index-store-path /Users/admin/builder/spi-builder-workspace/.derivedData/Index.noindex/DataStore -Xcc -D_LIBCPP_HARDENING_MODE\=_LIBCPP_HARDENING_MODE_DEBUG -swift-version 5 -I /Users/admin/builder/spi-builder-workspace/.derivedData/Build/Products/Debug-watchos -Isystem /Applications/Xcode-27.0.0-Release.Candidate.app/Contents/Developer/Platforms/WatchOS.platform/Developer/usr/lib -F /Users/admin/builder/spi-builder-workspace/.derivedData/Build/Products/Debug-watchos/PackageFrameworks -F /Users/admin/builder/spi-builder-workspace/.derivedData/Build/Products/Debug-watchos -F /Applications/Xcode-27.0.0-Release.Candidate.app/Contents/Developer/Platforms/WatchOS.platform/Developer/Library/Frameworks -F /Applications/Xcode-27.0.0-Release.Candidate.app/Contents/Developer/Platforms/WatchOS.platform/Developer/SDKs/WatchOS27.0.sdk/Developer/Library/Frameworks -c -j10 -enable-batch-mode -incremental -Xcc -ivfsstatcache -Xcc /Users/admin/builder/spi-builder-workspace/.derivedData/SDKStatCaches.noindex/watchos27.0-24R360-e829b21a6f8c9b70876ba0858053c04477534ef55a1706bf4c1112bbb242f0a2.sdkstatcache -output-file-map /Users/admin/builder/spi-builder-workspace/.derivedData/Build/Intermediates.noindex/URLImage.build/Debug-watchos/URLImage-t.build/Objects-normal/arm64/URLImage-OutputFileMap.json -save-temps -no-color-diagnostics -explicit-module-build -module-cache-path /Users/admin/builder/spi-builder-workspace/.derivedData/Build/Intermediates.noindex/SwiftExplicitPrecompiledModules -clang-scanner-module-cache-path /Users/admin/builder/spi-builder-workspace/.derivedData/ModuleCache.noindex -sdk-module-cache-path /Users/admin/builder/spi-builder-workspace/.derivedData/SDKExplicitPrecompiledModules -emit-dependencies -emit-module -emit-module-path /Users/admin/builder/spi-builder-workspace/.derivedData/Build/Intermediates.noindex/URLImage.build/Debug-watchos/URLImage-t.build/Objects-normal/arm64/URLImage.swiftmodule -serialize-diagnostics -dependency-scan-serialize-diagnostics-path /Users/admin/builder/spi-builder-workspace/.derivedData/Build/Intermediates.noindex/URLImage.build/Debug-watchos/URLImage-t.build/Objects-normal/arm64/URLImage-dependency-scan.dia -validate-clang-modules-once -clang-build-session-file /Users/admin/builder/spi-builder-workspace/.derivedData/ModuleCache.noindex/Session.modulevalidation -Xcc -fmodules-prune-interval\=86400 -Xcc -fmodules-prune-after\=345600 -emit-const-values -const-gather-protocols-list /Users/admin/builder/spi-builder-workspace/.derivedData/Build/Intermediates.noindex/URLImage.build/Debug-watchos/URLImage-t.build/Objects-normal/arm64/URLImage_const_extract_protocols.json -Xcc -I/Users/admin/builder/spi-builder-workspace/.derivedData/Build/Products/Debug-watchos/include -Xcc -I/Users/admin/builder/spi-builder-workspace/.derivedData/Build/Intermediates.noindex/URLImage.build/Debug-watchos/URLImage-t.build/DerivedSources-normal/arm64 -Xcc -I/Users/admin/builder/spi-builder-workspace/.derivedData/Build/Intermediates.noindex/URLImage.build/Debug-watchos/URLImage-t.build/DerivedSources/arm64 -Xcc -I/Users/admin/builder/spi-builder-workspace/.derivedData/Build/Intermediates.noindex/URLImage.build/Debug-watchos/URLImage-t.build/DerivedSources -Xcc -DSWIFT_PACKAGE -Xcc -DDEBUG\=1 -emit-objc-header -emit-objc-header-path /Users/admin/builder/spi-builder-workspace/.derivedData/Build/Intermediates.noindex/URLImage.build/Debug-watchos/URLImage-t.build/Objects-normal/arm64/URLImage-Swift.h -working-directory /Users/admin/builder/spi-builder-workspace/.swiftpm/xcode -experimental-emit-module-separately -disable-cmo
SwiftDriverJobDiscovery normal arm64 Compiling URLImageService+Extension.swift (in target 'URLImage' from project 'URLImage')
SwiftCompile normal arm64_32 Compiling\ ImageInfo.swift,\ RemoteImage.swift /Users/admin/builder/spi-builder-workspace/.dependencies/checkouts/url-image/Sources/URLImage/Model/ImageInfo.swift /Users/admin/builder/spi-builder-workspace/.dependencies/checkouts/url-image/Sources/URLImage/Model/RemoteImage.swift (in target 'URLImage' from project 'URLImage')
SwiftCompile normal arm64_32 /Users/admin/builder/spi-builder-workspace/.dependencies/checkouts/url-image/Sources/URLImage/Model/ImageInfo.swift (in target 'URLImage' from project 'URLImage')
cd /Users/admin/builder/spi-builder-workspace/.swiftpm/xcode
builtin-SwiftPerFileCompile ImageInfo.swift
SwiftCompile normal arm64_32 /Users/admin/builder/spi-builder-workspace/.dependencies/checkouts/url-image/Sources/URLImage/Model/RemoteImage.swift (in target 'URLImage' from project 'URLImage')
cd /Users/admin/builder/spi-builder-workspace/.swiftpm/xcode
builtin-SwiftPerFileCompile RemoteImage.swift
SwiftMergeGeneratedHeaders /Users/admin/builder/spi-builder-workspace/.derivedData/Build/Intermediates.noindex/GeneratedModuleMaps-watchos/URLImage-Swift.h /Users/admin/builder/spi-builder-workspace/.derivedData/Build/Intermediates.noindex/URLImage.build/Debug-watchos/URLImage-t.build/Objects-normal/arm64/URLImage-Swift.h /Users/admin/builder/spi-builder-workspace/.derivedData/Build/Intermediates.noindex/URLImage.build/Debug-watchos/URLImage-t.build/Objects-normal/arm64_32/URLImage-Swift.h (in target 'URLImage' from project 'URLImage')
cd /Users/admin/builder/spi-builder-workspace/.dependencies/checkouts/url-image
builtin-swiftHeaderTool -arch arm64 /Users/admin/builder/spi-builder-workspace/.derivedData/Build/Intermediates.noindex/URLImage.build/Debug-watchos/URLImage-t.build/Objects-normal/arm64/URLImage-Swift.h -arch arm64_32 /Users/admin/builder/spi-builder-workspace/.derivedData/Build/Intermediates.noindex/URLImage.build/Debug-watchos/URLImage-t.build/Objects-normal/arm64_32/URLImage-Swift.h -o /Users/admin/builder/spi-builder-workspace/.derivedData/Build/Intermediates.noindex/GeneratedModuleMaps-watchos/URLImage-Swift.h
SwiftDriverJobDiscovery normal arm64 Compiling URLImageService.swift (in target 'URLImage' from project 'URLImage')
Copy /Users/admin/builder/spi-builder-workspace/.derivedData/Build/Products/Debug-watchos/URLImage.swiftmodule/arm64-apple-watchos.swiftmodule /Users/admin/builder/spi-builder-workspace/.derivedData/Build/Intermediates.noindex/URLImage.build/Debug-watchos/URLImage-t.build/Objects-normal/arm64/URLImage.swiftmodule (in target 'URLImage' from project 'URLImage')
cd /Users/admin/builder/spi-builder-workspace/.dependencies/checkouts/url-image
builtin-copy -exclude .DS_Store -exclude CVS -exclude .svn -exclude .git -exclude .hg -resolve-src-symlinks -rename /Users/admin/builder/spi-builder-workspace/.derivedData/Build/Intermediates.noindex/URLImage.build/Debug-watchos/URLImage-t.build/Objects-normal/arm64/URLImage.swiftmodule /Users/admin/builder/spi-builder-workspace/.derivedData/Build/Products/Debug-watchos/URLImage.swiftmodule/arm64-apple-watchos.swiftmodule
Copy /Users/admin/builder/spi-builder-workspace/.derivedData/Build/Products/Debug-watchos/URLImage.swiftmodule/arm64-apple-watchos.swiftdoc /Users/admin/builder/spi-builder-workspace/.derivedData/Build/Intermediates.noindex/URLImage.build/Debug-watchos/URLImage-t.build/Objects-normal/arm64/URLImage.swiftdoc (in target 'URLImage' from project 'URLImage')
cd /Users/admin/builder/spi-builder-workspace/.dependencies/checkouts/url-image
builtin-copy -exclude .DS_Store -exclude CVS -exclude .svn -exclude .git -exclude .hg -resolve-src-symlinks -rename /Users/admin/builder/spi-builder-workspace/.derivedData/Build/Intermediates.noindex/URLImage.build/Debug-watchos/URLImage-t.build/Objects-normal/arm64/URLImage.swiftdoc /Users/admin/builder/spi-builder-workspace/.derivedData/Build/Products/Debug-watchos/URLImage.swiftmodule/arm64-apple-watchos.swiftdoc
Copy /Users/admin/builder/spi-builder-workspace/.derivedData/Build/Products/Debug-watchos/URLImage.swiftmodule/arm64-apple-watchos.abi.json /Users/admin/builder/spi-builder-workspace/.derivedData/Build/Intermediates.noindex/URLImage.build/Debug-watchos/URLImage-t.build/Objects-normal/arm64/URLImage.abi.json (in target 'URLImage' from project 'URLImage')
cd /Users/admin/builder/spi-builder-workspace/.dependencies/checkouts/url-image
builtin-copy -exclude .DS_Store -exclude CVS -exclude .svn -exclude .git -exclude .hg -resolve-src-symlinks -rename /Users/admin/builder/spi-builder-workspace/.derivedData/Build/Intermediates.noindex/URLImage.build/Debug-watchos/URLImage-t.build/Objects-normal/arm64/URLImage.abi.json /Users/admin/builder/spi-builder-workspace/.derivedData/Build/Products/Debug-watchos/URLImage.swiftmodule/arm64-apple-watchos.abi.json
Copy /Users/admin/builder/spi-builder-workspace/.derivedData/Build/Products/Debug-watchos/URLImage.swiftmodule/Project/arm64-apple-watchos.swiftsourceinfo /Users/admin/builder/spi-builder-workspace/.derivedData/Build/Intermediates.noindex/URLImage.build/Debug-watchos/URLImage-t.build/Objects-normal/arm64/URLImage.swiftsourceinfo (in target 'URLImage' from project 'URLImage')
cd /Users/admin/builder/spi-builder-workspace/.dependencies/checkouts/url-image
builtin-copy -exclude .DS_Store -exclude CVS -exclude .svn -exclude .git -exclude .hg -resolve-src-symlinks -rename /Users/admin/builder/spi-builder-workspace/.derivedData/Build/Intermediates.noindex/URLImage.build/Debug-watchos/URLImage-t.build/Objects-normal/arm64/URLImage.swiftsourceinfo /Users/admin/builder/spi-builder-workspace/.derivedData/Build/Products/Debug-watchos/URLImage.swiftmodule/Project/arm64-apple-watchos.swiftsourceinfo
SwiftCompile normal arm64 Compiling\ Download+URLImageOptions.swift,\ Image_Orientation+CGImagePropertyOrientation.swift /Users/admin/builder/spi-builder-workspace/.dependencies/checkouts/url-image/Sources/URLImage/Common/Download+URLImageOptions.swift /Users/admin/builder/spi-builder-workspace/.dependencies/checkouts/url-image/Sources/URLImage/Common/Image_Orientation+CGImagePropertyOrientation.swift (in target 'URLImage' from project 'URLImage')
SwiftCompile normal arm64 /Users/admin/builder/spi-builder-workspace/.dependencies/checkouts/url-image/Sources/URLImage/Common/Download+URLImageOptions.swift (in target 'URLImage' from project 'URLImage')
cd /Users/admin/builder/spi-builder-workspace/.swiftpm/xcode
builtin-SwiftPerFileCompile Download+URLImageOptions.swift
SwiftCompile normal arm64 /Users/admin/builder/spi-builder-workspace/.dependencies/checkouts/url-image/Sources/URLImage/Common/Image_Orientation+CGImagePropertyOrientation.swift (in target 'URLImage' from project 'URLImage')
cd /Users/admin/builder/spi-builder-workspace/.swiftpm/xcode
builtin-SwiftPerFileCompile Image_Orientation+CGImagePropertyOrientation.swift
SwiftDriverJobDiscovery normal arm64_32 Compiling URLImageService+Extension.swift (in target 'URLImage' from project 'URLImage')
SwiftDriver ImageViewerRemote normal arm64_32 com.apple.xcode.tools.swift.compiler (in target 'ImageViewerRemote' from project 'SwiftUIImageViewer')
cd /Users/admin/builder/spi-builder-workspace/.swiftpm/xcode
builtin-SwiftDriver -- /Applications/Xcode-27.0.0-Release.Candidate.app/Contents/Developer/Toolchains/XcodeDefault.xctoolchain/usr/bin/swiftc -parse-as-library -module-name ImageViewerRemote -Onone @/Users/admin/builder/spi-builder-workspace/.derivedData/Build/Intermediates.noindex/SwiftUIImageViewer.build/Debug-watchos/ImageViewerRemote-t.build/Objects-normal/arm64_32/ImageViewerRemote.SwiftFileList -DSWIFT_PACKAGE -DDEBUG -DSWIFT_MODULE_RESOURCE_BUNDLE_UNAVAILABLE -DXcode -plugin-path /Applications/Xcode-27.0.0-Release.Candidate.app/Contents/Developer/Toolchains/XcodeDefault.xctoolchain/usr/lib/swift/host/plugins/testing -enable-experimental-feature DebugDescriptionMacro -sdk /Applications/Xcode-27.0.0-Release.Candidate.app/Contents/Developer/Platforms/WatchOS.platform/Developer/SDKs/WatchOS27.0.sdk -target arm64_32-apple-watchos9.0 -g -module-cache-path /Users/admin/builder/spi-builder-workspace/.derivedData/ModuleCache.noindex -Xfrontend -serialize-debugging-options -enable-testing -index-store-path /Users/admin/builder/spi-builder-workspace/.derivedData/Index.noindex/DataStore -Xcc -D_LIBCPP_HARDENING_MODE\=_LIBCPP_HARDENING_MODE_DEBUG -swift-version 5 -I /Users/admin/builder/spi-builder-workspace/.derivedData/Build/Products/Debug-watchos -Isystem /Applications/Xcode-27.0.0-Release.Candidate.app/Contents/Developer/Platforms/WatchOS.platform/Developer/usr/lib -F /Users/admin/builder/spi-builder-workspace/.derivedData/Build/Products/Debug-watchos/PackageFrameworks -F /Users/admin/builder/spi-builder-workspace/.derivedData/Build/Products/Debug-watchos -F /Applications/Xcode-27.0.0-Release.Candidate.app/Contents/Developer/Platforms/WatchOS.platform/Developer/Library/Frameworks -F /Applications/Xcode-27.0.0-Release.Candidate.app/Contents/Developer/Platforms/WatchOS.platform/Developer/SDKs/WatchOS27.0.sdk/Developer/Library/Frameworks -c -j10 -enable-batch-mode -incremental -Xcc -ivfsstatcache -Xcc /Users/admin/builder/spi-builder-workspace/.derivedData/SDKStatCaches.noindex/watchos27.0-24R360-e829b21a6f8c9b70876ba0858053c04477534ef55a1706bf4c1112bbb242f0a2.sdkstatcache -output-file-map /Users/admin/builder/spi-builder-workspace/.derivedData/Build/Intermediates.noindex/SwiftUIImageViewer.build/Debug-watchos/ImageViewerRemote-t.build/Objects-normal/arm64_32/ImageViewerRemote-OutputFileMap.json -save-temps -no-color-diagnostics -explicit-module-build -module-cache-path /Users/admin/builder/spi-builder-workspace/.derivedData/Build/Intermediates.noindex/SwiftExplicitPrecompiledModules -clang-scanner-module-cache-path /Users/admin/builder/spi-builder-workspace/.derivedData/ModuleCache.noindex -sdk-module-cache-path /Users/admin/builder/spi-builder-workspace/.derivedData/SDKExplicitPrecompiledModules -emit-dependencies -emit-module -emit-module-path /Users/admin/builder/spi-builder-workspace/.derivedData/Build/Intermediates.noindex/SwiftUIImageViewer.build/Debug-watchos/ImageViewerRemote-t.build/Objects-normal/arm64_32/ImageViewerRemote.swiftmodule -serialize-diagnostics -dependency-scan-serialize-diagnostics-path /Users/admin/builder/spi-builder-workspace/.derivedData/Build/Intermediates.noindex/SwiftUIImageViewer.build/Debug-watchos/ImageViewerRemote-t.build/Objects-normal/arm64_32/ImageViewerRemote-dependency-scan.dia -validate-clang-modules-once -clang-build-session-file /Users/admin/builder/spi-builder-workspace/.derivedData/ModuleCache.noindex/Session.modulevalidation -Xcc -fmodules-prune-interval\=86400 -Xcc -fmodules-prune-after\=345600 -emit-const-values -const-gather-protocols-list /Users/admin/builder/spi-builder-workspace/.derivedData/Build/Intermediates.noindex/SwiftUIImageViewer.build/Debug-watchos/ImageViewerRemote-t.build/Objects-normal/arm64_32/ImageViewerRemote_const_extract_protocols.json -Xcc -I/Users/admin/builder/spi-builder-workspace/.derivedData/Build/Products/Debug-watchos/include -Xcc -I/Users/admin/builder/spi-builder-workspace/.derivedData/Build/Intermediates.noindex/SwiftUIImageViewer.build/Debug-watchos/ImageViewerRemote-t.build/DerivedSources-normal/arm64_32 -Xcc -I/Users/admin/builder/spi-builder-workspace/.derivedData/Build/Intermediates.noindex/SwiftUIImageViewer.build/Debug-watchos/ImageViewerRemote-t.build/DerivedSources/arm64_32 -Xcc -I/Users/admin/builder/spi-builder-workspace/.derivedData/Build/Intermediates.noindex/SwiftUIImageViewer.build/Debug-watchos/ImageViewerRemote-t.build/DerivedSources -Xcc -DSWIFT_PACKAGE -Xcc -DDEBUG\=1 -emit-objc-header -emit-objc-header-path /Users/admin/builder/spi-builder-workspace/.derivedData/Build/Intermediates.noindex/SwiftUIImageViewer.build/Debug-watchos/ImageViewerRemote-t.build/Objects-normal/arm64_32/ImageViewerRemote-Swift.h -working-directory /Users/admin/builder/spi-builder-workspace/.swiftpm/xcode -experimental-emit-module-separately -disable-cmo
SwiftDriver ImageViewerRemote normal arm64 com.apple.xcode.tools.swift.compiler (in target 'ImageViewerRemote' from project 'SwiftUIImageViewer')
cd /Users/admin/builder/spi-builder-workspace/.swiftpm/xcode
builtin-SwiftDriver -- /Applications/Xcode-27.0.0-Release.Candidate.app/Contents/Developer/Toolchains/XcodeDefault.xctoolchain/usr/bin/swiftc -parse-as-library -module-name ImageViewerRemote -Onone @/Users/admin/builder/spi-builder-workspace/.derivedData/Build/Intermediates.noindex/SwiftUIImageViewer.build/Debug-watchos/ImageViewerRemote-t.build/Objects-normal/arm64/ImageViewerRemote.SwiftFileList -DSWIFT_PACKAGE -DDEBUG -DSWIFT_MODULE_RESOURCE_BUNDLE_UNAVAILABLE -DXcode -plugin-path /Applications/Xcode-27.0.0-Release.Candidate.app/Contents/Developer/Toolchains/XcodeDefault.xctoolchain/usr/lib/swift/host/plugins/testing -enable-experimental-feature DebugDescriptionMacro -sdk /Applications/Xcode-27.0.0-Release.Candidate.app/Contents/Developer/Platforms/WatchOS.platform/Developer/SDKs/WatchOS27.0.sdk -target arm64-apple-watchos9.0 -g -module-cache-path /Users/admin/builder/spi-builder-workspace/.derivedData/ModuleCache.noindex -Xfrontend -serialize-debugging-options -enable-testing -index-store-path /Users/admin/builder/spi-builder-workspace/.derivedData/Index.noindex/DataStore -Xcc -D_LIBCPP_HARDENING_MODE\=_LIBCPP_HARDENING_MODE_DEBUG -swift-version 5 -I /Users/admin/builder/spi-builder-workspace/.derivedData/Build/Products/Debug-watchos -Isystem /Applications/Xcode-27.0.0-Release.Candidate.app/Contents/Developer/Platforms/WatchOS.platform/Developer/usr/lib -F /Users/admin/builder/spi-builder-workspace/.derivedData/Build/Products/Debug-watchos/PackageFrameworks -F /Users/admin/builder/spi-builder-workspace/.derivedData/Build/Products/Debug-watchos -F /Applications/Xcode-27.0.0-Release.Candidate.app/Contents/Developer/Platforms/WatchOS.platform/Developer/Library/Frameworks -F /Applications/Xcode-27.0.0-Release.Candidate.app/Contents/Developer/Platforms/WatchOS.platform/Developer/SDKs/WatchOS27.0.sdk/Developer/Library/Frameworks -c -j10 -enable-batch-mode -incremental -Xcc -ivfsstatcache -Xcc /Users/admin/builder/spi-builder-workspace/.derivedData/SDKStatCaches.noindex/watchos27.0-24R360-e829b21a6f8c9b70876ba0858053c04477534ef55a1706bf4c1112bbb242f0a2.sdkstatcache -output-file-map /Users/admin/builder/spi-builder-workspace/.derivedData/Build/Intermediates.noindex/SwiftUIImageViewer.build/Debug-watchos/ImageViewerRemote-t.build/Objects-normal/arm64/ImageViewerRemote-OutputFileMap.json -save-temps -no-color-diagnostics -explicit-module-build -module-cache-path /Users/admin/builder/spi-builder-workspace/.derivedData/Build/Intermediates.noindex/SwiftExplicitPrecompiledModules -clang-scanner-module-cache-path /Users/admin/builder/spi-builder-workspace/.derivedData/ModuleCache.noindex -sdk-module-cache-path /Users/admin/builder/spi-builder-workspace/.derivedData/SDKExplicitPrecompiledModules -emit-dependencies -emit-module -emit-module-path /Users/admin/builder/spi-builder-workspace/.derivedData/Build/Intermediates.noindex/SwiftUIImageViewer.build/Debug-watchos/ImageViewerRemote-t.build/Objects-normal/arm64/ImageViewerRemote.swiftmodule -serialize-diagnostics -dependency-scan-serialize-diagnostics-path /Users/admin/builder/spi-builder-workspace/.derivedData/Build/Intermediates.noindex/SwiftUIImageViewer.build/Debug-watchos/ImageViewerRemote-t.build/Objects-normal/arm64/ImageViewerRemote-dependency-scan.dia -validate-clang-modules-once -clang-build-session-file /Users/admin/builder/spi-builder-workspace/.derivedData/ModuleCache.noindex/Session.modulevalidation -Xcc -fmodules-prune-interval\=86400 -Xcc -fmodules-prune-after\=345600 -emit-const-values -const-gather-protocols-list /Users/admin/builder/spi-builder-workspace/.derivedData/Build/Intermediates.noindex/SwiftUIImageViewer.build/Debug-watchos/ImageViewerRemote-t.build/Objects-normal/arm64/ImageViewerRemote_const_extract_protocols.json -Xcc -I/Users/admin/builder/spi-builder-workspace/.derivedData/Build/Products/Debug-watchos/include -Xcc -I/Users/admin/builder/spi-builder-workspace/.derivedData/Build/Intermediates.noindex/SwiftUIImageViewer.build/Debug-watchos/ImageViewerRemote-t.build/DerivedSources-normal/arm64 -Xcc -I/Users/admin/builder/spi-builder-workspace/.derivedData/Build/Intermediates.noindex/SwiftUIImageViewer.build/Debug-watchos/ImageViewerRemote-t.build/DerivedSources/arm64 -Xcc -I/Users/admin/builder/spi-builder-workspace/.derivedData/Build/Intermediates.noindex/SwiftUIImageViewer.build/Debug-watchos/ImageViewerRemote-t.build/DerivedSources -Xcc -DSWIFT_PACKAGE -Xcc -DDEBUG\=1 -emit-objc-header -emit-objc-header-path /Users/admin/builder/spi-builder-workspace/.derivedData/Build/Intermediates.noindex/SwiftUIImageViewer.build/Debug-watchos/ImageViewerRemote-t.build/Objects-normal/arm64/ImageViewerRemote-Swift.h -working-directory /Users/admin/builder/spi-builder-workspace/.swiftpm/xcode -experimental-emit-module-separately -disable-cmo
SwiftDriverJobDiscovery normal arm64 Compiling DiskCache.swift, InMemoryCache.swift (in target 'URLImage' from project 'URLImage')
SwiftDriverJobDiscovery normal arm64 Compiling URLImageService+RemoteImage.swift (in target 'URLImage' from project 'URLImage')
SwiftDriverJobDiscovery normal arm64 Compiling URLImageService+Decode.swift (in target 'URLImage' from project 'URLImage')
SwiftDriverJobDiscovery normal arm64 Compiling URLImageOptions.swift, URLImageService+Cache.swift (in target 'URLImage' from project 'URLImage')
SwiftDriverJobDiscovery normal arm64 Compiling RemoteContentViewLoadOptions+URLImageOptions_LoadOptions.swift, URLImageError.swift (in target 'URLImage' from project 'URLImage')
SwiftDriverJobDiscovery normal arm64 Compiling ImageInfo.swift, RemoteImage.swift (in target 'URLImage' from project 'URLImage')
SwiftDriver ImageViewer normal arm64_32 com.apple.xcode.tools.swift.compiler (in target 'ImageViewer' from project 'SwiftUIImageViewer')
cd /Users/admin/builder/spi-builder-workspace/.swiftpm/xcode
builtin-SwiftDriver -- /Applications/Xcode-27.0.0-Release.Candidate.app/Contents/Developer/Toolchains/XcodeDefault.xctoolchain/usr/bin/swiftc -parse-as-library -module-name ImageViewer -Onone @/Users/admin/builder/spi-builder-workspace/.derivedData/Build/Intermediates.noindex/SwiftUIImageViewer.build/Debug-watchos/ImageViewer-t.build/Objects-normal/arm64_32/ImageViewer.SwiftFileList -DSWIFT_PACKAGE -DDEBUG -DSWIFT_MODULE_RESOURCE_BUNDLE_UNAVAILABLE -DXcode -plugin-path /Applications/Xcode-27.0.0-Release.Candidate.app/Contents/Developer/Toolchains/XcodeDefault.xctoolchain/usr/lib/swift/host/plugins/testing -enable-experimental-feature DebugDescriptionMacro -sdk /Applications/Xcode-27.0.0-Release.Candidate.app/Contents/Developer/Platforms/WatchOS.platform/Developer/SDKs/WatchOS27.0.sdk -target arm64_32-apple-watchos9.0 -g -module-cache-path /Users/admin/builder/spi-builder-workspace/.derivedData/ModuleCache.noindex -Xfrontend -serialize-debugging-options -enable-testing -index-store-path /Users/admin/builder/spi-builder-workspace/.derivedData/Index.noindex/DataStore -Xcc -D_LIBCPP_HARDENING_MODE\=_LIBCPP_HARDENING_MODE_DEBUG -swift-version 5 -I /Users/admin/builder/spi-builder-workspace/.derivedData/Build/Products/Debug-watchos -Isystem /Applications/Xcode-27.0.0-Release.Candidate.app/Contents/Developer/Platforms/WatchOS.platform/Developer/usr/lib -F /Users/admin/builder/spi-builder-workspace/.derivedData/Build/Products/Debug-watchos/PackageFrameworks -F /Users/admin/builder/spi-builder-workspace/.derivedData/Build/Products/Debug-watchos -F /Applications/Xcode-27.0.0-Release.Candidate.app/Contents/Developer/Platforms/WatchOS.platform/Developer/Library/Frameworks -F /Applications/Xcode-27.0.0-Release.Candidate.app/Contents/Developer/Platforms/WatchOS.platform/Developer/SDKs/WatchOS27.0.sdk/Developer/Library/Frameworks -c -j10 -enable-batch-mode -incremental -Xcc -ivfsstatcache -Xcc /Users/admin/builder/spi-builder-workspace/.derivedData/SDKStatCaches.noindex/watchos27.0-24R360-e829b21a6f8c9b70876ba0858053c04477534ef55a1706bf4c1112bbb242f0a2.sdkstatcache -output-file-map /Users/admin/builder/spi-builder-workspace/.derivedData/Build/Intermediates.noindex/SwiftUIImageViewer.build/Debug-watchos/ImageViewer-t.build/Objects-normal/arm64_32/ImageViewer-OutputFileMap.json -save-temps -no-color-diagnostics -explicit-module-build -module-cache-path /Users/admin/builder/spi-builder-workspace/.derivedData/Build/Intermediates.noindex/SwiftExplicitPrecompiledModules -clang-scanner-module-cache-path /Users/admin/builder/spi-builder-workspace/.derivedData/ModuleCache.noindex -sdk-module-cache-path /Users/admin/builder/spi-builder-workspace/.derivedData/SDKExplicitPrecompiledModules -emit-dependencies -emit-module -emit-module-path /Users/admin/builder/spi-builder-workspace/.derivedData/Build/Intermediates.noindex/SwiftUIImageViewer.build/Debug-watchos/ImageViewer-t.build/Objects-normal/arm64_32/ImageViewer.swiftmodule -serialize-diagnostics -dependency-scan-serialize-diagnostics-path /Users/admin/builder/spi-builder-workspace/.derivedData/Build/Intermediates.noindex/SwiftUIImageViewer.build/Debug-watchos/ImageViewer-t.build/Objects-normal/arm64_32/ImageViewer-dependency-scan.dia -validate-clang-modules-once -clang-build-session-file /Users/admin/builder/spi-builder-workspace/.derivedData/ModuleCache.noindex/Session.modulevalidation -Xcc -fmodules-prune-interval\=86400 -Xcc -fmodules-prune-after\=345600 -emit-const-values -const-gather-protocols-list /Users/admin/builder/spi-builder-workspace/.derivedData/Build/Intermediates.noindex/SwiftUIImageViewer.build/Debug-watchos/ImageViewer-t.build/Objects-normal/arm64_32/ImageViewer_const_extract_protocols.json -Xcc -I/Users/admin/builder/spi-builder-workspace/.derivedData/Build/Products/Debug-watchos/include -Xcc -I/Users/admin/builder/spi-builder-workspace/.derivedData/Build/Intermediates.noindex/SwiftUIImageViewer.build/Debug-watchos/ImageViewer-t.build/DerivedSources-normal/arm64_32 -Xcc -I/Users/admin/builder/spi-builder-workspace/.derivedData/Build/Intermediates.noindex/SwiftUIImageViewer.build/Debug-watchos/ImageViewer-t.build/DerivedSources/arm64_32 -Xcc -I/Users/admin/builder/spi-builder-workspace/.derivedData/Build/Intermediates.noindex/SwiftUIImageViewer.build/Debug-watchos/ImageViewer-t.build/DerivedSources -Xcc -DSWIFT_PACKAGE -Xcc -DDEBUG\=1 -emit-objc-header -emit-objc-header-path /Users/admin/builder/spi-builder-workspace/.derivedData/Build/Intermediates.noindex/SwiftUIImageViewer.build/Debug-watchos/ImageViewer-t.build/Objects-normal/arm64_32/ImageViewer-Swift.h -working-directory /Users/admin/builder/spi-builder-workspace/.swiftpm/xcode -experimental-emit-module-separately -disable-cmo
SwiftDriver ImageViewer normal arm64 com.apple.xcode.tools.swift.compiler (in target 'ImageViewer' from project 'SwiftUIImageViewer')
cd /Users/admin/builder/spi-builder-workspace/.swiftpm/xcode
builtin-SwiftDriver -- /Applications/Xcode-27.0.0-Release.Candidate.app/Contents/Developer/Toolchains/XcodeDefault.xctoolchain/usr/bin/swiftc -parse-as-library -module-name ImageViewer -Onone @/Users/admin/builder/spi-builder-workspace/.derivedData/Build/Intermediates.noindex/SwiftUIImageViewer.build/Debug-watchos/ImageViewer-t.build/Objects-normal/arm64/ImageViewer.SwiftFileList -DSWIFT_PACKAGE -DDEBUG -DSWIFT_MODULE_RESOURCE_BUNDLE_UNAVAILABLE -DXcode -plugin-path /Applications/Xcode-27.0.0-Release.Candidate.app/Contents/Developer/Toolchains/XcodeDefault.xctoolchain/usr/lib/swift/host/plugins/testing -enable-experimental-feature DebugDescriptionMacro -sdk /Applications/Xcode-27.0.0-Release.Candidate.app/Contents/Developer/Platforms/WatchOS.platform/Developer/SDKs/WatchOS27.0.sdk -target arm64-apple-watchos9.0 -g -module-cache-path /Users/admin/builder/spi-builder-workspace/.derivedData/ModuleCache.noindex -Xfrontend -serialize-debugging-options -enable-testing -index-store-path /Users/admin/builder/spi-builder-workspace/.derivedData/Index.noindex/DataStore -Xcc -D_LIBCPP_HARDENING_MODE\=_LIBCPP_HARDENING_MODE_DEBUG -swift-version 5 -I /Users/admin/builder/spi-builder-workspace/.derivedData/Build/Products/Debug-watchos -Isystem /Applications/Xcode-27.0.0-Release.Candidate.app/Contents/Developer/Platforms/WatchOS.platform/Developer/usr/lib -F /Users/admin/builder/spi-builder-workspace/.derivedData/Build/Products/Debug-watchos/PackageFrameworks -F /Users/admin/builder/spi-builder-workspace/.derivedData/Build/Products/Debug-watchos -F /Applications/Xcode-27.0.0-Release.Candidate.app/Contents/Developer/Platforms/WatchOS.platform/Developer/Library/Frameworks -F /Applications/Xcode-27.0.0-Release.Candidate.app/Contents/Developer/Platforms/WatchOS.platform/Developer/SDKs/WatchOS27.0.sdk/Developer/Library/Frameworks -c -j10 -enable-batch-mode -incremental -Xcc -ivfsstatcache -Xcc /Users/admin/builder/spi-builder-workspace/.derivedData/SDKStatCaches.noindex/watchos27.0-24R360-e829b21a6f8c9b70876ba0858053c04477534ef55a1706bf4c1112bbb242f0a2.sdkstatcache -output-file-map /Users/admin/builder/spi-builder-workspace/.derivedData/Build/Intermediates.noindex/SwiftUIImageViewer.build/Debug-watchos/ImageViewer-t.build/Objects-normal/arm64/ImageViewer-OutputFileMap.json -save-temps -no-color-diagnostics -explicit-module-build -module-cache-path /Users/admin/builder/spi-builder-workspace/.derivedData/Build/Intermediates.noindex/SwiftExplicitPrecompiledModules -clang-scanner-module-cache-path /Users/admin/builder/spi-builder-workspace/.derivedData/ModuleCache.noindex -sdk-module-cache-path /Users/admin/builder/spi-builder-workspace/.derivedData/SDKExplicitPrecompiledModules -emit-dependencies -emit-module -emit-module-path /Users/admin/builder/spi-builder-workspace/.derivedData/Build/Intermediates.noindex/SwiftUIImageViewer.build/Debug-watchos/ImageViewer-t.build/Objects-normal/arm64/ImageViewer.swiftmodule -serialize-diagnostics -dependency-scan-serialize-diagnostics-path /Users/admin/builder/spi-builder-workspace/.derivedData/Build/Intermediates.noindex/SwiftUIImageViewer.build/Debug-watchos/ImageViewer-t.build/Objects-normal/arm64/ImageViewer-dependency-scan.dia -validate-clang-modules-once -clang-build-session-file /Users/admin/builder/spi-builder-workspace/.derivedData/ModuleCache.noindex/Session.modulevalidation -Xcc -fmodules-prune-interval\=86400 -Xcc -fmodules-prune-after\=345600 -emit-const-values -const-gather-protocols-list /Users/admin/builder/spi-builder-workspace/.derivedData/Build/Intermediates.noindex/SwiftUIImageViewer.build/Debug-watchos/ImageViewer-t.build/Objects-normal/arm64/ImageViewer_const_extract_protocols.json -Xcc -I/Users/admin/builder/spi-builder-workspace/.derivedData/Build/Products/Debug-watchos/include -Xcc -I/Users/admin/builder/spi-builder-workspace/.derivedData/Build/Intermediates.noindex/SwiftUIImageViewer.build/Debug-watchos/ImageViewer-t.build/DerivedSources-normal/arm64 -Xcc -I/Users/admin/builder/spi-builder-workspace/.derivedData/Build/Intermediates.noindex/SwiftUIImageViewer.build/Debug-watchos/ImageViewer-t.build/DerivedSources/arm64 -Xcc -I/Users/admin/builder/spi-builder-workspace/.derivedData/Build/Intermediates.noindex/SwiftUIImageViewer.build/Debug-watchos/ImageViewer-t.build/DerivedSources -Xcc -DSWIFT_PACKAGE -Xcc -DDEBUG\=1 -emit-objc-header -emit-objc-header-path /Users/admin/builder/spi-builder-workspace/.derivedData/Build/Intermediates.noindex/SwiftUIImageViewer.build/Debug-watchos/ImageViewer-t.build/Objects-normal/arm64/ImageViewer-Swift.h -working-directory /Users/admin/builder/spi-builder-workspace/.swiftpm/xcode -experimental-emit-module-separately -disable-cmo
SwiftDriverJobDiscovery normal arm64 Compiling TransientImage.swift, URLImage.swift (in target 'URLImage' from project 'URLImage')
SwiftDriverJobDiscovery normal arm64 Compiling Download+URLImageOptions.swift, Image_Orientation+CGImagePropertyOrientation.swift (in target 'URLImage' from project 'URLImage')
SwiftDriver\ Compilation URLImage normal arm64 com.apple.xcode.tools.swift.compiler (in target 'URLImage' from project 'URLImage')
cd /Users/admin/builder/spi-builder-workspace/.swiftpm/xcode
builtin-Swift-Compilation -- /Applications/Xcode-27.0.0-Release.Candidate.app/Contents/Developer/Toolchains/XcodeDefault.xctoolchain/usr/bin/swiftc -parse-as-library -module-name URLImage -Onone @/Users/admin/builder/spi-builder-workspace/.derivedData/Build/Intermediates.noindex/URLImage.build/Debug-watchos/URLImage-t.build/Objects-normal/arm64/URLImage.SwiftFileList -DSWIFT_PACKAGE -DDEBUG -DSWIFT_MODULE_RESOURCE_BUNDLE_UNAVAILABLE -DXcode -plugin-path /Applications/Xcode-27.0.0-Release.Candidate.app/Contents/Developer/Toolchains/XcodeDefault.xctoolchain/usr/lib/swift/host/plugins/testing -enable-experimental-feature DebugDescriptionMacro -sdk /Applications/Xcode-27.0.0-Release.Candidate.app/Contents/Developer/Platforms/WatchOS.platform/Developer/SDKs/WatchOS27.0.sdk -target arm64-apple-watchos9.0 -g -module-cache-path /Users/admin/builder/spi-builder-workspace/.derivedData/ModuleCache.noindex -Xfrontend -serialize-debugging-options -enable-testing -suppress-warnings -index-store-path /Users/admin/builder/spi-builder-workspace/.derivedData/Index.noindex/DataStore -Xcc -D_LIBCPP_HARDENING_MODE\=_LIBCPP_HARDENING_MODE_DEBUG -swift-version 5 -I /Users/admin/builder/spi-builder-workspace/.derivedData/Build/Products/Debug-watchos -Isystem /Applications/Xcode-27.0.0-Release.Candidate.app/Contents/Developer/Platforms/WatchOS.platform/Developer/usr/lib -F /Users/admin/builder/spi-builder-workspace/.derivedData/Build/Products/Debug-watchos/PackageFrameworks -F /Users/admin/builder/spi-builder-workspace/.derivedData/Build/Products/Debug-watchos -F /Applications/Xcode-27.0.0-Release.Candidate.app/Contents/Developer/Platforms/WatchOS.platform/Developer/Library/Frameworks -F /Applications/Xcode-27.0.0-Release.Candidate.app/Contents/Developer/Platforms/WatchOS.platform/Developer/SDKs/WatchOS27.0.sdk/Developer/Library/Frameworks -c -j10 -enable-batch-mode -incremental -Xcc -ivfsstatcache -Xcc /Users/admin/builder/spi-builder-workspace/.derivedData/SDKStatCaches.noindex/watchos27.0-24R360-e829b21a6f8c9b70876ba0858053c04477534ef55a1706bf4c1112bbb242f0a2.sdkstatcache -output-file-map /Users/admin/builder/spi-builder-workspace/.derivedData/Build/Intermediates.noindex/URLImage.build/Debug-watchos/URLImage-t.build/Objects-normal/arm64/URLImage-OutputFileMap.json -save-temps -no-color-diagnostics -explicit-module-build -module-cache-path /Users/admin/builder/spi-builder-workspace/.derivedData/Build/Intermediates.noindex/SwiftExplicitPrecompiledModules -clang-scanner-module-cache-path /Users/admin/builder/spi-builder-workspace/.derivedData/ModuleCache.noindex -sdk-module-cache-path /Users/admin/builder/spi-builder-workspace/.derivedData/SDKExplicitPrecompiledModules -emit-dependencies -emit-module -emit-module-path /Users/admin/builder/spi-builder-workspace/.derivedData/Build/Intermediates.noindex/URLImage.build/Debug-watchos/URLImage-t.build/Objects-normal/arm64/URLImage.swiftmodule -serialize-diagnostics -dependency-scan-serialize-diagnostics-path /Users/admin/builder/spi-builder-workspace/.derivedData/Build/Intermediates.noindex/URLImage.build/Debug-watchos/URLImage-t.build/Objects-normal/arm64/URLImage-dependency-scan.dia -validate-clang-modules-once -clang-build-session-file /Users/admin/builder/spi-builder-workspace/.derivedData/ModuleCache.noindex/Session.modulevalidation -Xcc -fmodules-prune-interval\=86400 -Xcc -fmodules-prune-after\=345600 -emit-const-values -const-gather-protocols-list /Users/admin/builder/spi-builder-workspace/.derivedData/Build/Intermediates.noindex/URLImage.build/Debug-watchos/URLImage-t.build/Objects-normal/arm64/URLImage_const_extract_protocols.json -Xcc -I/Users/admin/builder/spi-builder-workspace/.derivedData/Build/Products/Debug-watchos/include -Xcc -I/Users/admin/builder/spi-builder-workspace/.derivedData/Build/Intermediates.noindex/URLImage.build/Debug-watchos/URLImage-t.build/DerivedSources-normal/arm64 -Xcc -I/Users/admin/builder/spi-builder-workspace/.derivedData/Build/Intermediates.noindex/URLImage.build/Debug-watchos/URLImage-t.build/DerivedSources/arm64 -Xcc -I/Users/admin/builder/spi-builder-workspace/.derivedData/Build/Intermediates.noindex/URLImage.build/Debug-watchos/URLImage-t.build/DerivedSources -Xcc -DSWIFT_PACKAGE -Xcc -DDEBUG\=1 -emit-objc-header -emit-objc-header-path /Users/admin/builder/spi-builder-workspace/.derivedData/Build/Intermediates.noindex/URLImage.build/Debug-watchos/URLImage-t.build/Objects-normal/arm64/URLImage-Swift.h -working-directory /Users/admin/builder/spi-builder-workspace/.swiftpm/xcode -experimental-emit-module-separately -disable-cmo
Ld /Users/admin/builder/spi-builder-workspace/.derivedData/Build/Intermediates.noindex/URLImage.build/Debug-watchos/URLImage-t.build/Objects-normal/arm64/Binary/URLImage.o normal arm64 (in target 'URLImage' from project 'URLImage')
cd /Users/admin/builder/spi-builder-workspace/.dependencies/checkouts/url-image
/Applications/Xcode-27.0.0-Release.Candidate.app/Contents/Developer/Toolchains/XcodeDefault.xctoolchain/usr/bin/clang -Xlinker -reproducible -target arm64-apple-watchos9.0 -r -isysroot /Applications/Xcode-27.0.0-Release.Candidate.app/Contents/Developer/Platforms/WatchOS.platform/Developer/SDKs/WatchOS27.0.sdk -O0 -w -Xlinker -no_warn_duplicate_libraries -F/Users/admin/builder/spi-builder-workspace/.derivedData/Build/Intermediates.noindex/EagerLinkingTBDs/Debug-watchos -F/Users/admin/builder/spi-builder-workspace/.derivedData/Build/Products/Debug-watchos/PackageFrameworks -F/Users/admin/builder/spi-builder-workspace/.derivedData/Build/Products/Debug-watchos -iframework /Applications/Xcode-27.0.0-Release.Candidate.app/Contents/Developer/Platforms/WatchOS.platform/Developer/Library/Frameworks -iframework /Applications/Xcode-27.0.0-Release.Candidate.app/Contents/Developer/Platforms/WatchOS.platform/Developer/SDKs/WatchOS27.0.sdk/Developer/Library/Frameworks -filelist /Users/admin/builder/spi-builder-workspace/.derivedData/Build/Intermediates.noindex/URLImage.build/Debug-watchos/URLImage-t.build/Objects-normal/arm64/URLImage.LinkFileList -nostdlib -Xlinker -object_path_lto -Xlinker /Users/admin/builder/spi-builder-workspace/.derivedData/Build/Intermediates.noindex/URLImage.build/Debug-watchos/URLImage-t.build/Objects-normal/arm64/URLImage_lto.o -Xlinker -no_deduplicate -Xlinker -dependency_info -Xlinker /Users/admin/builder/spi-builder-workspace/.derivedData/Build/Intermediates.noindex/URLImage.build/Debug-watchos/URLImage-t.build/Objects-normal/arm64/URLImage_dependency_info.dat -fobjc-link-runtime -L/Applications/Xcode-27.0.0-Release.Candidate.app/Contents/Developer/Toolchains/XcodeDefault.xctoolchain/usr/lib/swift/watchos -L/usr/lib/swift -Xlinker -add_ast_path -Xlinker /Users/admin/builder/spi-builder-workspace/.derivedData/Build/Intermediates.noindex/URLImage.build/Debug-watchos/URLImage-t.build/Objects-normal/arm64/URLImage.swiftmodule -o /Users/admin/builder/spi-builder-workspace/.derivedData/Build/Intermediates.noindex/URLImage.build/Debug-watchos/URLImage-t.build/Objects-normal/arm64/Binary/URLImage.o
SwiftDriverJobDiscovery normal arm64_32 Compiling ImageInfo.swift, RemoteImage.swift (in target 'URLImage' from project 'URLImage')
SwiftDriver\ Compilation URLImage normal arm64_32 com.apple.xcode.tools.swift.compiler (in target 'URLImage' from project 'URLImage')
cd /Users/admin/builder/spi-builder-workspace/.swiftpm/xcode
builtin-Swift-Compilation -- /Applications/Xcode-27.0.0-Release.Candidate.app/Contents/Developer/Toolchains/XcodeDefault.xctoolchain/usr/bin/swiftc -parse-as-library -module-name URLImage -Onone @/Users/admin/builder/spi-builder-workspace/.derivedData/Build/Intermediates.noindex/URLImage.build/Debug-watchos/URLImage-t.build/Objects-normal/arm64_32/URLImage.SwiftFileList -DSWIFT_PACKAGE -DDEBUG -DSWIFT_MODULE_RESOURCE_BUNDLE_UNAVAILABLE -DXcode -plugin-path /Applications/Xcode-27.0.0-Release.Candidate.app/Contents/Developer/Toolchains/XcodeDefault.xctoolchain/usr/lib/swift/host/plugins/testing -enable-experimental-feature DebugDescriptionMacro -sdk /Applications/Xcode-27.0.0-Release.Candidate.app/Contents/Developer/Platforms/WatchOS.platform/Developer/SDKs/WatchOS27.0.sdk -target arm64_32-apple-watchos9.0 -g -module-cache-path /Users/admin/builder/spi-builder-workspace/.derivedData/ModuleCache.noindex -Xfrontend -serialize-debugging-options -enable-testing -suppress-warnings -index-store-path /Users/admin/builder/spi-builder-workspace/.derivedData/Index.noindex/DataStore -Xcc -D_LIBCPP_HARDENING_MODE\=_LIBCPP_HARDENING_MODE_DEBUG -swift-version 5 -I /Users/admin/builder/spi-builder-workspace/.derivedData/Build/Products/Debug-watchos -Isystem /Applications/Xcode-27.0.0-Release.Candidate.app/Contents/Developer/Platforms/WatchOS.platform/Developer/usr/lib -F /Users/admin/builder/spi-builder-workspace/.derivedData/Build/Products/Debug-watchos/PackageFrameworks -F /Users/admin/builder/spi-builder-workspace/.derivedData/Build/Products/Debug-watchos -F /Applications/Xcode-27.0.0-Release.Candidate.app/Contents/Developer/Platforms/WatchOS.platform/Developer/Library/Frameworks -F /Applications/Xcode-27.0.0-Release.Candidate.app/Contents/Developer/Platforms/WatchOS.platform/Developer/SDKs/WatchOS27.0.sdk/Developer/Library/Frameworks -c -j10 -enable-batch-mode -incremental -Xcc -ivfsstatcache -Xcc /Users/admin/builder/spi-builder-workspace/.derivedData/SDKStatCaches.noindex/watchos27.0-24R360-e829b21a6f8c9b70876ba0858053c04477534ef55a1706bf4c1112bbb242f0a2.sdkstatcache -output-file-map /Users/admin/builder/spi-builder-workspace/.derivedData/Build/Intermediates.noindex/URLImage.build/Debug-watchos/URLImage-t.build/Objects-normal/arm64_32/URLImage-OutputFileMap.json -save-temps -no-color-diagnostics -explicit-module-build -module-cache-path /Users/admin/builder/spi-builder-workspace/.derivedData/Build/Intermediates.noindex/SwiftExplicitPrecompiledModules -clang-scanner-module-cache-path /Users/admin/builder/spi-builder-workspace/.derivedData/ModuleCache.noindex -sdk-module-cache-path /Users/admin/builder/spi-builder-workspace/.derivedData/SDKExplicitPrecompiledModules -emit-dependencies -emit-module -emit-module-path /Users/admin/builder/spi-builder-workspace/.derivedData/Build/Intermediates.noindex/URLImage.build/Debug-watchos/URLImage-t.build/Objects-normal/arm64_32/URLImage.swiftmodule -serialize-diagnostics -dependency-scan-serialize-diagnostics-path /Users/admin/builder/spi-builder-workspace/.derivedData/Build/Intermediates.noindex/URLImage.build/Debug-watchos/URLImage-t.build/Objects-normal/arm64_32/URLImage-dependency-scan.dia -validate-clang-modules-once -clang-build-session-file /Users/admin/builder/spi-builder-workspace/.derivedData/ModuleCache.noindex/Session.modulevalidation -Xcc -fmodules-prune-interval\=86400 -Xcc -fmodules-prune-after\=345600 -emit-const-values -const-gather-protocols-list /Users/admin/builder/spi-builder-workspace/.derivedData/Build/Intermediates.noindex/URLImage.build/Debug-watchos/URLImage-t.build/Objects-normal/arm64_32/URLImage_const_extract_protocols.json -Xcc -I/Users/admin/builder/spi-builder-workspace/.derivedData/Build/Products/Debug-watchos/include -Xcc -I/Users/admin/builder/spi-builder-workspace/.derivedData/Build/Intermediates.noindex/URLImage.build/Debug-watchos/URLImage-t.build/DerivedSources-normal/arm64_32 -Xcc -I/Users/admin/builder/spi-builder-workspace/.derivedData/Build/Intermediates.noindex/URLImage.build/Debug-watchos/URLImage-t.build/DerivedSources/arm64_32 -Xcc -I/Users/admin/builder/spi-builder-workspace/.derivedData/Build/Intermediates.noindex/URLImage.build/Debug-watchos/URLImage-t.build/DerivedSources -Xcc -DSWIFT_PACKAGE -Xcc -DDEBUG\=1 -emit-objc-header -emit-objc-header-path /Users/admin/builder/spi-builder-workspace/.derivedData/Build/Intermediates.noindex/URLImage.build/Debug-watchos/URLImage-t.build/Objects-normal/arm64_32/URLImage-Swift.h -working-directory /Users/admin/builder/spi-builder-workspace/.swiftpm/xcode -experimental-emit-module-separately -disable-cmo
Ld /Users/admin/builder/spi-builder-workspace/.derivedData/Build/Intermediates.noindex/URLImage.build/Debug-watchos/URLImage-t.build/Objects-normal/arm64_32/Binary/URLImage.o normal arm64_32 (in target 'URLImage' from project 'URLImage')
cd /Users/admin/builder/spi-builder-workspace/.dependencies/checkouts/url-image
/Applications/Xcode-27.0.0-Release.Candidate.app/Contents/Developer/Toolchains/XcodeDefault.xctoolchain/usr/bin/clang -Xlinker -reproducible -target arm64_32-apple-watchos9.0 -r -isysroot /Applications/Xcode-27.0.0-Release.Candidate.app/Contents/Developer/Platforms/WatchOS.platform/Developer/SDKs/WatchOS27.0.sdk -O0 -w -Xlinker -no_warn_duplicate_libraries -F/Users/admin/builder/spi-builder-workspace/.derivedData/Build/Intermediates.noindex/EagerLinkingTBDs/Debug-watchos -F/Users/admin/builder/spi-builder-workspace/.derivedData/Build/Products/Debug-watchos/PackageFrameworks -F/Users/admin/builder/spi-builder-workspace/.derivedData/Build/Products/Debug-watchos -iframework /Applications/Xcode-27.0.0-Release.Candidate.app/Contents/Developer/Platforms/WatchOS.platform/Developer/Library/Frameworks -iframework /Applications/Xcode-27.0.0-Release.Candidate.app/Contents/Developer/Platforms/WatchOS.platform/Developer/SDKs/WatchOS27.0.sdk/Developer/Library/Frameworks -filelist /Users/admin/builder/spi-builder-workspace/.derivedData/Build/Intermediates.noindex/URLImage.build/Debug-watchos/URLImage-t.build/Objects-normal/arm64_32/URLImage.LinkFileList -nostdlib -Xlinker -object_path_lto -Xlinker /Users/admin/builder/spi-builder-workspace/.derivedData/Build/Intermediates.noindex/URLImage.build/Debug-watchos/URLImage-t.build/Objects-normal/arm64_32/URLImage_lto.o -Xlinker -no_deduplicate -Xlinker -dependency_info -Xlinker /Users/admin/builder/spi-builder-workspace/.derivedData/Build/Intermediates.noindex/URLImage.build/Debug-watchos/URLImage-t.build/Objects-normal/arm64_32/URLImage_dependency_info.dat -fobjc-link-runtime -L/Applications/Xcode-27.0.0-Release.Candidate.app/Contents/Developer/Toolchains/XcodeDefault.xctoolchain/usr/lib/swift/watchos -L/usr/lib/swift -Xlinker -add_ast_path -Xlinker /Users/admin/builder/spi-builder-workspace/.derivedData/Build/Intermediates.noindex/URLImage.build/Debug-watchos/URLImage-t.build/Objects-normal/arm64_32/URLImage.swiftmodule -o /Users/admin/builder/spi-builder-workspace/.derivedData/Build/Intermediates.noindex/URLImage.build/Debug-watchos/URLImage-t.build/Objects-normal/arm64_32/Binary/URLImage.o
CreateUniversalBinary /Users/admin/builder/spi-builder-workspace/.derivedData/Build/Products/Debug-watchos/URLImage.o normal arm64\ arm64_32 (in target 'URLImage' from project 'URLImage')
cd /Users/admin/builder/spi-builder-workspace/.dependencies/checkouts/url-image
/Applications/Xcode-27.0.0-Release.Candidate.app/Contents/Developer/Toolchains/XcodeDefault.xctoolchain/usr/bin/lipo -create /Users/admin/builder/spi-builder-workspace/.derivedData/Build/Intermediates.noindex/URLImage.build/Debug-watchos/URLImage-t.build/Objects-normal/arm64/Binary/URLImage.o /Users/admin/builder/spi-builder-workspace/.derivedData/Build/Intermediates.noindex/URLImage.build/Debug-watchos/URLImage-t.build/Objects-normal/arm64_32/Binary/URLImage.o -output /Users/admin/builder/spi-builder-workspace/.derivedData/Build/Products/Debug-watchos/URLImage.o
ExtractAppIntentsMetadata (in target 'URLImage' from project 'URLImage')
cd /Users/admin/builder/spi-builder-workspace/.dependencies/checkouts/url-image
/Applications/Xcode-27.0.0-Release.Candidate.app/Contents/Developer/Toolchains/XcodeDefault.xctoolchain/usr/bin/appintentsmetadataprocessor --toolchain-dir /var/run/com.apple.security.cryptexd/mnt/com.apple.MobileAsset.MetalToolchain-v27.1.266.1.BCZmpU/Metal.xctoolchain --module-name URLImage --sdk-root /Applications/Xcode-27.0.0-Release.Candidate.app/Contents/Developer/Platforms/WatchOS.platform/Developer/SDKs/WatchOS27.0.sdk --xcode-version 27A266a --platform-family watchOS --deployment-target 9.0 --bundle-identifier url-image.URLImage --output /Users/admin/builder/spi-builder-workspace/.derivedData/Build/Products/Debug-watchos/URLImage.appintents --target-triple arm64-apple-watchos9.0 --target-triple arm64_32-apple-watchos9.0 --binary-file /Users/admin/builder/spi-builder-workspace/.derivedData/Build/Products/Debug-watchos/URLImage.o --dependency-file /Users/admin/builder/spi-builder-workspace/.derivedData/Build/Intermediates.noindex/URLImage.build/Debug-watchos/URLImage-t.build/Objects-normal/arm64/URLImage_dependency_info.dat --dependency-file /Users/admin/builder/spi-builder-workspace/.derivedData/Build/Intermediates.noindex/URLImage.build/Debug-watchos/URLImage-t.build/Objects-normal/arm64_32/URLImage_dependency_info.dat --stringsdata-file /Users/admin/builder/spi-builder-workspace/.derivedData/Build/Intermediates.noindex/URLImage.build/Debug-watchos/URLImage-t.build/Objects-normal/arm64/ExtractedAppShortcutsMetadata.stringsdata --stringsdata-file /Users/admin/builder/spi-builder-workspace/.derivedData/Build/Intermediates.noindex/URLImage.build/Debug-watchos/URLImage-t.build/Objects-normal/arm64_32/ExtractedAppShortcutsMetadata.stringsdata --source-file-list /Users/admin/builder/spi-builder-workspace/.derivedData/Build/Intermediates.noindex/URLImage.build/Debug-watchos/URLImage-t.build/Objects-normal/arm64/URLImage.SwiftFileList --source-file-list /Users/admin/builder/spi-builder-workspace/.derivedData/Build/Intermediates.noindex/URLImage.build/Debug-watchos/URLImage-t.build/Objects-normal/arm64_32/URLImage.SwiftFileList --metadata-file-list /Users/admin/builder/spi-builder-workspace/.derivedData/Build/Intermediates.noindex/URLImage.build/Debug-watchos/URLImage-t.build/URLImage.DependencyMetadataFileList --static-metadata-file-list /Users/admin/builder/spi-builder-workspace/.derivedData/Build/Intermediates.noindex/URLImage.build/Debug-watchos/URLImage-t.build/URLImage.DependencyStaticMetadataFileList --swift-const-vals-list /Users/admin/builder/spi-builder-workspace/.derivedData/Build/Intermediates.noindex/URLImage.build/Debug-watchos/URLImage-t.build/Objects-normal/arm64/URLImage.SwiftConstValuesFileList --swift-const-vals-list /Users/admin/builder/spi-builder-workspace/.derivedData/Build/Intermediates.noindex/URLImage.build/Debug-watchos/URLImage-t.build/Objects-normal/arm64_32/URLImage.SwiftConstValuesFileList --force --compile-time-extraction --deployment-aware-processing --no-app-shortcuts-localization
2026-09-17 11:53:42.651 appintentsmetadataprocessor[969:6285] Starting appintentsmetadataprocessor export
2026-09-17 11:53:42.719 appintentsmetadataprocessor[969:6285] Extracted no relevant App Intents symbols, skipping writing output
SwiftEmitModule normal arm64_32 Emitting\ module\ for\ ImageViewerRemote (in target 'ImageViewerRemote' from project 'SwiftUIImageViewer')
SwiftCompile normal arm64_32 (in target 'ImageViewerRemote' from project 'SwiftUIImageViewer')
cd /Users/admin/builder/spi-builder-workspace/.swiftpm/xcode
/Users/admin/builder/spi-builder-workspace/Sources/ImageViewerRemote/ImageViewerRemote.swift:207:39: error: 'UIPinchGestureRecognizer' is unavailable in watchOS
205 | }
206 |
207 | @objc private func pinch(gesture: UIPinchGestureRecognizer) {
| `- error: 'UIPinchGestureRecognizer' is unavailable in watchOS
208 |
209 | switch gesture.state {
/Applications/Xcode-27.0.0-Release.Candidate.app/Contents/Developer/Platforms/WatchOS.platform/Developer/SDKs/WatchOS27.0.sdk/System/Library/Frameworks/UIKit.framework/Headers/UIPinchGestureRecognizer.h:20:12: note: 'UIPinchGestureRecognizer' has been explicitly marked unavailable here
18 |
19 | UIKIT_EXTERN API_AVAILABLE(ios(3.2)) API_UNAVAILABLE(tvos, watchos) NS_SWIFT_UI_ACTOR
20 | @interface UIPinchGestureRecognizer : UIGestureRecognizer
| `- note: 'UIPinchGestureRecognizer' has been explicitly marked unavailable here
21 |
22 | @property (nonatomic) CGFloat scale; // scale relative to the touch points in screen coordinates
/Users/admin/builder/spi-builder-workspace/Sources/ImageViewerRemote/ImageViewerRemote.swift:163:22: error: 'UIView' is unavailable in watchOS
161 | }
162 |
163 | class PinchZoomView: UIView {
| `- error: 'UIView' is unavailable in watchOS
164 |
165 | weak var delegate: PinchZoomViewDelgate?
/Applications/Xcode-27.0.0-Release.Candidate.app/Contents/Developer/Platforms/WatchOS.platform/Developer/SDKs/WatchOS27.0.sdk/System/Library/Frameworks/UIKit.framework/Headers/UIView.h:152:12: note: 'UIView' has been explicitly marked unavailable here
150 |
151 | UIKIT_EXTERN API_AVAILABLE(ios(2.0)) API_UNAVAILABLE(watchos) NS_SWIFT_UI_ACTOR
152 | @interface UIView : UIResponder <NSCoding, UIAppearance, UIAppearanceContainer, UIDynamicItem, UITraitEnvironment, UICoordinateSpace, UIFocusItem, UIFocusItemContainer, CALayerDelegate>
| `- note: 'UIView' has been explicitly marked unavailable here
153 |
154 | @property(class, nonatomic, readonly) Class layerClass; // default is [CALayer class]. Used when creating the underlying layer for the view.
/Users/admin/builder/spi-builder-workspace/Sources/ImageViewerRemote/ImageViewerRemote.swift:263:30: error: cannot find type 'Context' in scope
261 | }
262 |
263 | func makeUIView(context: Context) -> PinchZoomView {
| `- error: cannot find type 'Context' in scope
264 | let pinchZoomView = PinchZoomView()
265 | pinchZoomView.delegate = context.coordinator
/Users/admin/builder/spi-builder-workspace/Sources/ImageViewerRemote/ImageViewerRemote.swift:269:62: error: cannot find type 'Context' in scope
267 | }
268 |
269 | func updateUIView(_ pageControl: PinchZoomView, context: Context) { }
| `- error: cannot find type 'Context' in scope
270 |
271 | class Coordinator: NSObject, PinchZoomViewDelgate {
/Users/admin/builder/spi-builder-workspace/Sources/ImageViewerRemote/ImageViewerRemote.swift:252:19: error: cannot find type 'UIViewRepresentable' in scope
250 | }
251 |
252 | struct PinchZoom: UIViewRepresentable {
| `- error: cannot find type 'UIViewRepresentable' in scope
253 |
254 | @Binding var scale: CGFloat
SwiftCompile normal arm64_32 Compiling\ ImageViewerRemote.swift /Users/admin/builder/spi-builder-workspace/Sources/ImageViewerRemote/ImageViewerRemote.swift (in target 'ImageViewerRemote' from project 'SwiftUIImageViewer')
/Users/admin/builder/spi-builder-workspace/Sources/ImageViewerRemote/ImageViewerRemote.swift:207:39: error: 'UIPinchGestureRecognizer' is unavailable in watchOS
205 | }
206 |
207 | @objc private func pinch(gesture: UIPinchGestureRecognizer) {
| `- error: 'UIPinchGestureRecognizer' is unavailable in watchOS
208 |
209 | switch gesture.state {
/Applications/Xcode-27.0.0-Release.Candidate.app/Contents/Developer/Platforms/WatchOS.platform/Developer/SDKs/WatchOS27.0.sdk/System/Library/Frameworks/UIKit.framework/Headers/UIPinchGestureRecognizer.h:20:12: note: 'UIPinchGestureRecognizer' has been explicitly marked unavailable here
18 |
19 | UIKIT_EXTERN API_AVAILABLE(ios(3.2)) API_UNAVAILABLE(tvos, watchos) NS_SWIFT_UI_ACTOR
20 | @interface UIPinchGestureRecognizer : UIGestureRecognizer
| `- note: 'UIPinchGestureRecognizer' has been explicitly marked unavailable here
21 |
22 | @property (nonatomic) CGFloat scale; // scale relative to the touch points in screen coordinates
/Users/admin/builder/spi-builder-workspace/Sources/ImageViewerRemote/ImageViewerRemote.swift:163:22: error: 'UIView' is unavailable in watchOS
161 | }
162 |
163 | class PinchZoomView: UIView {
| `- error: 'UIView' is unavailable in watchOS
164 |
165 | weak var delegate: PinchZoomViewDelgate?
/Applications/Xcode-27.0.0-Release.Candidate.app/Contents/Developer/Platforms/WatchOS.platform/Developer/SDKs/WatchOS27.0.sdk/System/Library/Frameworks/UIKit.framework/Headers/UIView.h:152:12: note: 'UIView' has been explicitly marked unavailable here
150 |
151 | UIKIT_EXTERN API_AVAILABLE(ios(2.0)) API_UNAVAILABLE(watchos) NS_SWIFT_UI_ACTOR
152 | @interface UIView : UIResponder <NSCoding, UIAppearance, UIAppearanceContainer, UIDynamicItem, UITraitEnvironment, UICoordinateSpace, UIFocusItem, UIFocusItemContainer, CALayerDelegate>
| `- note: 'UIView' has been explicitly marked unavailable here
153 |
154 | @property(class, nonatomic, readonly) Class layerClass; // default is [CALayer class]. Used when creating the underlying layer for the view.
/Users/admin/builder/spi-builder-workspace/Sources/ImageViewerRemote/ImageViewerRemote.swift:263:30: error: cannot find type 'Context' in scope
261 | }
262 |
263 | func makeUIView(context: Context) -> PinchZoomView {
| `- error: cannot find type 'Context' in scope
264 | let pinchZoomView = PinchZoomView()
265 | pinchZoomView.delegate = context.coordinator
/Users/admin/builder/spi-builder-workspace/Sources/ImageViewerRemote/ImageViewerRemote.swift:269:62: error: cannot find type 'Context' in scope
267 | }
268 |
269 | func updateUIView(_ pageControl: PinchZoomView, context: Context) { }
| `- error: cannot find type 'Context' in scope
270 |
271 | class Coordinator: NSObject, PinchZoomViewDelgate {
SwiftCompile normal arm64_32 /Users/admin/builder/spi-builder-workspace/Sources/ImageViewerRemote/ImageViewerRemote.swift (in target 'ImageViewerRemote' from project 'SwiftUIImageViewer')
cd /Users/admin/builder/spi-builder-workspace/.swiftpm/xcode
builtin-SwiftPerFileCompile ImageViewerRemote.swift
SwiftEmitModule normal arm64 Emitting\ module\ for\ ImageViewerRemote (in target 'ImageViewerRemote' from project 'SwiftUIImageViewer')
SwiftCompile normal arm64 (in target 'ImageViewerRemote' from project 'SwiftUIImageViewer')
cd /Users/admin/builder/spi-builder-workspace/.swiftpm/xcode
/Users/admin/builder/spi-builder-workspace/Sources/ImageViewerRemote/ImageViewerRemote.swift:207:39: error: 'UIPinchGestureRecognizer' is unavailable in watchOS
205 | }
206 |
207 | @objc private func pinch(gesture: UIPinchGestureRecognizer) {
| `- error: 'UIPinchGestureRecognizer' is unavailable in watchOS
208 |
209 | switch gesture.state {
/Applications/Xcode-27.0.0-Release.Candidate.app/Contents/Developer/Platforms/WatchOS.platform/Developer/SDKs/WatchOS27.0.sdk/System/Library/Frameworks/UIKit.framework/Headers/UIPinchGestureRecognizer.h:20:12: note: 'UIPinchGestureRecognizer' has been explicitly marked unavailable here
18 |
19 | UIKIT_EXTERN API_AVAILABLE(ios(3.2)) API_UNAVAILABLE(tvos, watchos) NS_SWIFT_UI_ACTOR
20 | @interface UIPinchGestureRecognizer : UIGestureRecognizer
| `- note: 'UIPinchGestureRecognizer' has been explicitly marked unavailable here
21 |
22 | @property (nonatomic) CGFloat scale; // scale relative to the touch points in screen coordinates
/Users/admin/builder/spi-builder-workspace/Sources/ImageViewerRemote/ImageViewerRemote.swift:163:22: error: 'UIView' is unavailable in watchOS
161 | }
162 |
163 | class PinchZoomView: UIView {
| `- error: 'UIView' is unavailable in watchOS
164 |
165 | weak var delegate: PinchZoomViewDelgate?
/Applications/Xcode-27.0.0-Release.Candidate.app/Contents/Developer/Platforms/WatchOS.platform/Developer/SDKs/WatchOS27.0.sdk/System/Library/Frameworks/UIKit.framework/Headers/UIView.h:152:12: note: 'UIView' has been explicitly marked unavailable here
150 |
151 | UIKIT_EXTERN API_AVAILABLE(ios(2.0)) API_UNAVAILABLE(watchos) NS_SWIFT_UI_ACTOR
152 | @interface UIView : UIResponder <NSCoding, UIAppearance, UIAppearanceContainer, UIDynamicItem, UITraitEnvironment, UICoordinateSpace, UIFocusItem, UIFocusItemContainer, CALayerDelegate>
| `- note: 'UIView' has been explicitly marked unavailable here
153 |
154 | @property(class, nonatomic, readonly) Class layerClass; // default is [CALayer class]. Used when creating the underlying layer for the view.
/Users/admin/builder/spi-builder-workspace/Sources/ImageViewerRemote/ImageViewerRemote.swift:263:30: error: cannot find type 'Context' in scope
261 | }
262 |
263 | func makeUIView(context: Context) -> PinchZoomView {
| `- error: cannot find type 'Context' in scope
264 | let pinchZoomView = PinchZoomView()
265 | pinchZoomView.delegate = context.coordinator
/Users/admin/builder/spi-builder-workspace/Sources/ImageViewerRemote/ImageViewerRemote.swift:269:62: error: cannot find type 'Context' in scope
267 | }
268 |
269 | func updateUIView(_ pageControl: PinchZoomView, context: Context) { }
| `- error: cannot find type 'Context' in scope
270 |
271 | class Coordinator: NSObject, PinchZoomViewDelgate {
SwiftCompile normal arm64 Compiling\ ImageViewerRemote.swift /Users/admin/builder/spi-builder-workspace/Sources/ImageViewerRemote/ImageViewerRemote.swift (in target 'ImageViewerRemote' from project 'SwiftUIImageViewer')
SwiftCompile normal arm64 /Users/admin/builder/spi-builder-workspace/Sources/ImageViewerRemote/ImageViewerRemote.swift (in target 'ImageViewerRemote' from project 'SwiftUIImageViewer')
cd /Users/admin/builder/spi-builder-workspace/.swiftpm/xcode
builtin-SwiftPerFileCompile ImageViewerRemote.swift
/Users/admin/builder/spi-builder-workspace/Sources/ImageViewerRemote/ImageViewerRemote.swift:207:39: error: 'UIPinchGestureRecognizer' is unavailable in watchOS
205 | }
206 |
207 | @objc private func pinch(gesture: UIPinchGestureRecognizer) {
| `- error: 'UIPinchGestureRecognizer' is unavailable in watchOS
208 |
209 | switch gesture.state {
/Applications/Xcode-27.0.0-Release.Candidate.app/Contents/Developer/Platforms/WatchOS.platform/Developer/SDKs/WatchOS27.0.sdk/System/Library/Frameworks/UIKit.framework/Headers/UIPinchGestureRecognizer.h:20:12: note: 'UIPinchGestureRecognizer' has been explicitly marked unavailable here
18 |
19 | UIKIT_EXTERN API_AVAILABLE(ios(3.2)) API_UNAVAILABLE(tvos, watchos) NS_SWIFT_UI_ACTOR
20 | @interface UIPinchGestureRecognizer : UIGestureRecognizer
| `- note: 'UIPinchGestureRecognizer' has been explicitly marked unavailable here
21 |
22 | @property (nonatomic) CGFloat scale; // scale relative to the touch points in screen coordinates
/Users/admin/builder/spi-builder-workspace/Sources/ImageViewerRemote/ImageViewerRemote.swift:163:22: error: 'UIView' is unavailable in watchOS
161 | }
162 |
163 | class PinchZoomView: UIView {
| `- error: 'UIView' is unavailable in watchOS
164 |
165 | weak var delegate: PinchZoomViewDelgate?
/Applications/Xcode-27.0.0-Release.Candidate.app/Contents/Developer/Platforms/WatchOS.platform/Developer/SDKs/WatchOS27.0.sdk/System/Library/Frameworks/UIKit.framework/Headers/UIView.h:152:12: note: 'UIView' has been explicitly marked unavailable here
150 |
151 | UIKIT_EXTERN API_AVAILABLE(ios(2.0)) API_UNAVAILABLE(watchos) NS_SWIFT_UI_ACTOR
152 | @interface UIView : UIResponder <NSCoding, UIAppearance, UIAppearanceContainer, UIDynamicItem, UITraitEnvironment, UICoordinateSpace, UIFocusItem, UIFocusItemContainer, CALayerDelegate>
| `- note: 'UIView' has been explicitly marked unavailable here
153 |
154 | @property(class, nonatomic, readonly) Class layerClass; // default is [CALayer class]. Used when creating the underlying layer for the view.
/Users/admin/builder/spi-builder-workspace/Sources/ImageViewerRemote/ImageViewerRemote.swift:263:30: error: cannot find type 'Context' in scope
261 | }
262 |
263 | func makeUIView(context: Context) -> PinchZoomView {
| `- error: cannot find type 'Context' in scope
264 | let pinchZoomView = PinchZoomView()
265 | pinchZoomView.delegate = context.coordinator
/Users/admin/builder/spi-builder-workspace/Sources/ImageViewerRemote/ImageViewerRemote.swift:269:62: error: cannot find type 'Context' in scope
267 | }
268 |
269 | func updateUIView(_ pageControl: PinchZoomView, context: Context) { }
| `- error: cannot find type 'Context' in scope
270 |
271 | class Coordinator: NSObject, PinchZoomViewDelgate {
SwiftEmitModule normal arm64_32 Emitting\ module\ for\ ImageViewer (in target 'ImageViewer' from project 'SwiftUIImageViewer')
/Users/admin/builder/spi-builder-workspace/Sources/ImageViewer/ImageViewer.swift:184:39: error: 'UIPinchGestureRecognizer' is unavailable in watchOS
182 | }
183 |
184 | @objc private func pinch(gesture: UIPinchGestureRecognizer) {
| `- error: 'UIPinchGestureRecognizer' is unavailable in watchOS
185 |
186 | switch gesture.state {
/Applications/Xcode-27.0.0-Release.Candidate.app/Contents/Developer/Platforms/WatchOS.platform/Developer/SDKs/WatchOS27.0.sdk/System/Library/Frameworks/UIKit.framework/Headers/UIPinchGestureRecognizer.h:20:12: note: 'UIPinchGestureRecognizer' has been explicitly marked unavailable here
18 |
19 | UIKIT_EXTERN API_AVAILABLE(ios(3.2)) API_UNAVAILABLE(tvos, watchos) NS_SWIFT_UI_ACTOR
20 | @interface UIPinchGestureRecognizer : UIGestureRecognizer
| `- note: 'UIPinchGestureRecognizer' has been explicitly marked unavailable here
21 |
22 | @property (nonatomic) CGFloat scale; // scale relative to the touch points in screen coordinates
/Users/admin/builder/spi-builder-workspace/Sources/ImageViewer/ImageViewer.swift:140:22: error: 'UIView' is unavailable in watchOS
138 |
139 |
140 | class PinchZoomView: UIView {
| `- error: 'UIView' is unavailable in watchOS
141 |
142 | weak var delegate: PinchZoomViewDelgate?
/Applications/Xcode-27.0.0-Release.Candidate.app/Contents/Developer/Platforms/WatchOS.platform/Developer/SDKs/WatchOS27.0.sdk/System/Library/Frameworks/UIKit.framework/Headers/UIView.h:152:12: note: 'UIView' has been explicitly marked unavailable here
150 |
151 | UIKIT_EXTERN API_AVAILABLE(ios(2.0)) API_UNAVAILABLE(watchos) NS_SWIFT_UI_ACTOR
152 | @interface UIView : UIResponder <NSCoding, UIAppearance, UIAppearanceContainer, UIDynamicItem, UITraitEnvironment, UICoordinateSpace, UIFocusItem, UIFocusItemContainer, CALayerDelegate>
| `- note: 'UIView' has been explicitly marked unavailable here
153 |
154 | @property(class, nonatomic, readonly) Class layerClass; // default is [CALayer class]. Used when creating the underlying layer for the view.
/Users/admin/builder/spi-builder-workspace/Sources/ImageViewer/ImageViewer.swift:240:30: error: cannot find type 'Context' in scope
238 | }
239 |
240 | func makeUIView(context: Context) -> PinchZoomView {
| `- error: cannot find type 'Context' in scope
241 | let pinchZoomView = PinchZoomView()
242 | pinchZoomView.delegate = context.coordinator
/Users/admin/builder/spi-builder-workspace/Sources/ImageViewer/ImageViewer.swift:246:62: error: cannot find type 'Context' in scope
244 | }
245 |
246 | func updateUIView(_ pageControl: PinchZoomView, context: Context) { }
| `- error: cannot find type 'Context' in scope
247 |
248 | class Coordinator: NSObject, PinchZoomViewDelgate {
/Users/admin/builder/spi-builder-workspace/Sources/ImageViewer/ImageViewer.swift:229:19: error: cannot find type 'UIViewRepresentable' in scope
227 | }
228 |
229 | struct PinchZoom: UIViewRepresentable {
| `- error: cannot find type 'UIViewRepresentable' in scope
230 |
231 | @Binding var scale: CGFloat
Failed frontend command:
/Applications/Xcode-27.0.0-Release.Candidate.app/Contents/Developer/Toolchains/XcodeDefault.xctoolchain/usr/bin/swift-frontend -frontend -emit-module -experimental-skip-non-inlinable-function-bodies-without-types /Users/admin/builder/spi-builder-workspace/Sources/ImageViewer/ImageViewer.swift -target arm64_32-apple-watchos9.0 -disable-cross-import-overlay-search -load-resolved-plugin /Applications/Xcode-27.0.0-Release.Candidate.app/Contents/Developer/Platforms/WatchOS.platform/Developer/usr/lib/swift/host/plugins/libFoundationMacros.dylib\#/Applications/Xcode-27.0.0-Release.Candidate.app/Contents/Developer/Platforms/WatchOS.platform/Developer/usr/bin/swift-plugin-server\#FoundationMacros -load-resolved-plugin /Applications/Xcode-27.0.0-Release.Candidate.app/Contents/Developer/Platforms/WatchOS.platform/Developer/usr/lib/swift/host/plugins/libObservationMacros.dylib\#/Applications/Xcode-27.0.0-Release.Candidate.app/Contents/Developer/Platforms/WatchOS.platform/Developer/usr/bin/swift-plugin-server\#ObservationMacros -load-resolved-plugin /Applications/Xcode-27.0.0-Release.Candidate.app/Contents/Developer/Platforms/WatchOS.platform/Developer/usr/lib/swift/host/plugins/libPreviewsMacros.dylib\#/Applications/Xcode-27.0.0-Release.Candidate.app/Contents/Developer/Platforms/WatchOS.platform/Developer/usr/bin/swift-plugin-server\#PreviewsMacros -load-resolved-plugin /Applications/Xcode-27.0.0-Release.Candidate.app/Contents/Developer/Platforms/WatchOS.platform/Developer/usr/lib/swift/host/plugins/libSwiftMacros.dylib\#/Applications/Xcode-27.0.0-Release.Candidate.app/Contents/Developer/Platforms/WatchOS.platform/Developer/usr/bin/swift-plugin-server\#SwiftMacros -load-resolved-plugin /Applications/Xcode-27.0.0-Release.Candidate.app/Contents/Developer/Platforms/WatchOS.platform/Developer/usr/lib/swift/host/plugins/libSwiftUIMacros.dylib\#/Applications/Xcode-27.0.0-Release.Candidate.app/Contents/Developer/Platforms/WatchOS.platform/Developer/usr/bin/swift-plugin-server\#SwiftUIMacros -disable-implicit-swift-modules -Xcc -fno-implicit-modules -Xcc -fno-implicit-module-maps -explicit-swift-module-map-file /Users/admin/builder/spi-builder-workspace/.derivedData/Build/Intermediates.noindex/SwiftUIImageViewer.build/Debug-watchos/ImageViewer-t.build/Objects-normal/arm64_32/ImageViewer-dependencies-1.json -enable-objc-interop -sdk /Applications/Xcode-27.0.0-Release.Candidate.app/Contents/Developer/Platforms/WatchOS.platform/Developer/SDKs/WatchOS27.0.sdk -I /Users/admin/builder/spi-builder-workspace/.derivedData/Build/Products/Debug-watchos -Isystem /Applications/Xcode-27.0.0-Release.Candidate.app/Contents/Developer/Platforms/WatchOS.platform/Developer/usr/lib -F /Users/admin/builder/spi-builder-workspace/.derivedData/Build/Products/Debug-watchos/PackageFrameworks -F /Users/admin/builder/spi-builder-workspace/.derivedData/Build/Products/Debug-watchos -F /Applications/Xcode-27.0.0-Release.Candidate.app/Contents/Developer/Platforms/WatchOS.platform/Developer/Library/Frameworks -F /Applications/Xcode-27.0.0-Release.Candidate.app/Contents/Developer/Platforms/WatchOS.platform/Developer/SDKs/WatchOS27.0.sdk/Developer/Library/Frameworks -module-cache-path /Users/admin/builder/spi-builder-workspace/.derivedData/Build/Intermediates.noindex/SwiftExplicitPrecompiledModules -no-color-diagnostics -Xcc -fno-color-diagnostics -enable-testing -g -debug-info-format\=dwarf -dwarf-version\=4 -swift-version 5 -Onone -D SWIFT_PACKAGE -D DEBUG -D SWIFT_MODULE_RESOURCE_BUNDLE_UNAVAILABLE -D Xcode -serialize-debugging-options -enable-experimental-feature DebugDescriptionMacro -empty-abi-descriptor -validate-clang-modules-once -clang-build-session-file /Users/admin/builder/spi-builder-workspace/.derivedData/ModuleCache.noindex/Session.modulevalidation -Xcc -working-directory -Xcc /Users/admin/builder/spi-builder-workspace/.swiftpm/xcode -enable-anonymous-context-mangled-names -file-compilation-dir /Users/admin/builder/spi-builder-workspace/.swiftpm/xcode -Xcc -D_LIBCPP_HARDENING_MODE\=_LIBCPP_HARDENING_MODE_DEBUG -Xcc -ivfsstatcache -Xcc /Users/admin/builder/spi-builder-workspace/.derivedData/SDKStatCaches.noindex/watchos27.0-24R360-e829b21a6f8c9b70876ba0858053c04477534ef55a1706bf4c1112bbb242f0a2.sdkstatcache -Xcc -fmodules-prune-interval\=86400 -Xcc -fmodules-prune-after\=345600 -Xcc -I/Users/admin/builder/spi-builder-workspace/.derivedData/Build/Products/Debug-watchos/include -Xcc -I/Users/admin/builder/spi-builder-workspace/.derivedData/Build/Intermediates.noindex/SwiftUIImageViewer.build/Debug-watchos/ImageViewer-t.build/DerivedSources-normal/arm64_32 -Xcc -I/Users/admin/builder/spi-builder-workspace/.derivedData/Build/Intermediates.noindex/SwiftUIImageViewer.build/Debug-watchos/ImageViewer-t.build/DerivedSources/arm64_32 -Xcc -I/Users/admin/builder/spi-builder-workspace/.derivedData/Build/Intermediates.noindex/SwiftUIImageViewer.build/Debug-watchos/ImageViewer-t.build/DerivedSources -Xcc -DSWIFT_PACKAGE -Xcc -DDEBUG\=1 -no-auto-bridging-header-chaining -module-name ImageViewer -const-gather-protocols-file /Users/admin/builder/spi-builder-workspace/.derivedData/Build/Intermediates.noindex/SwiftUIImageViewer.build/Debug-watchos/ImageViewer-t.build/Objects-normal/arm64_32/ImageViewer_const_extract_protocols.json -disable-clang-spi -clang-target arm64_32-apple-watchos27.0 -target-sdk-version 27.0 -target-sdk-name watchos27.0 -in-process-plugin-server-path /Applications/Xcode-27.0.0-Release.Candidate.app/Contents/Developer/Toolchains/XcodeDefault.xctoolchain/usr/lib/swift/host/libSwiftInProcPluginServer.dylib -emit-module-doc-path /Users/admin/builder/spi-builder-workspace/.derivedData/Build/Intermediates.noindex/SwiftUIImageViewer.build/Debug-watchos/ImageViewer-t.build/Objects-normal/arm64_32/ImageViewer.swiftdoc -emit-module-source-info-path /Users/admin/builder/spi-builder-workspace/.derivedData/Build/Intermediates.noindex/SwiftUIImageViewer.build/Debug-watchos/ImageViewer-t.build/Objects-normal/arm64_32/ImageViewer.swiftsourceinfo -emit-objc-header-path /Users/admin/builder/spi-builder-workspace/.derivedData/Build/Intermediates.noindex/SwiftUIImageViewer.build/Debug-watchos/ImageViewer-t.build/Objects-normal/arm64_32/ImageViewer-Swift.h -serialize-diagnostics-path /Users/admin/builder/spi-builder-workspace/.derivedData/Build/Intermediates.noindex/SwiftUIImageViewer.build/Debug-watchos/ImageViewer-t.build/Objects-normal/arm64_32/ImageViewer-primary-emit-module.dia -emit-dependencies-path /Users/admin/builder/spi-builder-workspace/.derivedData/Build/Intermediates.noindex/SwiftUIImageViewer.build/Debug-watchos/ImageViewer-t.build/Objects-normal/arm64_32/ImageViewer-primary-emit-module.d -parse-as-library -o /Users/admin/builder/spi-builder-workspace/.derivedData/Build/Intermediates.noindex/SwiftUIImageViewer.build/Debug-watchos/ImageViewer-t.build/Objects-normal/arm64_32/ImageViewer.swiftmodule -emit-abi-descriptor-path /Users/admin/builder/spi-builder-workspace/.derivedData/Build/Intermediates.noindex/SwiftUIImageViewer.build/Debug-watchos/ImageViewer-t.build/Objects-normal/arm64_32/ImageViewer.abi.json
SwiftCompile normal arm64_32 (in target 'ImageViewer' from project 'SwiftUIImageViewer')
cd /Users/admin/builder/spi-builder-workspace/.swiftpm/xcode
SwiftCompile normal arm64_32 Compiling\ ImageViewer.swift /Users/admin/builder/spi-builder-workspace/Sources/ImageViewer/ImageViewer.swift (in target 'ImageViewer' from project 'SwiftUIImageViewer')
/Users/admin/builder/spi-builder-workspace/Sources/ImageViewer/ImageViewer.swift:184:39: error: 'UIPinchGestureRecognizer' is unavailable in watchOS
182 | }
183 |
184 | @objc private func pinch(gesture: UIPinchGestureRecognizer) {
| `- error: 'UIPinchGestureRecognizer' is unavailable in watchOS
185 |
186 | switch gesture.state {
/Applications/Xcode-27.0.0-Release.Candidate.app/Contents/Developer/Platforms/WatchOS.platform/Developer/SDKs/WatchOS27.0.sdk/System/Library/Frameworks/UIKit.framework/Headers/UIPinchGestureRecognizer.h:20:12: note: 'UIPinchGestureRecognizer' has been explicitly marked unavailable here
18 |
19 | UIKIT_EXTERN API_AVAILABLE(ios(3.2)) API_UNAVAILABLE(tvos, watchos) NS_SWIFT_UI_ACTOR
20 | @interface UIPinchGestureRecognizer : UIGestureRecognizer
| `- note: 'UIPinchGestureRecognizer' has been explicitly marked unavailable here
21 |
22 | @property (nonatomic) CGFloat scale; // scale relative to the touch points in screen coordinates
/Users/admin/builder/spi-builder-workspace/Sources/ImageViewer/ImageViewer.swift:140:22: error: 'UIView' is unavailable in watchOS
138 |
139 |
140 | class PinchZoomView: UIView {
| `- error: 'UIView' is unavailable in watchOS
141 |
142 | weak var delegate: PinchZoomViewDelgate?
/Applications/Xcode-27.0.0-Release.Candidate.app/Contents/Developer/Platforms/WatchOS.platform/Developer/SDKs/WatchOS27.0.sdk/System/Library/Frameworks/UIKit.framework/Headers/UIView.h:152:12: note: 'UIView' has been explicitly marked unavailable here
150 |
151 | UIKIT_EXTERN API_AVAILABLE(ios(2.0)) API_UNAVAILABLE(watchos) NS_SWIFT_UI_ACTOR
152 | @interface UIView : UIResponder <NSCoding, UIAppearance, UIAppearanceContainer, UIDynamicItem, UITraitEnvironment, UICoordinateSpace, UIFocusItem, UIFocusItemContainer, CALayerDelegate>
| `- note: 'UIView' has been explicitly marked unavailable here
153 |
154 | @property(class, nonatomic, readonly) Class layerClass; // default is [CALayer class]. Used when creating the underlying layer for the view.
/Users/admin/builder/spi-builder-workspace/Sources/ImageViewer/ImageViewer.swift:240:30: error: cannot find type 'Context' in scope
238 | }
239 |
240 | func makeUIView(context: Context) -> PinchZoomView {
| `- error: cannot find type 'Context' in scope
241 | let pinchZoomView = PinchZoomView()
242 | pinchZoomView.delegate = context.coordinator
/Users/admin/builder/spi-builder-workspace/Sources/ImageViewer/ImageViewer.swift:246:62: error: cannot find type 'Context' in scope
244 | }
245 |
246 | func updateUIView(_ pageControl: PinchZoomView, context: Context) { }
| `- error: cannot find type 'Context' in scope
247 |
248 | class Coordinator: NSObject, PinchZoomViewDelgate {
SwiftCompile normal arm64_32 /Users/admin/builder/spi-builder-workspace/Sources/ImageViewer/ImageViewer.swift (in target 'ImageViewer' from project 'SwiftUIImageViewer')
cd /Users/admin/builder/spi-builder-workspace/.swiftpm/xcode
builtin-SwiftPerFileCompile ImageViewer.swift
SwiftEmitModule normal arm64 Emitting\ module\ for\ ImageViewer (in target 'ImageViewer' from project 'SwiftUIImageViewer')
/Users/admin/builder/spi-builder-workspace/Sources/ImageViewer/ImageViewer.swift:184:39: error: 'UIPinchGestureRecognizer' is unavailable in watchOS
182 | }
183 |
184 | @objc private func pinch(gesture: UIPinchGestureRecognizer) {
| `- error: 'UIPinchGestureRecognizer' is unavailable in watchOS
185 |
186 | switch gesture.state {
/Applications/Xcode-27.0.0-Release.Candidate.app/Contents/Developer/Platforms/WatchOS.platform/Developer/SDKs/WatchOS27.0.sdk/System/Library/Frameworks/UIKit.framework/Headers/UIPinchGestureRecognizer.h:20:12: note: 'UIPinchGestureRecognizer' has been explicitly marked unavailable here
18 |
19 | UIKIT_EXTERN API_AVAILABLE(ios(3.2)) API_UNAVAILABLE(tvos, watchos) NS_SWIFT_UI_ACTOR
20 | @interface UIPinchGestureRecognizer : UIGestureRecognizer
| `- note: 'UIPinchGestureRecognizer' has been explicitly marked unavailable here
21 |
22 | @property (nonatomic) CGFloat scale; // scale relative to the touch points in screen coordinates
/Users/admin/builder/spi-builder-workspace/Sources/ImageViewer/ImageViewer.swift:140:22: error: 'UIView' is unavailable in watchOS
138 |
139 |
140 | class PinchZoomView: UIView {
| `- error: 'UIView' is unavailable in watchOS
141 |
142 | weak var delegate: PinchZoomViewDelgate?
/Applications/Xcode-27.0.0-Release.Candidate.app/Contents/Developer/Platforms/WatchOS.platform/Developer/SDKs/WatchOS27.0.sdk/System/Library/Frameworks/UIKit.framework/Headers/UIView.h:152:12: note: 'UIView' has been explicitly marked unavailable here
150 |
151 | UIKIT_EXTERN API_AVAILABLE(ios(2.0)) API_UNAVAILABLE(watchos) NS_SWIFT_UI_ACTOR
152 | @interface UIView : UIResponder <NSCoding, UIAppearance, UIAppearanceContainer, UIDynamicItem, UITraitEnvironment, UICoordinateSpace, UIFocusItem, UIFocusItemContainer, CALayerDelegate>
| `- note: 'UIView' has been explicitly marked unavailable here
153 |
154 | @property(class, nonatomic, readonly) Class layerClass; // default is [CALayer class]. Used when creating the underlying layer for the view.
/Users/admin/builder/spi-builder-workspace/Sources/ImageViewer/ImageViewer.swift:240:30: error: cannot find type 'Context' in scope
238 | }
239 |
240 | func makeUIView(context: Context) -> PinchZoomView {
| `- error: cannot find type 'Context' in scope
241 | let pinchZoomView = PinchZoomView()
242 | pinchZoomView.delegate = context.coordinator
/Users/admin/builder/spi-builder-workspace/Sources/ImageViewer/ImageViewer.swift:246:62: error: cannot find type 'Context' in scope
244 | }
245 |
246 | func updateUIView(_ pageControl: PinchZoomView, context: Context) { }
| `- error: cannot find type 'Context' in scope
247 |
248 | class Coordinator: NSObject, PinchZoomViewDelgate {
/Users/admin/builder/spi-builder-workspace/Sources/ImageViewer/ImageViewer.swift:229:19: error: cannot find type 'UIViewRepresentable' in scope
227 | }
228 |
229 | struct PinchZoom: UIViewRepresentable {
| `- error: cannot find type 'UIViewRepresentable' in scope
230 |
231 | @Binding var scale: CGFloat
Failed frontend command:
/Applications/Xcode-27.0.0-Release.Candidate.app/Contents/Developer/Toolchains/XcodeDefault.xctoolchain/usr/bin/swift-frontend -frontend -emit-module -experimental-skip-non-inlinable-function-bodies-without-types /Users/admin/builder/spi-builder-workspace/Sources/ImageViewer/ImageViewer.swift -target arm64-apple-watchos9.0 -disable-cross-import-overlay-search -load-resolved-plugin /Applications/Xcode-27.0.0-Release.Candidate.app/Contents/Developer/Platforms/WatchOS.platform/Developer/usr/lib/swift/host/plugins/libFoundationMacros.dylib\#/Applications/Xcode-27.0.0-Release.Candidate.app/Contents/Developer/Platforms/WatchOS.platform/Developer/usr/bin/swift-plugin-server\#FoundationMacros -load-resolved-plugin /Applications/Xcode-27.0.0-Release.Candidate.app/Contents/Developer/Platforms/WatchOS.platform/Developer/usr/lib/swift/host/plugins/libObservationMacros.dylib\#/Applications/Xcode-27.0.0-Release.Candidate.app/Contents/Developer/Platforms/WatchOS.platform/Developer/usr/bin/swift-plugin-server\#ObservationMacros -load-resolved-plugin /Applications/Xcode-27.0.0-Release.Candidate.app/Contents/Developer/Platforms/WatchOS.platform/Developer/usr/lib/swift/host/plugins/libPreviewsMacros.dylib\#/Applications/Xcode-27.0.0-Release.Candidate.app/Contents/Developer/Platforms/WatchOS.platform/Developer/usr/bin/swift-plugin-server\#PreviewsMacros -load-resolved-plugin /Applications/Xcode-27.0.0-Release.Candidate.app/Contents/Developer/Platforms/WatchOS.platform/Developer/usr/lib/swift/host/plugins/libSwiftMacros.dylib\#/Applications/Xcode-27.0.0-Release.Candidate.app/Contents/Developer/Platforms/WatchOS.platform/Developer/usr/bin/swift-plugin-server\#SwiftMacros -load-resolved-plugin /Applications/Xcode-27.0.0-Release.Candidate.app/Contents/Developer/Platforms/WatchOS.platform/Developer/usr/lib/swift/host/plugins/libSwiftUIMacros.dylib\#/Applications/Xcode-27.0.0-Release.Candidate.app/Contents/Developer/Platforms/WatchOS.platform/Developer/usr/bin/swift-plugin-server\#SwiftUIMacros -disable-implicit-swift-modules -Xcc -fno-implicit-modules -Xcc -fno-implicit-module-maps -explicit-swift-module-map-file /Users/admin/builder/spi-builder-workspace/.derivedData/Build/Intermediates.noindex/SwiftUIImageViewer.build/Debug-watchos/ImageViewer-t.build/Objects-normal/arm64/ImageViewer-dependencies-2.json -Xllvm -aarch64-use-tbi -enable-objc-interop -stack-check -sdk /Applications/Xcode-27.0.0-Release.Candidate.app/Contents/Developer/Platforms/WatchOS.platform/Developer/SDKs/WatchOS27.0.sdk -I /Users/admin/builder/spi-builder-workspace/.derivedData/Build/Products/Debug-watchos -Isystem /Applications/Xcode-27.0.0-Release.Candidate.app/Contents/Developer/Platforms/WatchOS.platform/Developer/usr/lib -F /Users/admin/builder/spi-builder-workspace/.derivedData/Build/Products/Debug-watchos/PackageFrameworks -F /Users/admin/builder/spi-builder-workspace/.derivedData/Build/Products/Debug-watchos -F /Applications/Xcode-27.0.0-Release.Candidate.app/Contents/Developer/Platforms/WatchOS.platform/Developer/Library/Frameworks -F /Applications/Xcode-27.0.0-Release.Candidate.app/Contents/Developer/Platforms/WatchOS.platform/Developer/SDKs/WatchOS27.0.sdk/Developer/Library/Frameworks -module-cache-path /Users/admin/builder/spi-builder-workspace/.derivedData/Build/Intermediates.noindex/SwiftExplicitPrecompiledModules -no-color-diagnostics -Xcc -fno-color-diagnostics -enable-testing -g -debug-info-format\=dwarf -dwarf-version\=4 -swift-version 5 -Onone -D SWIFT_PACKAGE -D DEBUG -D SWIFT_MODULE_RESOURCE_BUNDLE_UNAVAILABLE -D Xcode -serialize-debugging-options -enable-experimental-feature DebugDescriptionMacro -empty-abi-descriptor -validate-clang-modules-once -clang-build-session-file /Users/admin/builder/spi-builder-workspace/.derivedData/ModuleCache.noindex/Session.modulevalidation -Xcc -working-directory -Xcc /Users/admin/builder/spi-builder-workspace/.swiftpm/xcode -enable-anonymous-context-mangled-names -file-compilation-dir /Users/admin/builder/spi-builder-workspace/.swiftpm/xcode -Xcc -D_LIBCPP_HARDENING_MODE\=_LIBCPP_HARDENING_MODE_DEBUG -Xcc -ivfsstatcache -Xcc /Users/admin/builder/spi-builder-workspace/.derivedData/SDKStatCaches.noindex/watchos27.0-24R360-e829b21a6f8c9b70876ba0858053c04477534ef55a1706bf4c1112bbb242f0a2.sdkstatcache -Xcc -fmodules-prune-interval\=86400 -Xcc -fmodules-prune-after\=345600 -Xcc -I/Users/admin/builder/spi-builder-workspace/.derivedData/Build/Products/Debug-watchos/include -Xcc -I/Users/admin/builder/spi-builder-workspace/.derivedData/Build/Intermediates.noindex/SwiftUIImageViewer.build/Debug-watchos/ImageViewer-t.build/DerivedSources-normal/arm64 -Xcc -I/Users/admin/builder/spi-builder-workspace/.derivedData/Build/Intermediates.noindex/SwiftUIImageViewer.build/Debug-watchos/ImageViewer-t.build/DerivedSources/arm64 -Xcc -I/Users/admin/builder/spi-builder-workspace/.derivedData/Build/Intermediates.noindex/SwiftUIImageViewer.build/Debug-watchos/ImageViewer-t.build/DerivedSources -Xcc -DSWIFT_PACKAGE -Xcc -DDEBUG\=1 -no-auto-bridging-header-chaining -module-name ImageViewer -const-gather-protocols-file /Users/admin/builder/spi-builder-workspace/.derivedData/Build/Intermediates.noindex/SwiftUIImageViewer.build/Debug-watchos/ImageViewer-t.build/Objects-normal/arm64/ImageViewer_const_extract_protocols.json -disable-clang-spi -clang-target arm64-apple-watchos27.0 -target-sdk-version 27.0 -target-sdk-name watchos27.0 -in-process-plugin-server-path /Applications/Xcode-27.0.0-Release.Candidate.app/Contents/Developer/Toolchains/XcodeDefault.xctoolchain/usr/lib/swift/host/libSwiftInProcPluginServer.dylib -emit-module-doc-path /Users/admin/builder/spi-builder-workspace/.derivedData/Build/Intermediates.noindex/SwiftUIImageViewer.build/Debug-watchos/ImageViewer-t.build/Objects-normal/arm64/ImageViewer.swiftdoc -emit-module-source-info-path /Users/admin/builder/spi-builder-workspace/.derivedData/Build/Intermediates.noindex/SwiftUIImageViewer.build/Debug-watchos/ImageViewer-t.build/Objects-normal/arm64/ImageViewer.swiftsourceinfo -emit-objc-header-path /Users/admin/builder/spi-builder-workspace/.derivedData/Build/Intermediates.noindex/SwiftUIImageViewer.build/Debug-watchos/ImageViewer-t.build/Objects-normal/arm64/ImageViewer-Swift.h -serialize-diagnostics-path /Users/admin/builder/spi-builder-workspace/.derivedData/Build/Intermediates.noindex/SwiftUIImageViewer.build/Debug-watchos/ImageViewer-t.build/Objects-normal/arm64/ImageViewer-primary-emit-module.dia -emit-dependencies-path /Users/admin/builder/spi-builder-workspace/.derivedData/Build/Intermediates.noindex/SwiftUIImageViewer.build/Debug-watchos/ImageViewer-t.build/Objects-normal/arm64/ImageViewer-primary-emit-module.d -parse-as-library -o /Users/admin/builder/spi-builder-workspace/.derivedData/Build/Intermediates.noindex/SwiftUIImageViewer.build/Debug-watchos/ImageViewer-t.build/Objects-normal/arm64/ImageViewer.swiftmodule -emit-abi-descriptor-path /Users/admin/builder/spi-builder-workspace/.derivedData/Build/Intermediates.noindex/SwiftUIImageViewer.build/Debug-watchos/ImageViewer-t.build/Objects-normal/arm64/ImageViewer.abi.json
SwiftCompile normal arm64 (in target 'ImageViewer' from project 'SwiftUIImageViewer')
cd /Users/admin/builder/spi-builder-workspace/.swiftpm/xcode
SwiftCompile normal arm64 Compiling\ ImageViewer.swift /Users/admin/builder/spi-builder-workspace/Sources/ImageViewer/ImageViewer.swift (in target 'ImageViewer' from project 'SwiftUIImageViewer')
/Users/admin/builder/spi-builder-workspace/Sources/ImageViewer/ImageViewer.swift:184:39: error: 'UIPinchGestureRecognizer' is unavailable in watchOS
182 | }
183 |
184 | @objc private func pinch(gesture: UIPinchGestureRecognizer) {
| `- error: 'UIPinchGestureRecognizer' is unavailable in watchOS
185 |
186 | switch gesture.state {
/Applications/Xcode-27.0.0-Release.Candidate.app/Contents/Developer/Platforms/WatchOS.platform/Developer/SDKs/WatchOS27.0.sdk/System/Library/Frameworks/UIKit.framework/Headers/UIPinchGestureRecognizer.h:20:12: note: 'UIPinchGestureRecognizer' has been explicitly marked unavailable here
18 |
19 | UIKIT_EXTERN API_AVAILABLE(ios(3.2)) API_UNAVAILABLE(tvos, watchos) NS_SWIFT_UI_ACTOR
20 | @interface UIPinchGestureRecognizer : UIGestureRecognizer
| `- note: 'UIPinchGestureRecognizer' has been explicitly marked unavailable here
21 |
22 | @property (nonatomic) CGFloat scale; // scale relative to the touch points in screen coordinates
/Users/admin/builder/spi-builder-workspace/Sources/ImageViewer/ImageViewer.swift:140:22: error: 'UIView' is unavailable in watchOS
138 |
139 |
140 | class PinchZoomView: UIView {
| `- error: 'UIView' is unavailable in watchOS
141 |
142 | weak var delegate: PinchZoomViewDelgate?
/Applications/Xcode-27.0.0-Release.Candidate.app/Contents/Developer/Platforms/WatchOS.platform/Developer/SDKs/WatchOS27.0.sdk/System/Library/Frameworks/UIKit.framework/Headers/UIView.h:152:12: note: 'UIView' has been explicitly marked unavailable here
150 |
151 | UIKIT_EXTERN API_AVAILABLE(ios(2.0)) API_UNAVAILABLE(watchos) NS_SWIFT_UI_ACTOR
152 | @interface UIView : UIResponder <NSCoding, UIAppearance, UIAppearanceContainer, UIDynamicItem, UITraitEnvironment, UICoordinateSpace, UIFocusItem, UIFocusItemContainer, CALayerDelegate>
| `- note: 'UIView' has been explicitly marked unavailable here
153 |
154 | @property(class, nonatomic, readonly) Class layerClass; // default is [CALayer class]. Used when creating the underlying layer for the view.
/Users/admin/builder/spi-builder-workspace/Sources/ImageViewer/ImageViewer.swift:240:30: error: cannot find type 'Context' in scope
238 | }
239 |
240 | func makeUIView(context: Context) -> PinchZoomView {
| `- error: cannot find type 'Context' in scope
241 | let pinchZoomView = PinchZoomView()
242 | pinchZoomView.delegate = context.coordinator
/Users/admin/builder/spi-builder-workspace/Sources/ImageViewer/ImageViewer.swift:246:62: error: cannot find type 'Context' in scope
244 | }
245 |
246 | func updateUIView(_ pageControl: PinchZoomView, context: Context) { }
| `- error: cannot find type 'Context' in scope
247 |
248 | class Coordinator: NSObject, PinchZoomViewDelgate {
SwiftCompile normal arm64 /Users/admin/builder/spi-builder-workspace/Sources/ImageViewer/ImageViewer.swift (in target 'ImageViewer' from project 'SwiftUIImageViewer')
cd /Users/admin/builder/spi-builder-workspace/.swiftpm/xcode
builtin-SwiftPerFileCompile ImageViewer.swift
PruneExplicitPrecompiledModules /Users/admin/builder/spi-builder-workspace/.derivedData/Build/Intermediates.noindex/ExplicitPrecompiledModules
PruneExplicitPrecompiledModules /Users/admin/builder/spi-builder-workspace/.derivedData/SDKExplicitPrecompiledModules
PruneExplicitPrecompiledModules /Users/admin/builder/spi-builder-workspace/.derivedData/Build/Intermediates.noindex/SwiftExplicitPrecompiledModules
2026-09-17 11:53:32.985 xcodebuild[685:4380] [MT] IDERunDestination: Supported platforms for the buildables in the current scheme is empty.
** BUILD FAILED **
The following build commands failed:
SwiftEmitModule normal arm64_32 Emitting\ module\ for\ ImageViewer (in target 'ImageViewer' from project 'SwiftUIImageViewer')
SwiftCompile normal arm64_32 (in target 'ImageViewer' from project 'SwiftUIImageViewer')
SwiftEmitModule normal arm64 Emitting\ module\ for\ ImageViewer (in target 'ImageViewer' from project 'SwiftUIImageViewer')
SwiftCompile normal arm64 (in target 'ImageViewer' from project 'SwiftUIImageViewer')
Building workspace SwiftUIImageViewer with scheme SwiftUIImageViewer-Package
(5 failures)
Command line invocation:
/Applications/Xcode-27.0.0-Release.Candidate.app/Contents/Developer/usr/bin/xcodebuild -IDEClonedSourcePackagesDirPathOverride=/Users/admin/builder/spi-builder-workspace/.dependencies -resolvePackageDependencies
Resolve Package Graph
Resolved source packages:
URLImage: https://github.com/dmytro-anokhin/url-image.git @ 2.2.5
SwiftUIImageViewer: /Users/admin/builder/spi-builder-workspace
resolved source packages: URLImage, SwiftUIImageViewer
2026-09-17 11:53:44.259 xcodebuild[986:6381] [MT] IDERunDestination: Supported platforms for the buildables in the current scheme is empty.
{
"dependencies" : [
{
"identity" : "url-image",
"requirement" : {
"range" : [
{
"lower_bound" : "2.0.0",
"upper_bound" : "3.0.0"
}
]
},
"type" : "sourceControl",
"url" : "https://github.com/dmytro-anokhin/url-image.git"
}
],
"manifest_display_name" : "SwiftUIImageViewer",
"name" : "SwiftUIImageViewer",
"path" : "/Users/admin/builder/spi-builder-workspace",
"platforms" : [
{
"name" : "ios",
"version" : "13.0"
}
],
"products" : [
{
"name" : "ImageViewer",
"targets" : [
"ImageViewer"
],
"type" : {
"library" : [
"automatic"
]
}
},
{
"name" : "ImageViewerRemote",
"targets" : [
"ImageViewerRemote"
],
"type" : {
"library" : [
"automatic"
]
}
}
],
"targets" : [
{
"c99name" : "ImageViewerRemote",
"module_type" : "SwiftTarget",
"name" : "ImageViewerRemote",
"path" : "Sources/ImageViewerRemote",
"product_dependencies" : [
"URLImage"
],
"product_memberships" : [
"ImageViewerRemote"
],
"sources" : [
"ImageViewerRemote.swift"
],
"type" : "library"
},
{
"c99name" : "ImageViewer",
"module_type" : "SwiftTarget",
"name" : "ImageViewer",
"path" : "Sources/ImageViewer",
"product_dependencies" : [
"URLImage"
],
"product_memberships" : [
"ImageViewer"
],
"sources" : [
"ImageViewer.swift"
],
"type" : "library"
}
],
"tools_version" : "5.1"
}
{
"workspace" : {
"name" : "SwiftUIImageViewer",
"schemes" : [
"ImageViewer",
"ImageViewerRemote",
"SwiftUIImageViewer-Package",
"URLImage"
]
}
}
2026-09-17 11:53:45.564 xcodebuild[994:6452] [MT] IDERunDestination: Supported platforms for the buildables in the current scheme is empty.
Running build ...
env DEVELOPER_DIR=/Applications/Xcode-27.0.0-Release.Candidate.app xcrun xcodebuild -IDEClonedSourcePackagesDirPathOverride=$PWD/.dependencies -skipMacroValidation -skipPackagePluginValidation -derivedDataPath $PWD/.derivedData build -scheme SwiftUIImageViewer-Package -destination generic/platform=watchOS
Command line invocation:
/Applications/Xcode-27.0.0-Release.Candidate.app/Contents/Developer/usr/bin/xcodebuild -IDEClonedSourcePackagesDirPathOverride=/Users/admin/builder/spi-builder-workspace/.dependencies -skipMacroValidation -skipPackagePluginValidation -derivedDataPath /Users/admin/builder/spi-builder-workspace/.derivedData build -scheme SwiftUIImageViewer-Package -destination generic/platform=watchOS
Resolve Package Graph
Resolved source packages:
SwiftUIImageViewer: /Users/admin/builder/spi-builder-workspace
URLImage: https://github.com/dmytro-anokhin/url-image.git @ 2.2.5
ComputePackagePrebuildTargetDependencyGraph
Prepare packages
CreateBuildRequest
SendProjectDescription
CreateBuildOperation
ComputeTargetDependencyGraph
note: Building targets in dependency order
note: Target dependency graph (13 targets)
Target 'ImageViewerRemote-product' in project 'SwiftUIImageViewer'
➜ Explicit dependency on target 'ImageViewerRemote' in project 'SwiftUIImageViewer'
➜ Explicit dependency on target 'URLImage-product' in project 'URLImage'
Target 'ImageViewerRemote' in project 'SwiftUIImageViewer'
➜ Explicit dependency on target 'URLImage-product' in project 'URLImage'
Target 'ImageViewer-product' in project 'SwiftUIImageViewer'
➜ Explicit dependency on target 'ImageViewer' in project 'SwiftUIImageViewer'
➜ Explicit dependency on target 'URLImage-product' in project 'URLImage'
Target 'ImageViewer' in project 'SwiftUIImageViewer'
➜ Explicit dependency on target 'URLImage-product' in project 'URLImage'
Target 'URLImage-product' in project 'URLImage'
➜ Explicit dependency on target 'URLImage' in project 'URLImage'
➜ Explicit dependency on target 'RemoteContentView' in project 'URLImage'
➜ Explicit dependency on target 'Log' in project 'URLImage'
➜ Explicit dependency on target 'DownloadManager' in project 'URLImage'
➜ Explicit dependency on target 'ImageDecoder' in project 'URLImage'
➜ Explicit dependency on target 'PlainDatabase' in project 'URLImage'
➜ Explicit dependency on target 'Common' in project 'URLImage'
➜ Explicit dependency on target 'FileIndex' in project 'URLImage'
Target 'URLImage' in project 'URLImage'
➜ Explicit dependency on target 'RemoteContentView' in project 'URLImage'
➜ Explicit dependency on target 'Log' in project 'URLImage'
➜ Explicit dependency on target 'DownloadManager' in project 'URLImage'
➜ Explicit dependency on target 'ImageDecoder' in project 'URLImage'
➜ Explicit dependency on target 'PlainDatabase' in project 'URLImage'
➜ Explicit dependency on target 'Common' in project 'URLImage'
➜ Explicit dependency on target 'FileIndex' in project 'URLImage'
Target 'FileIndex' in project 'URLImage'
➜ Explicit dependency on target 'PlainDatabase' in project 'URLImage'
➜ Explicit dependency on target 'Log' in project 'URLImage'
➜ Explicit dependency on target 'Common' in project 'URLImage'
Target 'Common' in project 'URLImage' (no dependencies)
Target 'PlainDatabase' in project 'URLImage' (no dependencies)
Target 'ImageDecoder' in project 'URLImage' (no dependencies)
Target 'DownloadManager' in project 'URLImage'
➜ Explicit dependency on target 'Log' in project 'URLImage'
Target 'Log' in project 'URLImage' (no dependencies)
Target 'RemoteContentView' in project 'URLImage' (no dependencies)
GatherProvisioningInputs
CreateBuildDescription
ClangStatCache /Applications/Xcode-27.0.0-Release.Candidate.app/Contents/Developer/Toolchains/XcodeDefault.xctoolchain/usr/bin/clang-stat-cache /Applications/Xcode-27.0.0-Release.Candidate.app/Contents/Developer/Platforms/WatchOS.platform/Developer/SDKs/WatchOS27.0.sdk /Users/admin/builder/spi-builder-workspace/.derivedData/SDKStatCaches.noindex/watchos27.0-24R360-e829b21a6f8c9b70876ba0858053c04477534ef55a1706bf4c1112bbb242f0a2.sdkstatcache
cd /Users/admin/builder/spi-builder-workspace/.swiftpm/xcode
/Applications/Xcode-27.0.0-Release.Candidate.app/Contents/Developer/Toolchains/XcodeDefault.xctoolchain/usr/bin/clang-stat-cache /Applications/Xcode-27.0.0-Release.Candidate.app/Contents/Developer/Platforms/WatchOS.platform/Developer/SDKs/WatchOS27.0.sdk -o /Users/admin/builder/spi-builder-workspace/.derivedData/SDKStatCaches.noindex/watchos27.0-24R360-e829b21a6f8c9b70876ba0858053c04477534ef55a1706bf4c1112bbb242f0a2.sdkstatcache
SwiftDriver ImageViewerRemote normal arm64_32 com.apple.xcode.tools.swift.compiler (in target 'ImageViewerRemote' from project 'SwiftUIImageViewer')
cd /Users/admin/builder/spi-builder-workspace/.swiftpm/xcode
builtin-SwiftDriver -- /Applications/Xcode-27.0.0-Release.Candidate.app/Contents/Developer/Toolchains/XcodeDefault.xctoolchain/usr/bin/swiftc -parse-as-library -module-name ImageViewerRemote -Onone @/Users/admin/builder/spi-builder-workspace/.derivedData/Build/Intermediates.noindex/SwiftUIImageViewer.build/Debug-watchos/ImageViewerRemote-t.build/Objects-normal/arm64_32/ImageViewerRemote.SwiftFileList -DSWIFT_PACKAGE -DDEBUG -DSWIFT_MODULE_RESOURCE_BUNDLE_UNAVAILABLE -DXcode -plugin-path /Applications/Xcode-27.0.0-Release.Candidate.app/Contents/Developer/Toolchains/XcodeDefault.xctoolchain/usr/lib/swift/host/plugins/testing -enable-experimental-feature DebugDescriptionMacro -sdk /Applications/Xcode-27.0.0-Release.Candidate.app/Contents/Developer/Platforms/WatchOS.platform/Developer/SDKs/WatchOS27.0.sdk -target arm64_32-apple-watchos9.0 -g -module-cache-path /Users/admin/builder/spi-builder-workspace/.derivedData/ModuleCache.noindex -Xfrontend -serialize-debugging-options -enable-testing -index-store-path /Users/admin/builder/spi-builder-workspace/.derivedData/Index.noindex/DataStore -Xcc -D_LIBCPP_HARDENING_MODE\=_LIBCPP_HARDENING_MODE_DEBUG -swift-version 5 -I /Users/admin/builder/spi-builder-workspace/.derivedData/Build/Products/Debug-watchos -Isystem /Applications/Xcode-27.0.0-Release.Candidate.app/Contents/Developer/Platforms/WatchOS.platform/Developer/usr/lib -F /Users/admin/builder/spi-builder-workspace/.derivedData/Build/Products/Debug-watchos/PackageFrameworks -F /Users/admin/builder/spi-builder-workspace/.derivedData/Build/Products/Debug-watchos -F /Applications/Xcode-27.0.0-Release.Candidate.app/Contents/Developer/Platforms/WatchOS.platform/Developer/Library/Frameworks -F /Applications/Xcode-27.0.0-Release.Candidate.app/Contents/Developer/Platforms/WatchOS.platform/Developer/SDKs/WatchOS27.0.sdk/Developer/Library/Frameworks -c -j10 -enable-batch-mode -incremental -Xcc -ivfsstatcache -Xcc /Users/admin/builder/spi-builder-workspace/.derivedData/SDKStatCaches.noindex/watchos27.0-24R360-e829b21a6f8c9b70876ba0858053c04477534ef55a1706bf4c1112bbb242f0a2.sdkstatcache -output-file-map /Users/admin/builder/spi-builder-workspace/.derivedData/Build/Intermediates.noindex/SwiftUIImageViewer.build/Debug-watchos/ImageViewerRemote-t.build/Objects-normal/arm64_32/ImageViewerRemote-OutputFileMap.json -save-temps -no-color-diagnostics -explicit-module-build -module-cache-path /Users/admin/builder/spi-builder-workspace/.derivedData/Build/Intermediates.noindex/SwiftExplicitPrecompiledModules -clang-scanner-module-cache-path /Users/admin/builder/spi-builder-workspace/.derivedData/ModuleCache.noindex -sdk-module-cache-path /Users/admin/builder/spi-builder-workspace/.derivedData/SDKExplicitPrecompiledModules -emit-dependencies -emit-module -emit-module-path /Users/admin/builder/spi-builder-workspace/.derivedData/Build/Intermediates.noindex/SwiftUIImageViewer.build/Debug-watchos/ImageViewerRemote-t.build/Objects-normal/arm64_32/ImageViewerRemote.swiftmodule -serialize-diagnostics -dependency-scan-serialize-diagnostics-path /Users/admin/builder/spi-builder-workspace/.derivedData/Build/Intermediates.noindex/SwiftUIImageViewer.build/Debug-watchos/ImageViewerRemote-t.build/Objects-normal/arm64_32/ImageViewerRemote-dependency-scan.dia -validate-clang-modules-once -clang-build-session-file /Users/admin/builder/spi-builder-workspace/.derivedData/ModuleCache.noindex/Session.modulevalidation -Xcc -fmodules-prune-interval\=86400 -Xcc -fmodules-prune-after\=345600 -emit-const-values -const-gather-protocols-list /Users/admin/builder/spi-builder-workspace/.derivedData/Build/Intermediates.noindex/SwiftUIImageViewer.build/Debug-watchos/ImageViewerRemote-t.build/Objects-normal/arm64_32/ImageViewerRemote_const_extract_protocols.json -Xcc -I/Users/admin/builder/spi-builder-workspace/.derivedData/Build/Products/Debug-watchos/include -Xcc -I/Users/admin/builder/spi-builder-workspace/.derivedData/Build/Intermediates.noindex/SwiftUIImageViewer.build/Debug-watchos/ImageViewerRemote-t.build/DerivedSources-normal/arm64_32 -Xcc -I/Users/admin/builder/spi-builder-workspace/.derivedData/Build/Intermediates.noindex/SwiftUIImageViewer.build/Debug-watchos/ImageViewerRemote-t.build/DerivedSources/arm64_32 -Xcc -I/Users/admin/builder/spi-builder-workspace/.derivedData/Build/Intermediates.noindex/SwiftUIImageViewer.build/Debug-watchos/ImageViewerRemote-t.build/DerivedSources -Xcc -DSWIFT_PACKAGE -Xcc -DDEBUG\=1 -emit-objc-header -emit-objc-header-path /Users/admin/builder/spi-builder-workspace/.derivedData/Build/Intermediates.noindex/SwiftUIImageViewer.build/Debug-watchos/ImageViewerRemote-t.build/Objects-normal/arm64_32/ImageViewerRemote-Swift.h -working-directory /Users/admin/builder/spi-builder-workspace/.swiftpm/xcode -experimental-emit-module-separately -disable-cmo
SwiftDriver ImageViewerRemote normal arm64 com.apple.xcode.tools.swift.compiler (in target 'ImageViewerRemote' from project 'SwiftUIImageViewer')
cd /Users/admin/builder/spi-builder-workspace/.swiftpm/xcode
builtin-SwiftDriver -- /Applications/Xcode-27.0.0-Release.Candidate.app/Contents/Developer/Toolchains/XcodeDefault.xctoolchain/usr/bin/swiftc -parse-as-library -module-name ImageViewerRemote -Onone @/Users/admin/builder/spi-builder-workspace/.derivedData/Build/Intermediates.noindex/SwiftUIImageViewer.build/Debug-watchos/ImageViewerRemote-t.build/Objects-normal/arm64/ImageViewerRemote.SwiftFileList -DSWIFT_PACKAGE -DDEBUG -DSWIFT_MODULE_RESOURCE_BUNDLE_UNAVAILABLE -DXcode -plugin-path /Applications/Xcode-27.0.0-Release.Candidate.app/Contents/Developer/Toolchains/XcodeDefault.xctoolchain/usr/lib/swift/host/plugins/testing -enable-experimental-feature DebugDescriptionMacro -sdk /Applications/Xcode-27.0.0-Release.Candidate.app/Contents/Developer/Platforms/WatchOS.platform/Developer/SDKs/WatchOS27.0.sdk -target arm64-apple-watchos9.0 -g -module-cache-path /Users/admin/builder/spi-builder-workspace/.derivedData/ModuleCache.noindex -Xfrontend -serialize-debugging-options -enable-testing -index-store-path /Users/admin/builder/spi-builder-workspace/.derivedData/Index.noindex/DataStore -Xcc -D_LIBCPP_HARDENING_MODE\=_LIBCPP_HARDENING_MODE_DEBUG -swift-version 5 -I /Users/admin/builder/spi-builder-workspace/.derivedData/Build/Products/Debug-watchos -Isystem /Applications/Xcode-27.0.0-Release.Candidate.app/Contents/Developer/Platforms/WatchOS.platform/Developer/usr/lib -F /Users/admin/builder/spi-builder-workspace/.derivedData/Build/Products/Debug-watchos/PackageFrameworks -F /Users/admin/builder/spi-builder-workspace/.derivedData/Build/Products/Debug-watchos -F /Applications/Xcode-27.0.0-Release.Candidate.app/Contents/Developer/Platforms/WatchOS.platform/Developer/Library/Frameworks -F /Applications/Xcode-27.0.0-Release.Candidate.app/Contents/Developer/Platforms/WatchOS.platform/Developer/SDKs/WatchOS27.0.sdk/Developer/Library/Frameworks -c -j10 -enable-batch-mode -incremental -Xcc -ivfsstatcache -Xcc /Users/admin/builder/spi-builder-workspace/.derivedData/SDKStatCaches.noindex/watchos27.0-24R360-e829b21a6f8c9b70876ba0858053c04477534ef55a1706bf4c1112bbb242f0a2.sdkstatcache -output-file-map /Users/admin/builder/spi-builder-workspace/.derivedData/Build/Intermediates.noindex/SwiftUIImageViewer.build/Debug-watchos/ImageViewerRemote-t.build/Objects-normal/arm64/ImageViewerRemote-OutputFileMap.json -save-temps -no-color-diagnostics -explicit-module-build -module-cache-path /Users/admin/builder/spi-builder-workspace/.derivedData/Build/Intermediates.noindex/SwiftExplicitPrecompiledModules -clang-scanner-module-cache-path /Users/admin/builder/spi-builder-workspace/.derivedData/ModuleCache.noindex -sdk-module-cache-path /Users/admin/builder/spi-builder-workspace/.derivedData/SDKExplicitPrecompiledModules -emit-dependencies -emit-module -emit-module-path /Users/admin/builder/spi-builder-workspace/.derivedData/Build/Intermediates.noindex/SwiftUIImageViewer.build/Debug-watchos/ImageViewerRemote-t.build/Objects-normal/arm64/ImageViewerRemote.swiftmodule -serialize-diagnostics -dependency-scan-serialize-diagnostics-path /Users/admin/builder/spi-builder-workspace/.derivedData/Build/Intermediates.noindex/SwiftUIImageViewer.build/Debug-watchos/ImageViewerRemote-t.build/Objects-normal/arm64/ImageViewerRemote-dependency-scan.dia -validate-clang-modules-once -clang-build-session-file /Users/admin/builder/spi-builder-workspace/.derivedData/ModuleCache.noindex/Session.modulevalidation -Xcc -fmodules-prune-interval\=86400 -Xcc -fmodules-prune-after\=345600 -emit-const-values -const-gather-protocols-list /Users/admin/builder/spi-builder-workspace/.derivedData/Build/Intermediates.noindex/SwiftUIImageViewer.build/Debug-watchos/ImageViewerRemote-t.build/Objects-normal/arm64/ImageViewerRemote_const_extract_protocols.json -Xcc -I/Users/admin/builder/spi-builder-workspace/.derivedData/Build/Products/Debug-watchos/include -Xcc -I/Users/admin/builder/spi-builder-workspace/.derivedData/Build/Intermediates.noindex/SwiftUIImageViewer.build/Debug-watchos/ImageViewerRemote-t.build/DerivedSources-normal/arm64 -Xcc -I/Users/admin/builder/spi-builder-workspace/.derivedData/Build/Intermediates.noindex/SwiftUIImageViewer.build/Debug-watchos/ImageViewerRemote-t.build/DerivedSources/arm64 -Xcc -I/Users/admin/builder/spi-builder-workspace/.derivedData/Build/Intermediates.noindex/SwiftUIImageViewer.build/Debug-watchos/ImageViewerRemote-t.build/DerivedSources -Xcc -DSWIFT_PACKAGE -Xcc -DDEBUG\=1 -emit-objc-header -emit-objc-header-path /Users/admin/builder/spi-builder-workspace/.derivedData/Build/Intermediates.noindex/SwiftUIImageViewer.build/Debug-watchos/ImageViewerRemote-t.build/Objects-normal/arm64/ImageViewerRemote-Swift.h -working-directory /Users/admin/builder/spi-builder-workspace/.swiftpm/xcode -experimental-emit-module-separately -disable-cmo
SwiftDriver ImageViewer normal arm64_32 com.apple.xcode.tools.swift.compiler (in target 'ImageViewer' from project 'SwiftUIImageViewer')
cd /Users/admin/builder/spi-builder-workspace/.swiftpm/xcode
builtin-SwiftDriver -- /Applications/Xcode-27.0.0-Release.Candidate.app/Contents/Developer/Toolchains/XcodeDefault.xctoolchain/usr/bin/swiftc -parse-as-library -module-name ImageViewer -Onone @/Users/admin/builder/spi-builder-workspace/.derivedData/Build/Intermediates.noindex/SwiftUIImageViewer.build/Debug-watchos/ImageViewer-t.build/Objects-normal/arm64_32/ImageViewer.SwiftFileList -DSWIFT_PACKAGE -DDEBUG -DSWIFT_MODULE_RESOURCE_BUNDLE_UNAVAILABLE -DXcode -plugin-path /Applications/Xcode-27.0.0-Release.Candidate.app/Contents/Developer/Toolchains/XcodeDefault.xctoolchain/usr/lib/swift/host/plugins/testing -enable-experimental-feature DebugDescriptionMacro -sdk /Applications/Xcode-27.0.0-Release.Candidate.app/Contents/Developer/Platforms/WatchOS.platform/Developer/SDKs/WatchOS27.0.sdk -target arm64_32-apple-watchos9.0 -g -module-cache-path /Users/admin/builder/spi-builder-workspace/.derivedData/ModuleCache.noindex -Xfrontend -serialize-debugging-options -enable-testing -index-store-path /Users/admin/builder/spi-builder-workspace/.derivedData/Index.noindex/DataStore -Xcc -D_LIBCPP_HARDENING_MODE\=_LIBCPP_HARDENING_MODE_DEBUG -swift-version 5 -I /Users/admin/builder/spi-builder-workspace/.derivedData/Build/Products/Debug-watchos -Isystem /Applications/Xcode-27.0.0-Release.Candidate.app/Contents/Developer/Platforms/WatchOS.platform/Developer/usr/lib -F /Users/admin/builder/spi-builder-workspace/.derivedData/Build/Products/Debug-watchos/PackageFrameworks -F /Users/admin/builder/spi-builder-workspace/.derivedData/Build/Products/Debug-watchos -F /Applications/Xcode-27.0.0-Release.Candidate.app/Contents/Developer/Platforms/WatchOS.platform/Developer/Library/Frameworks -F /Applications/Xcode-27.0.0-Release.Candidate.app/Contents/Developer/Platforms/WatchOS.platform/Developer/SDKs/WatchOS27.0.sdk/Developer/Library/Frameworks -c -j10 -enable-batch-mode -incremental -Xcc -ivfsstatcache -Xcc /Users/admin/builder/spi-builder-workspace/.derivedData/SDKStatCaches.noindex/watchos27.0-24R360-e829b21a6f8c9b70876ba0858053c04477534ef55a1706bf4c1112bbb242f0a2.sdkstatcache -output-file-map /Users/admin/builder/spi-builder-workspace/.derivedData/Build/Intermediates.noindex/SwiftUIImageViewer.build/Debug-watchos/ImageViewer-t.build/Objects-normal/arm64_32/ImageViewer-OutputFileMap.json -save-temps -no-color-diagnostics -explicit-module-build -module-cache-path /Users/admin/builder/spi-builder-workspace/.derivedData/Build/Intermediates.noindex/SwiftExplicitPrecompiledModules -clang-scanner-module-cache-path /Users/admin/builder/spi-builder-workspace/.derivedData/ModuleCache.noindex -sdk-module-cache-path /Users/admin/builder/spi-builder-workspace/.derivedData/SDKExplicitPrecompiledModules -emit-dependencies -emit-module -emit-module-path /Users/admin/builder/spi-builder-workspace/.derivedData/Build/Intermediates.noindex/SwiftUIImageViewer.build/Debug-watchos/ImageViewer-t.build/Objects-normal/arm64_32/ImageViewer.swiftmodule -serialize-diagnostics -dependency-scan-serialize-diagnostics-path /Users/admin/builder/spi-builder-workspace/.derivedData/Build/Intermediates.noindex/SwiftUIImageViewer.build/Debug-watchos/ImageViewer-t.build/Objects-normal/arm64_32/ImageViewer-dependency-scan.dia -validate-clang-modules-once -clang-build-session-file /Users/admin/builder/spi-builder-workspace/.derivedData/ModuleCache.noindex/Session.modulevalidation -Xcc -fmodules-prune-interval\=86400 -Xcc -fmodules-prune-after\=345600 -emit-const-values -const-gather-protocols-list /Users/admin/builder/spi-builder-workspace/.derivedData/Build/Intermediates.noindex/SwiftUIImageViewer.build/Debug-watchos/ImageViewer-t.build/Objects-normal/arm64_32/ImageViewer_const_extract_protocols.json -Xcc -I/Users/admin/builder/spi-builder-workspace/.derivedData/Build/Products/Debug-watchos/include -Xcc -I/Users/admin/builder/spi-builder-workspace/.derivedData/Build/Intermediates.noindex/SwiftUIImageViewer.build/Debug-watchos/ImageViewer-t.build/DerivedSources-normal/arm64_32 -Xcc -I/Users/admin/builder/spi-builder-workspace/.derivedData/Build/Intermediates.noindex/SwiftUIImageViewer.build/Debug-watchos/ImageViewer-t.build/DerivedSources/arm64_32 -Xcc -I/Users/admin/builder/spi-builder-workspace/.derivedData/Build/Intermediates.noindex/SwiftUIImageViewer.build/Debug-watchos/ImageViewer-t.build/DerivedSources -Xcc -DSWIFT_PACKAGE -Xcc -DDEBUG\=1 -emit-objc-header -emit-objc-header-path /Users/admin/builder/spi-builder-workspace/.derivedData/Build/Intermediates.noindex/SwiftUIImageViewer.build/Debug-watchos/ImageViewer-t.build/Objects-normal/arm64_32/ImageViewer-Swift.h -working-directory /Users/admin/builder/spi-builder-workspace/.swiftpm/xcode -experimental-emit-module-separately -disable-cmo
SwiftDriver ImageViewer normal arm64 com.apple.xcode.tools.swift.compiler (in target 'ImageViewer' from project 'SwiftUIImageViewer')
cd /Users/admin/builder/spi-builder-workspace/.swiftpm/xcode
builtin-SwiftDriver -- /Applications/Xcode-27.0.0-Release.Candidate.app/Contents/Developer/Toolchains/XcodeDefault.xctoolchain/usr/bin/swiftc -parse-as-library -module-name ImageViewer -Onone @/Users/admin/builder/spi-builder-workspace/.derivedData/Build/Intermediates.noindex/SwiftUIImageViewer.build/Debug-watchos/ImageViewer-t.build/Objects-normal/arm64/ImageViewer.SwiftFileList -DSWIFT_PACKAGE -DDEBUG -DSWIFT_MODULE_RESOURCE_BUNDLE_UNAVAILABLE -DXcode -plugin-path /Applications/Xcode-27.0.0-Release.Candidate.app/Contents/Developer/Toolchains/XcodeDefault.xctoolchain/usr/lib/swift/host/plugins/testing -enable-experimental-feature DebugDescriptionMacro -sdk /Applications/Xcode-27.0.0-Release.Candidate.app/Contents/Developer/Platforms/WatchOS.platform/Developer/SDKs/WatchOS27.0.sdk -target arm64-apple-watchos9.0 -g -module-cache-path /Users/admin/builder/spi-builder-workspace/.derivedData/ModuleCache.noindex -Xfrontend -serialize-debugging-options -enable-testing -index-store-path /Users/admin/builder/spi-builder-workspace/.derivedData/Index.noindex/DataStore -Xcc -D_LIBCPP_HARDENING_MODE\=_LIBCPP_HARDENING_MODE_DEBUG -swift-version 5 -I /Users/admin/builder/spi-builder-workspace/.derivedData/Build/Products/Debug-watchos -Isystem /Applications/Xcode-27.0.0-Release.Candidate.app/Contents/Developer/Platforms/WatchOS.platform/Developer/usr/lib -F /Users/admin/builder/spi-builder-workspace/.derivedData/Build/Products/Debug-watchos/PackageFrameworks -F /Users/admin/builder/spi-builder-workspace/.derivedData/Build/Products/Debug-watchos -F /Applications/Xcode-27.0.0-Release.Candidate.app/Contents/Developer/Platforms/WatchOS.platform/Developer/Library/Frameworks -F /Applications/Xcode-27.0.0-Release.Candidate.app/Contents/Developer/Platforms/WatchOS.platform/Developer/SDKs/WatchOS27.0.sdk/Developer/Library/Frameworks -c -j10 -enable-batch-mode -incremental -Xcc -ivfsstatcache -Xcc /Users/admin/builder/spi-builder-workspace/.derivedData/SDKStatCaches.noindex/watchos27.0-24R360-e829b21a6f8c9b70876ba0858053c04477534ef55a1706bf4c1112bbb242f0a2.sdkstatcache -output-file-map /Users/admin/builder/spi-builder-workspace/.derivedData/Build/Intermediates.noindex/SwiftUIImageViewer.build/Debug-watchos/ImageViewer-t.build/Objects-normal/arm64/ImageViewer-OutputFileMap.json -save-temps -no-color-diagnostics -explicit-module-build -module-cache-path /Users/admin/builder/spi-builder-workspace/.derivedData/Build/Intermediates.noindex/SwiftExplicitPrecompiledModules -clang-scanner-module-cache-path /Users/admin/builder/spi-builder-workspace/.derivedData/ModuleCache.noindex -sdk-module-cache-path /Users/admin/builder/spi-builder-workspace/.derivedData/SDKExplicitPrecompiledModules -emit-dependencies -emit-module -emit-module-path /Users/admin/builder/spi-builder-workspace/.derivedData/Build/Intermediates.noindex/SwiftUIImageViewer.build/Debug-watchos/ImageViewer-t.build/Objects-normal/arm64/ImageViewer.swiftmodule -serialize-diagnostics -dependency-scan-serialize-diagnostics-path /Users/admin/builder/spi-builder-workspace/.derivedData/Build/Intermediates.noindex/SwiftUIImageViewer.build/Debug-watchos/ImageViewer-t.build/Objects-normal/arm64/ImageViewer-dependency-scan.dia -validate-clang-modules-once -clang-build-session-file /Users/admin/builder/spi-builder-workspace/.derivedData/ModuleCache.noindex/Session.modulevalidation -Xcc -fmodules-prune-interval\=86400 -Xcc -fmodules-prune-after\=345600 -emit-const-values -const-gather-protocols-list /Users/admin/builder/spi-builder-workspace/.derivedData/Build/Intermediates.noindex/SwiftUIImageViewer.build/Debug-watchos/ImageViewer-t.build/Objects-normal/arm64/ImageViewer_const_extract_protocols.json -Xcc -I/Users/admin/builder/spi-builder-workspace/.derivedData/Build/Products/Debug-watchos/include -Xcc -I/Users/admin/builder/spi-builder-workspace/.derivedData/Build/Intermediates.noindex/SwiftUIImageViewer.build/Debug-watchos/ImageViewer-t.build/DerivedSources-normal/arm64 -Xcc -I/Users/admin/builder/spi-builder-workspace/.derivedData/Build/Intermediates.noindex/SwiftUIImageViewer.build/Debug-watchos/ImageViewer-t.build/DerivedSources/arm64 -Xcc -I/Users/admin/builder/spi-builder-workspace/.derivedData/Build/Intermediates.noindex/SwiftUIImageViewer.build/Debug-watchos/ImageViewer-t.build/DerivedSources -Xcc -DSWIFT_PACKAGE -Xcc -DDEBUG\=1 -emit-objc-header -emit-objc-header-path /Users/admin/builder/spi-builder-workspace/.derivedData/Build/Intermediates.noindex/SwiftUIImageViewer.build/Debug-watchos/ImageViewer-t.build/Objects-normal/arm64/ImageViewer-Swift.h -working-directory /Users/admin/builder/spi-builder-workspace/.swiftpm/xcode -experimental-emit-module-separately -disable-cmo
SwiftEmitModule normal arm64 Emitting\ module\ for\ ImageViewer (in target 'ImageViewer' from project 'SwiftUIImageViewer')
/Users/admin/builder/spi-builder-workspace/Sources/ImageViewer/ImageViewer.swift:184:39: error: 'UIPinchGestureRecognizer' is unavailable in watchOS
182 | }
183 |
184 | @objc private func pinch(gesture: UIPinchGestureRecognizer) {
| `- error: 'UIPinchGestureRecognizer' is unavailable in watchOS
185 |
186 | switch gesture.state {
/Applications/Xcode-27.0.0-Release.Candidate.app/Contents/Developer/Platforms/WatchOS.platform/Developer/SDKs/WatchOS27.0.sdk/System/Library/Frameworks/UIKit.framework/Headers/UIPinchGestureRecognizer.h:20:12: note: 'UIPinchGestureRecognizer' has been explicitly marked unavailable here
18 |
19 | UIKIT_EXTERN API_AVAILABLE(ios(3.2)) API_UNAVAILABLE(tvos, watchos) NS_SWIFT_UI_ACTOR
20 | @interface UIPinchGestureRecognizer : UIGestureRecognizer
| `- note: 'UIPinchGestureRecognizer' has been explicitly marked unavailable here
21 |
22 | @property (nonatomic) CGFloat scale; // scale relative to the touch points in screen coordinates
/Users/admin/builder/spi-builder-workspace/Sources/ImageViewer/ImageViewer.swift:140:22: error: 'UIView' is unavailable in watchOS
138 |
139 |
140 | class PinchZoomView: UIView {
| `- error: 'UIView' is unavailable in watchOS
141 |
142 | weak var delegate: PinchZoomViewDelgate?
/Applications/Xcode-27.0.0-Release.Candidate.app/Contents/Developer/Platforms/WatchOS.platform/Developer/SDKs/WatchOS27.0.sdk/System/Library/Frameworks/UIKit.framework/Headers/UIView.h:152:12: note: 'UIView' has been explicitly marked unavailable here
150 |
151 | UIKIT_EXTERN API_AVAILABLE(ios(2.0)) API_UNAVAILABLE(watchos) NS_SWIFT_UI_ACTOR
152 | @interface UIView : UIResponder <NSCoding, UIAppearance, UIAppearanceContainer, UIDynamicItem, UITraitEnvironment, UICoordinateSpace, UIFocusItem, UIFocusItemContainer, CALayerDelegate>
| `- note: 'UIView' has been explicitly marked unavailable here
153 |
154 | @property(class, nonatomic, readonly) Class layerClass; // default is [CALayer class]. Used when creating the underlying layer for the view.
/Users/admin/builder/spi-builder-workspace/Sources/ImageViewer/ImageViewer.swift:240:30: error: cannot find type 'Context' in scope
238 | }
239 |
240 | func makeUIView(context: Context) -> PinchZoomView {
| `- error: cannot find type 'Context' in scope
241 | let pinchZoomView = PinchZoomView()
242 | pinchZoomView.delegate = context.coordinator
/Users/admin/builder/spi-builder-workspace/Sources/ImageViewer/ImageViewer.swift:246:62: error: cannot find type 'Context' in scope
244 | }
245 |
246 | func updateUIView(_ pageControl: PinchZoomView, context: Context) { }
| `- error: cannot find type 'Context' in scope
247 |
248 | class Coordinator: NSObject, PinchZoomViewDelgate {
/Users/admin/builder/spi-builder-workspace/Sources/ImageViewer/ImageViewer.swift:229:19: error: cannot find type 'UIViewRepresentable' in scope
227 | }
228 |
229 | struct PinchZoom: UIViewRepresentable {
| `- error: cannot find type 'UIViewRepresentable' in scope
230 |
231 | @Binding var scale: CGFloat
Failed frontend command:
SwiftCompile normal arm64 (in target 'ImageViewer' from project 'SwiftUIImageViewer')
cd /Users/admin/builder/spi-builder-workspace/.swiftpm/xcode
/Applications/Xcode-27.0.0-Release.Candidate.app/Contents/Developer/Toolchains/XcodeDefault.xctoolchain/usr/bin/swift-frontend -frontend -emit-module -experimental-skip-non-inlinable-function-bodies-without-types /Users/admin/builder/spi-builder-workspace/Sources/ImageViewer/ImageViewer.swift -target arm64-apple-watchos9.0 -disable-cross-import-overlay-search -load-resolved-plugin /Applications/Xcode-27.0.0-Release.Candidate.app/Contents/Developer/Platforms/WatchOS.platform/Developer/usr/lib/swift/host/plugins/libFoundationMacros.dylib\#/Applications/Xcode-27.0.0-Release.Candidate.app/Contents/Developer/Platforms/WatchOS.platform/Developer/usr/bin/swift-plugin-server\#FoundationMacros -load-resolved-plugin /Applications/Xcode-27.0.0-Release.Candidate.app/Contents/Developer/Platforms/WatchOS.platform/Developer/usr/lib/swift/host/plugins/libObservationMacros.dylib\#/Applications/Xcode-27.0.0-Release.Candidate.app/Contents/Developer/Platforms/WatchOS.platform/Developer/usr/bin/swift-plugin-server\#ObservationMacros -load-resolved-plugin /Applications/Xcode-27.0.0-Release.Candidate.app/Contents/Developer/Platforms/WatchOS.platform/Developer/usr/lib/swift/host/plugins/libPreviewsMacros.dylib\#/Applications/Xcode-27.0.0-Release.Candidate.app/Contents/Developer/Platforms/WatchOS.platform/Developer/usr/bin/swift-plugin-server\#PreviewsMacros -load-resolved-plugin /Applications/Xcode-27.0.0-Release.Candidate.app/Contents/Developer/Platforms/WatchOS.platform/Developer/usr/lib/swift/host/plugins/libSwiftMacros.dylib\#/Applications/Xcode-27.0.0-Release.Candidate.app/Contents/Developer/Platforms/WatchOS.platform/Developer/usr/bin/swift-plugin-server\#SwiftMacros -load-resolved-plugin /Applications/Xcode-27.0.0-Release.Candidate.app/Contents/Developer/Platforms/WatchOS.platform/Developer/usr/lib/swift/host/plugins/libSwiftUIMacros.dylib\#/Applications/Xcode-27.0.0-Release.Candidate.app/Contents/Developer/Platforms/WatchOS.platform/Developer/usr/bin/swift-plugin-server\#SwiftUIMacros -disable-implicit-swift-modules -Xcc -fno-implicit-modules -Xcc -fno-implicit-module-maps -explicit-swift-module-map-file /Users/admin/builder/spi-builder-workspace/.derivedData/Build/Intermediates.noindex/SwiftUIImageViewer.build/Debug-watchos/ImageViewer-t.build/Objects-normal/arm64/ImageViewer-dependencies-2.json -Xllvm -aarch64-use-tbi -enable-objc-interop -stack-check -sdk /Applications/Xcode-27.0.0-Release.Candidate.app/Contents/Developer/Platforms/WatchOS.platform/Developer/SDKs/WatchOS27.0.sdk -I /Users/admin/builder/spi-builder-workspace/.derivedData/Build/Products/Debug-watchos -Isystem /Applications/Xcode-27.0.0-Release.Candidate.app/Contents/Developer/Platforms/WatchOS.platform/Developer/usr/lib -F /Users/admin/builder/spi-builder-workspace/.derivedData/Build/Products/Debug-watchos/PackageFrameworks -F /Users/admin/builder/spi-builder-workspace/.derivedData/Build/Products/Debug-watchos -F /Applications/Xcode-27.0.0-Release.Candidate.app/Contents/Developer/Platforms/WatchOS.platform/Developer/Library/Frameworks -F /Applications/Xcode-27.0.0-Release.Candidate.app/Contents/Developer/Platforms/WatchOS.platform/Developer/SDKs/WatchOS27.0.sdk/Developer/Library/Frameworks -module-cache-path /Users/admin/builder/spi-builder-workspace/.derivedData/Build/Intermediates.noindex/SwiftExplicitPrecompiledModules -no-color-diagnostics -Xcc -fno-color-diagnostics -enable-testing -g -debug-info-format\=dwarf -dwarf-version\=4 -swift-version 5 -Onone -D SWIFT_PACKAGE -D DEBUG -D SWIFT_MODULE_RESOURCE_BUNDLE_UNAVAILABLE -D Xcode -serialize-debugging-options -enable-experimental-feature DebugDescriptionMacro -empty-abi-descriptor -validate-clang-modules-once -clang-build-session-file /Users/admin/builder/spi-builder-workspace/.derivedData/ModuleCache.noindex/Session.modulevalidation -Xcc -working-directory -Xcc /Users/admin/builder/spi-builder-workspace/.swiftpm/xcode -enable-anonymous-context-mangled-names -file-compilation-dir /Users/admin/builder/spi-builder-workspace/.swiftpm/xcode -Xcc -D_LIBCPP_HARDENING_MODE\=_LIBCPP_HARDENING_MODE_DEBUG -Xcc -ivfsstatcache -Xcc /Users/admin/builder/spi-builder-workspace/.derivedData/SDKStatCaches.noindex/watchos27.0-24R360-e829b21a6f8c9b70876ba0858053c04477534ef55a1706bf4c1112bbb242f0a2.sdkstatcache -Xcc -fmodules-prune-interval\=86400 -Xcc -fmodules-prune-after\=345600 -Xcc -I/Users/admin/builder/spi-builder-workspace/.derivedData/Build/Products/Debug-watchos/include -Xcc -I/Users/admin/builder/spi-builder-workspace/.derivedData/Build/Intermediates.noindex/SwiftUIImageViewer.build/Debug-watchos/ImageViewer-t.build/DerivedSources-normal/arm64 -Xcc -I/Users/admin/builder/spi-builder-workspace/.derivedData/Build/Intermediates.noindex/SwiftUIImageViewer.build/Debug-watchos/ImageViewer-t.build/DerivedSources/arm64 -Xcc -I/Users/admin/builder/spi-builder-workspace/.derivedData/Build/Intermediates.noindex/SwiftUIImageViewer.build/Debug-watchos/ImageViewer-t.build/DerivedSources -Xcc -DSWIFT_PACKAGE -Xcc -DDEBUG\=1 -no-auto-bridging-header-chaining -module-name ImageViewer -const-gather-protocols-file /Users/admin/builder/spi-builder-workspace/.derivedData/Build/Intermediates.noindex/SwiftUIImageViewer.build/Debug-watchos/ImageViewer-t.build/Objects-normal/arm64/ImageViewer_const_extract_protocols.json -disable-clang-spi -clang-target arm64-apple-watchos27.0 -target-sdk-version 27.0 -target-sdk-name watchos27.0 -in-process-plugin-server-path /Applications/Xcode-27.0.0-Release.Candidate.app/Contents/Developer/Toolchains/XcodeDefault.xctoolchain/usr/lib/swift/host/libSwiftInProcPluginServer.dylib -emit-module-doc-path /Users/admin/builder/spi-builder-workspace/.derivedData/Build/Intermediates.noindex/SwiftUIImageViewer.build/Debug-watchos/ImageViewer-t.build/Objects-normal/arm64/ImageViewer.swiftdoc -emit-module-source-info-path /Users/admin/builder/spi-builder-workspace/.derivedData/Build/Intermediates.noindex/SwiftUIImageViewer.build/Debug-watchos/ImageViewer-t.build/Objects-normal/arm64/ImageViewer.swiftsourceinfo -emit-objc-header-path /Users/admin/builder/spi-builder-workspace/.derivedData/Build/Intermediates.noindex/SwiftUIImageViewer.build/Debug-watchos/ImageViewer-t.build/Objects-normal/arm64/ImageViewer-Swift.h -serialize-diagnostics-path /Users/admin/builder/spi-builder-workspace/.derivedData/Build/Intermediates.noindex/SwiftUIImageViewer.build/Debug-watchos/ImageViewer-t.build/Objects-normal/arm64/ImageViewer-primary-emit-module.dia -emit-dependencies-path /Users/admin/builder/spi-builder-workspace/.derivedData/Build/Intermediates.noindex/SwiftUIImageViewer.build/Debug-watchos/ImageViewer-t.build/Objects-normal/arm64/ImageViewer-primary-emit-module.d -parse-as-library -o /Users/admin/builder/spi-builder-workspace/.derivedData/Build/Intermediates.noindex/SwiftUIImageViewer.build/Debug-watchos/ImageViewer-t.build/Objects-normal/arm64/ImageViewer.swiftmodule -emit-abi-descriptor-path /Users/admin/builder/spi-builder-workspace/.derivedData/Build/Intermediates.noindex/SwiftUIImageViewer.build/Debug-watchos/ImageViewer-t.build/Objects-normal/arm64/ImageViewer.abi.json
SwiftEmitModule normal arm64_32 Emitting\ module\ for\ ImageViewer (in target 'ImageViewer' from project 'SwiftUIImageViewer')
SwiftCompile normal arm64_32 (in target 'ImageViewer' from project 'SwiftUIImageViewer')
cd /Users/admin/builder/spi-builder-workspace/.swiftpm/xcode
/Users/admin/builder/spi-builder-workspace/Sources/ImageViewer/ImageViewer.swift:184:39: error: 'UIPinchGestureRecognizer' is unavailable in watchOS
182 | }
183 |
184 | @objc private func pinch(gesture: UIPinchGestureRecognizer) {
| `- error: 'UIPinchGestureRecognizer' is unavailable in watchOS
185 |
186 | switch gesture.state {
/Applications/Xcode-27.0.0-Release.Candidate.app/Contents/Developer/Platforms/WatchOS.platform/Developer/SDKs/WatchOS27.0.sdk/System/Library/Frameworks/UIKit.framework/Headers/UIPinchGestureRecognizer.h:20:12: note: 'UIPinchGestureRecognizer' has been explicitly marked unavailable here
18 |
19 | UIKIT_EXTERN API_AVAILABLE(ios(3.2)) API_UNAVAILABLE(tvos, watchos) NS_SWIFT_UI_ACTOR
20 | @interface UIPinchGestureRecognizer : UIGestureRecognizer
| `- note: 'UIPinchGestureRecognizer' has been explicitly marked unavailable here
21 |
22 | @property (nonatomic) CGFloat scale; // scale relative to the touch points in screen coordinates
/Users/admin/builder/spi-builder-workspace/Sources/ImageViewer/ImageViewer.swift:140:22: error: 'UIView' is unavailable in watchOS
138 |
139 |
140 | class PinchZoomView: UIView {
| `- error: 'UIView' is unavailable in watchOS
141 |
142 | weak var delegate: PinchZoomViewDelgate?
/Applications/Xcode-27.0.0-Release.Candidate.app/Contents/Developer/Platforms/WatchOS.platform/Developer/SDKs/WatchOS27.0.sdk/System/Library/Frameworks/UIKit.framework/Headers/UIView.h:152:12: note: 'UIView' has been explicitly marked unavailable here
150 |
151 | UIKIT_EXTERN API_AVAILABLE(ios(2.0)) API_UNAVAILABLE(watchos) NS_SWIFT_UI_ACTOR
152 | @interface UIView : UIResponder <NSCoding, UIAppearance, UIAppearanceContainer, UIDynamicItem, UITraitEnvironment, UICoordinateSpace, UIFocusItem, UIFocusItemContainer, CALayerDelegate>
| `- note: 'UIView' has been explicitly marked unavailable here
153 |
154 | @property(class, nonatomic, readonly) Class layerClass; // default is [CALayer class]. Used when creating the underlying layer for the view.
/Users/admin/builder/spi-builder-workspace/Sources/ImageViewer/ImageViewer.swift:240:30: error: cannot find type 'Context' in scope
238 | }
239 |
240 | func makeUIView(context: Context) -> PinchZoomView {
| `- error: cannot find type 'Context' in scope
241 | let pinchZoomView = PinchZoomView()
242 | pinchZoomView.delegate = context.coordinator
/Users/admin/builder/spi-builder-workspace/Sources/ImageViewer/ImageViewer.swift:246:62: error: cannot find type 'Context' in scope
244 | }
245 |
246 | func updateUIView(_ pageControl: PinchZoomView, context: Context) { }
| `- error: cannot find type 'Context' in scope
247 |
248 | class Coordinator: NSObject, PinchZoomViewDelgate {
/Users/admin/builder/spi-builder-workspace/Sources/ImageViewer/ImageViewer.swift:229:19: error: cannot find type 'UIViewRepresentable' in scope
227 | }
228 |
229 | struct PinchZoom: UIViewRepresentable {
| `- error: cannot find type 'UIViewRepresentable' in scope
230 |
231 | @Binding var scale: CGFloat
SwiftEmitModule normal arm64 Emitting\ module\ for\ ImageViewerRemote (in target 'ImageViewerRemote' from project 'SwiftUIImageViewer')
/Users/admin/builder/spi-builder-workspace/Sources/ImageViewerRemote/ImageViewerRemote.swift:207:39: error: 'UIPinchGestureRecognizer' is unavailable in watchOS
205 | }
206 |
207 | @objc private func pinch(gesture: UIPinchGestureRecognizer) {
| `- error: 'UIPinchGestureRecognizer' is unavailable in watchOS
208 |
209 | switch gesture.state {
/Applications/Xcode-27.0.0-Release.Candidate.app/Contents/Developer/Platforms/WatchOS.platform/Developer/SDKs/WatchOS27.0.sdk/System/Library/Frameworks/UIKit.framework/Headers/UIPinchGestureRecognizer.h:20:12: note: 'UIPinchGestureRecognizer' has been explicitly marked unavailable here
18 |
19 | UIKIT_EXTERN API_AVAILABLE(ios(3.2)) API_UNAVAILABLE(tvos, watchos) NS_SWIFT_UI_ACTOR
20 | @interface UIPinchGestureRecognizer : UIGestureRecognizer
| `- note: 'UIPinchGestureRecognizer' has been explicitly marked unavailable here
21 |
22 | @property (nonatomic) CGFloat scale; // scale relative to the touch points in screen coordinates
/Users/admin/builder/spi-builder-workspace/Sources/ImageViewerRemote/ImageViewerRemote.swift:163:22: error: 'UIView' is unavailable in watchOS
161 | }
162 |
163 | class PinchZoomView: UIView {
| `- error: 'UIView' is unavailable in watchOS
164 |
165 | weak var delegate: PinchZoomViewDelgate?
/Applications/Xcode-27.0.0-Release.Candidate.app/Contents/Developer/Platforms/WatchOS.platform/Developer/SDKs/WatchOS27.0.sdk/System/Library/Frameworks/UIKit.framework/Headers/UIView.h:152:12: note: 'UIView' has been explicitly marked unavailable here
150 |
151 | UIKIT_EXTERN API_AVAILABLE(ios(2.0)) API_UNAVAILABLE(watchos) NS_SWIFT_UI_ACTOR
152 | @interface UIView : UIResponder <NSCoding, UIAppearance, UIAppearanceContainer, UIDynamicItem, UITraitEnvironment, UICoordinateSpace, UIFocusItem, UIFocusItemContainer, CALayerDelegate>
| `- note: 'UIView' has been explicitly marked unavailable here
153 |
154 | @property(class, nonatomic, readonly) Class layerClass; // default is [CALayer class]. Used when creating the underlying layer for the view.
/Users/admin/builder/spi-builder-workspace/Sources/ImageViewerRemote/ImageViewerRemote.swift:263:30: error: cannot find type 'Context' in scope
261 | }
262 |
263 | func makeUIView(context: Context) -> PinchZoomView {
| `- error: cannot find type 'Context' in scope
264 | let pinchZoomView = PinchZoomView()
265 | pinchZoomView.delegate = context.coordinator
/Users/admin/builder/spi-builder-workspace/Sources/ImageViewerRemote/ImageViewerRemote.swift:269:62: error: cannot find type 'Context' in scope
267 | }
268 |
269 | func updateUIView(_ pageControl: PinchZoomView, context: Context) { }
| `- error: cannot find type 'Context' in scope
270 |
271 | class Coordinator: NSObject, PinchZoomViewDelgate {
SwiftCompile normal arm64 (in target 'ImageViewerRemote' from project 'SwiftUIImageViewer')
cd /Users/admin/builder/spi-builder-workspace/.swiftpm/xcode
SwiftEmitModule normal arm64_32 Emitting\ module\ for\ ImageViewerRemote (in target 'ImageViewerRemote' from project 'SwiftUIImageViewer')
SwiftCompile normal arm64_32 (in target 'ImageViewerRemote' from project 'SwiftUIImageViewer')
cd /Users/admin/builder/spi-builder-workspace/.swiftpm/xcode
/Users/admin/builder/spi-builder-workspace/Sources/ImageViewerRemote/ImageViewerRemote.swift:207:39: error: 'UIPinchGestureRecognizer' is unavailable in watchOS
205 | }
206 |
207 | @objc private func pinch(gesture: UIPinchGestureRecognizer) {
| `- error: 'UIPinchGestureRecognizer' is unavailable in watchOS
208 |
209 | switch gesture.state {
/Applications/Xcode-27.0.0-Release.Candidate.app/Contents/Developer/Platforms/WatchOS.platform/Developer/SDKs/WatchOS27.0.sdk/System/Library/Frameworks/UIKit.framework/Headers/UIPinchGestureRecognizer.h:20:12: note: 'UIPinchGestureRecognizer' has been explicitly marked unavailable here
18 |
19 | UIKIT_EXTERN API_AVAILABLE(ios(3.2)) API_UNAVAILABLE(tvos, watchos) NS_SWIFT_UI_ACTOR
20 | @interface UIPinchGestureRecognizer : UIGestureRecognizer
| `- note: 'UIPinchGestureRecognizer' has been explicitly marked unavailable here
21 |
22 | @property (nonatomic) CGFloat scale; // scale relative to the touch points in screen coordinates
/Users/admin/builder/spi-builder-workspace/Sources/ImageViewerRemote/ImageViewerRemote.swift:163:22: error: 'UIView' is unavailable in watchOS
161 | }
162 |
163 | class PinchZoomView: UIView {
| `- error: 'UIView' is unavailable in watchOS
164 |
165 | weak var delegate: PinchZoomViewDelgate?
/Applications/Xcode-27.0.0-Release.Candidate.app/Contents/Developer/Platforms/WatchOS.platform/Developer/SDKs/WatchOS27.0.sdk/System/Library/Frameworks/UIKit.framework/Headers/UIView.h:152:12: note: 'UIView' has been explicitly marked unavailable here
150 |
151 | UIKIT_EXTERN API_AVAILABLE(ios(2.0)) API_UNAVAILABLE(watchos) NS_SWIFT_UI_ACTOR
152 | @interface UIView : UIResponder <NSCoding, UIAppearance, UIAppearanceContainer, UIDynamicItem, UITraitEnvironment, UICoordinateSpace, UIFocusItem, UIFocusItemContainer, CALayerDelegate>
| `- note: 'UIView' has been explicitly marked unavailable here
153 |
154 | @property(class, nonatomic, readonly) Class layerClass; // default is [CALayer class]. Used when creating the underlying layer for the view.
/Users/admin/builder/spi-builder-workspace/Sources/ImageViewerRemote/ImageViewerRemote.swift:263:30: error: cannot find type 'Context' in scope
261 | }
262 |
263 | func makeUIView(context: Context) -> PinchZoomView {
| `- error: cannot find type 'Context' in scope
264 | let pinchZoomView = PinchZoomView()
265 | pinchZoomView.delegate = context.coordinator
/Users/admin/builder/spi-builder-workspace/Sources/ImageViewerRemote/ImageViewerRemote.swift:269:62: error: cannot find type 'Context' in scope
267 | }
268 |
269 | func updateUIView(_ pageControl: PinchZoomView, context: Context) { }
| `- error: cannot find type 'Context' in scope
270 |
271 | class Coordinator: NSObject, PinchZoomViewDelgate {
SwiftCompile normal arm64_32 Compiling\ ImageViewerRemote.swift /Users/admin/builder/spi-builder-workspace/Sources/ImageViewerRemote/ImageViewerRemote.swift (in target 'ImageViewerRemote' from project 'SwiftUIImageViewer')
/Users/admin/builder/spi-builder-workspace/Sources/ImageViewerRemote/ImageViewerRemote.swift:207:39: error: 'UIPinchGestureRecognizer' is unavailable in watchOS
205 | }
206 |
207 | @objc private func pinch(gesture: UIPinchGestureRecognizer) {
| `- error: 'UIPinchGestureRecognizer' is unavailable in watchOS
208 |
209 | switch gesture.state {
/Applications/Xcode-27.0.0-Release.Candidate.app/Contents/Developer/Platforms/WatchOS.platform/Developer/SDKs/WatchOS27.0.sdk/System/Library/Frameworks/UIKit.framework/Headers/UIPinchGestureRecognizer.h:20:12: note: 'UIPinchGestureRecognizer' has been explicitly marked unavailable here
18 |
19 | UIKIT_EXTERN API_AVAILABLE(ios(3.2)) API_UNAVAILABLE(tvos, watchos) NS_SWIFT_UI_ACTOR
20 | @interface UIPinchGestureRecognizer : UIGestureRecognizer
| `- note: 'UIPinchGestureRecognizer' has been explicitly marked unavailable here
21 |
22 | @property (nonatomic) CGFloat scale; // scale relative to the touch points in screen coordinates
/Users/admin/builder/spi-builder-workspace/Sources/ImageViewerRemote/ImageViewerRemote.swift:163:22: error: 'UIView' is unavailable in watchOS
161 | }
162 |
163 | class PinchZoomView: UIView {
| `- error: 'UIView' is unavailable in watchOS
164 |
165 | weak var delegate: PinchZoomViewDelgate?
/Applications/Xcode-27.0.0-Release.Candidate.app/Contents/Developer/Platforms/WatchOS.platform/Developer/SDKs/WatchOS27.0.sdk/System/Library/Frameworks/UIKit.framework/Headers/UIView.h:152:12: note: 'UIView' has been explicitly marked unavailable here
150 |
151 | UIKIT_EXTERN API_AVAILABLE(ios(2.0)) API_UNAVAILABLE(watchos) NS_SWIFT_UI_ACTOR
152 | @interface UIView : UIResponder <NSCoding, UIAppearance, UIAppearanceContainer, UIDynamicItem, UITraitEnvironment, UICoordinateSpace, UIFocusItem, UIFocusItemContainer, CALayerDelegate>
| `- note: 'UIView' has been explicitly marked unavailable here
153 |
154 | @property(class, nonatomic, readonly) Class layerClass; // default is [CALayer class]. Used when creating the underlying layer for the view.
/Users/admin/builder/spi-builder-workspace/Sources/ImageViewerRemote/ImageViewerRemote.swift:263:30: error: cannot find type 'Context' in scope
261 | }
262 |
263 | func makeUIView(context: Context) -> PinchZoomView {
| `- error: cannot find type 'Context' in scope
264 | let pinchZoomView = PinchZoomView()
265 | pinchZoomView.delegate = context.coordinator
/Users/admin/builder/spi-builder-workspace/Sources/ImageViewerRemote/ImageViewerRemote.swift:269:62: error: cannot find type 'Context' in scope
267 | }
268 |
269 | func updateUIView(_ pageControl: PinchZoomView, context: Context) { }
| `- error: cannot find type 'Context' in scope
270 |
271 | class Coordinator: NSObject, PinchZoomViewDelgate {
SwiftCompile normal arm64_32 /Users/admin/builder/spi-builder-workspace/Sources/ImageViewerRemote/ImageViewerRemote.swift (in target 'ImageViewerRemote' from project 'SwiftUIImageViewer')
cd /Users/admin/builder/spi-builder-workspace/.swiftpm/xcode
builtin-SwiftPerFileCompile ImageViewerRemote.swift
SwiftCompile normal arm64 Compiling\ ImageViewerRemote.swift /Users/admin/builder/spi-builder-workspace/Sources/ImageViewerRemote/ImageViewerRemote.swift (in target 'ImageViewerRemote' from project 'SwiftUIImageViewer')
/Users/admin/builder/spi-builder-workspace/Sources/ImageViewerRemote/ImageViewerRemote.swift:207:39: error: 'UIPinchGestureRecognizer' is unavailable in watchOS
205 | }
206 |
207 | @objc private func pinch(gesture: UIPinchGestureRecognizer) {
| `- error: 'UIPinchGestureRecognizer' is unavailable in watchOS
208 |
209 | switch gesture.state {
/Applications/Xcode-27.0.0-Release.Candidate.app/Contents/Developer/Platforms/WatchOS.platform/Developer/SDKs/WatchOS27.0.sdk/System/Library/Frameworks/UIKit.framework/Headers/UIPinchGestureRecognizer.h:20:12: note: 'UIPinchGestureRecognizer' has been explicitly marked unavailable here
18 |
19 | UIKIT_EXTERN API_AVAILABLE(ios(3.2)) API_UNAVAILABLE(tvos, watchos) NS_SWIFT_UI_ACTOR
20 | @interface UIPinchGestureRecognizer : UIGestureRecognizer
| `- note: 'UIPinchGestureRecognizer' has been explicitly marked unavailable here
21 |
22 | @property (nonatomic) CGFloat scale; // scale relative to the touch points in screen coordinates
/Users/admin/builder/spi-builder-workspace/Sources/ImageViewerRemote/ImageViewerRemote.swift:163:22: error: 'UIView' is unavailable in watchOS
161 | }
162 |
163 | class PinchZoomView: UIView {
| `- error: 'UIView' is unavailable in watchOS
164 |
165 | weak var delegate: PinchZoomViewDelgate?
/Applications/Xcode-27.0.0-Release.Candidate.app/Contents/Developer/Platforms/WatchOS.platform/Developer/SDKs/WatchOS27.0.sdk/System/Library/Frameworks/UIKit.framework/Headers/UIView.h:152:12: note: 'UIView' has been explicitly marked unavailable here
150 |
151 | UIKIT_EXTERN API_AVAILABLE(ios(2.0)) API_UNAVAILABLE(watchos) NS_SWIFT_UI_ACTOR
152 | @interface UIView : UIResponder <NSCoding, UIAppearance, UIAppearanceContainer, UIDynamicItem, UITraitEnvironment, UICoordinateSpace, UIFocusItem, UIFocusItemContainer, CALayerDelegate>
| `- note: 'UIView' has been explicitly marked unavailable here
153 |
154 | @property(class, nonatomic, readonly) Class layerClass; // default is [CALayer class]. Used when creating the underlying layer for the view.
/Users/admin/builder/spi-builder-workspace/Sources/ImageViewerRemote/ImageViewerRemote.swift:263:30: error: cannot find type 'Context' in scope
261 | }
262 |
263 | func makeUIView(context: Context) -> PinchZoomView {
| `- error: cannot find type 'Context' in scope
264 | let pinchZoomView = PinchZoomView()
265 | pinchZoomView.delegate = context.coordinator
/Users/admin/builder/spi-builder-workspace/Sources/ImageViewerRemote/ImageViewerRemote.swift:269:62: error: cannot find type 'Context' in scope
267 | }
268 |
269 | func updateUIView(_ pageControl: PinchZoomView, context: Context) { }
| `- error: cannot find type 'Context' in scope
270 |
271 | class Coordinator: NSObject, PinchZoomViewDelgate {
SwiftCompile normal arm64 /Users/admin/builder/spi-builder-workspace/Sources/ImageViewerRemote/ImageViewerRemote.swift (in target 'ImageViewerRemote' from project 'SwiftUIImageViewer')
cd /Users/admin/builder/spi-builder-workspace/.swiftpm/xcode
builtin-SwiftPerFileCompile ImageViewerRemote.swift
SwiftCompile normal arm64 Compiling\ ImageViewer.swift /Users/admin/builder/spi-builder-workspace/Sources/ImageViewer/ImageViewer.swift (in target 'ImageViewer' from project 'SwiftUIImageViewer')
/Users/admin/builder/spi-builder-workspace/Sources/ImageViewer/ImageViewer.swift:184:39: error: 'UIPinchGestureRecognizer' is unavailable in watchOS
182 | }
183 |
184 | @objc private func pinch(gesture: UIPinchGestureRecognizer) {
| `- error: 'UIPinchGestureRecognizer' is unavailable in watchOS
185 |
186 | switch gesture.state {
/Applications/Xcode-27.0.0-Release.Candidate.app/Contents/Developer/Platforms/WatchOS.platform/Developer/SDKs/WatchOS27.0.sdk/System/Library/Frameworks/UIKit.framework/Headers/UIPinchGestureRecognizer.h:20:12: note: 'UIPinchGestureRecognizer' has been explicitly marked unavailable here
18 |
19 | UIKIT_EXTERN API_AVAILABLE(ios(3.2)) API_UNAVAILABLE(tvos, watchos) NS_SWIFT_UI_ACTOR
20 | @interface UIPinchGestureRecognizer : UIGestureRecognizer
| `- note: 'UIPinchGestureRecognizer' has been explicitly marked unavailable here
21 |
22 | @property (nonatomic) CGFloat scale; // scale relative to the touch points in screen coordinates
/Users/admin/builder/spi-builder-workspace/Sources/ImageViewer/ImageViewer.swift:140:22: error: 'UIView' is unavailable in watchOS
138 |
139 |
140 | class PinchZoomView: UIView {
| `- error: 'UIView' is unavailable in watchOS
141 |
142 | weak var delegate: PinchZoomViewDelgate?
/Applications/Xcode-27.0.0-Release.Candidate.app/Contents/Developer/Platforms/WatchOS.platform/Developer/SDKs/WatchOS27.0.sdk/System/Library/Frameworks/UIKit.framework/Headers/UIView.h:152:12: note: 'UIView' has been explicitly marked unavailable here
150 |
151 | UIKIT_EXTERN API_AVAILABLE(ios(2.0)) API_UNAVAILABLE(watchos) NS_SWIFT_UI_ACTOR
152 | @interface UIView : UIResponder <NSCoding, UIAppearance, UIAppearanceContainer, UIDynamicItem, UITraitEnvironment, UICoordinateSpace, UIFocusItem, UIFocusItemContainer, CALayerDelegate>
| `- note: 'UIView' has been explicitly marked unavailable here
153 |
154 | @property(class, nonatomic, readonly) Class layerClass; // default is [CALayer class]. Used when creating the underlying layer for the view.
/Users/admin/builder/spi-builder-workspace/Sources/ImageViewer/ImageViewer.swift:240:30: error: cannot find type 'Context' in scope
238 | }
239 |
240 | func makeUIView(context: Context) -> PinchZoomView {
| `- error: cannot find type 'Context' in scope
241 | let pinchZoomView = PinchZoomView()
242 | pinchZoomView.delegate = context.coordinator
/Users/admin/builder/spi-builder-workspace/Sources/ImageViewer/ImageViewer.swift:246:62: error: cannot find type 'Context' in scope
244 | }
245 |
246 | func updateUIView(_ pageControl: PinchZoomView, context: Context) { }
| `- error: cannot find type 'Context' in scope
247 |
248 | class Coordinator: NSObject, PinchZoomViewDelgate {
SwiftCompile normal arm64 /Users/admin/builder/spi-builder-workspace/Sources/ImageViewer/ImageViewer.swift (in target 'ImageViewer' from project 'SwiftUIImageViewer')
cd /Users/admin/builder/spi-builder-workspace/.swiftpm/xcode
builtin-SwiftPerFileCompile ImageViewer.swift
SwiftCompile normal arm64_32 Compiling\ ImageViewer.swift /Users/admin/builder/spi-builder-workspace/Sources/ImageViewer/ImageViewer.swift (in target 'ImageViewer' from project 'SwiftUIImageViewer')
/Users/admin/builder/spi-builder-workspace/Sources/ImageViewer/ImageViewer.swift:184:39: error: 'UIPinchGestureRecognizer' is unavailable in watchOS
182 | }
183 |
184 | @objc private func pinch(gesture: UIPinchGestureRecognizer) {
| `- error: 'UIPinchGestureRecognizer' is unavailable in watchOS
185 |
186 | switch gesture.state {
/Applications/Xcode-27.0.0-Release.Candidate.app/Contents/Developer/Platforms/WatchOS.platform/Developer/SDKs/WatchOS27.0.sdk/System/Library/Frameworks/UIKit.framework/Headers/UIPinchGestureRecognizer.h:20:12: note: 'UIPinchGestureRecognizer' has been explicitly marked unavailable here
18 |
19 | UIKIT_EXTERN API_AVAILABLE(ios(3.2)) API_UNAVAILABLE(tvos, watchos) NS_SWIFT_UI_ACTOR
20 | @interface UIPinchGestureRecognizer : UIGestureRecognizer
| `- note: 'UIPinchGestureRecognizer' has been explicitly marked unavailable here
21 |
22 | @property (nonatomic) CGFloat scale; // scale relative to the touch points in screen coordinates
/Users/admin/builder/spi-builder-workspace/Sources/ImageViewer/ImageViewer.swift:140:22: error: 'UIView' is unavailable in watchOS
138 |
139 |
140 | class PinchZoomView: UIView {
| `- error: 'UIView' is unavailable in watchOS
141 |
142 | weak var delegate: PinchZoomViewDelgate?
/Applications/Xcode-27.0.0-Release.Candidate.app/Contents/Developer/Platforms/WatchOS.platform/Developer/SDKs/WatchOS27.0.sdk/System/Library/Frameworks/UIKit.framework/Headers/UIView.h:152:12: note: 'UIView' has been explicitly marked unavailable here
150 |
151 | UIKIT_EXTERN API_AVAILABLE(ios(2.0)) API_UNAVAILABLE(watchos) NS_SWIFT_UI_ACTOR
152 | @interface UIView : UIResponder <NSCoding, UIAppearance, UIAppearanceContainer, UIDynamicItem, UITraitEnvironment, UICoordinateSpace, UIFocusItem, UIFocusItemContainer, CALayerDelegate>
| `- note: 'UIView' has been explicitly marked unavailable here
153 |
154 | @property(class, nonatomic, readonly) Class layerClass; // default is [CALayer class]. Used when creating the underlying layer for the view.
/Users/admin/builder/spi-builder-workspace/Sources/ImageViewer/ImageViewer.swift:240:30: error: cannot find type 'Context' in scope
238 | }
239 |
240 | func makeUIView(context: Context) -> PinchZoomView {
| `- error: cannot find type 'Context' in scope
241 | let pinchZoomView = PinchZoomView()
242 | pinchZoomView.delegate = context.coordinator
/Users/admin/builder/spi-builder-workspace/Sources/ImageViewer/ImageViewer.swift:246:62: error: cannot find type 'Context' in scope
244 | }
245 |
246 | func updateUIView(_ pageControl: PinchZoomView, context: Context) { }
| `- error: cannot find type 'Context' in scope
247 |
248 | class Coordinator: NSObject, PinchZoomViewDelgate {
SwiftCompile normal arm64_32 /Users/admin/builder/spi-builder-workspace/Sources/ImageViewer/ImageViewer.swift (in target 'ImageViewer' from project 'SwiftUIImageViewer')
cd /Users/admin/builder/spi-builder-workspace/.swiftpm/xcode
builtin-SwiftPerFileCompile ImageViewer.swift
PruneExplicitPrecompiledModules /Users/admin/builder/spi-builder-workspace/.derivedData/Build/Intermediates.noindex/SwiftExplicitPrecompiledModules
PruneExplicitPrecompiledModules /Users/admin/builder/spi-builder-workspace/.derivedData/SDKExplicitPrecompiledModules
PruneExplicitPrecompiledModules /Users/admin/builder/spi-builder-workspace/.derivedData/Build/Intermediates.noindex/ExplicitPrecompiledModules
2026-09-17 11:53:46.581 xcodebuild[995:6478] [MT] IDERunDestination: Supported platforms for the buildables in the current scheme is empty.
** BUILD FAILED **
The following build commands failed:
SwiftCompile normal arm64 (in target 'ImageViewer' from project 'SwiftUIImageViewer')
SwiftEmitModule normal arm64 Emitting\ module\ for\ ImageViewer (in target 'ImageViewer' from project 'SwiftUIImageViewer')
Building workspace SwiftUIImageViewer with scheme SwiftUIImageViewer-Package
(3 failures)
BUILD FAILURE 6.4 watchOS