Build Information
Failed to build kmm-apple-sdk, reference master (e82eb7), with Swift 6.4 for watchOS using Xcode 27.0 on 9 Oct 2026 21:25:31 UTC.
Build Command
env DEVELOPER_DIR=/Applications/Xcode-27.0.0-Release.Candidate.app xcrun xcodebuild -IDEClonedSourcePackagesDirPathOverride=$PWD/.dependencies -skipMacroValidation -skipPackagePluginValidation -derivedDataPath $PWD/.derivedData build -scheme kmm-apple-sdk -destination generic/platform=watchOSBuild Log
========================================
RunAll
========================================
Builder version: 5.1.1
Interrupt handler set up.
========================================
Checkout
========================================
Clone URL: https://github.com/moengage/kmm-apple-sdk.git
Reference: master
Initialized empty Git repository in /Users/admin/builder/spi-builder-workspace/.git/
From https://github.com/moengage/kmm-apple-sdk
* branch master -> FETCH_HEAD
* [new branch] master -> origin/master
HEAD is now at e82eb72 Updated frameworks for release 2.0.1
Cloned https://github.com/moengage/kmm-apple-sdk.git
Revision (git rev-parse @):
e82eb72cd3155a1c796d37f93c73e8c0fde39ed1
SUCCESS checkout https://github.com/moengage/kmm-apple-sdk.git at master
========================================
Build
========================================
Selected platform: watchOS
Swift version: 6.4
Building package at path: $PWD
https://github.com/moengage/kmm-apple-sdk.git
Command line invocation:
/Applications/Xcode-27.0.0.app/Contents/Developer/usr/bin/xcodebuild -IDEClonedSourcePackagesDirPathOverride=/Users/admin/builder/spi-builder-workspace/.dependencies -resolvePackageDependencies
Resolve Package Graph
Resolve Package Graph
Resolved source packages:
kmm-apple-sdk: /Users/admin/builder/spi-builder-workspace
resolved source packages: kmm-apple-sdk
2026-10-09 17:24:43.556 xcodebuild[529:3030] [MT] IDERunDestination: Supported platforms for the buildables in the current scheme is empty.
{
"dependencies" : [
],
"manifest_display_name" : "kmm-apple-sdk",
"name" : "kmm-apple-sdk",
"path" : "/Users/admin/builder/spi-builder-workspace",
"platforms" : [
{
"name" : "ios",
"version" : "11.0"
},
{
"name" : "tvos",
"version" : "11.0"
}
],
"products" : [
{
"name" : "MoEngageKMMConditionEvaluator",
"targets" : [
"MoEngageKMMConditionEvaluator",
"MoEngageKMMConditionEvaluatorSPM"
],
"type" : {
"library" : [
"automatic"
]
}
}
],
"swift_languages_versions" : [
"5"
],
"targets" : [
{
"c99name" : "MoEngageKMMConditionEvaluatorSPM",
"module_type" : "SwiftTarget",
"name" : "MoEngageKMMConditionEvaluatorSPM",
"path" : "Sources/MoEngageKMMConditionEvaluatorSPM",
"product_memberships" : [
"MoEngageKMMConditionEvaluator"
],
"sources" : [
"File.swift"
],
"type" : "library"
},
{
"c99name" : "MoEngageKMMConditionEvaluator",
"module_type" : "BinaryTarget",
"name" : "MoEngageKMMConditionEvaluator",
"path" : "remote/archive/MoEngageKMMConditionEvaluator.xcframework.zip",
"product_memberships" : [
"MoEngageKMMConditionEvaluator"
],
"sources" : [
],
"type" : "binary"
}
],
"tools_version" : "5.5"
}
{
"workspace" : {
"name" : "kmm-apple-sdk",
"schemes" : [
"kmm-apple-sdk"
]
}
}
2026-10-09 17:25:24.706 xcodebuild[661:4185] [MT] IDERunDestination: Supported platforms for the buildables in the current scheme is empty.
Running build ...
env DEVELOPER_DIR=/Applications/Xcode-27.0.0-Release.Candidate.app xcrun xcodebuild -IDEClonedSourcePackagesDirPathOverride=$PWD/.dependencies -skipMacroValidation -skipPackagePluginValidation -derivedDataPath $PWD/.derivedData build -scheme kmm-apple-sdk -destination generic/platform=watchOS
Command line invocation:
/Applications/Xcode-27.0.0.app/Contents/Developer/usr/bin/xcodebuild -IDEClonedSourcePackagesDirPathOverride=/Users/admin/builder/spi-builder-workspace/.dependencies -skipMacroValidation -skipPackagePluginValidation -derivedDataPath /Users/admin/builder/spi-builder-workspace/.derivedData build -scheme kmm-apple-sdk -destination generic/platform=watchOS
Resolve Package Graph
Resolved source packages:
kmm-apple-sdk: /Users/admin/builder/spi-builder-workspace
ComputePackagePrebuildTargetDependencyGraph
Prepare packages
CreateBuildRequest
SendProjectDescription
CreateBuildOperation
ComputeTargetDependencyGraph
note: Building targets in dependency order
note: Target dependency graph (2 targets)
Target 'MoEngageKMMConditionEvaluator-product' in project 'kmm-apple-sdk'
➜ Explicit dependency on target 'MoEngageKMMConditionEvaluatorSPM' in project 'kmm-apple-sdk'
Target 'MoEngageKMMConditionEvaluatorSPM' in project 'kmm-apple-sdk' (no dependencies)
GatherProvisioningInputs
CreateBuildDescription
ExecuteExternalTool /Applications/Xcode-27.0.0.app/Contents/Developer/Toolchains/XcodeDefault.xctoolchain/usr/bin/clang -v -E -dM -isysroot /Applications/Xcode-27.0.0.app/Contents/Developer/Platforms/WatchOS.platform/Developer/SDKs/WatchOS27.0.sdk -x c -c /dev/null
ExecuteExternalTool /Applications/Xcode-27.0.0.app/Contents/Developer/Toolchains/XcodeDefault.xctoolchain/usr/bin/swiftc --version
ExecuteExternalTool /Applications/Xcode-27.0.0.app/Contents/Developer/Toolchains/XcodeDefault.xctoolchain/usr/bin/ld -version_details
Build description signature: 2853dd24c51827dd6efbf325308978bc
Build description path: /Users/admin/builder/spi-builder-workspace/.derivedData/Build/Intermediates.noindex/XCBuildData/2853dd24c51827dd6efbf325308978bc.xcbuilddata
/Users/admin/builder/spi-builder-workspace/.dependencies/artifacts/spi-builder-workspace/MoEngageKMMConditionEvaluator/MoEngageKMMConditionEvaluator.xcframework:1:1: error: While building for watchOS, no library for this platform was found in '/Users/admin/builder/spi-builder-workspace/.dependencies/artifacts/spi-builder-workspace/MoEngageKMMConditionEvaluator/MoEngageKMMConditionEvaluator.xcframework'. (in target 'MoEngageKMMConditionEvaluator-product' from project 'kmm-apple-sdk')
2026-10-09 17:25:26.460 xcodebuild[662:4229] [MT] IDERunDestination: Supported platforms for the buildables in the current scheme is empty.
** BUILD FAILED **
The following build commands failed:
Building workspace kmm-apple-sdk with scheme kmm-apple-sdk
(1 failure)
Command line invocation:
/Applications/Xcode-27.0.0.app/Contents/Developer/usr/bin/xcodebuild -IDEClonedSourcePackagesDirPathOverride=/Users/admin/builder/spi-builder-workspace/.dependencies -resolvePackageDependencies
Resolve Package Graph
Resolved source packages:
kmm-apple-sdk: /Users/admin/builder/spi-builder-workspace
resolved source packages: kmm-apple-sdk
2026-10-09 17:25:28.441 xcodebuild[676:4332] [MT] IDERunDestination: Supported platforms for the buildables in the current scheme is empty.
{
"dependencies" : [
],
"manifest_display_name" : "kmm-apple-sdk",
"name" : "kmm-apple-sdk",
"path" : "/Users/admin/builder/spi-builder-workspace",
"platforms" : [
{
"name" : "ios",
"version" : "11.0"
},
{
"name" : "tvos",
"version" : "11.0"
}
],
"products" : [
{
"name" : "MoEngageKMMConditionEvaluator",
"targets" : [
"MoEngageKMMConditionEvaluator",
"MoEngageKMMConditionEvaluatorSPM"
],
"type" : {
"library" : [
"automatic"
]
}
}
],
"swift_languages_versions" : [
"5"
],
"targets" : [
{
"c99name" : "MoEngageKMMConditionEvaluatorSPM",
"module_type" : "SwiftTarget",
"name" : "MoEngageKMMConditionEvaluatorSPM",
"path" : "Sources/MoEngageKMMConditionEvaluatorSPM",
"product_memberships" : [
"MoEngageKMMConditionEvaluator"
],
"sources" : [
"File.swift"
],
"type" : "library"
},
{
"c99name" : "MoEngageKMMConditionEvaluator",
"module_type" : "BinaryTarget",
"name" : "MoEngageKMMConditionEvaluator",
"path" : "remote/archive/MoEngageKMMConditionEvaluator.xcframework.zip",
"product_memberships" : [
"MoEngageKMMConditionEvaluator"
],
"sources" : [
],
"type" : "binary"
}
],
"tools_version" : "5.5"
}
{
"workspace" : {
"name" : "kmm-apple-sdk",
"schemes" : [
"kmm-apple-sdk"
]
}
}
2026-10-09 17:25:29.669 xcodebuild[684:4403] [MT] IDERunDestination: Supported platforms for the buildables in the current scheme is empty.
Running build ...
env DEVELOPER_DIR=/Applications/Xcode-27.0.0-Release.Candidate.app xcrun xcodebuild -IDEClonedSourcePackagesDirPathOverride=$PWD/.dependencies -skipMacroValidation -skipPackagePluginValidation -derivedDataPath $PWD/.derivedData build -scheme kmm-apple-sdk -destination generic/platform=watchOS
Command line invocation:
/Applications/Xcode-27.0.0.app/Contents/Developer/usr/bin/xcodebuild -IDEClonedSourcePackagesDirPathOverride=/Users/admin/builder/spi-builder-workspace/.dependencies -skipMacroValidation -skipPackagePluginValidation -derivedDataPath /Users/admin/builder/spi-builder-workspace/.derivedData build -scheme kmm-apple-sdk -destination generic/platform=watchOS
Resolve Package Graph
Resolved source packages:
kmm-apple-sdk: /Users/admin/builder/spi-builder-workspace
ComputePackagePrebuildTargetDependencyGraph
Prepare packages
CreateBuildRequest
SendProjectDescription
CreateBuildOperation
ComputeTargetDependencyGraph
note: Building targets in dependency order
note: Target dependency graph (2 targets)
Target 'MoEngageKMMConditionEvaluator-product' in project 'kmm-apple-sdk'
➜ Explicit dependency on target 'MoEngageKMMConditionEvaluatorSPM' in project 'kmm-apple-sdk'
Target 'MoEngageKMMConditionEvaluatorSPM' in project 'kmm-apple-sdk' (no dependencies)
GatherProvisioningInputs
CreateBuildDescription
/Users/admin/builder/spi-builder-workspace/.dependencies/artifacts/spi-builder-workspace/MoEngageKMMConditionEvaluator/MoEngageKMMConditionEvaluator.xcframework:1:1: error: While building for watchOS, no library for this platform was found in '/Users/admin/builder/spi-builder-workspace/.dependencies/artifacts/spi-builder-workspace/MoEngageKMMConditionEvaluator/MoEngageKMMConditionEvaluator.xcframework'. (in target 'MoEngageKMMConditionEvaluator-product' from project 'kmm-apple-sdk')
2026-10-09 17:25:30.607 xcodebuild[685:4432] [MT] IDERunDestination: Supported platforms for the buildables in the current scheme is empty.
** BUILD FAILED **
The following build commands failed:
Building workspace kmm-apple-sdk with scheme kmm-apple-sdk
(1 failure)
BUILD FAILURE 6.4 watchOS