Build Information
Failed to build Swipy, reference main (4187bf), with Swift 6.2 for macOS (SPM) on 26 Jun 2026 06:05:34 UTC.
Build Command
env DEVELOPER_DIR=/Applications/Xcode-26.3.0.app xcrun swift build --arch arm64Build Log
========================================
RunAll
========================================
Builder version: undefined version: run 'make version' to update
Interrupt handler set up.
========================================
Checkout
========================================
Clone URL: https://github.com/rohanrhu/Swipy.git
Reference: main
Initialized empty Git repository in /Users/admin/builder/spi-builder-workspace/.git/
From https://github.com/rohanrhu/Swipy
* branch main -> FETCH_HEAD
* [new branch] main -> origin/main
HEAD is now at 4187bf1 Merge pull request #7 from christophli/bugfix
Cloned https://github.com/rohanrhu/Swipy.git
Revision (git rev-parse @):
4187bf10591a1e4f52424876144e5a5d9b374c01
SUCCESS checkout https://github.com/rohanrhu/Swipy.git at main
========================================
Build
========================================
Selected platform: macosSpm
Swift version: 6.2
Building package at path: $PWD
https://github.com/rohanrhu/Swipy.git
Running build ...
env DEVELOPER_DIR=/Applications/Xcode-26.3.0.app xcrun swift build --arch arm64
Building for debugging...
[0/2] Write sources
[1/2] Write swift-version--3CB7CFEC50E0D141.txt
error: emit-module command failed with exit code 1 (use -v to see invocation)
[3/4] Emitting module Swipy
/Users/admin/builder/spi-builder-workspace/Swipy/Swipy.swift:14:8: error: no such module 'UIKit'
12 |
13 | import SwiftUI
14 | import UIKit
| `- error: no such module 'UIKit'
15 |
16 | public struct SwipyHorizontalMargin: Sendable {
[4/4] Compiling Swipy Swipy.swift
/Users/admin/builder/spi-builder-workspace/Swipy/Swipy.swift:14:8: error: no such module 'UIKit'
12 |
13 | import SwiftUI
14 | import UIKit
| `- error: no such module 'UIKit'
15 |
16 | public struct SwipyHorizontalMargin: Sendable {
BUILD FAILURE 6.2 macosSpm