The Swift Package Index logo.Swift Package Index

Build Information

Failed to build swift-navigation, reference main (7e95e5), with Swift 6.3 for Linux on 1 Sep 2026 01:24:05 UTC.

Build Command

bash -c docker run --pull=always --rm -v "checkouts-53886770-1":/host -w "$PWD" -e JAVA_HOME="/root/.sdkman/candidates/java/current" -e SPI_BUILD="1" -e SPI_PROCESSING="1" registry.gitlab.com/saguaro1/spi-images:basic-6.3-latest swift build --triple x86_64-unknown-linux-gnu 2>&1

Build Log

========================================
RunAll
========================================
Builder version: 5.0.2
Interrupt handler set up.
========================================
Checkout
========================================
Clone URL: https://github.com/pointfreeco/swift-navigation.git
Reference: main
Initialized empty Git repository in /host/spi-builder-workspace/.git/
hint: Using 'master' as the name for the initial branch. This default branch name
hint: is subject to change. To configure the initial branch name to use in all
hint: of your new repositories, which will suppress this warning, call:
hint:
hint: 	git config --global init.defaultBranch <name>
hint:
hint: Names commonly chosen instead of 'master' are 'main', 'trunk' and
hint: 'development'. The just-created branch can be renamed via this command:
hint:
hint: 	git branch -m <name>
From https://github.com/pointfreeco/swift-navigation
 * branch            main       -> FETCH_HEAD
 * [new branch]      main       -> origin/main
HEAD is now at 7e95e5e Adopt `CasePath` protocol (#373)
Cloned https://github.com/pointfreeco/swift-navigation.git
Revision (git rev-parse @):
7e95e5e9ff0a64f6ad8bca59083f8d6ba381b6ff
SPI manifest file found: $PWD/.spi.yml
SUCCESS checkout https://github.com/pointfreeco/swift-navigation.git at main
========================================
Build
========================================
Selected platform:         linux
Swift version:             6.3
Building package at path:  $PWD
https://github.com/pointfreeco/swift-navigation.git
Running build ...
bash -c docker run --pull=always --rm -v "checkouts-53886770-1":/host -w "$PWD" -e JAVA_HOME="/root/.sdkman/candidates/java/current" -e SPI_BUILD="1" -e SPI_PROCESSING="1" registry.gitlab.com/saguaro1/spi-images:basic-6.3-latest swift build --triple x86_64-unknown-linux-gnu 2>&1
basic-6.3-latest: Pulling from saguaro1/spi-images
Digest: sha256:b82c9ac2aaad9c671b7a7653c8e6eeaf006cac60f6a8910901b9357c067e0892
Status: Image is up to date for registry.gitlab.com/saguaro1/spi-images:basic-6.3-latest
Fetching https://github.com/pointfreeco/swift-perception
Fetching https://github.com/pointfreeco/xctest-dynamic-overlay
Fetching https://github.com/swiftlang/swift-docc-plugin
Fetching https://github.com/pointfreeco/swift-custom-dump
Fetching https://github.com/pointfreeco/swift-macro-testing
Fetching https://github.com/swiftlang/swift-syntax
[1/5701] Fetching swift-custom-dump
[2/8046] Fetching swift-custom-dump, swift-docc-plugin
[408/9048] Fetching swift-custom-dump, swift-docc-plugin, swift-macro-testing
[4162/11126] Fetching swift-custom-dump, swift-docc-plugin, swift-macro-testing, swift-perception
Fetched https://github.com/pointfreeco/swift-perception from cache (0.57s)
Fetching https://github.com/pointfreeco/swift-case-paths
[1/2727] Fetching xctest-dynamic-overlay
[2728/7839] Fetching xctest-dynamic-overlay, swift-case-paths
[7789/87220] Fetching xctest-dynamic-overlay, swift-case-paths, swift-syntax
Fetched https://github.com/pointfreeco/swift-case-paths from cache (0.53s)
[8284/82108] Fetching xctest-dynamic-overlay, swift-syntax
Fetched https://github.com/pointfreeco/swift-macro-testing from cache (3.21s)
Fetched https://github.com/pointfreeco/swift-custom-dump from cache (3.21s)
Fetched https://github.com/swiftlang/swift-docc-plugin from cache (3.21s)
Fetched https://github.com/pointfreeco/xctest-dynamic-overlay from cache (3.21s)
Fetched https://github.com/swiftlang/swift-syntax from cache (3.24s)
Computing version for https://github.com/pointfreeco/swift-case-paths
Computed https://github.com/pointfreeco/swift-case-paths at 1.10.0 (3.60s)
Computing version for https://github.com/pointfreeco/xctest-dynamic-overlay
Computed https://github.com/pointfreeco/xctest-dynamic-overlay at 1.13.1 (0.20s)
Computing version for https://github.com/pointfreeco/swift-macro-testing
Computed https://github.com/pointfreeco/swift-macro-testing at 0.7.0 (0.14s)
Fetching https://github.com/pointfreeco/swift-snapshot-testing
[1/16392] Fetching swift-snapshot-testing
Fetched https://github.com/pointfreeco/swift-snapshot-testing from cache (2.35s)
Computing version for https://github.com/swiftlang/swift-docc-plugin
Computed https://github.com/swiftlang/swift-docc-plugin at 1.5.0 (3.26s)
Fetching https://github.com/swiftlang/swift-docc-symbolkit
[1/3817] Fetching swift-docc-symbolkit
Fetched https://github.com/swiftlang/swift-docc-symbolkit from cache (0.57s)
Computing version for https://github.com/swiftlang/swift-docc-symbolkit
Computed https://github.com/swiftlang/swift-docc-symbolkit at 1.0.0 (0.77s)
Computing version for https://github.com/pointfreeco/swift-custom-dump
Computed https://github.com/pointfreeco/swift-custom-dump at 1.7.3 (0.14s)
Computing version for https://github.com/swiftlang/swift-syntax
Computed https://github.com/swiftlang/swift-syntax at 603.0.2 (0.25s)
Computing version for https://github.com/pointfreeco/swift-snapshot-testing
Computed https://github.com/pointfreeco/swift-snapshot-testing at 1.19.4 (0.14s)
Computing version for https://github.com/pointfreeco/swift-perception
Computed https://github.com/pointfreeco/swift-perception at 2.0.12 (0.15s)
Creating working copy for https://github.com/pointfreeco/swift-macro-testing
Working copy of https://github.com/pointfreeco/swift-macro-testing resolved at 0.7.0
Creating working copy for https://github.com/swiftlang/swift-docc-symbolkit
Working copy of https://github.com/swiftlang/swift-docc-symbolkit resolved at 1.0.0
Creating working copy for https://github.com/swiftlang/swift-docc-plugin
Working copy of https://github.com/swiftlang/swift-docc-plugin resolved at 1.5.0
Creating working copy for https://github.com/pointfreeco/swift-perception
Working copy of https://github.com/pointfreeco/swift-perception resolved at 2.0.12
Creating working copy for https://github.com/pointfreeco/swift-custom-dump
Working copy of https://github.com/pointfreeco/swift-custom-dump resolved at 1.7.3
Creating working copy for https://github.com/pointfreeco/swift-snapshot-testing
Working copy of https://github.com/pointfreeco/swift-snapshot-testing resolved at 1.19.4
Creating working copy for https://github.com/swiftlang/swift-syntax
Working copy of https://github.com/swiftlang/swift-syntax resolved at 603.0.2
Creating working copy for https://github.com/pointfreeco/xctest-dynamic-overlay
Working copy of https://github.com/pointfreeco/xctest-dynamic-overlay resolved at 1.13.1
Creating working copy for https://github.com/pointfreeco/swift-case-paths
Working copy of https://github.com/pointfreeco/swift-case-paths resolved at 1.10.0
Downloading package prebuilt https://download.swift.org/prebuilts/swift-syntax/603.0.2/swift-6.3.2-RELEASE-ubuntu_jammy_x86_64-MacroSupport.tar.gz
Downloaded https://download.swift.org/prebuilts/swift-syntax/603.0.2/swift-6.3.2-RELEASE-ubuntu_jammy_x86_64-MacroSupport.tar.gz (0.19s)
[1/1] Compiling plugin Swift-DocC Preview
[2/2] Compiling plugin Swift-DocC
Building for debugging...
[2/83] Write sources
[19/83] Compiling UIKitNavigationShim shim.m
[20/83] Write sources
[44/83] Compiling _SwiftSyntaxCShims PlatformMutex.c
[45/83] Write sources
[47/83] Compiling UIKitNavigationShim shim.m
[48/83] Write swift-version-24593BA9C3E375BF.txt
[50/103] Emitting module SwiftSyntax603
[51/103] Compiling SwiftSyntax603 Empty.swift
[53/104] Compiling SwiftSyntax601 Empty.swift
[54/104] Emitting module SwiftSyntax601
[56/139] Emitting module IssueReportingTestSupport
[57/144] Emitting module SwiftSyntax509
[58/147] Compiling SwiftSyntax509 Empty.swift
[59/148] Wrapping AST for SwiftSyntax603 for debugging
[60/148] Wrapping AST for SwiftSyntax601 for debugging
[61/148] Wrapping AST for SwiftSyntax509 for debugging
[63/148] Compiling SwiftSyntax510 Empty.swift
[64/148] Emitting module SwiftSyntax510
[66/149] Compiling IssueReporting FatalErrorReporter.swift
[67/149] Compiling IssueReporting TestContext.swift
[68/149] Compiling IssueReporting Unimplemented.swift
[68/151] Wrapping AST for SwiftSyntax510 for debugging
[70/151] Compiling IssueReportingTestSupport SwiftTesting.swift
[71/151] Emitting module SwiftSyntax602
[72/151] Compiling SwiftSyntax602 Empty.swift
[73/152] Compiling SwiftSyntax600 Empty.swift
[74/152] Emitting module SwiftSyntax600
[76/153] Wrapping AST for SwiftSyntax602 for debugging
[77/153] Wrapping AST for SwiftSyntax600 for debugging
[81/153] Compiling IssueReporting IssueSeverity.swift
[82/153] Compiling IssueReporting ReportIssue.swift
[83/153] Compiling IssueReporting _Test.swift
[84/218] Emitting module IssueReporting
[85/218] Compiling SwiftSyntax RenamedChildrenCompatibility.swift
[86/218] Compiling SwiftSyntax RenamedNodesCompatibility.swift
[89/218] Compiling SwiftSyntax RawSyntaxNodeProtocol.swift
[90/218] Compiling SwiftSyntax RawSyntaxTokenView.swift
[91/218] Compiling SwiftSyntax SourceEdit.swift
[92/218] Compiling SwiftSyntax Assert.swift
[93/218] Compiling SwiftSyntax BumpPtrAllocator.swift
[99/218] Compiling SwiftSyntax CommonAncestor.swift
[100/218] Emitting module IssueReporting
[101/218] Compiling SwiftSyntax Identifier.swift
[102/218] Compiling SwiftSyntax MemoryLayout.swift
[103/218] Compiling SwiftSyntax MissingNodeInitializers.swift
[104/218] Compiling SwiftSyntax AbsolutePosition.swift
[105/218] Compiling SwiftSyntax AbsoluteSyntaxInfo.swift
[106/218] Compiling SwiftSyntax ArenaAllocatedBuffer.swift
[107/218] Emitting module IssueReportingTestSupport
[108/218] Compiling IssueReportingTestSupport XCTest.swift
[109/218] Compiling IssueReportingTestSupport SwiftTesting.swift
[110/218] Compiling IssueReportingTestSupport XCTest.swift
[111/218] Compiling IssueReportingTestSupport _Test.swift
[117/220] Wrapping AST for IssueReportingTestSupport for debugging
[118/220] Write Objects.LinkFileList
[119/220] Wrapping AST for IssueReportingTestSupport for debugging
[120/220] Write Objects.LinkFileList
[122/220] Compiling SwiftSyntax RawSyntax.swift
[123/220] Compiling SwiftSyntax RawSyntaxArena.swift
[124/220] Compiling SwiftSyntax RawSyntaxLayoutView.swift
[128/220] Compiling SwiftSyntax EditorPlaceholder.swift
[129/220] Compiling SwiftSyntax ChildNameForKeyPath.swift
[130/220] Compiling SwiftSyntax Keyword.swift
[130/221] Linking libIssueReportingTestSupport.so
[134/222] Linking libIssueReportingTestSupport-tool.so
[138/330] Compiling CustomDump CustomDumpRepresentable.swift
[139/330] Compiling CustomDump CustomDumpStringConvertible.swift
[140/330] Compiling CustomDump Diff.swift
[141/330] Compiling CustomDump Dump.swift
[142/333] Compiling CustomDump UserNotifications.swift
[143/333] Compiling CustomDump UserNotificationsUI.swift
[144/333] Compiling CustomDump CustomDumpReflectable.swift
[145/333] Compiling CustomDump StoreKit.swift
[146/333] Compiling CustomDump Swift.swift
[147/333] Compiling CustomDump SwiftUI.swift
[148/333] Compiling CustomDump UIKit.swift
[151/341] Compiling CustomDump UniformTypeIdentifiers.swift
[163/344] Emitting module CasePathsCore
[164/345] Compiling CustomDump GameKit.swift
[165/345] Compiling CustomDump KeyPath.swift
[166/345] Compiling CustomDump Photos.swift
[167/345] Compiling CustomDump Speech.swift
[168/345] Compiling CasePathsCore TypeName.swift
[169/345] Compiling CustomDump CoreImage.swift
[170/345] Compiling CustomDump CoreLocation.swift
[171/346] Compiling CasePathsCore TypeName.swift
[172/346] Compiling CasePathsCore UncheckedSendable.swift
[173/346] Emitting module CasePathsCore
[178/346] Compiling CasePathsCore Result+CasePathable.swift
[184/346] Compiling CustomDump CoreMotion.swift
[185/346] Compiling CustomDump Foundation.swift
[194/346] Compiling CustomDump Identifiable.swift
[195/346] Compiling CustomDump Mirror.swift
[196/346] Compiling CustomDump String.swift
[197/346] Compiling CasePathsCore Never+CasePathable.swift
[198/346] Compiling CasePathsCore Optional+CasePathable.swift
[199/346] Compiling CasePathsCore Never+CasePathable.swift
[200/346] Compiling CasePathsCore UncheckedSendable.swift
[201/346] Compiling CasePathsCore Optional+CasePathable.swift
[212/348] Compiling CustomDump ExpectDifference.swift
[213/348] Compiling CustomDump ExpectNoDifference.swift
[214/348] Compiling CustomDump AnyType.swift
[215/348] Compiling CustomDump CollectionDifference.swift
[216/348] Compiling CustomDump Unordered.swift
[217/348] Compiling CustomDump XCTAssertDifference.swift
[218/348] Compiling CustomDump XCTAssertNoDifference.swift
[219/348] Emitting module CustomDump
[241/349] Compiling SwiftSyntax SourceLength.swift
[242/349] Compiling SwiftSyntax SourceLocation.swift
[243/349] Compiling SwiftSyntax SourcePresence.swift
[244/349] Compiling SwiftSyntax SwiftSyntaxCompatibility.swift
[245/349] Compiling SwiftSyntax Syntax.swift
[246/349] Compiling SwiftSyntax SyntaxChildren.swift
[247/349] Compiling SwiftSyntax SyntaxCollection.swift
[248/349] Compiling SwiftSyntax SyntaxHashable.swift
[249/349] Compiling SwiftSyntax SyntaxIdentifier.swift
[250/349] Compiling SwiftSyntax SyntaxNodeStructure.swift
[251/349] Compiling SwiftSyntax SyntaxProtocol.swift
[252/349] Compiling SwiftSyntax SyntaxText.swift
[253/349] Compiling SwiftSyntax SyntaxTreeViewMode.swift
[254/349] Compiling SwiftSyntax TokenDiagnostic.swift
[255/349] Compiling SwiftSyntax TokenSequence.swift
[256/349] Compiling SwiftSyntax TokenSyntax.swift
[257/349] Compiling SwiftSyntax Trivia.swift
[258/349] Compiling SwiftSyntax Utils.swift
[280/352] Emitting module PerceptionCore
[281/352] Compiling PerceptionCore _PerceptionRegistrar.swift
[282/352] Emitting module PerceptionCore
[287/352] Compiling PerceptionCore _PerceptionRegistrar.swift
[298/354] Emitting module SwiftSyntax
[302/354] Compiling SwiftSyntax RawSyntaxNodesOP.swift
[303/354] Compiling SwiftSyntax RawSyntaxNodesQRS.swift
[304/354] Compiling SwiftSyntax RawSyntaxNodesTUVWXYZ.swift
[305/354] Compiling SwiftSyntax RawSyntaxValidation.swift
[306/354] Compiling SwiftSyntax SyntaxNodesAB.swift
[307/354] Compiling SwiftSyntax SyntaxRewriter.swift
[308/354] Compiling SwiftSyntax SyntaxTraits.swift
[309/354] Compiling SwiftSyntax SyntaxVisitor.swift
[310/354] Compiling SwiftSyntax TokenKind.swift
[311/354] Compiling SwiftSyntax Tokens.swift
[312/354] Compiling SwiftSyntax TriviaPieces.swift
[313/354] Compiling SwiftSyntax RawSyntaxNodesAB.swift
[314/354] Compiling SwiftSyntax RawSyntaxNodesC.swift
[315/354] Compiling SwiftSyntax RawSyntaxNodesD.swift
[325/354] Compiling SwiftSyntax SyntaxNodesC.swift
[326/354] Compiling SwiftSyntax SyntaxNodesD.swift
[327/354] Compiling SwiftSyntax SyntaxNodesEF.swift
[328/354] Compiling SwiftSyntax SyntaxNodesGHI.swift
[329/354] Compiling SwiftSyntax SyntaxNodesJKLMN.swift
[330/354] Compiling SwiftSyntax SyntaxNodesOP.swift
[331/354] Compiling SwiftSyntax SyntaxNodesQRS.swift
[332/354] Compiling SwiftSyntax SyntaxNodesTUVWXYZ.swift
[333/373] Wrapping AST for SwiftSyntax for debugging
[335/414] Compiling SwiftBasicFormat Trivia+FormatExtensions.swift
[336/414] Compiling SwiftBasicFormat SyntaxProtocol+Formatted.swift
[337/414] Compiling SwiftDiagnostics Message.swift
[338/415] Compiling SwiftParser Attributes.swift
[339/415] Compiling SwiftParser Availability.swift
[340/415] Compiling SwiftDiagnostics Note.swift
[341/415] Compiling SwiftBasicFormat Syntax+Extensions.swift
[342/415] Compiling SwiftBasicFormat InferIndentation.swift
[343/415] Compiling SwiftDiagnostics FixIt.swift
[344/415] Compiling SwiftDiagnostics GroupedDiagnostics.swift
[345/415] Compiling SwiftDiagnostics DiagnosticDecorator.swift
[346/415] Emitting module SwiftDiagnostics
[347/415] Compiling SwiftDiagnostics DiagnosticsFormatter.swift
[348/415] Compiling SwiftParser CharacterInfo.swift
[349/415] Compiling SwiftParser CollectionNodes+Parsable.swift
[351/416] Compiling SwiftBasicFormat BasicFormat.swift
[352/416] Emitting module SwiftBasicFormat
[353/416] Compiling SwiftBasicFormat Indenter.swift
[353/417] Wrapping AST for SwiftDiagnostics for debugging
[356/417] Compiling SwiftParser StringLiterals.swift
[357/417] Compiling SwiftParser SwiftParserCompatibility.swift
[358/417] Compiling SwiftParser SwiftVersion.swift
[359/417] Compiling SwiftParser SyntaxUtils.swift
[360/417] Compiling SwiftParser TokenConsumer.swift
[361/417] Compiling SwiftParser TokenPrecedence.swift
[361/422] Wrapping AST for SwiftBasicFormat for debugging
[363/422] Emitting module SwiftParser
[364/422] Compiling SwiftParser Lexeme.swift
[365/422] Compiling SwiftParser LexemeSequence.swift
[366/422] Compiling SwiftParser Lexer.swift
[367/422] Compiling SwiftParser RegexLiteralLexer.swift
[368/422] Compiling SwiftParser UnicodeScalarExtensions.swift
[369/422] Compiling SwiftParser Lookahead.swift
[374/422] Compiling SwiftParser CompilerFiles.swift
[375/422] Compiling SwiftParser Declarations.swift
[376/422] Compiling SwiftParser LoopProgressCondition.swift
[377/422] Compiling SwiftParser Modifiers.swift
[378/422] Compiling SwiftParser Names.swift
[379/422] Compiling SwiftParser Nominals.swift
[380/422] Compiling SwiftParser Parameters.swift
[381/422] Compiling SwiftParser ParseSourceFile.swift
[382/422] Compiling SwiftParser TokenSpec.swift
[383/422] Compiling SwiftParser TokenSpecSet.swift
[384/422] Compiling SwiftParser TopLevel.swift
[385/422] Compiling SwiftParser TriviaParser.swift
[386/422] Compiling SwiftParser Types.swift
[387/422] Compiling SwiftParser Parser.swift
[388/422] Compiling SwiftParser Patterns.swift
[389/422] Compiling SwiftParser Recovery.swift
[390/422] Compiling SwiftParser Specifiers.swift
[391/422] Compiling SwiftParser Statements.swift
[392/422] Compiling SwiftParser StringLiteralRepresentedLiteralValue.swift
[393/422] Compiling SwiftParser Directives.swift
[394/422] Compiling SwiftParser ExpressionInterpretedAsVersionTuple.swift
[395/422] Compiling SwiftParser Expressions.swift
[396/422] Compiling SwiftParser IncrementalParseTransition.swift
[397/422] Compiling SwiftParser IsValidIdentifier.swift
[398/422] Compiling SwiftParser Cursor.swift
[399/422] Compiling SwiftParser ExperimentalFeatures.swift
[400/422] Compiling SwiftParser IsLexerClassified.swift
[401/422] Compiling SwiftParser LayoutNodes+Parsable.swift
[402/422] Compiling SwiftParser Parser+TokenSpecSet.swift
[403/422] Compiling SwiftParser TokenSpecStaticMembers.swift
[404/423] Wrapping AST for SwiftParser for debugging
[406/446] Compiling SwiftParserDiagnostics SyntaxKindNameForDiagnostics.swift
[407/447] Compiling SwiftOperators PrecedenceGroup.swift
[408/448] Compiling SwiftOperators PrecedenceGraph.swift
[409/448] Compiling SwiftParserDiagnostics TokenNameForDiagnostics.swift
[410/448] Compiling SwiftOperators OperatorTable.swift
[411/448] Compiling SwiftOperators OperatorTable+Semantics.swift
[412/448] Compiling SwiftOperators SyntaxSynthesis.swift
[413/448] Compiling SwiftOperators Operator.swift
[414/448] Compiling SwiftOperators OperatorError+Diagnostics.swift
[415/448] Compiling SwiftOperators OperatorTable+Folding.swift
[416/448] Compiling SwiftOperators OperatorError.swift
[417/448] Compiling SwiftOperators OperatorTable+Defaults.swift
[418/448] Emitting module SwiftOperators
[419/449] Wrapping AST for SwiftOperators for debugging
[423/449] Compiling SwiftParserDiagnostics ChildNameForDiagnostics.swift
[424/449] Compiling SwiftParserDiagnostics SyntaxExtensions.swift
[425/449] Compiling SwiftParserDiagnostics Utils.swift
[426/449] Emitting module SwiftParserDiagnostics
[429/449] Compiling SwiftParserDiagnostics ParserDiagnosticMessages.swift
[430/449] Compiling SwiftParserDiagnostics PresenceUtils.swift
[431/449] Compiling SwiftParserDiagnostics MultiLineStringLiteralDiagnosticsGenerator.swift
[432/449] Compiling SwiftParserDiagnostics ParseDiagnosticsGenerator.swift
[433/450] Wrapping AST for SwiftParserDiagnostics for debugging
[435/465] Compiling SwiftSyntaxBuilder SyntaxParsable+ExpressibleByStringInterpolation.swift
[436/465] Compiling SwiftSyntaxBuilder ValidatingSyntaxNodes.swift
[437/466] Compiling SwiftSyntaxBuilder SyntaxExpressibleByStringInterpolationConformances.swift
[438/466] Compiling SwiftSyntaxBuilder WithTrailingCommaSyntax+EnsuringTrailingComma.swift
[439/466] Compiling SwiftSyntaxBuilder BuildableNodes.swift
[440/466] Compiling SwiftSyntaxBuilder Syntax+StringInterpolation.swift
[441/466] Compiling SwiftSyntaxBuilder SyntaxNodeWithBody.swift
[442/466] Compiling SwiftSyntaxBuilder ResultBuilderExtensions.swift
[443/466] Compiling SwiftSyntaxBuilder SwiftSyntaxBuilderCompatibility.swift
[444/466] Compiling SwiftSyntaxBuilder ConvenienceInitializers.swift
[445/466] Compiling SwiftSyntaxBuilder DeclSyntaxParseable.swift
[446/466] Compiling SwiftSyntaxBuilder Indenter.swift
[447/466] Compiling SwiftSyntaxBuilder ListBuilder.swift
[448/466] Emitting module SwiftSyntaxBuilder
[449/466] Compiling SwiftSyntaxBuilder RenamedChildrenBuilderCompatibility.swift
[450/466] Compiling SwiftSyntaxBuilder ResultBuilders.swift
[451/467] Wrapping AST for SwiftSyntaxBuilder for debugging
[453/482] Compiling SwiftIfConfig IfConfigFunctions.swift
[454/482] Compiling SwiftIfConfig IfConfigRegionState.swift
[455/483] Compiling SwiftIfConfig SyntaxProtocol+IfConfig.swift
[456/483] Compiling SwiftIfConfig VersionTuple+Parsing.swift
[457/483] Compiling SwiftIfConfig StaticBuildConfiguration.swift
[458/483] Compiling SwiftIfConfig SyntaxLiteralUtils.swift
[459/483] Compiling SwiftIfConfig VersionTuple.swift
[460/483] Compiling SwiftIfConfig ActiveSyntaxVisitor.swift
[461/483] Compiling SwiftIfConfig BuildConfiguration.swift
[462/483] Compiling SwiftIfConfig ActiveClauseEvaluator.swift
[463/483] Compiling SwiftIfConfig ActiveSyntaxRewriter.swift
[464/483] Compiling SwiftIfConfig ConfiguredRegions.swift
[465/483] Compiling SwiftIfConfig IfConfigDecl+IfConfig.swift
[466/483] Emitting module SwiftIfConfig
[467/483] Compiling SwiftIfConfig IfConfigDiagnostic.swift
[468/483] Compiling SwiftIfConfig IfConfigEvaluation.swift
[469/484] Wrapping AST for SwiftIfConfig for debugging
[471/501] Compiling SwiftSyntaxMacros ExpressionMacro.swift
[472/501] Compiling SwiftSyntaxMacros ExtensionMacro.swift
[473/503] Compiling SwiftSyntaxMacros CodeItemMacro.swift
[474/503] Compiling SwiftSyntaxMacros DeclarationMacro.swift
[475/503] Compiling SwiftSyntaxMacros Macro.swift
[476/503] Compiling SwiftSyntaxMacros MemberAttributeMacro.swift
[477/503] Compiling SwiftSyntaxMacros AccessorMacro.swift
[478/503] Compiling SwiftSyntaxMacros AttachedMacro.swift
[479/503] Compiling SwiftSyntaxMacros BodyMacro.swift
[480/503] Compiling SwiftSyntaxMacros MemberMacro.swift
[481/503] Compiling SwiftSyntaxMacros PeerMacro.swift
[482/503] Compiling SwiftSyntaxMacros FreestandingMacro.swift
[483/503] Compiling SwiftSyntaxMacros Macro+Format.swift
[484/503] Emitting module SwiftSyntaxMacros
[485/503] Compiling SwiftSyntaxMacros AbstractSourceLocation.swift
[486/503] Compiling SwiftSyntaxMacros MacroExpansionContext.swift
[487/503] Compiling SwiftSyntaxMacros MacroExpansionDiagnosticMessages.swift
[488/503] Compiling SwiftSyntaxMacros PreambleMacro.swift
[489/503] Compiling SwiftSyntaxMacros Syntax+LexicalContext.swift
[490/504] Wrapping AST for SwiftSyntaxMacros for debugging
[492/513] Compiling SwiftSyntaxMacroExpansion MacroExpansionDiagnosticMessages.swift
[493/514] Compiling SwiftSyntaxMacroExpansion MacroSpec.swift
[494/514] Compiling SwiftSyntaxMacroExpansion BasicMacroExpansionContext.swift
[495/514] Compiling SwiftSyntaxMacroExpansion FunctionParameterUtils.swift
[496/514] Emitting module SwiftSyntaxMacroExpansion
[497/514] Compiling SwiftSyntaxMacroExpansion MacroArgument.swift
[498/514] Compiling SwiftSyntaxMacroExpansion IndentationUtils.swift
[499/514] Compiling SwiftSyntaxMacroExpansion MacroExpansion.swift
[500/514] Compiling SwiftSyntaxMacroExpansion MacroReplacement.swift
[501/514] Compiling SwiftSyntaxMacroExpansion MacroSystem.swift
[502/515] Wrapping AST for SwiftSyntaxMacroExpansion for debugging
[504/527] Compiling SwiftCompilerPluginMessageHandling CodingUtilities.swift
[505/527] Compiling SwiftCompilerPluginMessageHandling JSON.swift
[506/528] Compiling SwiftCompilerPluginMessageHandling LRUCache.swift
[507/528] Compiling SwiftCompilerPluginMessageHandling Macros.swift
[508/528] Emitting module SwiftCompilerPluginMessageHandling
[509/528] Compiling SwiftCompilerPluginMessageHandling CompilerPluginMessageHandler.swift
[510/528] Compiling SwiftCompilerPluginMessageHandling Diagnostics.swift
[511/528] Compiling SwiftCompilerPluginMessageHandling StandardIOMessageConnection.swift
[512/528] Compiling SwiftCompilerPluginMessageHandling PluginMessages.swift
[513/528] Compiling SwiftCompilerPluginMessageHandling PluginMessageCompatibility.swift
[514/528] Compiling SwiftCompilerPluginMessageHandling PluginMacroExpansionContext.swift
[515/528] Compiling SwiftCompilerPluginMessageHandling JSONDecoding.swift
[516/528] Compiling SwiftCompilerPluginMessageHandling JSONEncoding.swift
[517/529] Wrapping AST for SwiftCompilerPluginMessageHandling for debugging
[519/531] Compiling SwiftCompilerPlugin CompilerPlugin.swift
[520/531] Emitting module SwiftCompilerPlugin
[521/532] Wrapping AST for SwiftCompilerPlugin for debugging
[523/539] Compiling PerceptionMacros Plugins.swift
[524/539] Compiling PerceptionMacros PerceptibleMacro.swift
[525/539] Compiling PerceptionMacros Availability.swift
[526/539] Emitting module PerceptionMacros
[527/539] Compiling PerceptionMacros Extensions.swift
[528/540] Wrapping AST for PerceptionMacros for debugging
[529/540] Write Objects.LinkFileList
[531/540] Compiling CasePathsMacrosSupport CasePathableMacro.swift
[532/540] Emitting module CasePathsMacrosSupport
[533/541] Wrapping AST for CasePathsMacrosSupport for debugging
[535/549] Compiling CasePathsMacros CasePathableMacro.swift
[536/549] Compiling CasePathsMacros Plugin.swift
[537/549] Compiling SwiftNavigationMacros Plugin.swift
[538/549] Emitting module CasePathsMacros
[539/549] Emitting module SwiftNavigationMacros
[541/550] Compiling SwiftNavigationMacros Support.swift
[541/550] Wrapping AST for CasePathsMacros for debugging
[542/550] Write Objects.LinkFileList
[544/550] Compiling SwiftNavigationMacros TransactionEntryMacro.swift
[545/550] Compiling SwiftNavigationMacros CaseBindableMacro.swift
[546/551] Wrapping AST for SwiftNavigationMacros for debugging
[547/551] Write Objects.LinkFileList
[548/551] Linking PerceptionMacros-tool
[550/557] Compiling Perception Exports.swift
[551/557] Emitting module Perception
[552/557] Compiling Perception Macros.swift
[554/557] Compiling Perception Exports.swift
[555/557] Emitting module Perception
[557/559] Linking CasePathsMacros-tool
[559/573] Compiling CasePaths Macros.swift
[561/573] Compiling CasePaths Exports.swift
[562/573] Compiling CasePaths LockIsolated.swift
[562/573] Linking SwiftNavigationMacros-tool
[564/573] Compiling CasePaths LockIsolated.swift
[565/573] Compiling CasePaths XCTestSupport.swift
[567/573] Compiling CasePaths Exports.swift
[568/573] Compiling CasePaths Deprecations.swift
[569/573] Emitting module CasePaths
[570/573] Compiling CasePaths EnumReflection.swift
[572/574] Compiling CasePaths Deprecations.swift
[573/574] Emitting module CasePaths
[574/574] Compiling CasePaths EnumReflection.swift
[576/631] Compiling SwiftNavigation AnyHashableSendable.swift
[577/631] Compiling SwiftNavigation AssumeIsolated.swift
[578/631] Compiling SwiftNavigation Deprecations.swift
[579/631] Compiling SwiftNavigation ErrorMechanism.swift
[580/634] Compiling SwiftNavigation ButtonStateBuilder.swift
[581/634] Compiling SwiftNavigation CaseBindable.swift
[582/634] Compiling SwiftNavigation ConfirmationDialogState.swift
error: emit-module command failed with exit code 1 (use -v to see invocation)
[583/634] Emitting module SwiftNavigation
/host/spi-builder-workspace/Sources/SwiftNavigation/TextState.swift:212:20: error: cannot find type 'LocalizedStringResource' in scope
210 |
211 |   @available(iOS 16, macOS 13, tvOS 16, watchOS 9, *)
212 |   init(_ resource: LocalizedStringResource) {
    |                    `- error: cannot find type 'LocalizedStringResource' in scope
213 |     self.value = resource
214 |   }
/host/spi-builder-workspace/Sources/SwiftNavigation/TextState.swift:216:20: error: cannot find type 'Text' in scope
214 |   }
215 |
216 |   func asText() -> Text {
    |                    `- error: cannot find type 'Text' in scope
217 |     guard
218 |       #available(iOS 16, macOS 13, tvOS 16, watchOS 9, *),
/host/spi-builder-workspace/Sources/SwiftNavigation/TextState.swift:277:17: error: cannot find type 'LocalizedStringResource' in scope
275 |   @available(iOS 16, macOS 13, tvOS 16, watchOS 9, *)
276 |   public init(
277 |     _ resource: LocalizedStringResource
    |                 `- error: cannot find type 'LocalizedStringResource' in scope
278 |   ) {
279 |     self.storage = .localizedStringResource(
/host/spi-builder-workspace/Sources/SwiftNavigation/TextState.swift:669:10: error: initializer cannot be declared public because its parameter uses an internal type
  1 | import Foundation
    | `- note: struct 'Locale' imported as 'internal' from 'Foundation' here
  2 |
  3 | #if canImport(SwiftUI)
    :
667 |
668 | extension String {
669 |   public init(state: TextState, locale: Locale? = nil) {
    |          |- error: initializer cannot be declared public because its parameter uses an internal type
    |          `- note: struct 'Locale' is imported by this file as 'internal' from 'Foundation'
670 |     switch state.storage {
671 |     case .concatenated(let lhs, let rhs):
FoundationEssentials.Locale:2:15: note: type declared here
  1 | @available(macOS 10.10, iOS 8.0, watchOS 2.0, tvOS 9.0, *)
  2 | public struct Locale : Hashable, Equatable, Sendable {
    |               `- note: type declared here
  3 |     public enum LanguageDirection : UInt, Sendable {
  4 |         case unknown
[584/634] Compiling SwiftNavigation Sharing.swift
[585/634] Compiling SwiftNavigation TransactionEntry.swift
[586/634] Compiling SwiftNavigation UIBindable.swift
[587/637] Compiling SwiftNavigation AlertState.swift
[588/637] Compiling SwiftNavigation Bind.swift
[589/637] Compiling SwiftNavigation Binding.swift
[590/637] Compiling SwiftNavigation ButtonState.swift
[591/637] Compiling SwiftNavigation HashableObject.swift
[595/637] Compiling SwiftNavigation ToOptionalUnit.swift
/host/spi-builder-workspace/Sources/SwiftNavigation/Observe.swift:71:31: warning: converting @isolated(any) function of type '@isolated(any) @Sendable () -> Void' to synchronous function type '() -> Void' is not allowed; this will be an error in a future Swift language mode
 69 |     _observe(
 70 |       isolation: apply.isolation,
 71 |       { _ in Result(catching: apply).get() }
    |                               `- warning: converting @isolated(any) function of type '@isolated(any) @Sendable () -> Void' to synchronous function type '() -> Void' is not allowed; this will be an error in a future Swift language mode
 72 |     )
 73 |   }
/host/spi-builder-workspace/Sources/SwiftNavigation/Observe.swift:93:7: warning: converting @isolated(any) function of type '@isolated(any) @Sendable (UITransaction) -> Void' to synchronous function type '@Sendable (UITransaction) -> Void' is not allowed; this will be an error in a future Swift language mode
 91 |     _observe(
 92 |       isolation: apply.isolation,
 93 |       apply
    |       `- warning: converting @isolated(any) function of type '@isolated(any) @Sendable (UITransaction) -> Void' to synchronous function type '@Sendable (UITransaction) -> Void' is not allowed; this will be an error in a future Swift language mode
 94 |     )
 95 |   }
/host/spi-builder-workspace/Sources/SwiftNavigation/TextState.swift:212:20: error: cannot find type 'LocalizedStringResource' in scope
210 |
211 |   @available(iOS 16, macOS 13, tvOS 16, watchOS 9, *)
212 |   init(_ resource: LocalizedStringResource) {
    |                    `- error: cannot find type 'LocalizedStringResource' in scope
213 |     self.value = resource
214 |   }
/host/spi-builder-workspace/Sources/SwiftNavigation/TextState.swift:216:20: error: cannot find type 'Text' in scope
214 |   }
215 |
216 |   func asText() -> Text {
    |                    `- error: cannot find type 'Text' in scope
217 |     guard
218 |       #available(iOS 16, macOS 13, tvOS 16, watchOS 9, *),
/host/spi-builder-workspace/Sources/SwiftNavigation/TextState.swift:277:17: error: cannot find type 'LocalizedStringResource' in scope
275 |   @available(iOS 16, macOS 13, tvOS 16, watchOS 9, *)
276 |   public init(
277 |     _ resource: LocalizedStringResource
    |                 `- error: cannot find type 'LocalizedStringResource' in scope
278 |   ) {
279 |     self.storage = .localizedStringResource(
/host/spi-builder-workspace/Sources/SwiftNavigation/TextState.swift:669:10: error: initializer cannot be declared public because its parameter uses an internal type
  1 | import Foundation
    | `- note: struct 'Locale' imported as 'internal' from 'Foundation' here
  2 |
  3 | #if canImport(SwiftUI)
    :
667 |
668 | extension String {
669 |   public init(state: TextState, locale: Locale? = nil) {
    |          |- error: initializer cannot be declared public because its parameter uses an internal type
    |          `- note: struct 'Locale' is imported by this file as 'internal' from 'Foundation'
670 |     switch state.storage {
671 |     case .concatenated(let lhs, let rhs):
FoundationEssentials.Locale:2:15: note: type declared here
  1 | @available(macOS 10.10, iOS 8.0, watchOS 2.0, tvOS 9.0, *)
  2 | public struct Locale : Hashable, Equatable, Sendable {
    |               `- note: type declared here
  3 |     public enum LanguageDirection : UInt, Sendable {
  4 |         case unknown
/host/spi-builder-workspace/Sources/SwiftNavigation/TextState.swift:219:32: error: cannot find type 'LocalizedStringResource' in scope
217 |     guard
218 |       #available(iOS 16, macOS 13, tvOS 16, watchOS 9, *),
219 |       let resource = value as? LocalizedStringResource
    |                                `- error: cannot find type 'LocalizedStringResource' in scope
220 |     else {
221 |       preconditionFailure(
/host/spi-builder-workspace/Sources/SwiftNavigation/TextState.swift:226:12: error: cannot find 'Text' in scope
224 |     }
225 |
226 |     return Text(resource)
    |            `- error: cannot find 'Text' in scope
227 |   }
228 |
/host/spi-builder-workspace/Sources/SwiftNavigation/TextState.swift:232:32: error: cannot find type 'LocalizedStringResource' in scope
230 |     guard
231 |       #available(iOS 16, macOS 13, tvOS 16, watchOS 9, *),
232 |       var resource = value as? LocalizedStringResource
    |                                `- error: cannot find type 'LocalizedStringResource' in scope
233 |     else {
234 |       preconditionFailure(
/host/spi-builder-workspace/Sources/SwiftNavigation/TextState.swift:243:12: error: no exact matches in call to initializer
241 |     }
242 |
243 |     return String(localized: resource)
    |            `- error: no exact matches in call to initializer
244 |   }
245 | }
Swift.String.init:2:19: note: incorrect labels for candidate (have: '(localized:)', expected: '(_:)')
1 | struct String {
2 | @inlinable public init(_ c: Character)}
  |                   `- note: incorrect labels for candidate (have: '(localized:)', expected: '(_:)')
3 |
Swift.String.init:2:19: note: incorrect labels for candidate (have: '(localized:)', expected: '(_:)')
1 | struct String {
2 | @inlinable public init(_ scalar: Unicode.Scalar)}
  |                   `- note: incorrect labels for candidate (have: '(localized:)', expected: '(_:)')
3 |
Swift.String.init:2:19: note: incorrect labels for candidate (have: '(localized:)', expected: '(_:)')
1 | struct String {
2 | @inlinable public init(_ unicodeScalars: String.UnicodeScalarView)}
  |                   `- note: incorrect labels for candidate (have: '(localized:)', expected: '(_:)')
3 |
Swift.String.init:3:21: note: incorrect labels for candidate (have: '(localized:)', expected: '(_:)')
1 | struct String {
2 | @available(swift 4.0)
3 |   @inlinable public init(_ utf16: String.UTF16View)}
  |                     `- note: incorrect labels for candidate (have: '(localized:)', expected: '(_:)')
4 |
Swift.String.init:3:21: note: incorrect labels for candidate (have: '(localized:)', expected: '(_:)')
1 | struct String {
2 | @available(swift, introduced: 4.0, message: "Please use failable String.init?(_:UTF8View) when in Swift 3.2 mode")
3 |   @inlinable public init(_ utf8: String.UTF8View)}
  |                     `- note: incorrect labels for candidate (have: '(localized:)', expected: '(_:)')
4 |
Swift.String.init:2:19: note: incorrect labels for candidate (have: '(localized:)', expected: '(_:)')
1 | struct String {
2 | @inlinable public init(_ substring: __shared Substring)}
  |                   `- note: incorrect labels for candidate (have: '(localized:)', expected: '(_:)')
3 |
Swift.String.init:2:8: note: incorrect labels for candidate (have: '(localized:)', expected: '(_:)')
1 | struct String {
2 | public init(_ content: Substring.UnicodeScalarView)}
  |        `- note: incorrect labels for candidate (have: '(localized:)', expected: '(_:)')
3 |
FoundationEssentials.String.init:3:10: note: incorrect labels for candidate (have: '(localized:)', expected: '(_:)')
1 | struct String {
2 | @available(macOS 12, iOS 15, tvOS 15, watchOS 8, *)
3 |   public init(_ characters: Slice<AttributedString.CharacterView>)}
  |          `- note: incorrect labels for candidate (have: '(localized:)', expected: '(_:)')
4 |
FoundationEssentials.String.init:3:10: note: incorrect labels for candidate (have: '(localized:)', expected: '(_:)')
1 | struct String {
2 | @available(macOS 15, iOS 18, tvOS 18, watchOS 11, *)
3 |   public init(_ key: URL.Template.VariableName)}
  |          `- note: incorrect labels for candidate (have: '(localized:)', expected: '(_:)')
4 |
Foundation.String.init:2:8: note: incorrect labels for candidate (have: '(localized:)', expected: '(_:)')
1 | struct String {
2 | public init(_ cocoaString: NSString)}
  |        `- note: incorrect labels for candidate (have: '(localized:)', expected: '(_:)')
3 |
[596/637] Compiling SwiftNavigation NSObject+Observe.swift
/host/spi-builder-workspace/Sources/SwiftNavigation/Observe.swift:71:31: warning: converting @isolated(any) function of type '@isolated(any) @Sendable () -> Void' to synchronous function type '() -> Void' is not allowed; this will be an error in a future Swift language mode
 69 |     _observe(
 70 |       isolation: apply.isolation,
 71 |       { _ in Result(catching: apply).get() }
    |                               `- warning: converting @isolated(any) function of type '@isolated(any) @Sendable () -> Void' to synchronous function type '() -> Void' is not allowed; this will be an error in a future Swift language mode
 72 |     )
 73 |   }
/host/spi-builder-workspace/Sources/SwiftNavigation/Observe.swift:93:7: warning: converting @isolated(any) function of type '@isolated(any) @Sendable (UITransaction) -> Void' to synchronous function type '@Sendable (UITransaction) -> Void' is not allowed; this will be an error in a future Swift language mode
 91 |     _observe(
 92 |       isolation: apply.isolation,
 93 |       apply
    |       `- warning: converting @isolated(any) function of type '@isolated(any) @Sendable (UITransaction) -> Void' to synchronous function type '@Sendable (UITransaction) -> Void' is not allowed; this will be an error in a future Swift language mode
 94 |     )
 95 |   }
/host/spi-builder-workspace/Sources/SwiftNavigation/TextState.swift:212:20: error: cannot find type 'LocalizedStringResource' in scope
210 |
211 |   @available(iOS 16, macOS 13, tvOS 16, watchOS 9, *)
212 |   init(_ resource: LocalizedStringResource) {
    |                    `- error: cannot find type 'LocalizedStringResource' in scope
213 |     self.value = resource
214 |   }
/host/spi-builder-workspace/Sources/SwiftNavigation/TextState.swift:216:20: error: cannot find type 'Text' in scope
214 |   }
215 |
216 |   func asText() -> Text {
    |                    `- error: cannot find type 'Text' in scope
217 |     guard
218 |       #available(iOS 16, macOS 13, tvOS 16, watchOS 9, *),
/host/spi-builder-workspace/Sources/SwiftNavigation/TextState.swift:277:17: error: cannot find type 'LocalizedStringResource' in scope
275 |   @available(iOS 16, macOS 13, tvOS 16, watchOS 9, *)
276 |   public init(
277 |     _ resource: LocalizedStringResource
    |                 `- error: cannot find type 'LocalizedStringResource' in scope
278 |   ) {
279 |     self.storage = .localizedStringResource(
/host/spi-builder-workspace/Sources/SwiftNavigation/TextState.swift:669:10: error: initializer cannot be declared public because its parameter uses an internal type
  1 | import Foundation
    | `- note: struct 'Locale' imported as 'internal' from 'Foundation' here
  2 |
  3 | #if canImport(SwiftUI)
    :
667 |
668 | extension String {
669 |   public init(state: TextState, locale: Locale? = nil) {
    |          |- error: initializer cannot be declared public because its parameter uses an internal type
    |          `- note: struct 'Locale' is imported by this file as 'internal' from 'Foundation'
670 |     switch state.storage {
671 |     case .concatenated(let lhs, let rhs):
FoundationEssentials.Locale:2:15: note: type declared here
  1 | @available(macOS 10.10, iOS 8.0, watchOS 2.0, tvOS 9.0, *)
  2 | public struct Locale : Hashable, Equatable, Sendable {
    |               `- note: type declared here
  3 |     public enum LanguageDirection : UInt, Sendable {
  4 |         case unknown
/host/spi-builder-workspace/Sources/SwiftNavigation/TextState.swift:219:32: error: cannot find type 'LocalizedStringResource' in scope
217 |     guard
218 |       #available(iOS 16, macOS 13, tvOS 16, watchOS 9, *),
219 |       let resource = value as? LocalizedStringResource
    |                                `- error: cannot find type 'LocalizedStringResource' in scope
220 |     else {
221 |       preconditionFailure(
/host/spi-builder-workspace/Sources/SwiftNavigation/TextState.swift:226:12: error: cannot find 'Text' in scope
224 |     }
225 |
226 |     return Text(resource)
    |            `- error: cannot find 'Text' in scope
227 |   }
228 |
/host/spi-builder-workspace/Sources/SwiftNavigation/TextState.swift:232:32: error: cannot find type 'LocalizedStringResource' in scope
230 |     guard
231 |       #available(iOS 16, macOS 13, tvOS 16, watchOS 9, *),
232 |       var resource = value as? LocalizedStringResource
    |                                `- error: cannot find type 'LocalizedStringResource' in scope
233 |     else {
234 |       preconditionFailure(
/host/spi-builder-workspace/Sources/SwiftNavigation/TextState.swift:243:12: error: no exact matches in call to initializer
241 |     }
242 |
243 |     return String(localized: resource)
    |            `- error: no exact matches in call to initializer
244 |   }
245 | }
Swift.String.init:2:19: note: incorrect labels for candidate (have: '(localized:)', expected: '(_:)')
1 | struct String {
2 | @inlinable public init(_ c: Character)}
  |                   `- note: incorrect labels for candidate (have: '(localized:)', expected: '(_:)')
3 |
Swift.String.init:2:19: note: incorrect labels for candidate (have: '(localized:)', expected: '(_:)')
1 | struct String {
2 | @inlinable public init(_ scalar: Unicode.Scalar)}
  |                   `- note: incorrect labels for candidate (have: '(localized:)', expected: '(_:)')
3 |
Swift.String.init:2:19: note: incorrect labels for candidate (have: '(localized:)', expected: '(_:)')
1 | struct String {
2 | @inlinable public init(_ unicodeScalars: String.UnicodeScalarView)}
  |                   `- note: incorrect labels for candidate (have: '(localized:)', expected: '(_:)')
3 |
Swift.String.init:3:21: note: incorrect labels for candidate (have: '(localized:)', expected: '(_:)')
1 | struct String {
2 | @available(swift 4.0)
3 |   @inlinable public init(_ utf16: String.UTF16View)}
  |                     `- note: incorrect labels for candidate (have: '(localized:)', expected: '(_:)')
4 |
Swift.String.init:3:21: note: incorrect labels for candidate (have: '(localized:)', expected: '(_:)')
1 | struct String {
2 | @available(swift, introduced: 4.0, message: "Please use failable String.init?(_:UTF8View) when in Swift 3.2 mode")
3 |   @inlinable public init(_ utf8: String.UTF8View)}
  |                     `- note: incorrect labels for candidate (have: '(localized:)', expected: '(_:)')
4 |
Swift.String.init:2:19: note: incorrect labels for candidate (have: '(localized:)', expected: '(_:)')
1 | struct String {
2 | @inlinable public init(_ substring: __shared Substring)}
  |                   `- note: incorrect labels for candidate (have: '(localized:)', expected: '(_:)')
3 |
Swift.String.init:2:8: note: incorrect labels for candidate (have: '(localized:)', expected: '(_:)')
1 | struct String {
2 | public init(_ content: Substring.UnicodeScalarView)}
  |        `- note: incorrect labels for candidate (have: '(localized:)', expected: '(_:)')
3 |
FoundationEssentials.String.init:3:10: note: incorrect labels for candidate (have: '(localized:)', expected: '(_:)')
1 | struct String {
2 | @available(macOS 12, iOS 15, tvOS 15, watchOS 8, *)
3 |   public init(_ characters: Slice<AttributedString.CharacterView>)}
  |          `- note: incorrect labels for candidate (have: '(localized:)', expected: '(_:)')
4 |
FoundationEssentials.String.init:3:10: note: incorrect labels for candidate (have: '(localized:)', expected: '(_:)')
1 | struct String {
2 | @available(macOS 15, iOS 18, tvOS 18, watchOS 11, *)
3 |   public init(_ key: URL.Template.VariableName)}
  |          `- note: incorrect labels for candidate (have: '(localized:)', expected: '(_:)')
4 |
Foundation.String.init:2:8: note: incorrect labels for candidate (have: '(localized:)', expected: '(_:)')
1 | struct String {
2 | public init(_ cocoaString: NSString)}
  |        `- note: incorrect labels for candidate (have: '(localized:)', expected: '(_:)')
3 |
[597/637] Compiling SwiftNavigation Observe.swift
/host/spi-builder-workspace/Sources/SwiftNavigation/Observe.swift:71:31: warning: converting @isolated(any) function of type '@isolated(any) @Sendable () -> Void' to synchronous function type '() -> Void' is not allowed; this will be an error in a future Swift language mode
 69 |     _observe(
 70 |       isolation: apply.isolation,
 71 |       { _ in Result(catching: apply).get() }
    |                               `- warning: converting @isolated(any) function of type '@isolated(any) @Sendable () -> Void' to synchronous function type '() -> Void' is not allowed; this will be an error in a future Swift language mode
 72 |     )
 73 |   }
/host/spi-builder-workspace/Sources/SwiftNavigation/Observe.swift:93:7: warning: converting @isolated(any) function of type '@isolated(any) @Sendable (UITransaction) -> Void' to synchronous function type '@Sendable (UITransaction) -> Void' is not allowed; this will be an error in a future Swift language mode
 91 |     _observe(
 92 |       isolation: apply.isolation,
 93 |       apply
    |       `- warning: converting @isolated(any) function of type '@isolated(any) @Sendable (UITransaction) -> Void' to synchronous function type '@Sendable (UITransaction) -> Void' is not allowed; this will be an error in a future Swift language mode
 94 |     )
 95 |   }
/host/spi-builder-workspace/Sources/SwiftNavigation/TextState.swift:212:20: error: cannot find type 'LocalizedStringResource' in scope
210 |
211 |   @available(iOS 16, macOS 13, tvOS 16, watchOS 9, *)
212 |   init(_ resource: LocalizedStringResource) {
    |                    `- error: cannot find type 'LocalizedStringResource' in scope
213 |     self.value = resource
214 |   }
/host/spi-builder-workspace/Sources/SwiftNavigation/TextState.swift:216:20: error: cannot find type 'Text' in scope
214 |   }
215 |
216 |   func asText() -> Text {
    |                    `- error: cannot find type 'Text' in scope
217 |     guard
218 |       #available(iOS 16, macOS 13, tvOS 16, watchOS 9, *),
/host/spi-builder-workspace/Sources/SwiftNavigation/TextState.swift:277:17: error: cannot find type 'LocalizedStringResource' in scope
275 |   @available(iOS 16, macOS 13, tvOS 16, watchOS 9, *)
276 |   public init(
277 |     _ resource: LocalizedStringResource
    |                 `- error: cannot find type 'LocalizedStringResource' in scope
278 |   ) {
279 |     self.storage = .localizedStringResource(
/host/spi-builder-workspace/Sources/SwiftNavigation/TextState.swift:669:10: error: initializer cannot be declared public because its parameter uses an internal type
  1 | import Foundation
    | `- note: struct 'Locale' imported as 'internal' from 'Foundation' here
  2 |
  3 | #if canImport(SwiftUI)
    :
667 |
668 | extension String {
669 |   public init(state: TextState, locale: Locale? = nil) {
    |          |- error: initializer cannot be declared public because its parameter uses an internal type
    |          `- note: struct 'Locale' is imported by this file as 'internal' from 'Foundation'
670 |     switch state.storage {
671 |     case .concatenated(let lhs, let rhs):
FoundationEssentials.Locale:2:15: note: type declared here
  1 | @available(macOS 10.10, iOS 8.0, watchOS 2.0, tvOS 9.0, *)
  2 | public struct Locale : Hashable, Equatable, Sendable {
    |               `- note: type declared here
  3 |     public enum LanguageDirection : UInt, Sendable {
  4 |         case unknown
/host/spi-builder-workspace/Sources/SwiftNavigation/TextState.swift:219:32: error: cannot find type 'LocalizedStringResource' in scope
217 |     guard
218 |       #available(iOS 16, macOS 13, tvOS 16, watchOS 9, *),
219 |       let resource = value as? LocalizedStringResource
    |                                `- error: cannot find type 'LocalizedStringResource' in scope
220 |     else {
221 |       preconditionFailure(
/host/spi-builder-workspace/Sources/SwiftNavigation/TextState.swift:226:12: error: cannot find 'Text' in scope
224 |     }
225 |
226 |     return Text(resource)
    |            `- error: cannot find 'Text' in scope
227 |   }
228 |
/host/spi-builder-workspace/Sources/SwiftNavigation/TextState.swift:232:32: error: cannot find type 'LocalizedStringResource' in scope
230 |     guard
231 |       #available(iOS 16, macOS 13, tvOS 16, watchOS 9, *),
232 |       var resource = value as? LocalizedStringResource
    |                                `- error: cannot find type 'LocalizedStringResource' in scope
233 |     else {
234 |       preconditionFailure(
/host/spi-builder-workspace/Sources/SwiftNavigation/TextState.swift:243:12: error: no exact matches in call to initializer
241 |     }
242 |
243 |     return String(localized: resource)
    |            `- error: no exact matches in call to initializer
244 |   }
245 | }
Swift.String.init:2:19: note: incorrect labels for candidate (have: '(localized:)', expected: '(_:)')
1 | struct String {
2 | @inlinable public init(_ c: Character)}
  |                   `- note: incorrect labels for candidate (have: '(localized:)', expected: '(_:)')
3 |
Swift.String.init:2:19: note: incorrect labels for candidate (have: '(localized:)', expected: '(_:)')
1 | struct String {
2 | @inlinable public init(_ scalar: Unicode.Scalar)}
  |                   `- note: incorrect labels for candidate (have: '(localized:)', expected: '(_:)')
3 |
Swift.String.init:2:19: note: incorrect labels for candidate (have: '(localized:)', expected: '(_:)')
1 | struct String {
2 | @inlinable public init(_ unicodeScalars: String.UnicodeScalarView)}
  |                   `- note: incorrect labels for candidate (have: '(localized:)', expected: '(_:)')
3 |
Swift.String.init:3:21: note: incorrect labels for candidate (have: '(localized:)', expected: '(_:)')
1 | struct String {
2 | @available(swift 4.0)
3 |   @inlinable public init(_ utf16: String.UTF16View)}
  |                     `- note: incorrect labels for candidate (have: '(localized:)', expected: '(_:)')
4 |
Swift.String.init:3:21: note: incorrect labels for candidate (have: '(localized:)', expected: '(_:)')
1 | struct String {
2 | @available(swift, introduced: 4.0, message: "Please use failable String.init?(_:UTF8View) when in Swift 3.2 mode")
3 |   @inlinable public init(_ utf8: String.UTF8View)}
  |                     `- note: incorrect labels for candidate (have: '(localized:)', expected: '(_:)')
4 |
Swift.String.init:2:19: note: incorrect labels for candidate (have: '(localized:)', expected: '(_:)')
1 | struct String {
2 | @inlinable public init(_ substring: __shared Substring)}
  |                   `- note: incorrect labels for candidate (have: '(localized:)', expected: '(_:)')
3 |
Swift.String.init:2:8: note: incorrect labels for candidate (have: '(localized:)', expected: '(_:)')
1 | struct String {
2 | public init(_ content: Substring.UnicodeScalarView)}
  |        `- note: incorrect labels for candidate (have: '(localized:)', expected: '(_:)')
3 |
FoundationEssentials.String.init:3:10: note: incorrect labels for candidate (have: '(localized:)', expected: '(_:)')
1 | struct String {
2 | @available(macOS 12, iOS 15, tvOS 15, watchOS 8, *)
3 |   public init(_ characters: Slice<AttributedString.CharacterView>)}
  |          `- note: incorrect labels for candidate (have: '(localized:)', expected: '(_:)')
4 |
FoundationEssentials.String.init:3:10: note: incorrect labels for candidate (have: '(localized:)', expected: '(_:)')
1 | struct String {
2 | @available(macOS 15, iOS 18, tvOS 18, watchOS 11, *)
3 |   public init(_ key: URL.Template.VariableName)}
  |          `- note: incorrect labels for candidate (have: '(localized:)', expected: '(_:)')
4 |
Foundation.String.init:2:8: note: incorrect labels for candidate (have: '(localized:)', expected: '(_:)')
1 | struct String {
2 | public init(_ cocoaString: NSString)}
  |        `- note: incorrect labels for candidate (have: '(localized:)', expected: '(_:)')
3 |
[598/637] Compiling SwiftNavigation TextState.swift
/host/spi-builder-workspace/Sources/SwiftNavigation/Observe.swift:71:31: warning: converting @isolated(any) function of type '@isolated(any) @Sendable () -> Void' to synchronous function type '() -> Void' is not allowed; this will be an error in a future Swift language mode
 69 |     _observe(
 70 |       isolation: apply.isolation,
 71 |       { _ in Result(catching: apply).get() }
    |                               `- warning: converting @isolated(any) function of type '@isolated(any) @Sendable () -> Void' to synchronous function type '() -> Void' is not allowed; this will be an error in a future Swift language mode
 72 |     )
 73 |   }
/host/spi-builder-workspace/Sources/SwiftNavigation/Observe.swift:93:7: warning: converting @isolated(any) function of type '@isolated(any) @Sendable (UITransaction) -> Void' to synchronous function type '@Sendable (UITransaction) -> Void' is not allowed; this will be an error in a future Swift language mode
 91 |     _observe(
 92 |       isolation: apply.isolation,
 93 |       apply
    |       `- warning: converting @isolated(any) function of type '@isolated(any) @Sendable (UITransaction) -> Void' to synchronous function type '@Sendable (UITransaction) -> Void' is not allowed; this will be an error in a future Swift language mode
 94 |     )
 95 |   }
/host/spi-builder-workspace/Sources/SwiftNavigation/TextState.swift:212:20: error: cannot find type 'LocalizedStringResource' in scope
210 |
211 |   @available(iOS 16, macOS 13, tvOS 16, watchOS 9, *)
212 |   init(_ resource: LocalizedStringResource) {
    |                    `- error: cannot find type 'LocalizedStringResource' in scope
213 |     self.value = resource
214 |   }
/host/spi-builder-workspace/Sources/SwiftNavigation/TextState.swift:216:20: error: cannot find type 'Text' in scope
214 |   }
215 |
216 |   func asText() -> Text {
    |                    `- error: cannot find type 'Text' in scope
217 |     guard
218 |       #available(iOS 16, macOS 13, tvOS 16, watchOS 9, *),
/host/spi-builder-workspace/Sources/SwiftNavigation/TextState.swift:277:17: error: cannot find type 'LocalizedStringResource' in scope
275 |   @available(iOS 16, macOS 13, tvOS 16, watchOS 9, *)
276 |   public init(
277 |     _ resource: LocalizedStringResource
    |                 `- error: cannot find type 'LocalizedStringResource' in scope
278 |   ) {
279 |     self.storage = .localizedStringResource(
/host/spi-builder-workspace/Sources/SwiftNavigation/TextState.swift:669:10: error: initializer cannot be declared public because its parameter uses an internal type
  1 | import Foundation
    | `- note: struct 'Locale' imported as 'internal' from 'Foundation' here
  2 |
  3 | #if canImport(SwiftUI)
    :
667 |
668 | extension String {
669 |   public init(state: TextState, locale: Locale? = nil) {
    |          |- error: initializer cannot be declared public because its parameter uses an internal type
    |          `- note: struct 'Locale' is imported by this file as 'internal' from 'Foundation'
670 |     switch state.storage {
671 |     case .concatenated(let lhs, let rhs):
FoundationEssentials.Locale:2:15: note: type declared here
  1 | @available(macOS 10.10, iOS 8.0, watchOS 2.0, tvOS 9.0, *)
  2 | public struct Locale : Hashable, Equatable, Sendable {
    |               `- note: type declared here
  3 |     public enum LanguageDirection : UInt, Sendable {
  4 |         case unknown
/host/spi-builder-workspace/Sources/SwiftNavigation/TextState.swift:219:32: error: cannot find type 'LocalizedStringResource' in scope
217 |     guard
218 |       #available(iOS 16, macOS 13, tvOS 16, watchOS 9, *),
219 |       let resource = value as? LocalizedStringResource
    |                                `- error: cannot find type 'LocalizedStringResource' in scope
220 |     else {
221 |       preconditionFailure(
/host/spi-builder-workspace/Sources/SwiftNavigation/TextState.swift:226:12: error: cannot find 'Text' in scope
224 |     }
225 |
226 |     return Text(resource)
    |            `- error: cannot find 'Text' in scope
227 |   }
228 |
/host/spi-builder-workspace/Sources/SwiftNavigation/TextState.swift:232:32: error: cannot find type 'LocalizedStringResource' in scope
230 |     guard
231 |       #available(iOS 16, macOS 13, tvOS 16, watchOS 9, *),
232 |       var resource = value as? LocalizedStringResource
    |                                `- error: cannot find type 'LocalizedStringResource' in scope
233 |     else {
234 |       preconditionFailure(
/host/spi-builder-workspace/Sources/SwiftNavigation/TextState.swift:243:12: error: no exact matches in call to initializer
241 |     }
242 |
243 |     return String(localized: resource)
    |            `- error: no exact matches in call to initializer
244 |   }
245 | }
Swift.String.init:2:19: note: incorrect labels for candidate (have: '(localized:)', expected: '(_:)')
1 | struct String {
2 | @inlinable public init(_ c: Character)}
  |                   `- note: incorrect labels for candidate (have: '(localized:)', expected: '(_:)')
3 |
Swift.String.init:2:19: note: incorrect labels for candidate (have: '(localized:)', expected: '(_:)')
1 | struct String {
2 | @inlinable public init(_ scalar: Unicode.Scalar)}
  |                   `- note: incorrect labels for candidate (have: '(localized:)', expected: '(_:)')
3 |
Swift.String.init:2:19: note: incorrect labels for candidate (have: '(localized:)', expected: '(_:)')
1 | struct String {
2 | @inlinable public init(_ unicodeScalars: String.UnicodeScalarView)}
  |                   `- note: incorrect labels for candidate (have: '(localized:)', expected: '(_:)')
3 |
Swift.String.init:3:21: note: incorrect labels for candidate (have: '(localized:)', expected: '(_:)')
1 | struct String {
2 | @available(swift 4.0)
3 |   @inlinable public init(_ utf16: String.UTF16View)}
  |                     `- note: incorrect labels for candidate (have: '(localized:)', expected: '(_:)')
4 |
Swift.String.init:3:21: note: incorrect labels for candidate (have: '(localized:)', expected: '(_:)')
1 | struct String {
2 | @available(swift, introduced: 4.0, message: "Please use failable String.init?(_:UTF8View) when in Swift 3.2 mode")
3 |   @inlinable public init(_ utf8: String.UTF8View)}
  |                     `- note: incorrect labels for candidate (have: '(localized:)', expected: '(_:)')
4 |
Swift.String.init:2:19: note: incorrect labels for candidate (have: '(localized:)', expected: '(_:)')
1 | struct String {
2 | @inlinable public init(_ substring: __shared Substring)}
  |                   `- note: incorrect labels for candidate (have: '(localized:)', expected: '(_:)')
3 |
Swift.String.init:2:8: note: incorrect labels for candidate (have: '(localized:)', expected: '(_:)')
1 | struct String {
2 | public init(_ content: Substring.UnicodeScalarView)}
  |        `- note: incorrect labels for candidate (have: '(localized:)', expected: '(_:)')
3 |
FoundationEssentials.String.init:3:10: note: incorrect labels for candidate (have: '(localized:)', expected: '(_:)')
1 | struct String {
2 | @available(macOS 12, iOS 15, tvOS 15, watchOS 8, *)
3 |   public init(_ characters: Slice<AttributedString.CharacterView>)}
  |          `- note: incorrect labels for candidate (have: '(localized:)', expected: '(_:)')
4 |
FoundationEssentials.String.init:3:10: note: incorrect labels for candidate (have: '(localized:)', expected: '(_:)')
1 | struct String {
2 | @available(macOS 15, iOS 18, tvOS 18, watchOS 11, *)
3 |   public init(_ key: URL.Template.VariableName)}
  |          `- note: incorrect labels for candidate (have: '(localized:)', expected: '(_:)')
4 |
Foundation.String.init:2:8: note: incorrect labels for candidate (have: '(localized:)', expected: '(_:)')
1 | struct String {
2 | public init(_ cocoaString: NSString)}
  |        `- note: incorrect labels for candidate (have: '(localized:)', expected: '(_:)')
3 |
[599/637] Compiling SwiftNavigation Exports.swift
[600/637] Compiling SwiftNavigation HashableStaticString.swift
[601/637] Compiling SwiftNavigation KeyPath+Sendable.swift
[602/637] Compiling SwiftNavigation LockIsolated.swift
/host/spi-builder-workspace/Sources/SwiftNavigation/Observe.swift:71:31: warning: converting @isolated(any) function of type '@isolated(any) @Sendable () -> Void' to synchronous function type '() -> Void' is not allowed; this will be an error in a future Swift language mode
 69 |     _observe(
 70 |       isolation: apply.isolation,
 71 |       { _ in Result(catching: apply).get() }
    |                               `- warning: converting @isolated(any) function of type '@isolated(any) @Sendable () -> Void' to synchronous function type '() -> Void' is not allowed; this will be an error in a future Swift language mode
 72 |     )
 73 |   }
/host/spi-builder-workspace/Sources/SwiftNavigation/Observe.swift:93:7: warning: converting @isolated(any) function of type '@isolated(any) @Sendable (UITransaction) -> Void' to synchronous function type '@Sendable (UITransaction) -> Void' is not allowed; this will be an error in a future Swift language mode
 91 |     _observe(
 92 |       isolation: apply.isolation,
 93 |       apply
    |       `- warning: converting @isolated(any) function of type '@isolated(any) @Sendable (UITransaction) -> Void' to synchronous function type '@Sendable (UITransaction) -> Void' is not allowed; this will be an error in a future Swift language mode
 94 |     )
 95 |   }
/host/spi-builder-workspace/Sources/SwiftNavigation/TextState.swift:212:20: error: cannot find type 'LocalizedStringResource' in scope
210 |
211 |   @available(iOS 16, macOS 13, tvOS 16, watchOS 9, *)
212 |   init(_ resource: LocalizedStringResource) {
    |                    `- error: cannot find type 'LocalizedStringResource' in scope
213 |     self.value = resource
214 |   }
/host/spi-builder-workspace/Sources/SwiftNavigation/TextState.swift:216:20: error: cannot find type 'Text' in scope
214 |   }
215 |
216 |   func asText() -> Text {
    |                    `- error: cannot find type 'Text' in scope
217 |     guard
218 |       #available(iOS 16, macOS 13, tvOS 16, watchOS 9, *),
/host/spi-builder-workspace/Sources/SwiftNavigation/TextState.swift:277:17: error: cannot find type 'LocalizedStringResource' in scope
275 |   @available(iOS 16, macOS 13, tvOS 16, watchOS 9, *)
276 |   public init(
277 |     _ resource: LocalizedStringResource
    |                 `- error: cannot find type 'LocalizedStringResource' in scope
278 |   ) {
279 |     self.storage = .localizedStringResource(
/host/spi-builder-workspace/Sources/SwiftNavigation/TextState.swift:669:10: error: initializer cannot be declared public because its parameter uses an internal type
  1 | import Foundation
    | `- note: struct 'Locale' imported as 'internal' from 'Foundation' here
  2 |
  3 | #if canImport(SwiftUI)
    :
667 |
668 | extension String {
669 |   public init(state: TextState, locale: Locale? = nil) {
    |          |- error: initializer cannot be declared public because its parameter uses an internal type
    |          `- note: struct 'Locale' is imported by this file as 'internal' from 'Foundation'
670 |     switch state.storage {
671 |     case .concatenated(let lhs, let rhs):
FoundationEssentials.Locale:2:15: note: type declared here
  1 | @available(macOS 10.10, iOS 8.0, watchOS 2.0, tvOS 9.0, *)
  2 | public struct Locale : Hashable, Equatable, Sendable {
    |               `- note: type declared here
  3 |     public enum LanguageDirection : UInt, Sendable {
  4 |         case unknown
/host/spi-builder-workspace/Sources/SwiftNavigation/TextState.swift:219:32: error: cannot find type 'LocalizedStringResource' in scope
217 |     guard
218 |       #available(iOS 16, macOS 13, tvOS 16, watchOS 9, *),
219 |       let resource = value as? LocalizedStringResource
    |                                `- error: cannot find type 'LocalizedStringResource' in scope
220 |     else {
221 |       preconditionFailure(
/host/spi-builder-workspace/Sources/SwiftNavigation/TextState.swift:226:12: error: cannot find 'Text' in scope
224 |     }
225 |
226 |     return Text(resource)
    |            `- error: cannot find 'Text' in scope
227 |   }
228 |
/host/spi-builder-workspace/Sources/SwiftNavigation/TextState.swift:232:32: error: cannot find type 'LocalizedStringResource' in scope
230 |     guard
231 |       #available(iOS 16, macOS 13, tvOS 16, watchOS 9, *),
232 |       var resource = value as? LocalizedStringResource
    |                                `- error: cannot find type 'LocalizedStringResource' in scope
233 |     else {
234 |       preconditionFailure(
/host/spi-builder-workspace/Sources/SwiftNavigation/TextState.swift:243:12: error: no exact matches in call to initializer
241 |     }
242 |
243 |     return String(localized: resource)
    |            `- error: no exact matches in call to initializer
244 |   }
245 | }
Swift.String.init:2:19: note: incorrect labels for candidate (have: '(localized:)', expected: '(_:)')
1 | struct String {
2 | @inlinable public init(_ c: Character)}
  |                   `- note: incorrect labels for candidate (have: '(localized:)', expected: '(_:)')
3 |
Swift.String.init:2:19: note: incorrect labels for candidate (have: '(localized:)', expected: '(_:)')
1 | struct String {
2 | @inlinable public init(_ scalar: Unicode.Scalar)}
  |                   `- note: incorrect labels for candidate (have: '(localized:)', expected: '(_:)')
3 |
Swift.String.init:2:19: note: incorrect labels for candidate (have: '(localized:)', expected: '(_:)')
1 | struct String {
2 | @inlinable public init(_ unicodeScalars: String.UnicodeScalarView)}
  |                   `- note: incorrect labels for candidate (have: '(localized:)', expected: '(_:)')
3 |
Swift.String.init:3:21: note: incorrect labels for candidate (have: '(localized:)', expected: '(_:)')
1 | struct String {
2 | @available(swift 4.0)
3 |   @inlinable public init(_ utf16: String.UTF16View)}
  |                     `- note: incorrect labels for candidate (have: '(localized:)', expected: '(_:)')
4 |
Swift.String.init:3:21: note: incorrect labels for candidate (have: '(localized:)', expected: '(_:)')
1 | struct String {
2 | @available(swift, introduced: 4.0, message: "Please use failable String.init?(_:UTF8View) when in Swift 3.2 mode")
3 |   @inlinable public init(_ utf8: String.UTF8View)}
  |                     `- note: incorrect labels for candidate (have: '(localized:)', expected: '(_:)')
4 |
Swift.String.init:2:19: note: incorrect labels for candidate (have: '(localized:)', expected: '(_:)')
1 | struct String {
2 | @inlinable public init(_ substring: __shared Substring)}
  |                   `- note: incorrect labels for candidate (have: '(localized:)', expected: '(_:)')
3 |
Swift.String.init:2:8: note: incorrect labels for candidate (have: '(localized:)', expected: '(_:)')
1 | struct String {
2 | public init(_ content: Substring.UnicodeScalarView)}
  |        `- note: incorrect labels for candidate (have: '(localized:)', expected: '(_:)')
3 |
FoundationEssentials.String.init:3:10: note: incorrect labels for candidate (have: '(localized:)', expected: '(_:)')
1 | struct String {
2 | @available(macOS 12, iOS 15, tvOS 15, watchOS 8, *)
3 |   public init(_ characters: Slice<AttributedString.CharacterView>)}
  |          `- note: incorrect labels for candidate (have: '(localized:)', expected: '(_:)')
4 |
FoundationEssentials.String.init:3:10: note: incorrect labels for candidate (have: '(localized:)', expected: '(_:)')
1 | struct String {
2 | @available(macOS 15, iOS 18, tvOS 18, watchOS 11, *)
3 |   public init(_ key: URL.Template.VariableName)}
  |          `- note: incorrect labels for candidate (have: '(localized:)', expected: '(_:)')
4 |
Foundation.String.init:2:8: note: incorrect labels for candidate (have: '(localized:)', expected: '(_:)')
1 | struct String {
2 | public init(_ cocoaString: NSString)}
  |        `- note: incorrect labels for candidate (have: '(localized:)', expected: '(_:)')
3 |
/host/spi-builder-workspace/Sources/SwiftNavigation/Observe.swift:71:31: warning: converting @isolated(any) function of type '@isolated(any) @Sendable () -> Void' to synchronous function type '() -> Void' is not allowed; this will be an error in a future Swift language mode
 69 |     _observe(
 70 |       isolation: apply.isolation,
 71 |       { _ in Result(catching: apply).get() }
    |                               `- warning: converting @isolated(any) function of type '@isolated(any) @Sendable () -> Void' to synchronous function type '() -> Void' is not allowed; this will be an error in a future Swift language mode
 72 |     )
 73 |   }
/host/spi-builder-workspace/Sources/SwiftNavigation/Observe.swift:93:7: warning: converting @isolated(any) function of type '@isolated(any) @Sendable (UITransaction) -> Void' to synchronous function type '@Sendable (UITransaction) -> Void' is not allowed; this will be an error in a future Swift language mode
 91 |     _observe(
 92 |       isolation: apply.isolation,
 93 |       apply
    |       `- warning: converting @isolated(any) function of type '@isolated(any) @Sendable (UITransaction) -> Void' to synchronous function type '@Sendable (UITransaction) -> Void' is not allowed; this will be an error in a future Swift language mode
 94 |     )
 95 |   }
/host/spi-builder-workspace/Sources/SwiftNavigation/TextState.swift:212:20: error: cannot find type 'LocalizedStringResource' in scope
210 |
211 |   @available(iOS 16, macOS 13, tvOS 16, watchOS 9, *)
212 |   init(_ resource: LocalizedStringResource) {
    |                    `- error: cannot find type 'LocalizedStringResource' in scope
213 |     self.value = resource
214 |   }
/host/spi-builder-workspace/Sources/SwiftNavigation/TextState.swift:216:20: error: cannot find type 'Text' in scope
214 |   }
215 |
216 |   func asText() -> Text {
    |                    `- error: cannot find type 'Text' in scope
217 |     guard
218 |       #available(iOS 16, macOS 13, tvOS 16, watchOS 9, *),
/host/spi-builder-workspace/Sources/SwiftNavigation/TextState.swift:277:17: error: cannot find type 'LocalizedStringResource' in scope
275 |   @available(iOS 16, macOS 13, tvOS 16, watchOS 9, *)
276 |   public init(
277 |     _ resource: LocalizedStringResource
    |                 `- error: cannot find type 'LocalizedStringResource' in scope
278 |   ) {
279 |     self.storage = .localizedStringResource(
/host/spi-builder-workspace/Sources/SwiftNavigation/TextState.swift:669:10: error: initializer cannot be declared public because its parameter uses an internal type
  1 | import Foundation
    | `- note: struct 'Locale' imported as 'internal' from 'Foundation' here
  2 |
  3 | #if canImport(SwiftUI)
    :
667 |
668 | extension String {
669 |   public init(state: TextState, locale: Locale? = nil) {
    |          |- error: initializer cannot be declared public because its parameter uses an internal type
    |          `- note: struct 'Locale' is imported by this file as 'internal' from 'Foundation'
670 |     switch state.storage {
671 |     case .concatenated(let lhs, let rhs):
FoundationEssentials.Locale:2:15: note: type declared here
  1 | @available(macOS 10.10, iOS 8.0, watchOS 2.0, tvOS 9.0, *)
  2 | public struct Locale : Hashable, Equatable, Sendable {
    |               `- note: type declared here
  3 |     public enum LanguageDirection : UInt, Sendable {
  4 |         case unknown
/host/spi-builder-workspace/Sources/SwiftNavigation/TextState.swift:219:32: error: cannot find type 'LocalizedStringResource' in scope
217 |     guard
218 |       #available(iOS 16, macOS 13, tvOS 16, watchOS 9, *),
219 |       let resource = value as? LocalizedStringResource
    |                                `- error: cannot find type 'LocalizedStringResource' in scope
220 |     else {
221 |       preconditionFailure(
/host/spi-builder-workspace/Sources/SwiftNavigation/TextState.swift:226:12: error: cannot find 'Text' in scope
224 |     }
225 |
226 |     return Text(resource)
    |            `- error: cannot find 'Text' in scope
227 |   }
228 |
/host/spi-builder-workspace/Sources/SwiftNavigation/TextState.swift:232:32: error: cannot find type 'LocalizedStringResource' in scope
230 |     guard
231 |       #available(iOS 16, macOS 13, tvOS 16, watchOS 9, *),
232 |       var resource = value as? LocalizedStringResource
    |                                `- error: cannot find type 'LocalizedStringResource' in scope
233 |     else {
234 |       preconditionFailure(
/host/spi-builder-workspace/Sources/SwiftNavigation/TextState.swift:243:12: error: no exact matches in call to initializer
241 |     }
242 |
243 |     return String(localized: resource)
    |            `- error: no exact matches in call to initializer
244 |   }
245 | }
Swift.String.init:2:19: note: incorrect labels for candidate (have: '(localized:)', expected: '(_:)')
1 | struct String {
2 | @inlinable public init(_ c: Character)}
  |                   `- note: incorrect labels for candidate (have: '(localized:)', expected: '(_:)')
3 |
Swift.String.init:2:19: note: incorrect labels for candidate (have: '(localized:)', expected: '(_:)')
1 | struct String {
2 | @inlinable public init(_ scalar: Unicode.Scalar)}
  |                   `- note: incorrect labels for candidate (have: '(localized:)', expected: '(_:)')
3 |
Swift.String.init:2:19: note: incorrect labels for candidate (have: '(localized:)', expected: '(_:)')
1 | struct String {
2 | @inlinable public init(_ unicodeScalars: String.UnicodeScalarView)}
  |                   `- note: incorrect labels for candidate (have: '(localized:)', expected: '(_:)')
3 |
Swift.String.init:3:21: note: incorrect labels for candidate (have: '(localized:)', expected: '(_:)')
1 | struct String {
2 | @available(swift 4.0)
3 |   @inlinable public init(_ utf16: String.UTF16View)}
  |                     `- note: incorrect labels for candidate (have: '(localized:)', expected: '(_:)')
4 |
Swift.String.init:3:21: note: incorrect labels for candidate (have: '(localized:)', expected: '(_:)')
1 | struct String {
2 | @available(swift, introduced: 4.0, message: "Please use failable String.init?(_:UTF8View) when in Swift 3.2 mode")
3 |   @inlinable public init(_ utf8: String.UTF8View)}
  |                     `- note: incorrect labels for candidate (have: '(localized:)', expected: '(_:)')
4 |
Swift.String.init:2:19: note: incorrect labels for candidate (have: '(localized:)', expected: '(_:)')
1 | struct String {
2 | @inlinable public init(_ substring: __shared Substring)}
  |                   `- note: incorrect labels for candidate (have: '(localized:)', expected: '(_:)')
3 |
Swift.String.init:2:8: note: incorrect labels for candidate (have: '(localized:)', expected: '(_:)')
1 | struct String {
2 | public init(_ content: Substring.UnicodeScalarView)}
  |        `- note: incorrect labels for candidate (have: '(localized:)', expected: '(_:)')
3 |
FoundationEssentials.String.init:3:10: note: incorrect labels for candidate (have: '(localized:)', expected: '(_:)')
1 | struct String {
2 | @available(macOS 12, iOS 15, tvOS 15, watchOS 8, *)
3 |   public init(_ characters: Slice<AttributedString.CharacterView>)}
  |          `- note: incorrect labels for candidate (have: '(localized:)', expected: '(_:)')
4 |
FoundationEssentials.String.init:3:10: note: incorrect labels for candidate (have: '(localized:)', expected: '(_:)')
1 | struct String {
2 | @available(macOS 15, iOS 18, tvOS 18, watchOS 11, *)
3 |   public init(_ key: URL.Template.VariableName)}
  |          `- note: incorrect labels for candidate (have: '(localized:)', expected: '(_:)')
4 |
Foundation.String.init:2:8: note: incorrect labels for candidate (have: '(localized:)', expected: '(_:)')
1 | struct String {
2 | public init(_ cocoaString: NSString)}
  |        `- note: incorrect labels for candidate (have: '(localized:)', expected: '(_:)')
3 |
/host/spi-builder-workspace/Sources/SwiftNavigation/Observe.swift:71:31: warning: converting @isolated(any) function of type '@isolated(any) @Sendable () -> Void' to synchronous function type '() -> Void' is not allowed; this will be an error in a future Swift language mode
 69 |     _observe(
 70 |       isolation: apply.isolation,
 71 |       { _ in Result(catching: apply).get() }
    |                               `- warning: converting @isolated(any) function of type '@isolated(any) @Sendable () -> Void' to synchronous function type '() -> Void' is not allowed; this will be an error in a future Swift language mode
 72 |     )
 73 |   }
/host/spi-builder-workspace/Sources/SwiftNavigation/Observe.swift:93:7: warning: converting @isolated(any) function of type '@isolated(any) @Sendable (UITransaction) -> Void' to synchronous function type '@Sendable (UITransaction) -> Void' is not allowed; this will be an error in a future Swift language mode
 91 |     _observe(
 92 |       isolation: apply.isolation,
 93 |       apply
    |       `- warning: converting @isolated(any) function of type '@isolated(any) @Sendable (UITransaction) -> Void' to synchronous function type '@Sendable (UITransaction) -> Void' is not allowed; this will be an error in a future Swift language mode
 94 |     )
 95 |   }
/host/spi-builder-workspace/Sources/SwiftNavigation/TextState.swift:212:20: error: cannot find type 'LocalizedStringResource' in scope
210 |
211 |   @available(iOS 16, macOS 13, tvOS 16, watchOS 9, *)
212 |   init(_ resource: LocalizedStringResource) {
    |                    `- error: cannot find type 'LocalizedStringResource' in scope
213 |     self.value = resource
214 |   }
/host/spi-builder-workspace/Sources/SwiftNavigation/TextState.swift:216:20: error: cannot find type 'Text' in scope
214 |   }
215 |
216 |   func asText() -> Text {
    |                    `- error: cannot find type 'Text' in scope
217 |     guard
218 |       #available(iOS 16, macOS 13, tvOS 16, watchOS 9, *),
/host/spi-builder-workspace/Sources/SwiftNavigation/TextState.swift:277:17: error: cannot find type 'LocalizedStringResource' in scope
275 |   @available(iOS 16, macOS 13, tvOS 16, watchOS 9, *)
276 |   public init(
277 |     _ resource: LocalizedStringResource
    |                 `- error: cannot find type 'LocalizedStringResource' in scope
278 |   ) {
279 |     self.storage = .localizedStringResource(
/host/spi-builder-workspace/Sources/SwiftNavigation/TextState.swift:669:10: error: initializer cannot be declared public because its parameter uses an internal type
  1 | import Foundation
    | `- note: struct 'Locale' imported as 'internal' from 'Foundation' here
  2 |
  3 | #if canImport(SwiftUI)
    :
667 |
668 | extension String {
669 |   public init(state: TextState, locale: Locale? = nil) {
    |          |- error: initializer cannot be declared public because its parameter uses an internal type
    |          `- note: struct 'Locale' is imported by this file as 'internal' from 'Foundation'
670 |     switch state.storage {
671 |     case .concatenated(let lhs, let rhs):
FoundationEssentials.Locale:2:15: note: type declared here
  1 | @available(macOS 10.10, iOS 8.0, watchOS 2.0, tvOS 9.0, *)
  2 | public struct Locale : Hashable, Equatable, Sendable {
    |               `- note: type declared here
  3 |     public enum LanguageDirection : UInt, Sendable {
  4 |         case unknown
/host/spi-builder-workspace/Sources/SwiftNavigation/TextState.swift:219:32: error: cannot find type 'LocalizedStringResource' in scope
217 |     guard
218 |       #available(iOS 16, macOS 13, tvOS 16, watchOS 9, *),
219 |       let resource = value as? LocalizedStringResource
    |                                `- error: cannot find type 'LocalizedStringResource' in scope
220 |     else {
221 |       preconditionFailure(
/host/spi-builder-workspace/Sources/SwiftNavigation/TextState.swift:226:12: error: cannot find 'Text' in scope
224 |     }
225 |
226 |     return Text(resource)
    |            `- error: cannot find 'Text' in scope
227 |   }
228 |
/host/spi-builder-workspace/Sources/SwiftNavigation/TextState.swift:232:32: error: cannot find type 'LocalizedStringResource' in scope
230 |     guard
231 |       #available(iOS 16, macOS 13, tvOS 16, watchOS 9, *),
232 |       var resource = value as? LocalizedStringResource
    |                                `- error: cannot find type 'LocalizedStringResource' in scope
233 |     else {
234 |       preconditionFailure(
/host/spi-builder-workspace/Sources/SwiftNavigation/TextState.swift:243:12: error: no exact matches in call to initializer
241 |     }
242 |
243 |     return String(localized: resource)
    |            `- error: no exact matches in call to initializer
244 |   }
245 | }
Swift.String.init:2:19: note: incorrect labels for candidate (have: '(localized:)', expected: '(_:)')
1 | struct String {
2 | @inlinable public init(_ c: Character)}
  |                   `- note: incorrect labels for candidate (have: '(localized:)', expected: '(_:)')
3 |
Swift.String.init:2:19: note: incorrect labels for candidate (have: '(localized:)', expected: '(_:)')
1 | struct String {
2 | @inlinable public init(_ scalar: Unicode.Scalar)}
  |                   `- note: incorrect labels for candidate (have: '(localized:)', expected: '(_:)')
3 |
Swift.String.init:2:19: note: incorrect labels for candidate (have: '(localized:)', expected: '(_:)')
1 | struct String {
2 | @inlinable public init(_ unicodeScalars: String.UnicodeScalarView)}
  |                   `- note: incorrect labels for candidate (have: '(localized:)', expected: '(_:)')
3 |
Swift.String.init:3:21: note: incorrect labels for candidate (have: '(localized:)', expected: '(_:)')
1 | struct String {
2 | @available(swift 4.0)
3 |   @inlinable public init(_ utf16: String.UTF16View)}
  |                     `- note: incorrect labels for candidate (have: '(localized:)', expected: '(_:)')
4 |
Swift.String.init:3:21: note: incorrect labels for candidate (have: '(localized:)', expected: '(_:)')
1 | struct String {
2 | @available(swift, introduced: 4.0, message: "Please use failable String.init?(_:UTF8View) when in Swift 3.2 mode")
3 |   @inlinable public init(_ utf8: String.UTF8View)}
  |                     `- note: incorrect labels for candidate (have: '(localized:)', expected: '(_:)')
4 |
Swift.String.init:2:19: note: incorrect labels for candidate (have: '(localized:)', expected: '(_:)')
1 | struct String {
2 | @inlinable public init(_ substring: __shared Substring)}
  |                   `- note: incorrect labels for candidate (have: '(localized:)', expected: '(_:)')
3 |
Swift.String.init:2:8: note: incorrect labels for candidate (have: '(localized:)', expected: '(_:)')
1 | struct String {
2 | public init(_ content: Substring.UnicodeScalarView)}
  |        `- note: incorrect labels for candidate (have: '(localized:)', expected: '(_:)')
3 |
FoundationEssentials.String.init:3:10: note: incorrect labels for candidate (have: '(localized:)', expected: '(_:)')
1 | struct String {
2 | @available(macOS 12, iOS 15, tvOS 15, watchOS 8, *)
3 |   public init(_ characters: Slice<AttributedString.CharacterView>)}
  |          `- note: incorrect labels for candidate (have: '(localized:)', expected: '(_:)')
4 |
FoundationEssentials.String.init:3:10: note: incorrect labels for candidate (have: '(localized:)', expected: '(_:)')
1 | struct String {
2 | @available(macOS 15, iOS 18, tvOS 18, watchOS 11, *)
3 |   public init(_ key: URL.Template.VariableName)}
  |          `- note: incorrect labels for candidate (have: '(localized:)', expected: '(_:)')
4 |
Foundation.String.init:2:8: note: incorrect labels for candidate (have: '(localized:)', expected: '(_:)')
1 | struct String {
2 | public init(_ cocoaString: NSString)}
  |        `- note: incorrect labels for candidate (have: '(localized:)', expected: '(_:)')
3 |
/host/spi-builder-workspace/Sources/SwiftNavigation/Observe.swift:71:31: warning: converting @isolated(any) function of type '@isolated(any) @Sendable () -> Void' to synchronous function type '() -> Void' is not allowed; this will be an error in a future Swift language mode
 69 |     _observe(
 70 |       isolation: apply.isolation,
 71 |       { _ in Result(catching: apply).get() }
    |                               `- warning: converting @isolated(any) function of type '@isolated(any) @Sendable () -> Void' to synchronous function type '() -> Void' is not allowed; this will be an error in a future Swift language mode
 72 |     )
 73 |   }
/host/spi-builder-workspace/Sources/SwiftNavigation/Observe.swift:93:7: warning: converting @isolated(any) function of type '@isolated(any) @Sendable (UITransaction) -> Void' to synchronous function type '@Sendable (UITransaction) -> Void' is not allowed; this will be an error in a future Swift language mode
 91 |     _observe(
 92 |       isolation: apply.isolation,
 93 |       apply
    |       `- warning: converting @isolated(any) function of type '@isolated(any) @Sendable (UITransaction) -> Void' to synchronous function type '@Sendable (UITransaction) -> Void' is not allowed; this will be an error in a future Swift language mode
 94 |     )
 95 |   }
/host/spi-builder-workspace/Sources/SwiftNavigation/TextState.swift:212:20: error: cannot find type 'LocalizedStringResource' in scope
210 |
211 |   @available(iOS 16, macOS 13, tvOS 16, watchOS 9, *)
212 |   init(_ resource: LocalizedStringResource) {
    |                    `- error: cannot find type 'LocalizedStringResource' in scope
213 |     self.value = resource
214 |   }
/host/spi-builder-workspace/Sources/SwiftNavigation/TextState.swift:216:20: error: cannot find type 'Text' in scope
214 |   }
215 |
216 |   func asText() -> Text {
    |                    `- error: cannot find type 'Text' in scope
217 |     guard
218 |       #available(iOS 16, macOS 13, tvOS 16, watchOS 9, *),
/host/spi-builder-workspace/Sources/SwiftNavigation/TextState.swift:277:17: error: cannot find type 'LocalizedStringResource' in scope
275 |   @available(iOS 16, macOS 13, tvOS 16, watchOS 9, *)
276 |   public init(
277 |     _ resource: LocalizedStringResource
    |                 `- error: cannot find type 'LocalizedStringResource' in scope
278 |   ) {
279 |     self.storage = .localizedStringResource(
/host/spi-builder-workspace/Sources/SwiftNavigation/TextState.swift:669:10: error: initializer cannot be declared public because its parameter uses an internal type
  1 | import Foundation
    | `- note: struct 'Locale' imported as 'internal' from 'Foundation' here
  2 |
  3 | #if canImport(SwiftUI)
    :
667 |
668 | extension String {
669 |   public init(state: TextState, locale: Locale? = nil) {
    |          |- error: initializer cannot be declared public because its parameter uses an internal type
    |          `- note: struct 'Locale' is imported by this file as 'internal' from 'Foundation'
670 |     switch state.storage {
671 |     case .concatenated(let lhs, let rhs):
FoundationEssentials.Locale:2:15: note: type declared here
  1 | @available(macOS 10.10, iOS 8.0, watchOS 2.0, tvOS 9.0, *)
  2 | public struct Locale : Hashable, Equatable, Sendable {
    |               `- note: type declared here
  3 |     public enum LanguageDirection : UInt, Sendable {
  4 |         case unknown
/host/spi-builder-workspace/Sources/SwiftNavigation/TextState.swift:219:32: error: cannot find type 'LocalizedStringResource' in scope
217 |     guard
218 |       #available(iOS 16, macOS 13, tvOS 16, watchOS 9, *),
219 |       let resource = value as? LocalizedStringResource
    |                                `- error: cannot find type 'LocalizedStringResource' in scope
220 |     else {
221 |       preconditionFailure(
/host/spi-builder-workspace/Sources/SwiftNavigation/TextState.swift:226:12: error: cannot find 'Text' in scope
224 |     }
225 |
226 |     return Text(resource)
    |            `- error: cannot find 'Text' in scope
227 |   }
228 |
/host/spi-builder-workspace/Sources/SwiftNavigation/TextState.swift:232:32: error: cannot find type 'LocalizedStringResource' in scope
230 |     guard
231 |       #available(iOS 16, macOS 13, tvOS 16, watchOS 9, *),
232 |       var resource = value as? LocalizedStringResource
    |                                `- error: cannot find type 'LocalizedStringResource' in scope
233 |     else {
234 |       preconditionFailure(
/host/spi-builder-workspace/Sources/SwiftNavigation/TextState.swift:243:12: error: no exact matches in call to initializer
241 |     }
242 |
243 |     return String(localized: resource)
    |            `- error: no exact matches in call to initializer
244 |   }
245 | }
Swift.String.init:2:19: note: incorrect labels for candidate (have: '(localized:)', expected: '(_:)')
1 | struct String {
2 | @inlinable public init(_ c: Character)}
  |                   `- note: incorrect labels for candidate (have: '(localized:)', expected: '(_:)')
3 |
Swift.String.init:2:19: note: incorrect labels for candidate (have: '(localized:)', expected: '(_:)')
1 | struct String {
2 | @inlinable public init(_ scalar: Unicode.Scalar)}
  |                   `- note: incorrect labels for candidate (have: '(localized:)', expected: '(_:)')
3 |
Swift.String.init:2:19: note: incorrect labels for candidate (have: '(localized:)', expected: '(_:)')
1 | struct String {
2 | @inlinable public init(_ unicodeScalars: String.UnicodeScalarView)}
  |                   `- note: incorrect labels for candidate (have: '(localized:)', expected: '(_:)')
3 |
Swift.String.init:3:21: note: incorrect labels for candidate (have: '(localized:)', expected: '(_:)')
1 | struct String {
2 | @available(swift 4.0)
3 |   @inlinable public init(_ utf16: String.UTF16View)}
  |                     `- note: incorrect labels for candidate (have: '(localized:)', expected: '(_:)')
4 |
Swift.String.init:3:21: note: incorrect labels for candidate (have: '(localized:)', expected: '(_:)')
1 | struct String {
2 | @available(swift, introduced: 4.0, message: "Please use failable String.init?(_:UTF8View) when in Swift 3.2 mode")
3 |   @inlinable public init(_ utf8: String.UTF8View)}
  |                     `- note: incorrect labels for candidate (have: '(localized:)', expected: '(_:)')
4 |
Swift.String.init:2:19: note: incorrect labels for candidate (have: '(localized:)', expected: '(_:)')
1 | struct String {
2 | @inlinable public init(_ substring: __shared Substring)}
  |                   `- note: incorrect labels for candidate (have: '(localized:)', expected: '(_:)')
3 |
Swift.String.init:2:8: note: incorrect labels for candidate (have: '(localized:)', expected: '(_:)')
1 | struct String {
2 | public init(_ content: Substring.UnicodeScalarView)}
  |        `- note: incorrect labels for candidate (have: '(localized:)', expected: '(_:)')
3 |
FoundationEssentials.String.init:3:10: note: incorrect labels for candidate (have: '(localized:)', expected: '(_:)')
1 | struct String {
2 | @available(macOS 12, iOS 15, tvOS 15, watchOS 8, *)
3 |   public init(_ characters: Slice<AttributedString.CharacterView>)}
  |          `- note: incorrect labels for candidate (have: '(localized:)', expected: '(_:)')
4 |
FoundationEssentials.String.init:3:10: note: incorrect labels for candidate (have: '(localized:)', expected: '(_:)')
1 | struct String {
2 | @available(macOS 15, iOS 18, tvOS 18, watchOS 11, *)
3 |   public init(_ key: URL.Template.VariableName)}
  |          `- note: incorrect labels for candidate (have: '(localized:)', expected: '(_:)')
4 |
Foundation.String.init:2:8: note: incorrect labels for candidate (have: '(localized:)', expected: '(_:)')
1 | struct String {
2 | public init(_ cocoaString: NSString)}
  |        `- note: incorrect labels for candidate (have: '(localized:)', expected: '(_:)')
3 |
[607/637] Compiling SwiftNavigation CasePaths.swift
[608/637] Compiling SwiftNavigation CustomDump.swift
[609/637] Compiling SwiftNavigation IssueReporting.swift
[610/637] Compiling SwiftNavigation Perception.swift
error: emit-module command failed with exit code 1 (use -v to see invocation)
[611/637] Emitting module SwiftNavigation
/host/spi-builder-workspace/Sources/SwiftNavigation/TextState.swift:212:20: error: cannot find type 'LocalizedStringResource' in scope
210 |
211 |   @available(iOS 16, macOS 13, tvOS 16, watchOS 9, *)
212 |   init(_ resource: LocalizedStringResource) {
    |                    `- error: cannot find type 'LocalizedStringResource' in scope
213 |     self.value = resource
214 |   }
/host/spi-builder-workspace/Sources/SwiftNavigation/TextState.swift:216:20: error: cannot find type 'Text' in scope
214 |   }
215 |
216 |   func asText() -> Text {
    |                    `- error: cannot find type 'Text' in scope
217 |     guard
218 |       #available(iOS 16, macOS 13, tvOS 16, watchOS 9, *),
/host/spi-builder-workspace/Sources/SwiftNavigation/TextState.swift:277:17: error: cannot find type 'LocalizedStringResource' in scope
275 |   @available(iOS 16, macOS 13, tvOS 16, watchOS 9, *)
276 |   public init(
277 |     _ resource: LocalizedStringResource
    |                 `- error: cannot find type 'LocalizedStringResource' in scope
278 |   ) {
279 |     self.storage = .localizedStringResource(
/host/spi-builder-workspace/Sources/SwiftNavigation/TextState.swift:669:10: error: initializer cannot be declared public because its parameter uses an internal type
  1 | import Foundation
    | `- note: struct 'Locale' imported as 'internal' from 'Foundation' here
  2 |
  3 | #if canImport(SwiftUI)
    :
667 |
668 | extension String {
669 |   public init(state: TextState, locale: Locale? = nil) {
    |          |- error: initializer cannot be declared public because its parameter uses an internal type
    |          `- note: struct 'Locale' is imported by this file as 'internal' from 'Foundation'
670 |     switch state.storage {
671 |     case .concatenated(let lhs, let rhs):
FoundationEssentials.Locale:2:15: note: type declared here
  1 | @available(macOS 10.10, iOS 8.0, watchOS 2.0, tvOS 9.0, *)
  2 | public struct Locale : Hashable, Equatable, Sendable {
    |               `- note: type declared here
  3 |     public enum LanguageDirection : UInt, Sendable {
  4 |         case unknown
[632/637] Compiling SwiftNavigation UIBinding.swift
[633/637] Compiling SwiftNavigation UINavigationPath.swift
[634/637] Compiling SwiftNavigation UITransaction.swift
BUILD FAILURE 6.3 linux