Build Information
Failed to build YTags, reference main (577ffd), with Swift 6.4 for visionOS using Xcode 27.0 on 19 Sep 2026 17:56:04 UTC.
Build Command
env DEVELOPER_DIR=/Applications/Xcode-27.0.0-Release.Candidate.app xcrun xcodebuild -IDEClonedSourcePackagesDirPathOverride=$PWD/.dependencies -skipMacroValidation -skipPackagePluginValidation -derivedDataPath $PWD/.derivedData build -scheme YTags -destination generic/platform=xrOSBuild Log
========================================
RunAll
========================================
Builder version: 5.1.0
Interrupt handler set up.
========================================
Checkout
========================================
Clone URL: https://github.com/codeandtheory/ytags-ios.git
Reference: main
Initialized empty Git repository in /Users/admin/builder/spi-builder-workspace/.git/
From https://github.com/codeandtheory/ytags-ios
* branch main -> FETCH_HEAD
* [new branch] main -> origin/main
HEAD is now at 577ffd9 Refactor unit tests
Cloned https://github.com/codeandtheory/ytags-ios.git
Revision (git rev-parse @):
577ffd99d38c18de870edd9d6e9bbfd89ced0d31
SPI manifest file found: $PWD/.spi.yml
SUCCESS checkout https://github.com/codeandtheory/ytags-ios.git at main
========================================
Build
========================================
Selected platform: visionOS
Swift version: 6.4
Building package at path: $PWD
https://github.com/codeandtheory/ytags-ios.git
Command line invocation:
/Applications/Xcode-27.0.0-Release.Candidate.app/Contents/Developer/usr/bin/xcodebuild -IDEClonedSourcePackagesDirPathOverride=/Users/admin/builder/spi-builder-workspace/.dependencies -resolvePackageDependencies
Resolve Package Graph
Fetching from https://github.com/yml-org/YCoreUI.git
Fetching from https://github.com/yml-org/YMatterType.git
Creating working copy of package ‘YCoreUI’
Checking out 1.7.0 of package ‘YCoreUI’
Creating working copy of package ‘YMatterType’
Checking out 1.7.0 of package ‘YMatterType’
Resolve Package Graph
Resolved source packages:
YMatterType: https://github.com/yml-org/YMatterType.git @ 1.7.0
YCoreUI: https://github.com/yml-org/YCoreUI.git @ 1.7.0
YTags: /Users/admin/builder/spi-builder-workspace
resolved source packages: YMatterType, YCoreUI, YTags
2026-09-19 13:54:53.365 xcodebuild[529:3037] [MT] IDERunDestination: Supported platforms for the buildables in the current scheme is empty.
2026-09-19 13:54:53.520 xcodebuild[529:3037] [MT] IDERunDestination: Supported platforms for the buildables in the current scheme is empty.
2026-09-19 13:54:55.248 xcodebuild[529:3037] [MT] IDERunDestination: Supported platforms for the buildables in the current scheme is empty.
{
"default_localization" : "en",
"dependencies" : [
{
"identity" : "ycoreui",
"requirement" : {
"range" : [
{
"lower_bound" : "1.6.0",
"upper_bound" : "2.0.0"
}
]
},
"type" : "sourceControl",
"url" : "https://github.com/yml-org/YCoreUI.git"
},
{
"identity" : "ymattertype",
"requirement" : {
"range" : [
{
"lower_bound" : "1.6.0",
"upper_bound" : "2.0.0"
}
]
},
"type" : "sourceControl",
"url" : "https://github.com/yml-org/YMatterType.git"
}
],
"manifest_display_name" : "YTags",
"name" : "YTags",
"path" : "/Users/admin/builder/spi-builder-workspace",
"platforms" : [
{
"name" : "ios",
"version" : "14.0"
}
],
"products" : [
{
"name" : "YTags",
"targets" : [
"YTags"
],
"type" : {
"library" : [
"automatic"
]
}
}
],
"targets" : [
{
"c99name" : "YTagsTests",
"module_type" : "SwiftTarget",
"name" : "YTagsTests",
"path" : "Tests/YTagsTests",
"sources" : [
"AppearanceCloseButtonTests.swift",
"AppearanceLeadingIconTests.swift",
"Enums/TagView+ImagesTests.swift",
"Enums/TagView+StringsTests.swift",
"TagViewAppearanceLayoutTests.swift",
"TagViewAppearanceTests.swift",
"TagViewTests.swift",
"Test Helpers/XCTestCase+MemoryLeakTracking.swift"
],
"target_dependencies" : [
"YTags"
],
"type" : "test"
},
{
"c99name" : "YTags",
"module_type" : "SwiftTarget",
"name" : "YTags",
"path" : "Sources/YTags",
"product_dependencies" : [
"YCoreUI",
"YMatterType"
],
"product_memberships" : [
"YTags"
],
"resources" : [
{
"path" : "/Users/admin/builder/spi-builder-workspace/Sources/YTags/Assets/Strings/en.lproj/Localizable.strings",
"rule" : {
"process" : {
"localization" : "en"
}
}
}
],
"sources" : [
"Enums/AccessibilityIdentifiers.swift",
"Enums/YTags+Images.swift",
"Enums/YTags+Strings.swift",
"Protocols/TagViewDelegate.swift",
"TagView+Appearance.swift",
"TagView+CloseButton.swift",
"TagView+LeadingIcon.swift",
"TagView+Shape.swift",
"TagView.Appearance+Layout.swift",
"TagView.swift"
],
"type" : "library"
}
],
"tools_version" : "5.7"
}
{
"workspace" : {
"name" : "YTags",
"schemes" : [
"YCoreUI",
"YMatterType",
"YTags"
]
}
}
2026-09-19 13:55:47.117 xcodebuild[721:4500] [MT] IDERunDestination: Supported platforms for the buildables in the current scheme is empty.
2026-09-19 13:55:47.263 xcodebuild[721:4500] [MT] IDERunDestination: Supported platforms for the buildables in the current scheme is empty.
{
"workspace" : {
"name" : "YTags",
"schemes" : [
"YCoreUI",
"YMatterType",
"YTags"
]
}
}
2026-09-19 13:55:48.185 xcodebuild[723:4553] [MT] IDERunDestination: Supported platforms for the buildables in the current scheme is empty.
2026-09-19 13:55:48.329 xcodebuild[723:4553] [MT] IDERunDestination: Supported platforms for the buildables in the current scheme is empty.
Running build ...
env DEVELOPER_DIR=/Applications/Xcode-27.0.0-Release.Candidate.app xcrun xcodebuild -IDEClonedSourcePackagesDirPathOverride=$PWD/.dependencies -skipMacroValidation -skipPackagePluginValidation -derivedDataPath $PWD/.derivedData build -scheme YTags -destination generic/platform=xrOS
Command line invocation:
/Applications/Xcode-27.0.0-Release.Candidate.app/Contents/Developer/usr/bin/xcodebuild -IDEClonedSourcePackagesDirPathOverride=/Users/admin/builder/spi-builder-workspace/.dependencies -skipMacroValidation -skipPackagePluginValidation -derivedDataPath /Users/admin/builder/spi-builder-workspace/.derivedData build -scheme YTags -destination generic/platform=xrOS
Resolve Package Graph
Resolve Package Graph
Resolved source packages:
YCoreUI: https://github.com/yml-org/YCoreUI.git @ 1.7.0
YTags: /Users/admin/builder/spi-builder-workspace
YMatterType: https://github.com/yml-org/YMatterType.git @ 1.7.0
ComputePackagePrebuildTargetDependencyGraph
Prepare packages
CreateBuildRequest
SendProjectDescription
CreateBuildOperation
ComputeTargetDependencyGraph
note: Building targets in dependency order
note: Target dependency graph (8 targets)
Target 'YTagsTests-product' in project 'YTags'
➜ Explicit dependency on target 'YTags' in project 'YTags'
➜ Explicit dependency on target 'YCoreUI-product' in project 'YCoreUI'
➜ Explicit dependency on target 'YMatterType-product' in project 'YMatterType'
Target 'YTags-product' in project 'YTags'
➜ Explicit dependency on target 'YTags' in project 'YTags'
➜ Explicit dependency on target 'YTags_YTags' in project 'YTags'
➜ Explicit dependency on target 'YCoreUI-product' in project 'YCoreUI'
➜ Explicit dependency on target 'YMatterType-product' in project 'YMatterType'
Target 'YTags' in project 'YTags'
➜ Explicit dependency on target 'YTags_YTags' in project 'YTags'
➜ Explicit dependency on target 'YCoreUI-product' in project 'YCoreUI'
➜ Explicit dependency on target 'YMatterType-product' in project 'YMatterType'
Target 'YMatterType-product' in project 'YMatterType'
➜ Explicit dependency on target 'YMatterType' in project 'YMatterType'
Target 'YMatterType' in project 'YMatterType' (no dependencies)
Target 'YCoreUI-product' in project 'YCoreUI'
➜ Explicit dependency on target 'YCoreUI' in project 'YCoreUI'
Target 'YCoreUI' in project 'YCoreUI' (no dependencies)
Target 'YTags_YTags' in project 'YTags' (no dependencies)
GatherProvisioningInputs
CreateBuildDescription
ExecuteExternalTool /Applications/Xcode-27.0.0-Release.Candidate.app/Contents/Developer/Toolchains/XcodeDefault.xctoolchain/usr/bin/swiftc --version
ExecuteExternalTool /Applications/Xcode-27.0.0-Release.Candidate.app/Contents/Developer/Toolchains/XcodeDefault.xctoolchain/usr/bin/clang -v -E -dM -isysroot /Applications/Xcode-27.0.0-Release.Candidate.app/Contents/Developer/Platforms/XROS.platform/Developer/SDKs/XROS27.0.sdk -x c -c /dev/null
ExecuteExternalTool /Applications/Xcode-27.0.0-Release.Candidate.app/Contents/Developer/Toolchains/XcodeDefault.xctoolchain/usr/bin/ld -version_details
Build description signature: 3a2313e31225e36b8464637ab2ad1a9c
Build description path: /Users/admin/builder/spi-builder-workspace/.derivedData/Build/Intermediates.noindex/XCBuildData/3a2313e31225e36b8464637ab2ad1a9c.xcbuilddata
CreateBuildDirectory /Users/admin/builder/spi-builder-workspace/.derivedData/SDKExplicitPrecompiledModules
cd /Users/admin/builder/spi-builder-workspace/.swiftpm/xcode
builtin-create-build-directory /Users/admin/builder/spi-builder-workspace/.derivedData/SDKExplicitPrecompiledModules
CreateBuildDirectory /Users/admin/builder/spi-builder-workspace/.derivedData/ModuleCache.noindex
cd /Users/admin/builder/spi-builder-workspace/.swiftpm/xcode
builtin-create-build-directory /Users/admin/builder/spi-builder-workspace/.derivedData/ModuleCache.noindex
CreateBuildDirectory /Users/admin/builder/spi-builder-workspace/.derivedData/CompilationCache.noindex
cd /Users/admin/builder/spi-builder-workspace/.swiftpm/xcode
builtin-create-build-directory /Users/admin/builder/spi-builder-workspace/.derivedData/CompilationCache.noindex
ClangStatCache /Applications/Xcode-27.0.0-Release.Candidate.app/Contents/Developer/Toolchains/XcodeDefault.xctoolchain/usr/bin/clang-stat-cache /Applications/Xcode-27.0.0-Release.Candidate.app/Contents/Developer/Platforms/XROS.platform/Developer/SDKs/XROS27.0.sdk /Users/admin/builder/spi-builder-workspace/.derivedData/SDKStatCaches.noindex/xros27.0-24M361-e829b21a6f8c9b70876ba0858053c044735bd543db762f57723cac368afd1ce4.sdkstatcache
cd /Users/admin/builder/spi-builder-workspace/.swiftpm/xcode
/Applications/Xcode-27.0.0-Release.Candidate.app/Contents/Developer/Toolchains/XcodeDefault.xctoolchain/usr/bin/clang-stat-cache /Applications/Xcode-27.0.0-Release.Candidate.app/Contents/Developer/Platforms/XROS.platform/Developer/SDKs/XROS27.0.sdk -o /Users/admin/builder/spi-builder-workspace/.derivedData/SDKStatCaches.noindex/xros27.0-24M361-e829b21a6f8c9b70876ba0858053c044735bd543db762f57723cac368afd1ce4.sdkstatcache
CreateBuildDirectory /Users/admin/builder/spi-builder-workspace/.derivedData/Build/Products
cd /Users/admin/builder/spi-builder-workspace/.swiftpm/xcode
builtin-create-build-directory /Users/admin/builder/spi-builder-workspace/.derivedData/Build/Products
CreateBuildDirectory /Users/admin/builder/spi-builder-workspace/.derivedData/Build/Intermediates.noindex
cd /Users/admin/builder/spi-builder-workspace/.swiftpm/xcode
builtin-create-build-directory /Users/admin/builder/spi-builder-workspace/.derivedData/Build/Intermediates.noindex
CreateBuildDirectory /Users/admin/builder/spi-builder-workspace/.derivedData/Build/Intermediates.noindex/SwiftExplicitPrecompiledModules
cd /Users/admin/builder/spi-builder-workspace/.swiftpm/xcode
builtin-create-build-directory /Users/admin/builder/spi-builder-workspace/.derivedData/Build/Intermediates.noindex/SwiftExplicitPrecompiledModules
CreateBuildDirectory /Users/admin/builder/spi-builder-workspace/.derivedData/Build/Intermediates.noindex/PrecompiledHeaders
cd /Users/admin/builder/spi-builder-workspace/.swiftpm/xcode
builtin-create-build-directory /Users/admin/builder/spi-builder-workspace/.derivedData/Build/Intermediates.noindex/PrecompiledHeaders
CreateBuildDirectory /Users/admin/builder/spi-builder-workspace/.derivedData/Build/Intermediates.noindex/ExplicitPrecompiledModules
cd /Users/admin/builder/spi-builder-workspace/.swiftpm/xcode
builtin-create-build-directory /Users/admin/builder/spi-builder-workspace/.derivedData/Build/Intermediates.noindex/ExplicitPrecompiledModules
CreateBuildDirectory /Users/admin/builder/spi-builder-workspace/.derivedData/Build/Products/Debug-xros
cd /Users/admin/builder/spi-builder-workspace/.swiftpm/xcode
builtin-create-build-directory /Users/admin/builder/spi-builder-workspace/.derivedData/Build/Products/Debug-xros
CreateBuildDirectory /Users/admin/builder/spi-builder-workspace/.derivedData/Build/Intermediates.noindex/EagerLinkingTBDs/Debug-xros
cd /Users/admin/builder/spi-builder-workspace/.swiftpm/xcode
builtin-create-build-directory /Users/admin/builder/spi-builder-workspace/.derivedData/Build/Intermediates.noindex/EagerLinkingTBDs/Debug-xros
CreateBuildDirectory /Users/admin/builder/spi-builder-workspace/.derivedData/Build/Products/Debug-xros/PackageFrameworks
cd /Users/admin/builder/spi-builder-workspace/.swiftpm/xcode
builtin-create-build-directory /Users/admin/builder/spi-builder-workspace/.derivedData/Build/Products/Debug-xros/PackageFrameworks
WriteAuxiliaryFile /Users/admin/builder/spi-builder-workspace/.derivedData/Build/Intermediates.noindex/YTags.build/Debug-xros/YTags_YTags-b.build/YTags_YTags.DependencyStaticMetadataFileList (in target 'YTags_YTags' from project 'YTags')
cd /Users/admin/builder/spi-builder-workspace
write-file /Users/admin/builder/spi-builder-workspace/.derivedData/Build/Intermediates.noindex/YTags.build/Debug-xros/YTags_YTags-b.build/YTags_YTags.DependencyStaticMetadataFileList
WriteAuxiliaryFile /Users/admin/builder/spi-builder-workspace/.derivedData/Build/Intermediates.noindex/YTags.build/Debug-xros/YTagsTests-p.build/YTagsTests.DependencyStaticMetadataFileList (in target 'YTagsTests-product' from project 'YTags')
cd /Users/admin/builder/spi-builder-workspace
write-file /Users/admin/builder/spi-builder-workspace/.derivedData/Build/Intermediates.noindex/YTags.build/Debug-xros/YTagsTests-p.build/YTagsTests.DependencyStaticMetadataFileList
WriteAuxiliaryFile /Users/admin/builder/spi-builder-workspace/.derivedData/Build/Intermediates.noindex/YTags.build/Debug-xros/YTags_YTags-b.build/empty-YTags_YTags.plist (in target 'YTags_YTags' from project 'YTags')
cd /Users/admin/builder/spi-builder-workspace
write-file /Users/admin/builder/spi-builder-workspace/.derivedData/Build/Intermediates.noindex/YTags.build/Debug-xros/YTags_YTags-b.build/empty-YTags_YTags.plist
WriteAuxiliaryFile /Users/admin/builder/spi-builder-workspace/.derivedData/Build/Intermediates.noindex/YTags.build/Debug-xros/YTagsTests-p.build/empty-YTagsTests.plist (in target 'YTagsTests-product' from project 'YTags')
cd /Users/admin/builder/spi-builder-workspace
write-file /Users/admin/builder/spi-builder-workspace/.derivedData/Build/Intermediates.noindex/YTags.build/Debug-xros/YTagsTests-p.build/empty-YTagsTests.plist
WriteAuxiliaryFile /Users/admin/builder/spi-builder-workspace/.derivedData/Build/Intermediates.noindex/YTags.build/Debug-xros/YTags_YTags-b.build/YTags_YTags.DependencyMetadataFileList (in target 'YTags_YTags' from project 'YTags')
cd /Users/admin/builder/spi-builder-workspace
write-file /Users/admin/builder/spi-builder-workspace/.derivedData/Build/Intermediates.noindex/YTags.build/Debug-xros/YTags_YTags-b.build/YTags_YTags.DependencyMetadataFileList
WriteAuxiliaryFile /Users/admin/builder/spi-builder-workspace/.derivedData/Build/Intermediates.noindex/YTags.build/Debug-xros/YTagsTests-p.build/YTagsTests.DependencyMetadataFileList (in target 'YTagsTests-product' from project 'YTags')
cd /Users/admin/builder/spi-builder-workspace
write-file /Users/admin/builder/spi-builder-workspace/.derivedData/Build/Intermediates.noindex/YTags.build/Debug-xros/YTagsTests-p.build/YTagsTests.DependencyMetadataFileList
WriteAuxiliaryFile /Users/admin/builder/spi-builder-workspace/.derivedData/Build/Intermediates.noindex/YTags.build/Debug-xros/YTagsTests-p.build/Objects-normal/arm64/YTagsTests.SwiftFileList (in target 'YTagsTests-product' from project 'YTags')
cd /Users/admin/builder/spi-builder-workspace
write-file /Users/admin/builder/spi-builder-workspace/.derivedData/Build/Intermediates.noindex/YTags.build/Debug-xros/YTagsTests-p.build/Objects-normal/arm64/YTagsTests.SwiftFileList
WriteAuxiliaryFile /Users/admin/builder/spi-builder-workspace/.derivedData/Build/Intermediates.noindex/YTags.build/Debug-xros/YTagsTests-p.build/Objects-normal/arm64/YTagsTests_const_extract_protocols.json (in target 'YTagsTests-product' from project 'YTags')
cd /Users/admin/builder/spi-builder-workspace
write-file /Users/admin/builder/spi-builder-workspace/.derivedData/Build/Intermediates.noindex/YTags.build/Debug-xros/YTagsTests-p.build/Objects-normal/arm64/YTagsTests_const_extract_protocols.json
WriteAuxiliaryFile /Users/admin/builder/spi-builder-workspace/.derivedData/Build/Intermediates.noindex/YTags.build/Debug-xros/YTagsTests-p.build/Objects-normal/arm64/YTagsTests.SwiftConstValuesFileList (in target 'YTagsTests-product' from project 'YTags')
cd /Users/admin/builder/spi-builder-workspace
write-file /Users/admin/builder/spi-builder-workspace/.derivedData/Build/Intermediates.noindex/YTags.build/Debug-xros/YTagsTests-p.build/Objects-normal/arm64/YTagsTests.SwiftConstValuesFileList
WriteAuxiliaryFile /Users/admin/builder/spi-builder-workspace/.derivedData/Build/Intermediates.noindex/YTags.build/Debug-xros/YTagsTests-p.build/Objects-normal/arm64/YTagsTests.LinkFileList (in target 'YTagsTests-product' from project 'YTags')
cd /Users/admin/builder/spi-builder-workspace
write-file /Users/admin/builder/spi-builder-workspace/.derivedData/Build/Intermediates.noindex/YTags.build/Debug-xros/YTagsTests-p.build/Objects-normal/arm64/YTagsTests.LinkFileList
WriteAuxiliaryFile /Users/admin/builder/spi-builder-workspace/.derivedData/Build/Intermediates.noindex/YTags.build/Debug-xros/YTagsTests-p.build/Objects-normal/arm64/YTagsTests-OutputFileMap.json (in target 'YTagsTests-product' from project 'YTags')
cd /Users/admin/builder/spi-builder-workspace
write-file /Users/admin/builder/spi-builder-workspace/.derivedData/Build/Intermediates.noindex/YTags.build/Debug-xros/YTagsTests-p.build/Objects-normal/arm64/YTagsTests-OutputFileMap.json
WriteAuxiliaryFile /Users/admin/builder/spi-builder-workspace/.derivedData/Build/Intermediates.noindex/YTags.build/Debug-xros/YTags-t.build/YTags.DependencyStaticMetadataFileList (in target 'YTags' from project 'YTags')
cd /Users/admin/builder/spi-builder-workspace
write-file /Users/admin/builder/spi-builder-workspace/.derivedData/Build/Intermediates.noindex/YTags.build/Debug-xros/YTags-t.build/YTags.DependencyStaticMetadataFileList
WriteAuxiliaryFile /Users/admin/builder/spi-builder-workspace/.derivedData/Build/Intermediates.noindex/YTags.build/Debug-xros/YTags-t.build/YTags.modulemap (in target 'YTags' from project 'YTags')
cd /Users/admin/builder/spi-builder-workspace
write-file /Users/admin/builder/spi-builder-workspace/.derivedData/Build/Intermediates.noindex/YTags.build/Debug-xros/YTags-t.build/YTags.modulemap
WriteAuxiliaryFile /Users/admin/builder/spi-builder-workspace/.derivedData/Build/Intermediates.noindex/YTags.build/Debug-xros/YTags-t.build/YTags.DependencyMetadataFileList (in target 'YTags' from project 'YTags')
cd /Users/admin/builder/spi-builder-workspace
write-file /Users/admin/builder/spi-builder-workspace/.derivedData/Build/Intermediates.noindex/YTags.build/Debug-xros/YTags-t.build/YTags.DependencyMetadataFileList
WriteAuxiliaryFile /Users/admin/builder/spi-builder-workspace/.derivedData/Build/Intermediates.noindex/YTags.build/Debug-xros/YTags-t.build/Objects-normal/arm64/YTags_const_extract_protocols.json (in target 'YTags' from project 'YTags')
cd /Users/admin/builder/spi-builder-workspace
write-file /Users/admin/builder/spi-builder-workspace/.derivedData/Build/Intermediates.noindex/YTags.build/Debug-xros/YTags-t.build/Objects-normal/arm64/YTags_const_extract_protocols.json
WriteAuxiliaryFile /Users/admin/builder/spi-builder-workspace/.derivedData/Build/Intermediates.noindex/YTags.build/Debug-xros/YTags-t.build/Objects-normal/arm64/YTags.SwiftFileList (in target 'YTags' from project 'YTags')
cd /Users/admin/builder/spi-builder-workspace
write-file /Users/admin/builder/spi-builder-workspace/.derivedData/Build/Intermediates.noindex/YTags.build/Debug-xros/YTags-t.build/Objects-normal/arm64/YTags.SwiftFileList
WriteAuxiliaryFile /Users/admin/builder/spi-builder-workspace/.derivedData/Build/Intermediates.noindex/YTags.build/Debug-xros/YTags-t.build/Objects-normal/arm64/YTags.SwiftConstValuesFileList (in target 'YTags' from project 'YTags')
cd /Users/admin/builder/spi-builder-workspace
write-file /Users/admin/builder/spi-builder-workspace/.derivedData/Build/Intermediates.noindex/YTags.build/Debug-xros/YTags-t.build/Objects-normal/arm64/YTags.SwiftConstValuesFileList
WriteAuxiliaryFile /Users/admin/builder/spi-builder-workspace/.derivedData/Build/Intermediates.noindex/YTags.build/Debug-xros/YTags-t.build/Objects-normal/arm64/YTags.LinkFileList (in target 'YTags' from project 'YTags')
cd /Users/admin/builder/spi-builder-workspace
write-file /Users/admin/builder/spi-builder-workspace/.derivedData/Build/Intermediates.noindex/YTags.build/Debug-xros/YTags-t.build/Objects-normal/arm64/YTags.LinkFileList
WriteAuxiliaryFile /Users/admin/builder/spi-builder-workspace/.derivedData/Build/Intermediates.noindex/YTags.build/Debug-xros/YTags-t.build/Objects-normal/arm64/YTags-OutputFileMap.json (in target 'YTags' from project 'YTags')
cd /Users/admin/builder/spi-builder-workspace
write-file /Users/admin/builder/spi-builder-workspace/.derivedData/Build/Intermediates.noindex/YTags.build/Debug-xros/YTags-t.build/Objects-normal/arm64/YTags-OutputFileMap.json
WriteAuxiliaryFile /Users/admin/builder/spi-builder-workspace/.derivedData/Build/Intermediates.noindex/YTags.build/Debug-xros/YTags-t.build/DerivedSources/resource_bundle_accessor.swift (in target 'YTags' from project 'YTags')
cd /Users/admin/builder/spi-builder-workspace
write-file /Users/admin/builder/spi-builder-workspace/.derivedData/Build/Intermediates.noindex/YTags.build/Debug-xros/YTags-t.build/DerivedSources/resource_bundle_accessor.swift
WriteAuxiliaryFile /Users/admin/builder/spi-builder-workspace/.derivedData/Build/Intermediates.noindex/YMatterType.build/Debug-xros/YMatterType-t.build/YMatterType.DependencyMetadataFileList (in target 'YMatterType' from project 'YMatterType')
cd /Users/admin/builder/spi-builder-workspace/.dependencies/checkouts/YMatterType
write-file /Users/admin/builder/spi-builder-workspace/.derivedData/Build/Intermediates.noindex/YMatterType.build/Debug-xros/YMatterType-t.build/YMatterType.DependencyMetadataFileList
WriteAuxiliaryFile /Users/admin/builder/spi-builder-workspace/.derivedData/Build/Intermediates.noindex/YMatterType.build/Debug-xros/YMatterType-t.build/YMatterType.modulemap (in target 'YMatterType' from project 'YMatterType')
cd /Users/admin/builder/spi-builder-workspace/.dependencies/checkouts/YMatterType
write-file /Users/admin/builder/spi-builder-workspace/.derivedData/Build/Intermediates.noindex/YMatterType.build/Debug-xros/YMatterType-t.build/YMatterType.modulemap
WriteAuxiliaryFile /Users/admin/builder/spi-builder-workspace/.derivedData/Build/Intermediates.noindex/YMatterType.build/Debug-xros/YMatterType-t.build/YMatterType.DependencyStaticMetadataFileList (in target 'YMatterType' from project 'YMatterType')
cd /Users/admin/builder/spi-builder-workspace/.dependencies/checkouts/YMatterType
write-file /Users/admin/builder/spi-builder-workspace/.derivedData/Build/Intermediates.noindex/YMatterType.build/Debug-xros/YMatterType-t.build/YMatterType.DependencyStaticMetadataFileList
Copy /Users/admin/builder/spi-builder-workspace/.derivedData/Build/Intermediates.noindex/GeneratedModuleMaps-xros/YTags.modulemap /Users/admin/builder/spi-builder-workspace/.derivedData/Build/Intermediates.noindex/YTags.build/Debug-xros/YTags-t.build/YTags.modulemap (in target 'YTags' from project 'YTags')
cd /Users/admin/builder/spi-builder-workspace
builtin-copy -exclude .DS_Store -exclude CVS -exclude .svn -exclude .git -exclude .hg -resolve-src-symlinks /Users/admin/builder/spi-builder-workspace/.derivedData/Build/Intermediates.noindex/YTags.build/Debug-xros/YTags-t.build/YTags.modulemap /Users/admin/builder/spi-builder-workspace/.derivedData/Build/Intermediates.noindex/GeneratedModuleMaps-xros
WriteAuxiliaryFile /Users/admin/builder/spi-builder-workspace/.derivedData/Build/Intermediates.noindex/YMatterType.build/Debug-xros/YMatterType-t.build/Objects-normal/arm64/YMatterType.SwiftFileList (in target 'YMatterType' from project 'YMatterType')
cd /Users/admin/builder/spi-builder-workspace/.dependencies/checkouts/YMatterType
write-file /Users/admin/builder/spi-builder-workspace/.derivedData/Build/Intermediates.noindex/YMatterType.build/Debug-xros/YMatterType-t.build/Objects-normal/arm64/YMatterType.SwiftFileList
WriteAuxiliaryFile /Users/admin/builder/spi-builder-workspace/.derivedData/Build/Intermediates.noindex/YMatterType.build/Debug-xros/YMatterType-t.build/Objects-normal/arm64/YMatterType_const_extract_protocols.json (in target 'YMatterType' from project 'YMatterType')
cd /Users/admin/builder/spi-builder-workspace/.dependencies/checkouts/YMatterType
write-file /Users/admin/builder/spi-builder-workspace/.derivedData/Build/Intermediates.noindex/YMatterType.build/Debug-xros/YMatterType-t.build/Objects-normal/arm64/YMatterType_const_extract_protocols.json
WriteAuxiliaryFile /Users/admin/builder/spi-builder-workspace/.derivedData/Build/Intermediates.noindex/YMatterType.build/Debug-xros/YMatterType-t.build/Objects-normal/arm64/YMatterType.SwiftConstValuesFileList (in target 'YMatterType' from project 'YMatterType')
cd /Users/admin/builder/spi-builder-workspace/.dependencies/checkouts/YMatterType
write-file /Users/admin/builder/spi-builder-workspace/.derivedData/Build/Intermediates.noindex/YMatterType.build/Debug-xros/YMatterType-t.build/Objects-normal/arm64/YMatterType.SwiftConstValuesFileList
WriteAuxiliaryFile /Users/admin/builder/spi-builder-workspace/.derivedData/Build/Intermediates.noindex/YMatterType.build/Debug-xros/YMatterType-t.build/Objects-normal/arm64/YMatterType.LinkFileList (in target 'YMatterType' from project 'YMatterType')
cd /Users/admin/builder/spi-builder-workspace/.dependencies/checkouts/YMatterType
write-file /Users/admin/builder/spi-builder-workspace/.derivedData/Build/Intermediates.noindex/YMatterType.build/Debug-xros/YMatterType-t.build/Objects-normal/arm64/YMatterType.LinkFileList
WriteAuxiliaryFile /Users/admin/builder/spi-builder-workspace/.derivedData/Build/Intermediates.noindex/YMatterType.build/Debug-xros/YMatterType-t.build/Objects-normal/arm64/YMatterType-OutputFileMap.json (in target 'YMatterType' from project 'YMatterType')
cd /Users/admin/builder/spi-builder-workspace/.dependencies/checkouts/YMatterType
write-file /Users/admin/builder/spi-builder-workspace/.derivedData/Build/Intermediates.noindex/YMatterType.build/Debug-xros/YMatterType-t.build/Objects-normal/arm64/YMatterType-OutputFileMap.json
WriteAuxiliaryFile /Users/admin/builder/spi-builder-workspace/.derivedData/Build/Intermediates.noindex/YCoreUI.build/Debug-xros/YCoreUI-t.build/YCoreUI.DependencyStaticMetadataFileList (in target 'YCoreUI' from project 'YCoreUI')
cd /Users/admin/builder/spi-builder-workspace/.dependencies/checkouts/YCoreUI
write-file /Users/admin/builder/spi-builder-workspace/.derivedData/Build/Intermediates.noindex/YCoreUI.build/Debug-xros/YCoreUI-t.build/YCoreUI.DependencyStaticMetadataFileList
WriteAuxiliaryFile /Users/admin/builder/spi-builder-workspace/.derivedData/Build/Intermediates.noindex/YCoreUI.build/Debug-xros/YCoreUI-t.build/YCoreUI.modulemap (in target 'YCoreUI' from project 'YCoreUI')
cd /Users/admin/builder/spi-builder-workspace/.dependencies/checkouts/YCoreUI
write-file /Users/admin/builder/spi-builder-workspace/.derivedData/Build/Intermediates.noindex/YCoreUI.build/Debug-xros/YCoreUI-t.build/YCoreUI.modulemap
WriteAuxiliaryFile /Users/admin/builder/spi-builder-workspace/.derivedData/Build/Intermediates.noindex/YCoreUI.build/Debug-xros/YCoreUI-t.build/YCoreUI.DependencyMetadataFileList (in target 'YCoreUI' from project 'YCoreUI')
cd /Users/admin/builder/spi-builder-workspace/.dependencies/checkouts/YCoreUI
write-file /Users/admin/builder/spi-builder-workspace/.derivedData/Build/Intermediates.noindex/YCoreUI.build/Debug-xros/YCoreUI-t.build/YCoreUI.DependencyMetadataFileList
Copy /Users/admin/builder/spi-builder-workspace/.derivedData/Build/Intermediates.noindex/GeneratedModuleMaps-xros/YMatterType.modulemap /Users/admin/builder/spi-builder-workspace/.derivedData/Build/Intermediates.noindex/YMatterType.build/Debug-xros/YMatterType-t.build/YMatterType.modulemap (in target 'YMatterType' from project 'YMatterType')
cd /Users/admin/builder/spi-builder-workspace/.dependencies/checkouts/YMatterType
builtin-copy -exclude .DS_Store -exclude CVS -exclude .svn -exclude .git -exclude .hg -resolve-src-symlinks /Users/admin/builder/spi-builder-workspace/.derivedData/Build/Intermediates.noindex/YMatterType.build/Debug-xros/YMatterType-t.build/YMatterType.modulemap /Users/admin/builder/spi-builder-workspace/.derivedData/Build/Intermediates.noindex/GeneratedModuleMaps-xros
WriteAuxiliaryFile /Users/admin/builder/spi-builder-workspace/.derivedData/Build/Intermediates.noindex/YCoreUI.build/Debug-xros/YCoreUI-t.build/Objects-normal/arm64/YCoreUI_const_extract_protocols.json (in target 'YCoreUI' from project 'YCoreUI')
cd /Users/admin/builder/spi-builder-workspace/.dependencies/checkouts/YCoreUI
write-file /Users/admin/builder/spi-builder-workspace/.derivedData/Build/Intermediates.noindex/YCoreUI.build/Debug-xros/YCoreUI-t.build/Objects-normal/arm64/YCoreUI_const_extract_protocols.json
WriteAuxiliaryFile /Users/admin/builder/spi-builder-workspace/.derivedData/Build/Intermediates.noindex/YCoreUI.build/Debug-xros/YCoreUI-t.build/Objects-normal/arm64/YCoreUI.SwiftFileList (in target 'YCoreUI' from project 'YCoreUI')
cd /Users/admin/builder/spi-builder-workspace/.dependencies/checkouts/YCoreUI
write-file /Users/admin/builder/spi-builder-workspace/.derivedData/Build/Intermediates.noindex/YCoreUI.build/Debug-xros/YCoreUI-t.build/Objects-normal/arm64/YCoreUI.SwiftFileList
WriteAuxiliaryFile /Users/admin/builder/spi-builder-workspace/.derivedData/Build/Intermediates.noindex/YCoreUI.build/Debug-xros/YCoreUI-t.build/Objects-normal/arm64/YCoreUI.SwiftConstValuesFileList (in target 'YCoreUI' from project 'YCoreUI')
cd /Users/admin/builder/spi-builder-workspace/.dependencies/checkouts/YCoreUI
write-file /Users/admin/builder/spi-builder-workspace/.derivedData/Build/Intermediates.noindex/YCoreUI.build/Debug-xros/YCoreUI-t.build/Objects-normal/arm64/YCoreUI.SwiftConstValuesFileList
WriteAuxiliaryFile /Users/admin/builder/spi-builder-workspace/.derivedData/Build/Intermediates.noindex/YCoreUI.build/Debug-xros/YCoreUI-t.build/Objects-normal/arm64/YCoreUI.LinkFileList (in target 'YCoreUI' from project 'YCoreUI')
cd /Users/admin/builder/spi-builder-workspace/.dependencies/checkouts/YCoreUI
write-file /Users/admin/builder/spi-builder-workspace/.derivedData/Build/Intermediates.noindex/YCoreUI.build/Debug-xros/YCoreUI-t.build/Objects-normal/arm64/YCoreUI.LinkFileList
WriteAuxiliaryFile /Users/admin/builder/spi-builder-workspace/.derivedData/Build/Intermediates.noindex/YCoreUI.build/Debug-xros/YCoreUI-t.build/Objects-normal/arm64/YCoreUI-OutputFileMap.json (in target 'YCoreUI' from project 'YCoreUI')
cd /Users/admin/builder/spi-builder-workspace/.dependencies/checkouts/YCoreUI
write-file /Users/admin/builder/spi-builder-workspace/.derivedData/Build/Intermediates.noindex/YCoreUI.build/Debug-xros/YCoreUI-t.build/Objects-normal/arm64/YCoreUI-OutputFileMap.json
MkDir /Users/admin/builder/spi-builder-workspace/.derivedData/Build/Products/Debug-xros/YTags_YTags.bundle (in target 'YTags_YTags' from project 'YTags')
cd /Users/admin/builder/spi-builder-workspace
/bin/mkdir -p /Users/admin/builder/spi-builder-workspace/.derivedData/Build/Products/Debug-xros/YTags_YTags.bundle
Copy /Users/admin/builder/spi-builder-workspace/.derivedData/Build/Intermediates.noindex/GeneratedModuleMaps-xros/YCoreUI.modulemap /Users/admin/builder/spi-builder-workspace/.derivedData/Build/Intermediates.noindex/YCoreUI.build/Debug-xros/YCoreUI-t.build/YCoreUI.modulemap (in target 'YCoreUI' from project 'YCoreUI')
cd /Users/admin/builder/spi-builder-workspace/.dependencies/checkouts/YCoreUI
builtin-copy -exclude .DS_Store -exclude CVS -exclude .svn -exclude .git -exclude .hg -resolve-src-symlinks /Users/admin/builder/spi-builder-workspace/.derivedData/Build/Intermediates.noindex/YCoreUI.build/Debug-xros/YCoreUI-t.build/YCoreUI.modulemap /Users/admin/builder/spi-builder-workspace/.derivedData/Build/Intermediates.noindex/GeneratedModuleMaps-xros
MkDir /Users/admin/builder/spi-builder-workspace/.derivedData/Build/Products/Debug-xros/YTagsTests.xctest (in target 'YTagsTests-product' from project 'YTags')
cd /Users/admin/builder/spi-builder-workspace
/bin/mkdir -p /Users/admin/builder/spi-builder-workspace/.derivedData/Build/Products/Debug-xros/YTagsTests.xctest
ProcessInfoPlistFile /Users/admin/builder/spi-builder-workspace/.derivedData/Build/Products/Debug-xros/YTags_YTags.bundle/Info.plist /Users/admin/builder/spi-builder-workspace/.derivedData/Build/Intermediates.noindex/YTags.build/Debug-xros/YTags_YTags-b.build/empty-YTags_YTags.plist (in target 'YTags_YTags' from project 'YTags')
cd /Users/admin/builder/spi-builder-workspace
builtin-infoPlistUtility /Users/admin/builder/spi-builder-workspace/.derivedData/Build/Intermediates.noindex/YTags.build/Debug-xros/YTags_YTags-b.build/empty-YTags_YTags.plist -producttype com.apple.product-type.bundle -expandbuildsettings -format binary -platform xros -o /Users/admin/builder/spi-builder-workspace/.derivedData/Build/Products/Debug-xros/YTags_YTags.bundle/Info.plist
CpResource /Users/admin/builder/spi-builder-workspace/.derivedData/Build/Products/Debug-xros/YTags_YTags.bundle/en.lproj/Localizable.strings /Users/admin/builder/spi-builder-workspace/Sources/YTags/Assets/Strings/en.lproj/Localizable.strings (in target 'YTags_YTags' from project 'YTags')
cd /Users/admin/builder/spi-builder-workspace
builtin-copy -exclude .DS_Store -exclude CVS -exclude .svn -exclude .git -exclude .hg -resolve-src-symlinks /Users/admin/builder/spi-builder-workspace/Sources/YTags/Assets/Strings/en.lproj/Localizable.strings /Users/admin/builder/spi-builder-workspace/.derivedData/Build/Products/Debug-xros/YTags_YTags.bundle/en.lproj
RegisterExecutionPolicyException /Users/admin/builder/spi-builder-workspace/.derivedData/Build/Products/Debug-xros/YTags_YTags.bundle (in target 'YTags_YTags' from project 'YTags')
cd /Users/admin/builder/spi-builder-workspace
builtin-RegisterExecutionPolicyException /Users/admin/builder/spi-builder-workspace/.derivedData/Build/Products/Debug-xros/YTags_YTags.bundle
Touch /Users/admin/builder/spi-builder-workspace/.derivedData/Build/Products/Debug-xros/YTags_YTags.bundle (in target 'YTags_YTags' from project 'YTags')
cd /Users/admin/builder/spi-builder-workspace
/usr/bin/touch -c /Users/admin/builder/spi-builder-workspace/.derivedData/Build/Products/Debug-xros/YTags_YTags.bundle
SwiftDriver YCoreUI normal arm64 com.apple.xcode.tools.swift.compiler (in target 'YCoreUI' from project 'YCoreUI')
cd /Users/admin/builder/spi-builder-workspace/.swiftpm/xcode
builtin-SwiftDriver -- /Applications/Xcode-27.0.0-Release.Candidate.app/Contents/Developer/Toolchains/XcodeDefault.xctoolchain/usr/bin/swiftc -parse-as-library -module-name YCoreUI -Onone @/Users/admin/builder/spi-builder-workspace/.derivedData/Build/Intermediates.noindex/YCoreUI.build/Debug-xros/YCoreUI-t.build/Objects-normal/arm64/YCoreUI.SwiftFileList -DSWIFT_PACKAGE -DDEBUG -DSWIFT_MODULE_RESOURCE_BUNDLE_UNAVAILABLE -DXcode -plugin-path /Applications/Xcode-27.0.0-Release.Candidate.app/Contents/Developer/Toolchains/XcodeDefault.xctoolchain/usr/lib/swift/host/plugins/testing -enable-experimental-feature DebugDescriptionMacro -sdk /Applications/Xcode-27.0.0-Release.Candidate.app/Contents/Developer/Platforms/XROS.platform/Developer/SDKs/XROS27.0.sdk -target arm64-apple-xros1.0 -g -module-cache-path /Users/admin/builder/spi-builder-workspace/.derivedData/ModuleCache.noindex -Xfrontend -serialize-debugging-options -profile-coverage-mapping -profile-generate -enable-testing -suppress-warnings -index-store-path /Users/admin/builder/spi-builder-workspace/.derivedData/Index.noindex/DataStore -Xcc -D_LIBCPP_HARDENING_MODE\=_LIBCPP_HARDENING_MODE_DEBUG -swift-version 5 -I /Users/admin/builder/spi-builder-workspace/.derivedData/Build/Products/Debug-xros -Isystem /Applications/Xcode-27.0.0-Release.Candidate.app/Contents/Developer/Platforms/XROS.platform/Developer/usr/lib -F /Users/admin/builder/spi-builder-workspace/.derivedData/Build/Products/Debug-xros -F /Applications/Xcode-27.0.0-Release.Candidate.app/Contents/Developer/Platforms/XROS.platform/Developer/Library/Frameworks -F /Applications/Xcode-27.0.0-Release.Candidate.app/Contents/Developer/Platforms/XROS.platform/Developer/SDKs/XROS27.0.sdk/Developer/Library/Frameworks -emit-localized-strings -emit-localized-strings-path /Users/admin/builder/spi-builder-workspace/.derivedData/Build/Intermediates.noindex/YCoreUI.build/Debug-xros/YCoreUI-t.build/Objects-normal/arm64 -c -j10 -enable-batch-mode -incremental -Xcc -ivfsstatcache -Xcc /Users/admin/builder/spi-builder-workspace/.derivedData/SDKStatCaches.noindex/xros27.0-24M361-e829b21a6f8c9b70876ba0858053c044735bd543db762f57723cac368afd1ce4.sdkstatcache -output-file-map /Users/admin/builder/spi-builder-workspace/.derivedData/Build/Intermediates.noindex/YCoreUI.build/Debug-xros/YCoreUI-t.build/Objects-normal/arm64/YCoreUI-OutputFileMap.json -save-temps -no-color-diagnostics -explicit-module-build -module-cache-path /Users/admin/builder/spi-builder-workspace/.derivedData/Build/Intermediates.noindex/SwiftExplicitPrecompiledModules -clang-scanner-module-cache-path /Users/admin/builder/spi-builder-workspace/.derivedData/ModuleCache.noindex -sdk-module-cache-path /Users/admin/builder/spi-builder-workspace/.derivedData/SDKExplicitPrecompiledModules -emit-dependencies -emit-module -emit-module-path /Users/admin/builder/spi-builder-workspace/.derivedData/Build/Intermediates.noindex/YCoreUI.build/Debug-xros/YCoreUI-t.build/Objects-normal/arm64/YCoreUI.swiftmodule -serialize-diagnostics -dependency-scan-serialize-diagnostics-path /Users/admin/builder/spi-builder-workspace/.derivedData/Build/Intermediates.noindex/YCoreUI.build/Debug-xros/YCoreUI-t.build/Objects-normal/arm64/YCoreUI-dependency-scan.dia -validate-clang-modules-once -clang-build-session-file /Users/admin/builder/spi-builder-workspace/.derivedData/ModuleCache.noindex/Session.modulevalidation -Xcc -fmodules-prune-interval\=86400 -Xcc -fmodules-prune-after\=345600 -emit-const-values -const-gather-protocols-list /Users/admin/builder/spi-builder-workspace/.derivedData/Build/Intermediates.noindex/YCoreUI.build/Debug-xros/YCoreUI-t.build/Objects-normal/arm64/YCoreUI_const_extract_protocols.json -Xcc -I/Users/admin/builder/spi-builder-workspace/.derivedData/Build/Products/Debug-xros/include -Xcc -I/Users/admin/builder/spi-builder-workspace/.derivedData/Build/Intermediates.noindex/YCoreUI.build/Debug-xros/YCoreUI-t.build/DerivedSources-normal/arm64 -Xcc -I/Users/admin/builder/spi-builder-workspace/.derivedData/Build/Intermediates.noindex/YCoreUI.build/Debug-xros/YCoreUI-t.build/DerivedSources/arm64 -Xcc -I/Users/admin/builder/spi-builder-workspace/.derivedData/Build/Intermediates.noindex/YCoreUI.build/Debug-xros/YCoreUI-t.build/DerivedSources -Xcc -DSWIFT_PACKAGE -Xcc -DDEBUG\=1 -emit-objc-header -emit-objc-header-path /Users/admin/builder/spi-builder-workspace/.derivedData/Build/Intermediates.noindex/YCoreUI.build/Debug-xros/YCoreUI-t.build/Objects-normal/arm64/YCoreUI-Swift.h -working-directory /Users/admin/builder/spi-builder-workspace/.swiftpm/xcode -experimental-emit-module-separately -disable-cmo
SwiftDriver YMatterType normal arm64 com.apple.xcode.tools.swift.compiler (in target 'YMatterType' from project 'YMatterType')
cd /Users/admin/builder/spi-builder-workspace/.swiftpm/xcode
builtin-SwiftDriver -- /Applications/Xcode-27.0.0-Release.Candidate.app/Contents/Developer/Toolchains/XcodeDefault.xctoolchain/usr/bin/swiftc -parse-as-library -module-name YMatterType -Onone @/Users/admin/builder/spi-builder-workspace/.derivedData/Build/Intermediates.noindex/YMatterType.build/Debug-xros/YMatterType-t.build/Objects-normal/arm64/YMatterType.SwiftFileList -DSWIFT_PACKAGE -DDEBUG -DSWIFT_MODULE_RESOURCE_BUNDLE_UNAVAILABLE -DXcode -plugin-path /Applications/Xcode-27.0.0-Release.Candidate.app/Contents/Developer/Toolchains/XcodeDefault.xctoolchain/usr/lib/swift/host/plugins/testing -enable-experimental-feature DebugDescriptionMacro -sdk /Applications/Xcode-27.0.0-Release.Candidate.app/Contents/Developer/Platforms/XROS.platform/Developer/SDKs/XROS27.0.sdk -target arm64-apple-xros1.0 -g -module-cache-path /Users/admin/builder/spi-builder-workspace/.derivedData/ModuleCache.noindex -Xfrontend -serialize-debugging-options -profile-coverage-mapping -profile-generate -enable-testing -suppress-warnings -index-store-path /Users/admin/builder/spi-builder-workspace/.derivedData/Index.noindex/DataStore -Xcc -D_LIBCPP_HARDENING_MODE\=_LIBCPP_HARDENING_MODE_DEBUG -swift-version 5 -I /Users/admin/builder/spi-builder-workspace/.derivedData/Build/Products/Debug-xros -Isystem /Applications/Xcode-27.0.0-Release.Candidate.app/Contents/Developer/Platforms/XROS.platform/Developer/usr/lib -F /Users/admin/builder/spi-builder-workspace/.derivedData/Build/Products/Debug-xros -F /Applications/Xcode-27.0.0-Release.Candidate.app/Contents/Developer/Platforms/XROS.platform/Developer/Library/Frameworks -F /Applications/Xcode-27.0.0-Release.Candidate.app/Contents/Developer/Platforms/XROS.platform/Developer/SDKs/XROS27.0.sdk/Developer/Library/Frameworks -emit-localized-strings -emit-localized-strings-path /Users/admin/builder/spi-builder-workspace/.derivedData/Build/Intermediates.noindex/YMatterType.build/Debug-xros/YMatterType-t.build/Objects-normal/arm64 -c -j10 -enable-batch-mode -incremental -Xcc -ivfsstatcache -Xcc /Users/admin/builder/spi-builder-workspace/.derivedData/SDKStatCaches.noindex/xros27.0-24M361-e829b21a6f8c9b70876ba0858053c044735bd543db762f57723cac368afd1ce4.sdkstatcache -output-file-map /Users/admin/builder/spi-builder-workspace/.derivedData/Build/Intermediates.noindex/YMatterType.build/Debug-xros/YMatterType-t.build/Objects-normal/arm64/YMatterType-OutputFileMap.json -save-temps -no-color-diagnostics -explicit-module-build -module-cache-path /Users/admin/builder/spi-builder-workspace/.derivedData/Build/Intermediates.noindex/SwiftExplicitPrecompiledModules -clang-scanner-module-cache-path /Users/admin/builder/spi-builder-workspace/.derivedData/ModuleCache.noindex -sdk-module-cache-path /Users/admin/builder/spi-builder-workspace/.derivedData/SDKExplicitPrecompiledModules -emit-dependencies -emit-module -emit-module-path /Users/admin/builder/spi-builder-workspace/.derivedData/Build/Intermediates.noindex/YMatterType.build/Debug-xros/YMatterType-t.build/Objects-normal/arm64/YMatterType.swiftmodule -serialize-diagnostics -dependency-scan-serialize-diagnostics-path /Users/admin/builder/spi-builder-workspace/.derivedData/Build/Intermediates.noindex/YMatterType.build/Debug-xros/YMatterType-t.build/Objects-normal/arm64/YMatterType-dependency-scan.dia -validate-clang-modules-once -clang-build-session-file /Users/admin/builder/spi-builder-workspace/.derivedData/ModuleCache.noindex/Session.modulevalidation -Xcc -fmodules-prune-interval\=86400 -Xcc -fmodules-prune-after\=345600 -emit-const-values -const-gather-protocols-list /Users/admin/builder/spi-builder-workspace/.derivedData/Build/Intermediates.noindex/YMatterType.build/Debug-xros/YMatterType-t.build/Objects-normal/arm64/YMatterType_const_extract_protocols.json -Xcc -I/Users/admin/builder/spi-builder-workspace/.derivedData/Build/Products/Debug-xros/include -Xcc -I/Users/admin/builder/spi-builder-workspace/.derivedData/Build/Intermediates.noindex/YMatterType.build/Debug-xros/YMatterType-t.build/DerivedSources-normal/arm64 -Xcc -I/Users/admin/builder/spi-builder-workspace/.derivedData/Build/Intermediates.noindex/YMatterType.build/Debug-xros/YMatterType-t.build/DerivedSources/arm64 -Xcc -I/Users/admin/builder/spi-builder-workspace/.derivedData/Build/Intermediates.noindex/YMatterType.build/Debug-xros/YMatterType-t.build/DerivedSources -Xcc -DSWIFT_PACKAGE -Xcc -DDEBUG\=1 -emit-objc-header -emit-objc-header-path /Users/admin/builder/spi-builder-workspace/.derivedData/Build/Intermediates.noindex/YMatterType.build/Debug-xros/YMatterType-t.build/Objects-normal/arm64/YMatterType-Swift.h -working-directory /Users/admin/builder/spi-builder-workspace/.swiftpm/xcode -experimental-emit-module-separately -disable-cmo
SwiftExplicitDependencyGeneratePcm arm64 /Users/admin/builder/spi-builder-workspace/.derivedData/SDKExplicitPrecompiledModules/_SwiftConcurrencyShims-C8XHKSHX96D5YYALNM4W70Z0O.pcm
SwiftExplicitDependencyGeneratePcm arm64 /Users/admin/builder/spi-builder-workspace/.derivedData/SDKExplicitPrecompiledModules/SwiftShims-CI4H5RO9IYFFWQ2COB512Q2S9.pcm
SwiftExplicitDependencyGeneratePcm arm64 /Users/admin/builder/spi-builder-workspace/.derivedData/SDKExplicitPrecompiledModules/_Builtin_float-6WKHNW5S40U2QGHXXGETUDIRA.pcm
SwiftExplicitDependencyGeneratePcm arm64 /Users/admin/builder/spi-builder-workspace/.derivedData/SDKExplicitPrecompiledModules/ptrcheck-BXA97MNLI4BB0HF5I8MJE403D.pcm
SwiftExplicitDependencyGeneratePcm arm64 /Users/admin/builder/spi-builder-workspace/.derivedData/SDKExplicitPrecompiledModules/DeveloperToolsSupport-46GOQP8J1QTHLYQSJW81T8UZ3.pcm
SwiftExplicitDependencyGeneratePcm arm64 /Users/admin/builder/spi-builder-workspace/.derivedData/SDKExplicitPrecompiledModules/_Builtin_stdarg-CDA349K2K4US766844K8E0PVA.pcm
SwiftExplicitDependencyGeneratePcm arm64 /Users/admin/builder/spi-builder-workspace/.derivedData/SDKExplicitPrecompiledModules/_Builtin_stdbool-5BU2ADS7JXQMYENKQHW9X8XOU.pcm
SwiftExplicitDependencyGeneratePcm arm64 /Users/admin/builder/spi-builder-workspace/.derivedData/SDKExplicitPrecompiledModules/_AvailabilityInternal-1Q8IQP6M38UWSGZ95UCEY2M44.pcm
SwiftExplicitDependencyGeneratePcm arm64 /Users/admin/builder/spi-builder-workspace/.derivedData/SDKExplicitPrecompiledModules/ptrauth-1WBA714DZSVUL5JQDJ08CLKZ.pcm
SwiftExplicitDependencyGeneratePcm arm64 /Users/admin/builder/spi-builder-workspace/.derivedData/SDKExplicitPrecompiledModules/_Builtin_stddef-5NQ9Z1GV07GBSRQGAQCGXGVRI.pcm
SwiftExplicitDependencyGeneratePcm arm64 /Users/admin/builder/spi-builder-workspace/.derivedData/SDKExplicitPrecompiledModules/ShaderGraph-AW1O397P711WTY8KSK8LZX9YA.pcm
SwiftExplicitDependencyGeneratePcm arm64 /Users/admin/builder/spi-builder-workspace/.derivedData/SDKExplicitPrecompiledModules/_DarwinFoundation1-5RGRVV2TZ6WC4WZW5IXF8NQ04.pcm
SwiftExplicitDependencyGeneratePcm arm64 /Users/admin/builder/spi-builder-workspace/.derivedData/SDKExplicitPrecompiledModules/_Builtin_limits-425JDMN5HPM3D0UEI8LEHP6NM.pcm
SwiftExplicitDependencyGeneratePcm arm64 /Users/admin/builder/spi-builder-workspace/.derivedData/SDKExplicitPrecompiledModules/_DarwinFoundation2-ENTECK156YEWITZRRBTOCE4KR.pcm
SwiftExplicitDependencyGeneratePcm arm64 /Users/admin/builder/spi-builder-workspace/.derivedData/SDKExplicitPrecompiledModules/_Builtin_tgmath-BPYSMHWI520EQRL2HW519ZY7Z.pcm
SwiftExplicitDependencyGeneratePcm arm64 /Users/admin/builder/spi-builder-workspace/.derivedData/SDKExplicitPrecompiledModules/string_h-2GT67HHHHK5CF1V1S31LH0PU2.pcm
SwiftExplicitDependencyGeneratePcm arm64 /Users/admin/builder/spi-builder-workspace/.derivedData/SDKExplicitPrecompiledModules/sys_types-AYM0BHR77VKMWZCO2T0XGV2HF.pcm
SwiftExplicitDependencyGeneratePcm arm64 /Users/admin/builder/spi-builder-workspace/.derivedData/SDKExplicitPrecompiledModules/_Builtin_stdint-8OR6T47OOYJA90ZBO3N1USDE.pcm
SwiftExplicitDependencyGeneratePcm arm64 /Users/admin/builder/spi-builder-workspace/.derivedData/SDKExplicitPrecompiledModules/_DarwinFoundation3-9ZHN6JKBS40BBA81RQMV8H0IC.pcm
SwiftExplicitDependencyGeneratePcm arm64 /Users/admin/builder/spi-builder-workspace/.derivedData/SDKExplicitPrecompiledModules/_Builtin_intrinsics-BC5IJI3YI34RQ61ZNVDRDZ6RN.pcm
SwiftExplicitDependencyGeneratePcm arm64 /Users/admin/builder/spi-builder-workspace/.derivedData/SDKExplicitPrecompiledModules/_Builtin_stdatomic-1VUZPM79PNCAHXVBERD53WRSF.pcm
SwiftExplicitDependencyGeneratePcm arm64 /Users/admin/builder/spi-builder-workspace/.derivedData/SDKExplicitPrecompiledModules/_Builtin_inttypes-11B64KJD36B3YOHBR1BBXBJY8.pcm
SwiftExplicitDependencyGeneratePcm arm64 /Users/admin/builder/spi-builder-workspace/.derivedData/SDKExplicitPrecompiledModules/Darwin-60P5LVNQO3ESRRM5DCJ05PFNK.pcm
SwiftExplicitDependencyGeneratePcm arm64 /Users/admin/builder/spi-builder-workspace/.derivedData/SDKExplicitPrecompiledModules/simd-9XXAB17Y6E4BBPQADD61NZ23.pcm
SwiftExplicitDependencyGeneratePcm arm64 /Users/admin/builder/spi-builder-workspace/.derivedData/SDKExplicitPrecompiledModules/ObjectiveC-26TIBFYCEJZVP216ZZAU1X8KN.pcm
SwiftExplicitDependencyGeneratePcm arm64 /Users/admin/builder/spi-builder-workspace/.derivedData/SDKExplicitPrecompiledModules/MachO-3XTHY7HWV6RF3KXKYQVHUBUXK.pcm
SwiftExplicitDependencyGeneratePcm arm64 /Users/admin/builder/spi-builder-workspace/.derivedData/SDKExplicitPrecompiledModules/os_object-692CJ8BG6RE5H04487EJJOVXW.pcm
SwiftExplicitDependencyGeneratePcm arm64 /Users/admin/builder/spi-builder-workspace/.derivedData/SDKExplicitPrecompiledModules/os_workgroup-4U1VXMWIZD80E7PRUQF2G7P9X.pcm
SwiftExplicitDependencyGeneratePcm arm64 /Users/admin/builder/spi-builder-workspace/.derivedData/SDKExplicitPrecompiledModules/Spatial-5E0I2846LO3ZE24CSVR2O57TI.pcm
SwiftExplicitDependencyGeneratePcm arm64 /Users/admin/builder/spi-builder-workspace/.derivedData/SDKExplicitPrecompiledModules/Dispatch-CLT3466HKC22GCKAWSCNG0H7T.pcm
SwiftExplicitDependencyGeneratePcm arm64 /Users/admin/builder/spi-builder-workspace/.derivedData/SDKExplicitPrecompiledModules/CoreFoundation-AVLTZVCXBU2TO75JCN4AGU8XJ.pcm
SwiftExplicitDependencyGeneratePcm arm64 /Users/admin/builder/spi-builder-workspace/.derivedData/SDKExplicitPrecompiledModules/dnssd-CCUV1M8EULNEQJUXO7L0PJAL4.pcm
SwiftExplicitDependencyGeneratePcm arm64 /Users/admin/builder/spi-builder-workspace/.derivedData/SDKExplicitPrecompiledModules/XPC-EP5EU7FNGP4VOA3EDM18P1KHO.pcm
SwiftExplicitDependencyGeneratePcm arm64 /Users/admin/builder/spi-builder-workspace/.derivedData/SDKExplicitPrecompiledModules/os-1004XEJ3IXOOAU0KL58SM3D0K.pcm
SwiftExplicitDependencyGeneratePcm arm64 /Users/admin/builder/spi-builder-workspace/.derivedData/SDKExplicitPrecompiledModules/CoreGraphics-BFUJ177R223UT2ZI327ZTZY91.pcm
SwiftExplicitDependencyGeneratePcm arm64 /Users/admin/builder/spi-builder-workspace/.derivedData/SDKExplicitPrecompiledModules/CoreAudioTypes-45UXYEQRN95KG6BF2CW0QIYK9.pcm
SwiftExplicitDependencyGeneratePcm arm64 /Users/admin/builder/spi-builder-workspace/.derivedData/SDKExplicitPrecompiledModules/CFNetwork-5MI70N1VLDQSWTX4COWLMSIRO.pcm
SwiftExplicitDependencyGeneratePcm arm64 /Users/admin/builder/spi-builder-workspace/.derivedData/SDKExplicitPrecompiledModules/Security-8TH2M8WJIQMET4SADWX0N8372.pcm
SwiftExplicitDependencyGeneratePcm arm64 /Users/admin/builder/spi-builder-workspace/.derivedData/SDKExplicitPrecompiledModules/CoreAudio-CXS3C78T5TQDGLEGXIBJ04WJ4.pcm
SwiftExplicitDependencyGeneratePcm arm64 /Users/admin/builder/spi-builder-workspace/.derivedData/SDKExplicitPrecompiledModules/Foundation-8GON1KVEKRN3NOQI8RETBRWJP.pcm
SwiftExplicitDependencyGeneratePcm arm64 /Users/admin/builder/spi-builder-workspace/.derivedData/SDKExplicitPrecompiledModules/CoreText-6F9TY5TEPCCZ1K2KYM4GMEGHD.pcm
SwiftExplicitDependencyGeneratePcm arm64 /Users/admin/builder/spi-builder-workspace/.derivedData/SDKExplicitPrecompiledModules/ImageIO-5CC6COR9KJYI1UBL7CSHLU2OG.pcm
SwiftExplicitDependencyGeneratePcm arm64 /Users/admin/builder/spi-builder-workspace/.derivedData/SDKExplicitPrecompiledModules/CoreMIDI-7L19IC4ZH9BPYLVTD8IIFWN9R.pcm
SwiftExplicitDependencyGeneratePcm arm64 /Users/admin/builder/spi-builder-workspace/.derivedData/SDKExplicitPrecompiledModules/LocalAuthentication-9MSPUJ85OBXBTOD7NJCT1GZ0O.pcm
SwiftExplicitDependencyGeneratePcm arm64 /Users/admin/builder/spi-builder-workspace/.derivedData/SDKExplicitPrecompiledModules/OSLog-BNGT87TS0GMBFF7TY70HHB69.pcm
SwiftExplicitDependencyGeneratePcm arm64 /Users/admin/builder/spi-builder-workspace/.derivedData/SDKExplicitPrecompiledModules/CoreTransferable-8TBYAKHCX6UC8QQSS7BD8GQK5.pcm
SwiftExplicitDependencyGeneratePcm arm64 /Users/admin/builder/spi-builder-workspace/.derivedData/SDKExplicitPrecompiledModules/_LocationEssentials-8GQGFVARUE99D8VJX3TINY0VP.pcm
SwiftExplicitDependencyGeneratePcm arm64 /Users/admin/builder/spi-builder-workspace/.derivedData/SDKExplicitPrecompiledModules/Accessibility-1DR4J4YDVDGAYQTZ0FKZ1PU09.pcm
SwiftExplicitDependencyGeneratePcm arm64 /Users/admin/builder/spi-builder-workspace/.derivedData/SDKExplicitPrecompiledModules/CoreData-73N6Z547OZUEZ8ADGEC6XRHWN.pcm
SwiftExplicitDependencyGeneratePcm arm64 /Users/admin/builder/spi-builder-workspace/.derivedData/SDKExplicitPrecompiledModules/FileProvider-C9I28SI56F2SEVH1BCWTKGODO.pcm
SwiftExplicitDependencyGeneratePcm arm64 /Users/admin/builder/spi-builder-workspace/.derivedData/SDKExplicitPrecompiledModules/Network-EQPZZF3W6BWG89K0PY9NZO3T0.pcm
SwiftExplicitDependencyGeneratePcm arm64 /Users/admin/builder/spi-builder-workspace/.derivedData/SDKExplicitPrecompiledModules/UserNotifications-8IIV1V1FPNAPA4LY1Y23LOM2N.pcm
SwiftExplicitDependencyGeneratePcm arm64 /Users/admin/builder/spi-builder-workspace/.derivedData/SDKExplicitPrecompiledModules/IOSurface-5FE9U89GVFF9A7X7AGO2R8ENI.pcm
SwiftExplicitDependencyGeneratePcm arm64 /Users/admin/builder/spi-builder-workspace/.derivedData/SDKExplicitPrecompiledModules/UniformTypeIdentifiers-E5KMWDZEKS4QW9RO1KBRDEXV6.pcm
SwiftExplicitDependencyGeneratePcm arm64 /Users/admin/builder/spi-builder-workspace/.derivedData/SDKExplicitPrecompiledModules/CoreLocation-1SN37095DAPVJ068LLP9TBDQX.pcm
SwiftExplicitDependencyGeneratePcm arm64 /Users/admin/builder/spi-builder-workspace/.derivedData/SDKExplicitPrecompiledModules/Symbols-8G2XC01RPQ5HYIZE6JNUT864I.pcm
SwiftExplicitDependencyGeneratePcm arm64 /Users/admin/builder/spi-builder-workspace/.derivedData/SDKExplicitPrecompiledModules/UIUtilities-AOVGLUWEAN6CG2UZFNESGSP6C.pcm
SwiftExplicitDependencyGeneratePcm arm64 /Users/admin/builder/spi-builder-workspace/.derivedData/SDKExplicitPrecompiledModules/DataDetection-BANTQ3WXXGKZJYC0LLB3MD9K0.pcm
SwiftExplicitDependencyGeneratePcm arm64 /Users/admin/builder/spi-builder-workspace/.derivedData/SDKExplicitPrecompiledModules/AudioToolbox-2K3S8EA590EB3GMH6D6784BWZ.pcm
SwiftExplicitDependencyGeneratePcm arm64 /Users/admin/builder/spi-builder-workspace/.derivedData/SDKExplicitPrecompiledModules/AVRouting-55P8FRNK50AFZOMMB2LBBOX33.pcm
SwiftExplicitDependencyGeneratePcm arm64 /Users/admin/builder/spi-builder-workspace/.derivedData/SDKExplicitPrecompiledModules/OpenGLES-56BKSYXNVAP91BYZRWAKQZKGI.pcm
SwiftExplicitDependencyGeneratePcm arm64 /Users/admin/builder/spi-builder-workspace/.derivedData/SDKExplicitPrecompiledModules/Metal-EKNUM9P3PRIBHZK1ZBD6BA2T7.pcm
SwiftExplicitDependencyGeneratePcm arm64 /Users/admin/builder/spi-builder-workspace/.derivedData/SDKExplicitPrecompiledModules/CoreMotion-10LV922UPGE28QX2SOIO7ALIZ.pcm
SwiftExplicitDependencyGeneratePcm arm64 /Users/admin/builder/spi-builder-workspace/.derivedData/SDKExplicitPrecompiledModules/CoreVideo-E12HJSJSLO0YKWYBES11UKJ02.pcm
SwiftExplicitDependencyCompileModuleFromInterface arm64 /Users/admin/builder/spi-builder-workspace/.derivedData/SDKExplicitPrecompiledModules/ShaderGraph-URHKVVOFZL5Z.swiftmodule
SwiftExplicitDependencyGeneratePcm arm64 /Users/admin/builder/spi-builder-workspace/.derivedData/SDKExplicitPrecompiledModules/CoreML-37QYERWC0RQN4IY4377UD0TY1.pcm
SwiftExplicitDependencyGeneratePcm arm64 /Users/admin/builder/spi-builder-workspace/.derivedData/SDKExplicitPrecompiledModules/CoreImage-8WF1P230U10QM666EQMNV7OF1.pcm
SwiftExplicitDependencyGeneratePcm arm64 /Users/admin/builder/spi-builder-workspace/.derivedData/SDKExplicitPrecompiledModules/ARKitFoundation-3N77COW7DLP77CM0PWZXSR9BD.pcm
SwiftExplicitDependencyGeneratePcm arm64 /Users/admin/builder/spi-builder-workspace/.derivedData/SDKExplicitPrecompiledModules/QuartzCore-12T8WVKUNCL1N7VXH87MM4YOB.pcm
SwiftExplicitDependencyGeneratePcm arm64 /Users/admin/builder/spi-builder-workspace/.derivedData/SDKExplicitPrecompiledModules/CoreMedia-D1IBHC28BRHWLNUG1Q75G5YN0.pcm
SwiftExplicitDependencyGeneratePcm arm64 /Users/admin/builder/spi-builder-workspace/.derivedData/SDKExplicitPrecompiledModules/SwiftUICore-6OBBMA39VFD4CB6SG2PE41FAP.pcm
SwiftExplicitDependencyGeneratePcm arm64 /Users/admin/builder/spi-builder-workspace/.derivedData/SDKExplicitPrecompiledModules/UIKit-2D2PMAAE45TMO6S28UCGCO5BR.pcm
SwiftExplicitDependencyGeneratePcm arm64 /Users/admin/builder/spi-builder-workspace/.derivedData/SDKExplicitPrecompiledModules/Vision-DVVG9MQGC3IMTVPTC1691MQ6Z.pcm
SwiftExplicitDependencyGeneratePcm arm64 /Users/admin/builder/spi-builder-workspace/.derivedData/SDKExplicitPrecompiledModules/MediaToolbox-1J5U29ERBPNPI1HKEJHXOP8EV.pcm
SwiftExplicitDependencyGeneratePcm arm64 /Users/admin/builder/spi-builder-workspace/.derivedData/SDKExplicitPrecompiledModules/VideoToolbox-7I4MDYIPJ4IWU1ZSL4JE3I7M6.pcm
SwiftExplicitDependencyGeneratePcm arm64 /Users/admin/builder/spi-builder-workspace/.derivedData/SDKExplicitPrecompiledModules/AVFAudio-E8GATWFYYBEBB41O9N0LRRGYC.pcm
SwiftExplicitDependencyGeneratePcm arm64 /Users/admin/builder/spi-builder-workspace/.derivedData/SDKExplicitPrecompiledModules/AVFoundation-DFCX8GQJWVA3CZBITWEHAZEFX.pcm
SwiftExplicitDependencyGeneratePcm arm64 /Users/admin/builder/spi-builder-workspace/.derivedData/SDKExplicitPrecompiledModules/ARKitCore-307YVPJLQNB66BTBIONHZNP86.pcm
SwiftEmitModule normal arm64 Emitting\ module\ for\ YCoreUI (in target 'YCoreUI' from project 'YCoreUI')
/Users/admin/builder/spi-builder-workspace/.dependencies/checkouts/YCoreUI/Sources/YCoreUI/Extensions/Foundation/CGFloat+rounded.swift:20:16: error: 'UIScreen' is unavailable in visionOS
18 | public func rounded(
19 | _ rule: FloatingPointRoundingRule = .toNearestOrAwayFromZero,
20 | scale: UIScreen.ScaleFactor
| `- error: 'UIScreen' is unavailable in visionOS
21 | ) -> CGFloat {
22 | (self * scale.rawValue).rounded(rule) / scale.rawValue
/Applications/Xcode-27.0.0-Release.Candidate.app/Contents/Developer/Platforms/XROS.platform/Developer/SDKs/XROS27.0.sdk/System/Library/Frameworks/UIKit.framework/Headers/UIScreen.h:54:12: note: 'UIScreen' has been explicitly marked unavailable here
52 |
53 | UIKIT_EXTERN API_AVAILABLE(ios(2.0)) API_UNAVAILABLE(visionos, watchos) NS_SWIFT_UI_ACTOR
54 | @interface UIScreen : NSObject <UITraitEnvironment>
| `- note: 'UIScreen' has been explicitly marked unavailable here
55 |
56 | @property(class, nonatomic, readonly) NSArray<UIScreen *> *screens API_DEPRECATED("Use UIApplication.shared.openSessions to find open sessions with scenes from other screens", ios(3.2, 16.0), visionos(1.0, 1.0)) API_UNAVAILABLE(watchos); // all screens currently attached to the device
/Users/admin/builder/spi-builder-workspace/.dependencies/checkouts/YCoreUI/Sources/YCoreUI/Extensions/Foundation/CGFloat+rounded.swift:29:32: error: 'UIScreen' is unavailable in visionOS
27 | /// - Parameter scale: the scale to apply, default is current screen scale
28 | /// - Returns: the value floored to 1/scale
29 | public func floored(scale: UIScreen.ScaleFactor = UIScreen.main.scaleFactor) -> CGFloat {
| `- error: 'UIScreen' is unavailable in visionOS
30 | rounded(.down, scale: scale)
31 | }
/Applications/Xcode-27.0.0-Release.Candidate.app/Contents/Developer/Platforms/XROS.platform/Developer/SDKs/XROS27.0.sdk/System/Library/Frameworks/UIKit.framework/Headers/UIScreen.h:54:12: note: 'UIScreen' has been explicitly marked unavailable here
52 |
53 | UIKIT_EXTERN API_AVAILABLE(ios(2.0)) API_UNAVAILABLE(visionos, watchos) NS_SWIFT_UI_ACTOR
54 | @interface UIScreen : NSObject <UITraitEnvironment>
| `- note: 'UIScreen' has been explicitly marked unavailable here
55 |
56 | @property(class, nonatomic, readonly) NSArray<UIScreen *> *screens API_DEPRECATED("Use UIApplication.shared.openSessions to find open sessions with scenes from other screens", ios(3.2, 16.0), visionos(1.0, 1.0)) API_UNAVAILABLE(watchos); // all screens currently attached to the device
/Users/admin/builder/spi-builder-workspace/.dependencies/checkouts/YCoreUI/Sources/YCoreUI/Extensions/Foundation/CGFloat+rounded.swift:29:55: error: 'UIScreen' is unavailable in visionOS
27 | /// - Parameter scale: the scale to apply, default is current screen scale
28 | /// - Returns: the value floored to 1/scale
29 | public func floored(scale: UIScreen.ScaleFactor = UIScreen.main.scaleFactor) -> CGFloat {
| `- error: 'UIScreen' is unavailable in visionOS
30 | rounded(.down, scale: scale)
31 | }
/Applications/Xcode-27.0.0-Release.Candidate.app/Contents/Developer/Platforms/XROS.platform/Developer/SDKs/XROS27.0.sdk/System/Library/Frameworks/UIKit.framework/Headers/UIScreen.h:54:12: note: 'UIScreen' has been explicitly marked unavailable here
52 |
53 | UIKIT_EXTERN API_AVAILABLE(ios(2.0)) API_UNAVAILABLE(visionos, watchos) NS_SWIFT_UI_ACTOR
54 | @interface UIScreen : NSObject <UITraitEnvironment>
| `- note: 'UIScreen' has been explicitly marked unavailable here
55 |
56 | @property(class, nonatomic, readonly) NSArray<UIScreen *> *screens API_DEPRECATED("Use UIApplication.shared.openSessions to find open sessions with scenes from other screens", ios(3.2, 16.0), visionos(1.0, 1.0)) API_UNAVAILABLE(watchos); // all screens currently attached to the device
/Users/admin/builder/spi-builder-workspace/.dependencies/checkouts/YCoreUI/Sources/YCoreUI/Extensions/Foundation/CGFloat+rounded.swift:37:31: error: 'UIScreen' is unavailable in visionOS
35 | /// - Parameter scale: the scale to apply, default is current screen scale
36 | /// - Returns: the value ceiled to 1/scale
37 | public func ceiled(scale: UIScreen.ScaleFactor = UIScreen.main.scaleFactor) -> CGFloat {
| `- error: 'UIScreen' is unavailable in visionOS
38 | rounded(.up, scale: scale)
39 | }
/Applications/Xcode-27.0.0-Release.Candidate.app/Contents/Developer/Platforms/XROS.platform/Developer/SDKs/XROS27.0.sdk/System/Library/Frameworks/UIKit.framework/Headers/UIScreen.h:54:12: note: 'UIScreen' has been explicitly marked unavailable here
52 |
53 | UIKIT_EXTERN API_AVAILABLE(ios(2.0)) API_UNAVAILABLE(visionos, watchos) NS_SWIFT_UI_ACTOR
54 | @interface UIScreen : NSObject <UITraitEnvironment>
| `- note: 'UIScreen' has been explicitly marked unavailable here
55 |
56 | @property(class, nonatomic, readonly) NSArray<UIScreen *> *screens API_DEPRECATED("Use UIApplication.shared.openSessions to find open sessions with scenes from other screens", ios(3.2, 16.0), visionos(1.0, 1.0)) API_UNAVAILABLE(watchos); // all screens currently attached to the device
/Users/admin/builder/spi-builder-workspace/.dependencies/checkouts/YCoreUI/Sources/YCoreUI/Extensions/Foundation/CGFloat+rounded.swift:37:54: error: 'UIScreen' is unavailable in visionOS
35 | /// - Parameter scale: the scale to apply, default is current screen scale
36 | /// - Returns: the value ceiled to 1/scale
37 | public func ceiled(scale: UIScreen.ScaleFactor = UIScreen.main.scaleFactor) -> CGFloat {
| `- error: 'UIScreen' is unavailable in visionOS
38 | rounded(.up, scale: scale)
39 | }
/Applications/Xcode-27.0.0-Release.Candidate.app/Contents/Developer/Platforms/XROS.platform/Developer/SDKs/XROS27.0.sdk/System/Library/Frameworks/UIKit.framework/Headers/UIScreen.h:54:12: note: 'UIScreen' has been explicitly marked unavailable here
52 |
53 | UIKIT_EXTERN API_AVAILABLE(ios(2.0)) API_UNAVAILABLE(visionos, watchos) NS_SWIFT_UI_ACTOR
54 | @interface UIScreen : NSObject <UITraitEnvironment>
| `- note: 'UIScreen' has been explicitly marked unavailable here
55 |
56 | @property(class, nonatomic, readonly) NSArray<UIScreen *> *screens API_DEPRECATED("Use UIApplication.shared.openSessions to find open sessions with scenes from other screens", ios(3.2, 16.0), visionos(1.0, 1.0)) API_UNAVAILABLE(watchos); // all screens currently attached to the device
/Users/admin/builder/spi-builder-workspace/.dependencies/checkouts/YCoreUI/Sources/YCoreUI/Extensions/UIKit/UIScreen+scaleFactor.swift:11:11: error: 'UIScreen' is unavailable in visionOS
9 | import UIKit
10 |
11 | extension UIScreen {
| `- error: 'UIScreen' is unavailable in visionOS
12 | /// Represents possible scale factors of iOS screens
13 | public enum ScaleFactor: CGFloat {
/Applications/Xcode-27.0.0-Release.Candidate.app/Contents/Developer/Platforms/XROS.platform/Developer/SDKs/XROS27.0.sdk/System/Library/Frameworks/UIKit.framework/Headers/UIScreen.h:54:12: note: 'UIScreen' has been explicitly marked unavailable here
52 |
53 | UIKIT_EXTERN API_AVAILABLE(ios(2.0)) API_UNAVAILABLE(visionos, watchos) NS_SWIFT_UI_ACTOR
54 | @interface UIScreen : NSObject <UITraitEnvironment>
| `- note: 'UIScreen' has been explicitly marked unavailable here
55 |
56 | @property(class, nonatomic, readonly) NSArray<UIScreen *> *screens API_DEPRECATED("Use UIApplication.shared.openSessions to find open sessions with scenes from other screens", ios(3.2, 16.0), visionos(1.0, 1.0)) API_UNAVAILABLE(watchos); // all screens currently attached to the device
Failed frontend command:
SwiftCompile normal arm64 (in target 'YCoreUI' from project 'YCoreUI')
cd /Users/admin/builder/spi-builder-workspace/.swiftpm/xcode
/Applications/Xcode-27.0.0-Release.Candidate.app/Contents/Developer/Toolchains/XcodeDefault.xctoolchain/usr/bin/swift-frontend -frontend -emit-module -experimental-skip-non-inlinable-function-bodies-without-types /Users/admin/builder/spi-builder-workspace/.dependencies/checkouts/YCoreUI/Sources/YCoreUI/Components/FormViewController.swift /Users/admin/builder/spi-builder-workspace/.dependencies/checkouts/YCoreUI/Sources/YCoreUI/Extensions/Foundation/CGFloat+rounded.swift /Users/admin/builder/spi-builder-workspace/.dependencies/checkouts/YCoreUI/Sources/YCoreUI/Extensions/Foundation/CGSize+inset.swift /Users/admin/builder/spi-builder-workspace/.dependencies/checkouts/YCoreUI/Sources/YCoreUI/Extensions/Foundation/String+Localizable.swift /Users/admin/builder/spi-builder-workspace/.dependencies/checkouts/YCoreUI/Sources/YCoreUI/Extensions/UIKit/NSDirectionalEdgeInsets+horizontal.swift /Users/admin/builder/spi-builder-workspace/.dependencies/checkouts/YCoreUI/Sources/YCoreUI/Extensions/UIKit/NSDirectionalEdgeInsets+init.swift /Users/admin/builder/spi-builder-workspace/.dependencies/checkouts/YCoreUI/Sources/YCoreUI/Extensions/UIKit/UIColor+WCAG.swift /Users/admin/builder/spi-builder-workspace/.dependencies/checkouts/YCoreUI/Sources/YCoreUI/Extensions/UIKit/UIColor+blended.swift /Users/admin/builder/spi-builder-workspace/.dependencies/checkouts/YCoreUI/Sources/YCoreUI/Extensions/UIKit/UIColor+rgb.swift /Users/admin/builder/spi-builder-workspace/.dependencies/checkouts/YCoreUI/Sources/YCoreUI/Extensions/UIKit/UIColor+rgbComponents.swift /Users/admin/builder/spi-builder-workspace/.dependencies/checkouts/YCoreUI/Sources/YCoreUI/Extensions/UIKit/UIColor+rgbValue.swift /Users/admin/builder/spi-builder-workspace/.dependencies/checkouts/YCoreUI/Sources/YCoreUI/Extensions/UIKit/UIEdgeInsets+directional.swift /Users/admin/builder/spi-builder-workspace/.dependencies/checkouts/YCoreUI/Sources/YCoreUI/Extensions/UIKit/UIEdgeInsets+horizontal.swift /Users/admin/builder/spi-builder-workspace/.dependencies/checkouts/YCoreUI/Sources/YCoreUI/Extensions/UIKit/UIEdgeInsets+init.swift /Users/admin/builder/spi-builder-workspace/.dependencies/checkouts/YCoreUI/Sources/YCoreUI/Extensions/UIKit/UIScreen+scaleFactor.swift /Users/admin/builder/spi-builder-workspace/.dependencies/checkouts/YCoreUI/Sources/YCoreUI/Extensions/UIKit/UIScrollView+keyboardNotifications.swift /Users/admin/builder/spi-builder-workspace/.dependencies/checkouts/YCoreUI/Sources/YCoreUI/Extensions/UIKit/UITraitCollection+colorSpaces.swift /Users/admin/builder/spi-builder-workspace/.dependencies/checkouts/YCoreUI/Sources/YCoreUI/Extensions/UIKit/UIView+Animation.swift /Users/admin/builder/spi-builder-workspace/.dependencies/checkouts/YCoreUI/Sources/YCoreUI/Extensions/UIKit/UIView+constrain.swift /Users/admin/builder/spi-builder-workspace/.dependencies/checkouts/YCoreUI/Sources/YCoreUI/Extensions/UIKit/UIView+constrainAnchor.swift /Users/admin/builder/spi-builder-workspace/.dependencies/checkouts/YCoreUI/Sources/YCoreUI/Extensions/UIKit/UIView+constrainAspectRatio.swift /Users/admin/builder/spi-builder-workspace/.dependencies/checkouts/YCoreUI/Sources/YCoreUI/Extensions/UIKit/UIView+constrainBelow.swift /Users/admin/builder/spi-builder-workspace/.dependencies/checkouts/YCoreUI/Sources/YCoreUI/Extensions/UIKit/UIView+constrainCenter.swift /Users/admin/builder/spi-builder-workspace/.dependencies/checkouts/YCoreUI/Sources/YCoreUI/Extensions/UIKit/UIView+constrainEdges.swift /Users/admin/builder/spi-builder-workspace/.dependencies/checkouts/YCoreUI/Sources/YCoreUI/Extensions/UIKit/UIView+constrainEdgesToMargins.swift /Users/admin/builder/spi-builder-workspace/.dependencies/checkouts/YCoreUI/Sources/YCoreUI/Extensions/UIKit/UIView+constrainSize.swift /Users/admin/builder/spi-builder-workspace/.dependencies/checkouts/YCoreUI/Sources/YCoreUI/Foundations/Animation.swift /Users/admin/builder/spi-builder-workspace/.dependencies/checkouts/YCoreUI/Sources/YCoreUI/Foundations/Elevation.swift /Users/admin/builder/spi-builder-workspace/.dependencies/checkouts/YCoreUI/Sources/YCoreUI/Protocols/Anchorable.swift /Users/admin/builder/spi-builder-workspace/.dependencies/checkouts/YCoreUI/Sources/YCoreUI/Protocols/Colorable.swift /Users/admin/builder/spi-builder-workspace/.dependencies/checkouts/YCoreUI/Sources/YCoreUI/Protocols/ImageAsset.swift /Users/admin/builder/spi-builder-workspace/.dependencies/checkouts/YCoreUI/Sources/YCoreUI/Protocols/Localizable.swift /Users/admin/builder/spi-builder-workspace/.dependencies/checkouts/YCoreUI/Sources/YCoreUI/Protocols/SystemImage.swift /Users/admin/builder/spi-builder-workspace/.dependencies/checkouts/YCoreUI/Sources/YCoreUI/YCoreUI+Logging.swift -target arm64-apple-xros1.0 -disable-cross-import-overlay-search -load-resolved-plugin /Applications/Xcode-27.0.0-Release.Candidate.app/Contents/Developer/Platforms/XROS.platform/Developer/usr/lib/swift/host/plugins/libFoundationMacros.dylib\#/Applications/Xcode-27.0.0-Release.Candidate.app/Contents/Developer/Platforms/XROS.platform/Developer/usr/bin/swift-plugin-server\#FoundationMacros -load-resolved-plugin /Applications/Xcode-27.0.0-Release.Candidate.app/Contents/Developer/Platforms/XROS.platform/Developer/usr/lib/swift/host/plugins/libObservationMacros.dylib\#/Applications/Xcode-27.0.0-Release.Candidate.app/Contents/Developer/Platforms/XROS.platform/Developer/usr/bin/swift-plugin-server\#ObservationMacros -load-resolved-plugin /Applications/Xcode-27.0.0-Release.Candidate.app/Contents/Developer/Platforms/XROS.platform/Developer/usr/lib/swift/host/plugins/libPreviewsMacros.dylib\#/Applications/Xcode-27.0.0-Release.Candidate.app/Contents/Developer/Platforms/XROS.platform/Developer/usr/bin/swift-plugin-server\#PreviewsMacros -load-resolved-plugin /Applications/Xcode-27.0.0-Release.Candidate.app/Contents/Developer/Platforms/XROS.platform/Developer/usr/lib/swift/host/plugins/libSwiftMacros.dylib\#/Applications/Xcode-27.0.0-Release.Candidate.app/Contents/Developer/Platforms/XROS.platform/Developer/usr/bin/swift-plugin-server\#SwiftMacros -load-resolved-plugin /Applications/Xcode-27.0.0-Release.Candidate.app/Contents/Developer/Platforms/XROS.platform/Developer/usr/lib/swift/host/plugins/libSwiftUIMacros.dylib\#/Applications/Xcode-27.0.0-Release.Candidate.app/Contents/Developer/Platforms/XROS.platform/Developer/usr/bin/swift-plugin-server\#SwiftUIMacros -disable-implicit-swift-modules -Xcc -fno-implicit-modules -Xcc -fno-implicit-module-maps -explicit-swift-module-map-file /Users/admin/builder/spi-builder-workspace/.derivedData/Build/Intermediates.noindex/YCoreUI.build/Debug-xros/YCoreUI-t.build/Objects-normal/arm64/YCoreUI-dependencies-1.json -Xllvm -aarch64-use-tbi -enable-objc-interop -stack-check -sdk /Applications/Xcode-27.0.0-Release.Candidate.app/Contents/Developer/Platforms/XROS.platform/Developer/SDKs/XROS27.0.sdk -I /Users/admin/builder/spi-builder-workspace/.derivedData/Build/Products/Debug-xros -Isystem /Applications/Xcode-27.0.0-Release.Candidate.app/Contents/Developer/Platforms/XROS.platform/Developer/usr/lib -F /Users/admin/builder/spi-builder-workspace/.derivedData/Build/Products/Debug-xros -F /Applications/Xcode-27.0.0-Release.Candidate.app/Contents/Developer/Platforms/XROS.platform/Developer/Library/Frameworks -F /Applications/Xcode-27.0.0-Release.Candidate.app/Contents/Developer/Platforms/XROS.platform/Developer/SDKs/XROS27.0.sdk/Developer/Library/Frameworks -module-cache-path /Users/admin/builder/spi-builder-workspace/.derivedData/Build/Intermediates.noindex/SwiftExplicitPrecompiledModules -no-color-diagnostics -Xcc -fno-color-diagnostics -enable-testing -g -debug-info-format\=dwarf -dwarf-version\=4 -suppress-warnings -profile-generate -profile-coverage-mapping -swift-version 5 -Onone -D SWIFT_PACKAGE -D DEBUG -D SWIFT_MODULE_RESOURCE_BUNDLE_UNAVAILABLE -D Xcode -serialize-debugging-options -enable-experimental-feature DebugDescriptionMacro -empty-abi-descriptor -validate-clang-modules-once -clang-build-session-file /Users/admin/builder/spi-builder-workspace/.derivedData/ModuleCache.noindex/Session.modulevalidation -Xcc -working-directory -Xcc /Users/admin/builder/spi-builder-workspace/.swiftpm/xcode -enable-anonymous-context-mangled-names -file-compilation-dir /Users/admin/builder/spi-builder-workspace/.swiftpm/xcode -Xcc -D_LIBCPP_HARDENING_MODE\=_LIBCPP_HARDENING_MODE_DEBUG -Xcc -ivfsstatcache -Xcc /Users/admin/builder/spi-builder-workspace/.derivedData/SDKStatCaches.noindex/xros27.0-24M361-e829b21a6f8c9b70876ba0858053c044735bd543db762f57723cac368afd1ce4.sdkstatcache -Xcc -fmodules-prune-interval\=86400 -Xcc -fmodules-prune-after\=345600 -Xcc -I/Users/admin/builder/spi-builder-workspace/.derivedData/Build/Products/Debug-xros/include -Xcc -I/Users/admin/builder/spi-builder-workspace/.derivedData/Build/Intermediates.noindex/YCoreUI.build/Debug-xros/YCoreUI-t.build/DerivedSources-normal/arm64 -Xcc -I/Users/admin/builder/spi-builder-workspace/.derivedData/Build/Intermediates.noindex/YCoreUI.build/Debug-xros/YCoreUI-t.build/DerivedSources/arm64 -Xcc -I/Users/admin/builder/spi-builder-workspace/.derivedData/Build/Intermediates.noindex/YCoreUI.build/Debug-xros/YCoreUI-t.build/DerivedSources -Xcc -DSWIFT_PACKAGE -Xcc -DDEBUG\=1 -no-auto-bridging-header-chaining -module-name YCoreUI -const-gather-protocols-file /Users/admin/builder/spi-builder-workspace/.derivedData/Build/Intermediates.noindex/YCoreUI.build/Debug-xros/YCoreUI-t.build/Objects-normal/arm64/YCoreUI_const_extract_protocols.json -disable-clang-spi -clang-target arm64-apple-xros27.0 -target-sdk-version 27.0 -target-sdk-name xros27.0 -in-process-plugin-server-path /Applications/Xcode-27.0.0-Release.Candidate.app/Contents/Developer/Toolchains/XcodeDefault.xctoolchain/usr/lib/swift/host/libSwiftInProcPluginServer.dylib -emit-module-doc-path /Users/admin/builder/spi-builder-workspace/.derivedData/Build/Intermediates.noindex/YCoreUI.build/Debug-xros/YCoreUI-t.build/Objects-normal/arm64/YCoreUI.swiftdoc -emit-module-source-info-path /Users/admin/builder/spi-builder-workspace/.derivedData/Build/Intermediates.noindex/YCoreUI.build/Debug-xros/YCoreUI-t.build/Objects-normal/arm64/YCoreUI.swiftsourceinfo -emit-objc-header-path /Users/admin/builder/spi-builder-workspace/.derivedData/Build/Intermediates.noindex/YCoreUI.build/Debug-xros/YCoreUI-t.build/Objects-normal/arm64/YCoreUI-Swift.h -serialize-diagnostics-path /Users/admin/builder/spi-builder-workspace/.derivedData/Build/Intermediates.noindex/YCoreUI.build/Debug-xros/YCoreUI-t.build/Objects-normal/arm64/YCoreUI-primary-emit-module.dia -emit-dependencies-path /Users/admin/builder/spi-builder-workspace/.derivedData/Build/Intermediates.noindex/YCoreUI.build/Debug-xros/YCoreUI-t.build/Objects-normal/arm64/YCoreUI-primary-emit-module.d -parse-as-library -o /Users/admin/builder/spi-builder-workspace/.derivedData/Build/Intermediates.noindex/YCoreUI.build/Debug-xros/YCoreUI-t.build/Objects-normal/arm64/YCoreUI.swiftmodule -emit-abi-descriptor-path /Users/admin/builder/spi-builder-workspace/.derivedData/Build/Intermediates.noindex/YCoreUI.build/Debug-xros/YCoreUI-t.build/Objects-normal/arm64/YCoreUI.abi.json
SwiftCompile normal arm64 Compiling\ Localizable.swift,\ SystemImage.swift,\ YCoreUI+Logging.swift /Users/admin/builder/spi-builder-workspace/.dependencies/checkouts/YCoreUI/Sources/YCoreUI/Protocols/Localizable.swift /Users/admin/builder/spi-builder-workspace/.dependencies/checkouts/YCoreUI/Sources/YCoreUI/Protocols/SystemImage.swift /Users/admin/builder/spi-builder-workspace/.dependencies/checkouts/YCoreUI/Sources/YCoreUI/YCoreUI+Logging.swift (in target 'YCoreUI' from project 'YCoreUI')
SwiftCompile normal arm64 /Users/admin/builder/spi-builder-workspace/.dependencies/checkouts/YCoreUI/Sources/YCoreUI/Protocols/Localizable.swift (in target 'YCoreUI' from project 'YCoreUI')
cd /Users/admin/builder/spi-builder-workspace/.swiftpm/xcode
builtin-SwiftPerFileCompile Localizable.swift
SwiftCompile normal arm64 /Users/admin/builder/spi-builder-workspace/.dependencies/checkouts/YCoreUI/Sources/YCoreUI/Protocols/SystemImage.swift (in target 'YCoreUI' from project 'YCoreUI')
cd /Users/admin/builder/spi-builder-workspace/.swiftpm/xcode
builtin-SwiftPerFileCompile SystemImage.swift
SwiftCompile normal arm64 /Users/admin/builder/spi-builder-workspace/.dependencies/checkouts/YCoreUI/Sources/YCoreUI/YCoreUI+Logging.swift (in target 'YCoreUI' from project 'YCoreUI')
cd /Users/admin/builder/spi-builder-workspace/.swiftpm/xcode
builtin-SwiftPerFileCompile YCoreUI+Logging.swift
SwiftExplicitDependencyGeneratePcm arm64 /Users/admin/builder/spi-builder-workspace/.derivedData/SDKExplicitPrecompiledModules/GameController-7QL0VMQHE24OWQFUR0UFT89DW.pcm
SwiftExplicitDependencyGeneratePcm arm64 /Users/admin/builder/spi-builder-workspace/.derivedData/SDKExplicitPrecompiledModules/SwiftUI-77PUPXISY3V3TUF5FJEHUQC86.pcm
SwiftCompile normal arm64 Compiling\ Anchorable.swift,\ Colorable.swift,\ ImageAsset.swift /Users/admin/builder/spi-builder-workspace/.dependencies/checkouts/YCoreUI/Sources/YCoreUI/Protocols/Anchorable.swift /Users/admin/builder/spi-builder-workspace/.dependencies/checkouts/YCoreUI/Sources/YCoreUI/Protocols/Colorable.swift /Users/admin/builder/spi-builder-workspace/.dependencies/checkouts/YCoreUI/Sources/YCoreUI/Protocols/ImageAsset.swift (in target 'YCoreUI' from project 'YCoreUI')
SwiftCompile normal arm64 /Users/admin/builder/spi-builder-workspace/.dependencies/checkouts/YCoreUI/Sources/YCoreUI/Protocols/Anchorable.swift (in target 'YCoreUI' from project 'YCoreUI')
cd /Users/admin/builder/spi-builder-workspace/.swiftpm/xcode
builtin-SwiftPerFileCompile Anchorable.swift
SwiftCompile normal arm64 /Users/admin/builder/spi-builder-workspace/.dependencies/checkouts/YCoreUI/Sources/YCoreUI/Protocols/Colorable.swift (in target 'YCoreUI' from project 'YCoreUI')
cd /Users/admin/builder/spi-builder-workspace/.swiftpm/xcode
builtin-SwiftPerFileCompile Colorable.swift
SwiftCompile normal arm64 /Users/admin/builder/spi-builder-workspace/.dependencies/checkouts/YCoreUI/Sources/YCoreUI/Protocols/ImageAsset.swift (in target 'YCoreUI' from project 'YCoreUI')
cd /Users/admin/builder/spi-builder-workspace/.swiftpm/xcode
builtin-SwiftPerFileCompile ImageAsset.swift
SwiftCompile normal arm64 Compiling\ UIView+constrainSize.swift,\ Animation.swift,\ Elevation.swift /Users/admin/builder/spi-builder-workspace/.dependencies/checkouts/YCoreUI/Sources/YCoreUI/Extensions/UIKit/UIView+constrainSize.swift /Users/admin/builder/spi-builder-workspace/.dependencies/checkouts/YCoreUI/Sources/YCoreUI/Foundations/Animation.swift /Users/admin/builder/spi-builder-workspace/.dependencies/checkouts/YCoreUI/Sources/YCoreUI/Foundations/Elevation.swift (in target 'YCoreUI' from project 'YCoreUI')
SwiftCompile normal arm64 /Users/admin/builder/spi-builder-workspace/.dependencies/checkouts/YCoreUI/Sources/YCoreUI/Extensions/UIKit/UIView+constrainSize.swift (in target 'YCoreUI' from project 'YCoreUI')
cd /Users/admin/builder/spi-builder-workspace/.swiftpm/xcode
builtin-SwiftPerFileCompile UIView+constrainSize.swift
SwiftCompile normal arm64 /Users/admin/builder/spi-builder-workspace/.dependencies/checkouts/YCoreUI/Sources/YCoreUI/Foundations/Animation.swift (in target 'YCoreUI' from project 'YCoreUI')
cd /Users/admin/builder/spi-builder-workspace/.swiftpm/xcode
builtin-SwiftPerFileCompile Animation.swift
SwiftCompile normal arm64 /Users/admin/builder/spi-builder-workspace/.dependencies/checkouts/YCoreUI/Sources/YCoreUI/Foundations/Elevation.swift (in target 'YCoreUI' from project 'YCoreUI')
cd /Users/admin/builder/spi-builder-workspace/.swiftpm/xcode
builtin-SwiftPerFileCompile Elevation.swift
SwiftCompile normal arm64 Compiling\ UITraitCollection+colorSpaces.swift,\ UIView+Animation.swift,\ UIView+constrain.swift /Users/admin/builder/spi-builder-workspace/.dependencies/checkouts/YCoreUI/Sources/YCoreUI/Extensions/UIKit/UITraitCollection+colorSpaces.swift /Users/admin/builder/spi-builder-workspace/.dependencies/checkouts/YCoreUI/Sources/YCoreUI/Extensions/UIKit/UIView+Animation.swift /Users/admin/builder/spi-builder-workspace/.dependencies/checkouts/YCoreUI/Sources/YCoreUI/Extensions/UIKit/UIView+constrain.swift (in target 'YCoreUI' from project 'YCoreUI')
SwiftCompile normal arm64 /Users/admin/builder/spi-builder-workspace/.dependencies/checkouts/YCoreUI/Sources/YCoreUI/Extensions/UIKit/UITraitCollection+colorSpaces.swift (in target 'YCoreUI' from project 'YCoreUI')
cd /Users/admin/builder/spi-builder-workspace/.swiftpm/xcode
builtin-SwiftPerFileCompile UITraitCollection+colorSpaces.swift
SwiftCompile normal arm64 /Users/admin/builder/spi-builder-workspace/.dependencies/checkouts/YCoreUI/Sources/YCoreUI/Extensions/UIKit/UIView+Animation.swift (in target 'YCoreUI' from project 'YCoreUI')
cd /Users/admin/builder/spi-builder-workspace/.swiftpm/xcode
builtin-SwiftPerFileCompile UIView+Animation.swift
SwiftCompile normal arm64 /Users/admin/builder/spi-builder-workspace/.dependencies/checkouts/YCoreUI/Sources/YCoreUI/Extensions/UIKit/UIView+constrain.swift (in target 'YCoreUI' from project 'YCoreUI')
cd /Users/admin/builder/spi-builder-workspace/.swiftpm/xcode
builtin-SwiftPerFileCompile UIView+constrain.swift
SwiftCompile normal arm64 Compiling\ UIEdgeInsets+horizontal.swift,\ UIEdgeInsets+init.swift,\ UIScreen+scaleFactor.swift,\ UIScrollView+keyboardNotifications.swift /Users/admin/builder/spi-builder-workspace/.dependencies/checkouts/YCoreUI/Sources/YCoreUI/Extensions/UIKit/UIEdgeInsets+horizontal.swift /Users/admin/builder/spi-builder-workspace/.dependencies/checkouts/YCoreUI/Sources/YCoreUI/Extensions/UIKit/UIEdgeInsets+init.swift /Users/admin/builder/spi-builder-workspace/.dependencies/checkouts/YCoreUI/Sources/YCoreUI/Extensions/UIKit/UIScreen+scaleFactor.swift /Users/admin/builder/spi-builder-workspace/.dependencies/checkouts/YCoreUI/Sources/YCoreUI/Extensions/UIKit/UIScrollView+keyboardNotifications.swift (in target 'YCoreUI' from project 'YCoreUI')
SwiftCompile normal arm64 /Users/admin/builder/spi-builder-workspace/.dependencies/checkouts/YCoreUI/Sources/YCoreUI/Extensions/UIKit/UIEdgeInsets+horizontal.swift (in target 'YCoreUI' from project 'YCoreUI')
cd /Users/admin/builder/spi-builder-workspace/.swiftpm/xcode
builtin-SwiftPerFileCompile UIEdgeInsets+horizontal.swift
SwiftCompile normal arm64 /Users/admin/builder/spi-builder-workspace/.dependencies/checkouts/YCoreUI/Sources/YCoreUI/Extensions/UIKit/UIEdgeInsets+init.swift (in target 'YCoreUI' from project 'YCoreUI')
cd /Users/admin/builder/spi-builder-workspace/.swiftpm/xcode
builtin-SwiftPerFileCompile UIEdgeInsets+init.swift
SwiftCompile normal arm64 /Users/admin/builder/spi-builder-workspace/.dependencies/checkouts/YCoreUI/Sources/YCoreUI/Extensions/UIKit/UIScreen+scaleFactor.swift (in target 'YCoreUI' from project 'YCoreUI')
cd /Users/admin/builder/spi-builder-workspace/.swiftpm/xcode
builtin-SwiftPerFileCompile UIScreen+scaleFactor.swift
SwiftCompile normal arm64 /Users/admin/builder/spi-builder-workspace/.dependencies/checkouts/YCoreUI/Sources/YCoreUI/Extensions/UIKit/UIScrollView+keyboardNotifications.swift (in target 'YCoreUI' from project 'YCoreUI')
cd /Users/admin/builder/spi-builder-workspace/.swiftpm/xcode
builtin-SwiftPerFileCompile UIScrollView+keyboardNotifications.swift
SwiftCompile normal arm64 Compiling\ UIColor+rgb.swift,\ UIColor+rgbComponents.swift,\ UIColor+rgbValue.swift,\ UIEdgeInsets+directional.swift /Users/admin/builder/spi-builder-workspace/.dependencies/checkouts/YCoreUI/Sources/YCoreUI/Extensions/UIKit/UIColor+rgb.swift /Users/admin/builder/spi-builder-workspace/.dependencies/checkouts/YCoreUI/Sources/YCoreUI/Extensions/UIKit/UIColor+rgbComponents.swift /Users/admin/builder/spi-builder-workspace/.dependencies/checkouts/YCoreUI/Sources/YCoreUI/Extensions/UIKit/UIColor+rgbValue.swift /Users/admin/builder/spi-builder-workspace/.dependencies/checkouts/YCoreUI/Sources/YCoreUI/Extensions/UIKit/UIEdgeInsets+directional.swift (in target 'YCoreUI' from project 'YCoreUI')
SwiftCompile normal arm64 /Users/admin/builder/spi-builder-workspace/.dependencies/checkouts/YCoreUI/Sources/YCoreUI/Extensions/UIKit/UIColor+rgb.swift (in target 'YCoreUI' from project 'YCoreUI')
cd /Users/admin/builder/spi-builder-workspace/.swiftpm/xcode
builtin-SwiftPerFileCompile UIColor+rgb.swift
SwiftCompile normal arm64 /Users/admin/builder/spi-builder-workspace/.dependencies/checkouts/YCoreUI/Sources/YCoreUI/Extensions/UIKit/UIColor+rgbComponents.swift (in target 'YCoreUI' from project 'YCoreUI')
cd /Users/admin/builder/spi-builder-workspace/.swiftpm/xcode
builtin-SwiftPerFileCompile UIColor+rgbComponents.swift
SwiftCompile normal arm64 /Users/admin/builder/spi-builder-workspace/.dependencies/checkouts/YCoreUI/Sources/YCoreUI/Extensions/UIKit/UIColor+rgbValue.swift (in target 'YCoreUI' from project 'YCoreUI')
cd /Users/admin/builder/spi-builder-workspace/.swiftpm/xcode
builtin-SwiftPerFileCompile UIColor+rgbValue.swift
SwiftCompile normal arm64 /Users/admin/builder/spi-builder-workspace/.dependencies/checkouts/YCoreUI/Sources/YCoreUI/Extensions/UIKit/UIEdgeInsets+directional.swift (in target 'YCoreUI' from project 'YCoreUI')
cd /Users/admin/builder/spi-builder-workspace/.swiftpm/xcode
builtin-SwiftPerFileCompile UIEdgeInsets+directional.swift
SwiftCompile normal arm64 Compiling\ FormViewController.swift,\ CGFloat+rounded.swift,\ CGSize+inset.swift,\ String+Localizable.swift /Users/admin/builder/spi-builder-workspace/.dependencies/checkouts/YCoreUI/Sources/YCoreUI/Components/FormViewController.swift /Users/admin/builder/spi-builder-workspace/.dependencies/checkouts/YCoreUI/Sources/YCoreUI/Extensions/Foundation/CGFloat+rounded.swift /Users/admin/builder/spi-builder-workspace/.dependencies/checkouts/YCoreUI/Sources/YCoreUI/Extensions/Foundation/CGSize+inset.swift /Users/admin/builder/spi-builder-workspace/.dependencies/checkouts/YCoreUI/Sources/YCoreUI/Extensions/Foundation/String+Localizable.swift (in target 'YCoreUI' from project 'YCoreUI')
/Users/admin/builder/spi-builder-workspace/.dependencies/checkouts/YCoreUI/Sources/YCoreUI/Extensions/Foundation/CGFloat+rounded.swift:20:16: error: 'UIScreen' is unavailable in visionOS
18 | public func rounded(
19 | _ rule: FloatingPointRoundingRule = .toNearestOrAwayFromZero,
20 | scale: UIScreen.ScaleFactor
| `- error: 'UIScreen' is unavailable in visionOS
21 | ) -> CGFloat {
22 | (self * scale.rawValue).rounded(rule) / scale.rawValue
/Applications/Xcode-27.0.0-Release.Candidate.app/Contents/Developer/Platforms/XROS.platform/Developer/SDKs/XROS27.0.sdk/System/Library/Frameworks/UIKit.framework/Headers/UIScreen.h:54:12: note: 'UIScreen' has been explicitly marked unavailable here
52 |
53 | UIKIT_EXTERN API_AVAILABLE(ios(2.0)) API_UNAVAILABLE(visionos, watchos) NS_SWIFT_UI_ACTOR
54 | @interface UIScreen : NSObject <UITraitEnvironment>
| `- note: 'UIScreen' has been explicitly marked unavailable here
55 |
56 | @property(class, nonatomic, readonly) NSArray<UIScreen *> *screens API_DEPRECATED("Use UIApplication.shared.openSessions to find open sessions with scenes from other screens", ios(3.2, 16.0), visionos(1.0, 1.0)) API_UNAVAILABLE(watchos); // all screens currently attached to the device
/Users/admin/builder/spi-builder-workspace/.dependencies/checkouts/YCoreUI/Sources/YCoreUI/Extensions/Foundation/CGFloat+rounded.swift:29:32: error: 'UIScreen' is unavailable in visionOS
27 | /// - Parameter scale: the scale to apply, default is current screen scale
28 | /// - Returns: the value floored to 1/scale
29 | public func floored(scale: UIScreen.ScaleFactor = UIScreen.main.scaleFactor) -> CGFloat {
| `- error: 'UIScreen' is unavailable in visionOS
30 | rounded(.down, scale: scale)
31 | }
/Applications/Xcode-27.0.0-Release.Candidate.app/Contents/Developer/Platforms/XROS.platform/Developer/SDKs/XROS27.0.sdk/System/Library/Frameworks/UIKit.framework/Headers/UIScreen.h:54:12: note: 'UIScreen' has been explicitly marked unavailable here
52 |
53 | UIKIT_EXTERN API_AVAILABLE(ios(2.0)) API_UNAVAILABLE(visionos, watchos) NS_SWIFT_UI_ACTOR
54 | @interface UIScreen : NSObject <UITraitEnvironment>
| `- note: 'UIScreen' has been explicitly marked unavailable here
55 |
56 | @property(class, nonatomic, readonly) NSArray<UIScreen *> *screens API_DEPRECATED("Use UIApplication.shared.openSessions to find open sessions with scenes from other screens", ios(3.2, 16.0), visionos(1.0, 1.0)) API_UNAVAILABLE(watchos); // all screens currently attached to the device
/Users/admin/builder/spi-builder-workspace/.dependencies/checkouts/YCoreUI/Sources/YCoreUI/Extensions/Foundation/CGFloat+rounded.swift:29:55: error: 'UIScreen' is unavailable in visionOS
27 | /// - Parameter scale: the scale to apply, default is current screen scale
28 | /// - Returns: the value floored to 1/scale
29 | public func floored(scale: UIScreen.ScaleFactor = UIScreen.main.scaleFactor) -> CGFloat {
| `- error: 'UIScreen' is unavailable in visionOS
30 | rounded(.down, scale: scale)
31 | }
/Applications/Xcode-27.0.0-Release.Candidate.app/Contents/Developer/Platforms/XROS.platform/Developer/SDKs/XROS27.0.sdk/System/Library/Frameworks/UIKit.framework/Headers/UIScreen.h:54:12: note: 'UIScreen' has been explicitly marked unavailable here
52 |
53 | UIKIT_EXTERN API_AVAILABLE(ios(2.0)) API_UNAVAILABLE(visionos, watchos) NS_SWIFT_UI_ACTOR
54 | @interface UIScreen : NSObject <UITraitEnvironment>
| `- note: 'UIScreen' has been explicitly marked unavailable here
55 |
56 | @property(class, nonatomic, readonly) NSArray<UIScreen *> *screens API_DEPRECATED("Use UIApplication.shared.openSessions to find open sessions with scenes from other screens", ios(3.2, 16.0), visionos(1.0, 1.0)) API_UNAVAILABLE(watchos); // all screens currently attached to the device
/Users/admin/builder/spi-builder-workspace/.dependencies/checkouts/YCoreUI/Sources/YCoreUI/Extensions/Foundation/CGFloat+rounded.swift:37:31: error: 'UIScreen' is unavailable in visionOS
35 | /// - Parameter scale: the scale to apply, default is current screen scale
36 | /// - Returns: the value ceiled to 1/scale
37 | public func ceiled(scale: UIScreen.ScaleFactor = UIScreen.main.scaleFactor) -> CGFloat {
| `- error: 'UIScreen' is unavailable in visionOS
38 | rounded(.up, scale: scale)
39 | }
/Applications/Xcode-27.0.0-Release.Candidate.app/Contents/Developer/Platforms/XROS.platform/Developer/SDKs/XROS27.0.sdk/System/Library/Frameworks/UIKit.framework/Headers/UIScreen.h:54:12: note: 'UIScreen' has been explicitly marked unavailable here
52 |
53 | UIKIT_EXTERN API_AVAILABLE(ios(2.0)) API_UNAVAILABLE(visionos, watchos) NS_SWIFT_UI_ACTOR
54 | @interface UIScreen : NSObject <UITraitEnvironment>
| `- note: 'UIScreen' has been explicitly marked unavailable here
55 |
56 | @property(class, nonatomic, readonly) NSArray<UIScreen *> *screens API_DEPRECATED("Use UIApplication.shared.openSessions to find open sessions with scenes from other screens", ios(3.2, 16.0), visionos(1.0, 1.0)) API_UNAVAILABLE(watchos); // all screens currently attached to the device
SwiftCompile normal arm64 /Users/admin/builder/spi-builder-workspace/.dependencies/checkouts/YCoreUI/Sources/YCoreUI/Components/FormViewController.swift (in target 'YCoreUI' from project 'YCoreUI')
cd /Users/admin/builder/spi-builder-workspace/.swiftpm/xcode
builtin-SwiftPerFileCompile FormViewController.swift
SwiftCompile normal arm64 /Users/admin/builder/spi-builder-workspace/.dependencies/checkouts/YCoreUI/Sources/YCoreUI/Extensions/Foundation/CGFloat+rounded.swift (in target 'YCoreUI' from project 'YCoreUI')
cd /Users/admin/builder/spi-builder-workspace/.swiftpm/xcode
builtin-SwiftPerFileCompile CGFloat+rounded.swift
SwiftCompile normal arm64 /Users/admin/builder/spi-builder-workspace/.dependencies/checkouts/YCoreUI/Sources/YCoreUI/Extensions/Foundation/CGSize+inset.swift (in target 'YCoreUI' from project 'YCoreUI')
cd /Users/admin/builder/spi-builder-workspace/.swiftpm/xcode
builtin-SwiftPerFileCompile CGSize+inset.swift
SwiftCompile normal arm64 /Users/admin/builder/spi-builder-workspace/.dependencies/checkouts/YCoreUI/Sources/YCoreUI/Extensions/Foundation/String+Localizable.swift (in target 'YCoreUI' from project 'YCoreUI')
cd /Users/admin/builder/spi-builder-workspace/.swiftpm/xcode
builtin-SwiftPerFileCompile String+Localizable.swift
SwiftExplicitDependencyGeneratePcm arm64 /Users/admin/builder/spi-builder-workspace/.derivedData/SDKExplicitPrecompiledModules/ARKit-27VDPOZ50FG2MJG7OFV6IFQYQ.pcm
SwiftCompile normal arm64 Compiling\ NSDirectionalEdgeInsets+horizontal.swift,\ NSDirectionalEdgeInsets+init.swift,\ UIColor+WCAG.swift,\ UIColor+blended.swift /Users/admin/builder/spi-builder-workspace/.dependencies/checkouts/YCoreUI/Sources/YCoreUI/Extensions/UIKit/NSDirectionalEdgeInsets+horizontal.swift /Users/admin/builder/spi-builder-workspace/.dependencies/checkouts/YCoreUI/Sources/YCoreUI/Extensions/UIKit/NSDirectionalEdgeInsets+init.swift /Users/admin/builder/spi-builder-workspace/.dependencies/checkouts/YCoreUI/Sources/YCoreUI/Extensions/UIKit/UIColor+WCAG.swift /Users/admin/builder/spi-builder-workspace/.dependencies/checkouts/YCoreUI/Sources/YCoreUI/Extensions/UIKit/UIColor+blended.swift (in target 'YCoreUI' from project 'YCoreUI')
SwiftCompile normal arm64 /Users/admin/builder/spi-builder-workspace/.dependencies/checkouts/YCoreUI/Sources/YCoreUI/Extensions/UIKit/NSDirectionalEdgeInsets+horizontal.swift (in target 'YCoreUI' from project 'YCoreUI')
cd /Users/admin/builder/spi-builder-workspace/.swiftpm/xcode
builtin-SwiftPerFileCompile NSDirectionalEdgeInsets+horizontal.swift
SwiftCompile normal arm64 /Users/admin/builder/spi-builder-workspace/.dependencies/checkouts/YCoreUI/Sources/YCoreUI/Extensions/UIKit/NSDirectionalEdgeInsets+init.swift (in target 'YCoreUI' from project 'YCoreUI')
cd /Users/admin/builder/spi-builder-workspace/.swiftpm/xcode
builtin-SwiftPerFileCompile NSDirectionalEdgeInsets+init.swift
SwiftCompile normal arm64 /Users/admin/builder/spi-builder-workspace/.dependencies/checkouts/YCoreUI/Sources/YCoreUI/Extensions/UIKit/UIColor+WCAG.swift (in target 'YCoreUI' from project 'YCoreUI')
cd /Users/admin/builder/spi-builder-workspace/.swiftpm/xcode
builtin-SwiftPerFileCompile UIColor+WCAG.swift
SwiftCompile normal arm64 /Users/admin/builder/spi-builder-workspace/.dependencies/checkouts/YCoreUI/Sources/YCoreUI/Extensions/UIKit/UIColor+blended.swift (in target 'YCoreUI' from project 'YCoreUI')
cd /Users/admin/builder/spi-builder-workspace/.swiftpm/xcode
builtin-SwiftPerFileCompile UIColor+blended.swift
SwiftCompile normal arm64 Compiling\ UIView+constrainAnchor.swift,\ UIView+constrainAspectRatio.swift,\ UIView+constrainBelow.swift /Users/admin/builder/spi-builder-workspace/.dependencies/checkouts/YCoreUI/Sources/YCoreUI/Extensions/UIKit/UIView+constrainAnchor.swift /Users/admin/builder/spi-builder-workspace/.dependencies/checkouts/YCoreUI/Sources/YCoreUI/Extensions/UIKit/UIView+constrainAspectRatio.swift /Users/admin/builder/spi-builder-workspace/.dependencies/checkouts/YCoreUI/Sources/YCoreUI/Extensions/UIKit/UIView+constrainBelow.swift (in target 'YCoreUI' from project 'YCoreUI')
SwiftCompile normal arm64 /Users/admin/builder/spi-builder-workspace/.dependencies/checkouts/YCoreUI/Sources/YCoreUI/Extensions/UIKit/UIView+constrainAnchor.swift (in target 'YCoreUI' from project 'YCoreUI')
cd /Users/admin/builder/spi-builder-workspace/.swiftpm/xcode
builtin-SwiftPerFileCompile UIView+constrainAnchor.swift
SwiftCompile normal arm64 /Users/admin/builder/spi-builder-workspace/.dependencies/checkouts/YCoreUI/Sources/YCoreUI/Extensions/UIKit/UIView+constrainAspectRatio.swift (in target 'YCoreUI' from project 'YCoreUI')
cd /Users/admin/builder/spi-builder-workspace/.swiftpm/xcode
builtin-SwiftPerFileCompile UIView+constrainAspectRatio.swift
SwiftCompile normal arm64 /Users/admin/builder/spi-builder-workspace/.dependencies/checkouts/YCoreUI/Sources/YCoreUI/Extensions/UIKit/UIView+constrainBelow.swift (in target 'YCoreUI' from project 'YCoreUI')
cd /Users/admin/builder/spi-builder-workspace/.swiftpm/xcode
builtin-SwiftPerFileCompile UIView+constrainBelow.swift
SwiftEmitModule normal arm64 Emitting\ module\ for\ YMatterType (in target 'YMatterType' from project 'YMatterType')
SwiftCompile normal arm64 (in target 'YMatterType' from project 'YMatterType')
cd /Users/admin/builder/spi-builder-workspace/.swiftpm/xcode
PruneExplicitPrecompiledModules /Users/admin/builder/spi-builder-workspace/.derivedData/SDKExplicitPrecompiledModules
PruneExplicitPrecompiledModules /Users/admin/builder/spi-builder-workspace/.derivedData/Build/Intermediates.noindex/SwiftExplicitPrecompiledModules
PruneExplicitPrecompiledModules /Users/admin/builder/spi-builder-workspace/.derivedData/Build/Intermediates.noindex/ExplicitPrecompiledModules
2026-09-19 13:55:49.185 xcodebuild[724:4583] [MT] IDERunDestination: Supported platforms for the buildables in the current scheme is empty.
2026-09-19 13:55:49.329 xcodebuild[724:4583] [MT] IDERunDestination: Supported platforms for the buildables in the current scheme is empty.
** BUILD FAILED **
The following build commands failed:
SwiftCompile normal arm64 (in target 'YCoreUI' from project 'YCoreUI')
SwiftEmitModule normal arm64 Emitting\ module\ for\ YCoreUI (in target 'YCoreUI' from project 'YCoreUI')
Building workspace YTags with scheme YTags
(3 failures)
Command line invocation:
/Applications/Xcode-27.0.0-Release.Candidate.app/Contents/Developer/usr/bin/xcodebuild -IDEClonedSourcePackagesDirPathOverride=/Users/admin/builder/spi-builder-workspace/.dependencies -resolvePackageDependencies
Resolve Package Graph
Resolved source packages:
YMatterType: https://github.com/yml-org/YMatterType.git @ 1.7.0
YTags: /Users/admin/builder/spi-builder-workspace
YCoreUI: https://github.com/yml-org/YCoreUI.git @ 1.7.0
resolved source packages: YMatterType, YTags, YCoreUI
2026-09-19 13:55:58.938 xcodebuild[865:5200] [MT] IDERunDestination: Supported platforms for the buildables in the current scheme is empty.
2026-09-19 13:55:59.087 xcodebuild[865:5200] [MT] IDERunDestination: Supported platforms for the buildables in the current scheme is empty.
{
"default_localization" : "en",
"dependencies" : [
{
"identity" : "ycoreui",
"requirement" : {
"range" : [
{
"lower_bound" : "1.6.0",
"upper_bound" : "2.0.0"
}
]
},
"type" : "sourceControl",
"url" : "https://github.com/yml-org/YCoreUI.git"
},
{
"identity" : "ymattertype",
"requirement" : {
"range" : [
{
"lower_bound" : "1.6.0",
"upper_bound" : "2.0.0"
}
]
},
"type" : "sourceControl",
"url" : "https://github.com/yml-org/YMatterType.git"
}
],
"manifest_display_name" : "YTags",
"name" : "YTags",
"path" : "/Users/admin/builder/spi-builder-workspace",
"platforms" : [
{
"name" : "ios",
"version" : "14.0"
}
],
"products" : [
{
"name" : "YTags",
"targets" : [
"YTags"
],
"type" : {
"library" : [
"automatic"
]
}
}
],
"targets" : [
{
"c99name" : "YTagsTests",
"module_type" : "SwiftTarget",
"name" : "YTagsTests",
"path" : "Tests/YTagsTests",
"sources" : [
"AppearanceCloseButtonTests.swift",
"AppearanceLeadingIconTests.swift",
"Enums/TagView+ImagesTests.swift",
"Enums/TagView+StringsTests.swift",
"TagViewAppearanceLayoutTests.swift",
"TagViewAppearanceTests.swift",
"TagViewTests.swift",
"Test Helpers/XCTestCase+MemoryLeakTracking.swift"
],
"target_dependencies" : [
"YTags"
],
"type" : "test"
},
{
"c99name" : "YTags",
"module_type" : "SwiftTarget",
"name" : "YTags",
"path" : "Sources/YTags",
"product_dependencies" : [
"YCoreUI",
"YMatterType"
],
"product_memberships" : [
"YTags"
],
"resources" : [
{
"path" : "/Users/admin/builder/spi-builder-workspace/Sources/YTags/Assets/Strings/en.lproj/Localizable.strings",
"rule" : {
"process" : {
"localization" : "en"
}
}
}
],
"sources" : [
"Enums/AccessibilityIdentifiers.swift",
"Enums/YTags+Images.swift",
"Enums/YTags+Strings.swift",
"Protocols/TagViewDelegate.swift",
"TagView+Appearance.swift",
"TagView+CloseButton.swift",
"TagView+LeadingIcon.swift",
"TagView+Shape.swift",
"TagView.Appearance+Layout.swift",
"TagView.swift"
],
"type" : "library"
}
],
"tools_version" : "5.7"
}
{
"workspace" : {
"name" : "YTags",
"schemes" : [
"YCoreUI",
"YMatterType",
"YTags"
]
}
}
2026-09-19 13:56:00.261 xcodebuild[873:5267] [MT] IDERunDestination: Supported platforms for the buildables in the current scheme is empty.
2026-09-19 13:56:00.516 xcodebuild[873:5267] [MT] IDERunDestination: Supported platforms for the buildables in the current scheme is empty.
{
"workspace" : {
"name" : "YTags",
"schemes" : [
"YCoreUI",
"YMatterType",
"YTags"
]
}
}
2026-09-19 13:56:01.384 xcodebuild[875:5299] [MT] IDERunDestination: Supported platforms for the buildables in the current scheme is empty.
2026-09-19 13:56:01.514 xcodebuild[875:5299] [MT] IDERunDestination: Supported platforms for the buildables in the current scheme is empty.
Running build ...
env DEVELOPER_DIR=/Applications/Xcode-27.0.0-Release.Candidate.app xcrun xcodebuild -IDEClonedSourcePackagesDirPathOverride=$PWD/.dependencies -skipMacroValidation -skipPackagePluginValidation -derivedDataPath $PWD/.derivedData build -scheme YTags -destination generic/platform=xrOS
Command line invocation:
/Applications/Xcode-27.0.0-Release.Candidate.app/Contents/Developer/usr/bin/xcodebuild -IDEClonedSourcePackagesDirPathOverride=/Users/admin/builder/spi-builder-workspace/.dependencies -skipMacroValidation -skipPackagePluginValidation -derivedDataPath /Users/admin/builder/spi-builder-workspace/.derivedData build -scheme YTags -destination generic/platform=xrOS
Resolve Package Graph
Resolved source packages:
YMatterType: https://github.com/yml-org/YMatterType.git @ 1.7.0
YTags: /Users/admin/builder/spi-builder-workspace
YCoreUI: https://github.com/yml-org/YCoreUI.git @ 1.7.0
ComputePackagePrebuildTargetDependencyGraph
Prepare packages
CreateBuildRequest
SendProjectDescription
CreateBuildOperation
ComputeTargetDependencyGraph
note: Building targets in dependency order
note: Target dependency graph (8 targets)
Target 'YTagsTests-product' in project 'YTags'
➜ Explicit dependency on target 'YTags' in project 'YTags'
➜ Explicit dependency on target 'YCoreUI-product' in project 'YCoreUI'
➜ Explicit dependency on target 'YMatterType-product' in project 'YMatterType'
Target 'YTags-product' in project 'YTags'
➜ Explicit dependency on target 'YTags' in project 'YTags'
➜ Explicit dependency on target 'YTags_YTags' in project 'YTags'
➜ Explicit dependency on target 'YCoreUI-product' in project 'YCoreUI'
➜ Explicit dependency on target 'YMatterType-product' in project 'YMatterType'
Target 'YTags' in project 'YTags'
➜ Explicit dependency on target 'YTags_YTags' in project 'YTags'
➜ Explicit dependency on target 'YCoreUI-product' in project 'YCoreUI'
➜ Explicit dependency on target 'YMatterType-product' in project 'YMatterType'
Target 'YMatterType-product' in project 'YMatterType'
➜ Explicit dependency on target 'YMatterType' in project 'YMatterType'
Target 'YMatterType' in project 'YMatterType' (no dependencies)
Target 'YCoreUI-product' in project 'YCoreUI'
➜ Explicit dependency on target 'YCoreUI' in project 'YCoreUI'
Target 'YCoreUI' in project 'YCoreUI' (no dependencies)
Target 'YTags_YTags' in project 'YTags' (no dependencies)
GatherProvisioningInputs
CreateBuildDescription
ClangStatCache /Applications/Xcode-27.0.0-Release.Candidate.app/Contents/Developer/Toolchains/XcodeDefault.xctoolchain/usr/bin/clang-stat-cache /Applications/Xcode-27.0.0-Release.Candidate.app/Contents/Developer/Platforms/XROS.platform/Developer/SDKs/XROS27.0.sdk /Users/admin/builder/spi-builder-workspace/.derivedData/SDKStatCaches.noindex/xros27.0-24M361-e829b21a6f8c9b70876ba0858053c044735bd543db762f57723cac368afd1ce4.sdkstatcache
cd /Users/admin/builder/spi-builder-workspace/.swiftpm/xcode
/Applications/Xcode-27.0.0-Release.Candidate.app/Contents/Developer/Toolchains/XcodeDefault.xctoolchain/usr/bin/clang-stat-cache /Applications/Xcode-27.0.0-Release.Candidate.app/Contents/Developer/Platforms/XROS.platform/Developer/SDKs/XROS27.0.sdk -o /Users/admin/builder/spi-builder-workspace/.derivedData/SDKStatCaches.noindex/xros27.0-24M361-e829b21a6f8c9b70876ba0858053c044735bd543db762f57723cac368afd1ce4.sdkstatcache
SwiftDriver YMatterType normal arm64 com.apple.xcode.tools.swift.compiler (in target 'YMatterType' from project 'YMatterType')
cd /Users/admin/builder/spi-builder-workspace/.swiftpm/xcode
builtin-SwiftDriver -- /Applications/Xcode-27.0.0-Release.Candidate.app/Contents/Developer/Toolchains/XcodeDefault.xctoolchain/usr/bin/swiftc -parse-as-library -module-name YMatterType -Onone @/Users/admin/builder/spi-builder-workspace/.derivedData/Build/Intermediates.noindex/YMatterType.build/Debug-xros/YMatterType-t.build/Objects-normal/arm64/YMatterType.SwiftFileList -DSWIFT_PACKAGE -DDEBUG -DSWIFT_MODULE_RESOURCE_BUNDLE_UNAVAILABLE -DXcode -plugin-path /Applications/Xcode-27.0.0-Release.Candidate.app/Contents/Developer/Toolchains/XcodeDefault.xctoolchain/usr/lib/swift/host/plugins/testing -enable-experimental-feature DebugDescriptionMacro -sdk /Applications/Xcode-27.0.0-Release.Candidate.app/Contents/Developer/Platforms/XROS.platform/Developer/SDKs/XROS27.0.sdk -target arm64-apple-xros1.0 -g -module-cache-path /Users/admin/builder/spi-builder-workspace/.derivedData/ModuleCache.noindex -Xfrontend -serialize-debugging-options -profile-coverage-mapping -profile-generate -enable-testing -suppress-warnings -index-store-path /Users/admin/builder/spi-builder-workspace/.derivedData/Index.noindex/DataStore -Xcc -D_LIBCPP_HARDENING_MODE\=_LIBCPP_HARDENING_MODE_DEBUG -swift-version 5 -I /Users/admin/builder/spi-builder-workspace/.derivedData/Build/Products/Debug-xros -Isystem /Applications/Xcode-27.0.0-Release.Candidate.app/Contents/Developer/Platforms/XROS.platform/Developer/usr/lib -F /Users/admin/builder/spi-builder-workspace/.derivedData/Build/Products/Debug-xros -F /Applications/Xcode-27.0.0-Release.Candidate.app/Contents/Developer/Platforms/XROS.platform/Developer/Library/Frameworks -F /Applications/Xcode-27.0.0-Release.Candidate.app/Contents/Developer/Platforms/XROS.platform/Developer/SDKs/XROS27.0.sdk/Developer/Library/Frameworks -emit-localized-strings -emit-localized-strings-path /Users/admin/builder/spi-builder-workspace/.derivedData/Build/Intermediates.noindex/YMatterType.build/Debug-xros/YMatterType-t.build/Objects-normal/arm64 -c -j10 -enable-batch-mode -incremental -Xcc -ivfsstatcache -Xcc /Users/admin/builder/spi-builder-workspace/.derivedData/SDKStatCaches.noindex/xros27.0-24M361-e829b21a6f8c9b70876ba0858053c044735bd543db762f57723cac368afd1ce4.sdkstatcache -output-file-map /Users/admin/builder/spi-builder-workspace/.derivedData/Build/Intermediates.noindex/YMatterType.build/Debug-xros/YMatterType-t.build/Objects-normal/arm64/YMatterType-OutputFileMap.json -save-temps -no-color-diagnostics -explicit-module-build -module-cache-path /Users/admin/builder/spi-builder-workspace/.derivedData/Build/Intermediates.noindex/SwiftExplicitPrecompiledModules -clang-scanner-module-cache-path /Users/admin/builder/spi-builder-workspace/.derivedData/ModuleCache.noindex -sdk-module-cache-path /Users/admin/builder/spi-builder-workspace/.derivedData/SDKExplicitPrecompiledModules -emit-dependencies -emit-module -emit-module-path /Users/admin/builder/spi-builder-workspace/.derivedData/Build/Intermediates.noindex/YMatterType.build/Debug-xros/YMatterType-t.build/Objects-normal/arm64/YMatterType.swiftmodule -serialize-diagnostics -dependency-scan-serialize-diagnostics-path /Users/admin/builder/spi-builder-workspace/.derivedData/Build/Intermediates.noindex/YMatterType.build/Debug-xros/YMatterType-t.build/Objects-normal/arm64/YMatterType-dependency-scan.dia -validate-clang-modules-once -clang-build-session-file /Users/admin/builder/spi-builder-workspace/.derivedData/ModuleCache.noindex/Session.modulevalidation -Xcc -fmodules-prune-interval\=86400 -Xcc -fmodules-prune-after\=345600 -emit-const-values -const-gather-protocols-list /Users/admin/builder/spi-builder-workspace/.derivedData/Build/Intermediates.noindex/YMatterType.build/Debug-xros/YMatterType-t.build/Objects-normal/arm64/YMatterType_const_extract_protocols.json -Xcc -I/Users/admin/builder/spi-builder-workspace/.derivedData/Build/Products/Debug-xros/include -Xcc -I/Users/admin/builder/spi-builder-workspace/.derivedData/Build/Intermediates.noindex/YMatterType.build/Debug-xros/YMatterType-t.build/DerivedSources-normal/arm64 -Xcc -I/Users/admin/builder/spi-builder-workspace/.derivedData/Build/Intermediates.noindex/YMatterType.build/Debug-xros/YMatterType-t.build/DerivedSources/arm64 -Xcc -I/Users/admin/builder/spi-builder-workspace/.derivedData/Build/Intermediates.noindex/YMatterType.build/Debug-xros/YMatterType-t.build/DerivedSources -Xcc -DSWIFT_PACKAGE -Xcc -DDEBUG\=1 -emit-objc-header -emit-objc-header-path /Users/admin/builder/spi-builder-workspace/.derivedData/Build/Intermediates.noindex/YMatterType.build/Debug-xros/YMatterType-t.build/Objects-normal/arm64/YMatterType-Swift.h -working-directory /Users/admin/builder/spi-builder-workspace/.swiftpm/xcode -experimental-emit-module-separately -disable-cmo
SwiftDriver YCoreUI normal arm64 com.apple.xcode.tools.swift.compiler (in target 'YCoreUI' from project 'YCoreUI')
cd /Users/admin/builder/spi-builder-workspace/.swiftpm/xcode
builtin-SwiftDriver -- /Applications/Xcode-27.0.0-Release.Candidate.app/Contents/Developer/Toolchains/XcodeDefault.xctoolchain/usr/bin/swiftc -parse-as-library -module-name YCoreUI -Onone @/Users/admin/builder/spi-builder-workspace/.derivedData/Build/Intermediates.noindex/YCoreUI.build/Debug-xros/YCoreUI-t.build/Objects-normal/arm64/YCoreUI.SwiftFileList -DSWIFT_PACKAGE -DDEBUG -DSWIFT_MODULE_RESOURCE_BUNDLE_UNAVAILABLE -DXcode -plugin-path /Applications/Xcode-27.0.0-Release.Candidate.app/Contents/Developer/Toolchains/XcodeDefault.xctoolchain/usr/lib/swift/host/plugins/testing -enable-experimental-feature DebugDescriptionMacro -sdk /Applications/Xcode-27.0.0-Release.Candidate.app/Contents/Developer/Platforms/XROS.platform/Developer/SDKs/XROS27.0.sdk -target arm64-apple-xros1.0 -g -module-cache-path /Users/admin/builder/spi-builder-workspace/.derivedData/ModuleCache.noindex -Xfrontend -serialize-debugging-options -profile-coverage-mapping -profile-generate -enable-testing -suppress-warnings -index-store-path /Users/admin/builder/spi-builder-workspace/.derivedData/Index.noindex/DataStore -Xcc -D_LIBCPP_HARDENING_MODE\=_LIBCPP_HARDENING_MODE_DEBUG -swift-version 5 -I /Users/admin/builder/spi-builder-workspace/.derivedData/Build/Products/Debug-xros -Isystem /Applications/Xcode-27.0.0-Release.Candidate.app/Contents/Developer/Platforms/XROS.platform/Developer/usr/lib -F /Users/admin/builder/spi-builder-workspace/.derivedData/Build/Products/Debug-xros -F /Applications/Xcode-27.0.0-Release.Candidate.app/Contents/Developer/Platforms/XROS.platform/Developer/Library/Frameworks -F /Applications/Xcode-27.0.0-Release.Candidate.app/Contents/Developer/Platforms/XROS.platform/Developer/SDKs/XROS27.0.sdk/Developer/Library/Frameworks -emit-localized-strings -emit-localized-strings-path /Users/admin/builder/spi-builder-workspace/.derivedData/Build/Intermediates.noindex/YCoreUI.build/Debug-xros/YCoreUI-t.build/Objects-normal/arm64 -c -j10 -enable-batch-mode -incremental -Xcc -ivfsstatcache -Xcc /Users/admin/builder/spi-builder-workspace/.derivedData/SDKStatCaches.noindex/xros27.0-24M361-e829b21a6f8c9b70876ba0858053c044735bd543db762f57723cac368afd1ce4.sdkstatcache -output-file-map /Users/admin/builder/spi-builder-workspace/.derivedData/Build/Intermediates.noindex/YCoreUI.build/Debug-xros/YCoreUI-t.build/Objects-normal/arm64/YCoreUI-OutputFileMap.json -save-temps -no-color-diagnostics -explicit-module-build -module-cache-path /Users/admin/builder/spi-builder-workspace/.derivedData/Build/Intermediates.noindex/SwiftExplicitPrecompiledModules -clang-scanner-module-cache-path /Users/admin/builder/spi-builder-workspace/.derivedData/ModuleCache.noindex -sdk-module-cache-path /Users/admin/builder/spi-builder-workspace/.derivedData/SDKExplicitPrecompiledModules -emit-dependencies -emit-module -emit-module-path /Users/admin/builder/spi-builder-workspace/.derivedData/Build/Intermediates.noindex/YCoreUI.build/Debug-xros/YCoreUI-t.build/Objects-normal/arm64/YCoreUI.swiftmodule -serialize-diagnostics -dependency-scan-serialize-diagnostics-path /Users/admin/builder/spi-builder-workspace/.derivedData/Build/Intermediates.noindex/YCoreUI.build/Debug-xros/YCoreUI-t.build/Objects-normal/arm64/YCoreUI-dependency-scan.dia -validate-clang-modules-once -clang-build-session-file /Users/admin/builder/spi-builder-workspace/.derivedData/ModuleCache.noindex/Session.modulevalidation -Xcc -fmodules-prune-interval\=86400 -Xcc -fmodules-prune-after\=345600 -emit-const-values -const-gather-protocols-list /Users/admin/builder/spi-builder-workspace/.derivedData/Build/Intermediates.noindex/YCoreUI.build/Debug-xros/YCoreUI-t.build/Objects-normal/arm64/YCoreUI_const_extract_protocols.json -Xcc -I/Users/admin/builder/spi-builder-workspace/.derivedData/Build/Products/Debug-xros/include -Xcc -I/Users/admin/builder/spi-builder-workspace/.derivedData/Build/Intermediates.noindex/YCoreUI.build/Debug-xros/YCoreUI-t.build/DerivedSources-normal/arm64 -Xcc -I/Users/admin/builder/spi-builder-workspace/.derivedData/Build/Intermediates.noindex/YCoreUI.build/Debug-xros/YCoreUI-t.build/DerivedSources/arm64 -Xcc -I/Users/admin/builder/spi-builder-workspace/.derivedData/Build/Intermediates.noindex/YCoreUI.build/Debug-xros/YCoreUI-t.build/DerivedSources -Xcc -DSWIFT_PACKAGE -Xcc -DDEBUG\=1 -emit-objc-header -emit-objc-header-path /Users/admin/builder/spi-builder-workspace/.derivedData/Build/Intermediates.noindex/YCoreUI.build/Debug-xros/YCoreUI-t.build/Objects-normal/arm64/YCoreUI-Swift.h -working-directory /Users/admin/builder/spi-builder-workspace/.swiftpm/xcode -experimental-emit-module-separately -disable-cmo
SwiftCompile normal arm64 Compiling\ UIEdgeInsets+horizontal.swift,\ UIEdgeInsets+init.swift,\ UIScreen+scaleFactor.swift,\ UIScrollView+keyboardNotifications.swift /Users/admin/builder/spi-builder-workspace/.dependencies/checkouts/YCoreUI/Sources/YCoreUI/Extensions/UIKit/UIEdgeInsets+horizontal.swift /Users/admin/builder/spi-builder-workspace/.dependencies/checkouts/YCoreUI/Sources/YCoreUI/Extensions/UIKit/UIEdgeInsets+init.swift /Users/admin/builder/spi-builder-workspace/.dependencies/checkouts/YCoreUI/Sources/YCoreUI/Extensions/UIKit/UIScreen+scaleFactor.swift /Users/admin/builder/spi-builder-workspace/.dependencies/checkouts/YCoreUI/Sources/YCoreUI/Extensions/UIKit/UIScrollView+keyboardNotifications.swift (in target 'YCoreUI' from project 'YCoreUI')
SwiftCompile normal arm64 /Users/admin/builder/spi-builder-workspace/.dependencies/checkouts/YCoreUI/Sources/YCoreUI/Extensions/UIKit/UIEdgeInsets+horizontal.swift (in target 'YCoreUI' from project 'YCoreUI')
cd /Users/admin/builder/spi-builder-workspace/.swiftpm/xcode
builtin-SwiftPerFileCompile UIEdgeInsets+horizontal.swift
SwiftCompile normal arm64 /Users/admin/builder/spi-builder-workspace/.dependencies/checkouts/YCoreUI/Sources/YCoreUI/Extensions/UIKit/UIEdgeInsets+init.swift (in target 'YCoreUI' from project 'YCoreUI')
cd /Users/admin/builder/spi-builder-workspace/.swiftpm/xcode
builtin-SwiftPerFileCompile UIEdgeInsets+init.swift
SwiftCompile normal arm64 /Users/admin/builder/spi-builder-workspace/.dependencies/checkouts/YCoreUI/Sources/YCoreUI/Extensions/UIKit/UIScreen+scaleFactor.swift (in target 'YCoreUI' from project 'YCoreUI')
cd /Users/admin/builder/spi-builder-workspace/.swiftpm/xcode
builtin-SwiftPerFileCompile UIScreen+scaleFactor.swift
SwiftCompile normal arm64 /Users/admin/builder/spi-builder-workspace/.dependencies/checkouts/YCoreUI/Sources/YCoreUI/Extensions/UIKit/UIScrollView+keyboardNotifications.swift (in target 'YCoreUI' from project 'YCoreUI')
cd /Users/admin/builder/spi-builder-workspace/.swiftpm/xcode
builtin-SwiftPerFileCompile UIScrollView+keyboardNotifications.swift
SwiftCompile normal arm64 Compiling\ NSDirectionalEdgeInsets+horizontal.swift,\ NSDirectionalEdgeInsets+init.swift,\ UIColor+WCAG.swift,\ UIColor+blended.swift /Users/admin/builder/spi-builder-workspace/.dependencies/checkouts/YCoreUI/Sources/YCoreUI/Extensions/UIKit/NSDirectionalEdgeInsets+horizontal.swift /Users/admin/builder/spi-builder-workspace/.dependencies/checkouts/YCoreUI/Sources/YCoreUI/Extensions/UIKit/NSDirectionalEdgeInsets+init.swift /Users/admin/builder/spi-builder-workspace/.dependencies/checkouts/YCoreUI/Sources/YCoreUI/Extensions/UIKit/UIColor+WCAG.swift /Users/admin/builder/spi-builder-workspace/.dependencies/checkouts/YCoreUI/Sources/YCoreUI/Extensions/UIKit/UIColor+blended.swift (in target 'YCoreUI' from project 'YCoreUI')
SwiftCompile normal arm64 /Users/admin/builder/spi-builder-workspace/.dependencies/checkouts/YCoreUI/Sources/YCoreUI/Extensions/UIKit/NSDirectionalEdgeInsets+horizontal.swift (in target 'YCoreUI' from project 'YCoreUI')
cd /Users/admin/builder/spi-builder-workspace/.swiftpm/xcode
builtin-SwiftPerFileCompile NSDirectionalEdgeInsets+horizontal.swift
SwiftCompile normal arm64 /Users/admin/builder/spi-builder-workspace/.dependencies/checkouts/YCoreUI/Sources/YCoreUI/Extensions/UIKit/NSDirectionalEdgeInsets+init.swift (in target 'YCoreUI' from project 'YCoreUI')
cd /Users/admin/builder/spi-builder-workspace/.swiftpm/xcode
builtin-SwiftPerFileCompile NSDirectionalEdgeInsets+init.swift
SwiftCompile normal arm64 /Users/admin/builder/spi-builder-workspace/.dependencies/checkouts/YCoreUI/Sources/YCoreUI/Extensions/UIKit/UIColor+WCAG.swift (in target 'YCoreUI' from project 'YCoreUI')
cd /Users/admin/builder/spi-builder-workspace/.swiftpm/xcode
builtin-SwiftPerFileCompile UIColor+WCAG.swift
SwiftCompile normal arm64 /Users/admin/builder/spi-builder-workspace/.dependencies/checkouts/YCoreUI/Sources/YCoreUI/Extensions/UIKit/UIColor+blended.swift (in target 'YCoreUI' from project 'YCoreUI')
cd /Users/admin/builder/spi-builder-workspace/.swiftpm/xcode
builtin-SwiftPerFileCompile UIColor+blended.swift
SwiftCompile normal arm64 Compiling\ UIView+constrainAnchor.swift,\ UIView+constrainAspectRatio.swift,\ UIView+constrainBelow.swift /Users/admin/builder/spi-builder-workspace/.dependencies/checkouts/YCoreUI/Sources/YCoreUI/Extensions/UIKit/UIView+constrainAnchor.swift /Users/admin/builder/spi-builder-workspace/.dependencies/checkouts/YCoreUI/Sources/YCoreUI/Extensions/UIKit/UIView+constrainAspectRatio.swift /Users/admin/builder/spi-builder-workspace/.dependencies/checkouts/YCoreUI/Sources/YCoreUI/Extensions/UIKit/UIView+constrainBelow.swift (in target 'YCoreUI' from project 'YCoreUI')
SwiftCompile normal arm64 /Users/admin/builder/spi-builder-workspace/.dependencies/checkouts/YCoreUI/Sources/YCoreUI/Extensions/UIKit/UIView+constrainAnchor.swift (in target 'YCoreUI' from project 'YCoreUI')
cd /Users/admin/builder/spi-builder-workspace/.swiftpm/xcode
builtin-SwiftPerFileCompile UIView+constrainAnchor.swift
SwiftCompile normal arm64 /Users/admin/builder/spi-builder-workspace/.dependencies/checkouts/YCoreUI/Sources/YCoreUI/Extensions/UIKit/UIView+constrainAspectRatio.swift (in target 'YCoreUI' from project 'YCoreUI')
cd /Users/admin/builder/spi-builder-workspace/.swiftpm/xcode
builtin-SwiftPerFileCompile UIView+constrainAspectRatio.swift
SwiftCompile normal arm64 /Users/admin/builder/spi-builder-workspace/.dependencies/checkouts/YCoreUI/Sources/YCoreUI/Extensions/UIKit/UIView+constrainBelow.swift (in target 'YCoreUI' from project 'YCoreUI')
cd /Users/admin/builder/spi-builder-workspace/.swiftpm/xcode
builtin-SwiftPerFileCompile UIView+constrainBelow.swift
SwiftCompile normal arm64 Compiling\ UITraitCollection+colorSpaces.swift,\ UIView+Animation.swift,\ UIView+constrain.swift /Users/admin/builder/spi-builder-workspace/.dependencies/checkouts/YCoreUI/Sources/YCoreUI/Extensions/UIKit/UITraitCollection+colorSpaces.swift /Users/admin/builder/spi-builder-workspace/.dependencies/checkouts/YCoreUI/Sources/YCoreUI/Extensions/UIKit/UIView+Animation.swift /Users/admin/builder/spi-builder-workspace/.dependencies/checkouts/YCoreUI/Sources/YCoreUI/Extensions/UIKit/UIView+constrain.swift (in target 'YCoreUI' from project 'YCoreUI')
SwiftCompile normal arm64 /Users/admin/builder/spi-builder-workspace/.dependencies/checkouts/YCoreUI/Sources/YCoreUI/Extensions/UIKit/UITraitCollection+colorSpaces.swift (in target 'YCoreUI' from project 'YCoreUI')
cd /Users/admin/builder/spi-builder-workspace/.swiftpm/xcode
builtin-SwiftPerFileCompile UITraitCollection+colorSpaces.swift
SwiftCompile normal arm64 /Users/admin/builder/spi-builder-workspace/.dependencies/checkouts/YCoreUI/Sources/YCoreUI/Extensions/UIKit/UIView+Animation.swift (in target 'YCoreUI' from project 'YCoreUI')
cd /Users/admin/builder/spi-builder-workspace/.swiftpm/xcode
builtin-SwiftPerFileCompile UIView+Animation.swift
SwiftCompile normal arm64 /Users/admin/builder/spi-builder-workspace/.dependencies/checkouts/YCoreUI/Sources/YCoreUI/Extensions/UIKit/UIView+constrain.swift (in target 'YCoreUI' from project 'YCoreUI')
cd /Users/admin/builder/spi-builder-workspace/.swiftpm/xcode
builtin-SwiftPerFileCompile UIView+constrain.swift
SwiftCompile normal arm64 Compiling\ FormViewController.swift,\ CGFloat+rounded.swift,\ CGSize+inset.swift,\ String+Localizable.swift /Users/admin/builder/spi-builder-workspace/.dependencies/checkouts/YCoreUI/Sources/YCoreUI/Components/FormViewController.swift /Users/admin/builder/spi-builder-workspace/.dependencies/checkouts/YCoreUI/Sources/YCoreUI/Extensions/Foundation/CGFloat+rounded.swift /Users/admin/builder/spi-builder-workspace/.dependencies/checkouts/YCoreUI/Sources/YCoreUI/Extensions/Foundation/CGSize+inset.swift /Users/admin/builder/spi-builder-workspace/.dependencies/checkouts/YCoreUI/Sources/YCoreUI/Extensions/Foundation/String+Localizable.swift (in target 'YCoreUI' from project 'YCoreUI')
/Users/admin/builder/spi-builder-workspace/.dependencies/checkouts/YCoreUI/Sources/YCoreUI/Extensions/Foundation/CGFloat+rounded.swift:20:16: error: 'UIScreen' is unavailable in visionOS
18 | public func rounded(
19 | _ rule: FloatingPointRoundingRule = .toNearestOrAwayFromZero,
20 | scale: UIScreen.ScaleFactor
| `- error: 'UIScreen' is unavailable in visionOS
21 | ) -> CGFloat {
22 | (self * scale.rawValue).rounded(rule) / scale.rawValue
/Applications/Xcode-27.0.0-Release.Candidate.app/Contents/Developer/Platforms/XROS.platform/Developer/SDKs/XROS27.0.sdk/System/Library/Frameworks/UIKit.framework/Headers/UIScreen.h:54:12: note: 'UIScreen' has been explicitly marked unavailable here
52 |
53 | UIKIT_EXTERN API_AVAILABLE(ios(2.0)) API_UNAVAILABLE(visionos, watchos) NS_SWIFT_UI_ACTOR
54 | @interface UIScreen : NSObject <UITraitEnvironment>
| `- note: 'UIScreen' has been explicitly marked unavailable here
55 |
56 | @property(class, nonatomic, readonly) NSArray<UIScreen *> *screens API_DEPRECATED("Use UIApplication.shared.openSessions to find open sessions with scenes from other screens", ios(3.2, 16.0), visionos(1.0, 1.0)) API_UNAVAILABLE(watchos); // all screens currently attached to the device
/Users/admin/builder/spi-builder-workspace/.dependencies/checkouts/YCoreUI/Sources/YCoreUI/Extensions/Foundation/CGFloat+rounded.swift:29:32: error: 'UIScreen' is unavailable in visionOS
27 | /// - Parameter scale: the scale to apply, default is current screen scale
28 | /// - Returns: the value floored to 1/scale
29 | public func floored(scale: UIScreen.ScaleFactor = UIScreen.main.scaleFactor) -> CGFloat {
| `- error: 'UIScreen' is unavailable in visionOS
30 | rounded(.down, scale: scale)
31 | }
/Applications/Xcode-27.0.0-Release.Candidate.app/Contents/Developer/Platforms/XROS.platform/Developer/SDKs/XROS27.0.sdk/System/Library/Frameworks/UIKit.framework/Headers/UIScreen.h:54:12: note: 'UIScreen' has been explicitly marked unavailable here
52 |
53 | UIKIT_EXTERN API_AVAILABLE(ios(2.0)) API_UNAVAILABLE(visionos, watchos) NS_SWIFT_UI_ACTOR
54 | @interface UIScreen : NSObject <UITraitEnvironment>
| `- note: 'UIScreen' has been explicitly marked unavailable here
55 |
56 | @property(class, nonatomic, readonly) NSArray<UIScreen *> *screens API_DEPRECATED("Use UIApplication.shared.openSessions to find open sessions with scenes from other screens", ios(3.2, 16.0), visionos(1.0, 1.0)) API_UNAVAILABLE(watchos); // all screens currently attached to the device
/Users/admin/builder/spi-builder-workspace/.dependencies/checkouts/YCoreUI/Sources/YCoreUI/Extensions/Foundation/CGFloat+rounded.swift:29:55: error: 'UIScreen' is unavailable in visionOS
27 | /// - Parameter scale: the scale to apply, default is current screen scale
28 | /// - Returns: the value floored to 1/scale
29 | public func floored(scale: UIScreen.ScaleFactor = UIScreen.main.scaleFactor) -> CGFloat {
| `- error: 'UIScreen' is unavailable in visionOS
30 | rounded(.down, scale: scale)
31 | }
/Applications/Xcode-27.0.0-Release.Candidate.app/Contents/Developer/Platforms/XROS.platform/Developer/SDKs/XROS27.0.sdk/System/Library/Frameworks/UIKit.framework/Headers/UIScreen.h:54:12: note: 'UIScreen' has been explicitly marked unavailable here
52 |
53 | UIKIT_EXTERN API_AVAILABLE(ios(2.0)) API_UNAVAILABLE(visionos, watchos) NS_SWIFT_UI_ACTOR
54 | @interface UIScreen : NSObject <UITraitEnvironment>
| `- note: 'UIScreen' has been explicitly marked unavailable here
55 |
56 | @property(class, nonatomic, readonly) NSArray<UIScreen *> *screens API_DEPRECATED("Use UIApplication.shared.openSessions to find open sessions with scenes from other screens", ios(3.2, 16.0), visionos(1.0, 1.0)) API_UNAVAILABLE(watchos); // all screens currently attached to the device
/Users/admin/builder/spi-builder-workspace/.dependencies/checkouts/YCoreUI/Sources/YCoreUI/Extensions/Foundation/CGFloat+rounded.swift:37:31: error: 'UIScreen' is unavailable in visionOS
35 | /// - Parameter scale: the scale to apply, default is current screen scale
36 | /// - Returns: the value ceiled to 1/scale
37 | public func ceiled(scale: UIScreen.ScaleFactor = UIScreen.main.scaleFactor) -> CGFloat {
| `- error: 'UIScreen' is unavailable in visionOS
38 | rounded(.up, scale: scale)
39 | }
/Applications/Xcode-27.0.0-Release.Candidate.app/Contents/Developer/Platforms/XROS.platform/Developer/SDKs/XROS27.0.sdk/System/Library/Frameworks/UIKit.framework/Headers/UIScreen.h:54:12: note: 'UIScreen' has been explicitly marked unavailable here
52 |
53 | UIKIT_EXTERN API_AVAILABLE(ios(2.0)) API_UNAVAILABLE(visionos, watchos) NS_SWIFT_UI_ACTOR
54 | @interface UIScreen : NSObject <UITraitEnvironment>
| `- note: 'UIScreen' has been explicitly marked unavailable here
55 |
56 | @property(class, nonatomic, readonly) NSArray<UIScreen *> *screens API_DEPRECATED("Use UIApplication.shared.openSessions to find open sessions with scenes from other screens", ios(3.2, 16.0), visionos(1.0, 1.0)) API_UNAVAILABLE(watchos); // all screens currently attached to the device
SwiftCompile normal arm64 /Users/admin/builder/spi-builder-workspace/.dependencies/checkouts/YCoreUI/Sources/YCoreUI/Components/FormViewController.swift (in target 'YCoreUI' from project 'YCoreUI')
cd /Users/admin/builder/spi-builder-workspace/.swiftpm/xcode
builtin-SwiftPerFileCompile FormViewController.swift
SwiftCompile normal arm64 /Users/admin/builder/spi-builder-workspace/.dependencies/checkouts/YCoreUI/Sources/YCoreUI/Extensions/Foundation/CGFloat+rounded.swift (in target 'YCoreUI' from project 'YCoreUI')
cd /Users/admin/builder/spi-builder-workspace/.swiftpm/xcode
builtin-SwiftPerFileCompile CGFloat+rounded.swift
SwiftCompile normal arm64 /Users/admin/builder/spi-builder-workspace/.dependencies/checkouts/YCoreUI/Sources/YCoreUI/Extensions/Foundation/CGSize+inset.swift (in target 'YCoreUI' from project 'YCoreUI')
cd /Users/admin/builder/spi-builder-workspace/.swiftpm/xcode
builtin-SwiftPerFileCompile CGSize+inset.swift
SwiftCompile normal arm64 /Users/admin/builder/spi-builder-workspace/.dependencies/checkouts/YCoreUI/Sources/YCoreUI/Extensions/Foundation/String+Localizable.swift (in target 'YCoreUI' from project 'YCoreUI')
cd /Users/admin/builder/spi-builder-workspace/.swiftpm/xcode
builtin-SwiftPerFileCompile String+Localizable.swift
SwiftCompile normal arm64 Compiling\ Localizable.swift,\ SystemImage.swift,\ YCoreUI+Logging.swift /Users/admin/builder/spi-builder-workspace/.dependencies/checkouts/YCoreUI/Sources/YCoreUI/Protocols/Localizable.swift /Users/admin/builder/spi-builder-workspace/.dependencies/checkouts/YCoreUI/Sources/YCoreUI/Protocols/SystemImage.swift /Users/admin/builder/spi-builder-workspace/.dependencies/checkouts/YCoreUI/Sources/YCoreUI/YCoreUI+Logging.swift (in target 'YCoreUI' from project 'YCoreUI')
SwiftCompile normal arm64 /Users/admin/builder/spi-builder-workspace/.dependencies/checkouts/YCoreUI/Sources/YCoreUI/Protocols/Localizable.swift (in target 'YCoreUI' from project 'YCoreUI')
cd /Users/admin/builder/spi-builder-workspace/.swiftpm/xcode
builtin-SwiftPerFileCompile Localizable.swift
SwiftCompile normal arm64 /Users/admin/builder/spi-builder-workspace/.dependencies/checkouts/YCoreUI/Sources/YCoreUI/Protocols/SystemImage.swift (in target 'YCoreUI' from project 'YCoreUI')
cd /Users/admin/builder/spi-builder-workspace/.swiftpm/xcode
builtin-SwiftPerFileCompile SystemImage.swift
SwiftCompile normal arm64 /Users/admin/builder/spi-builder-workspace/.dependencies/checkouts/YCoreUI/Sources/YCoreUI/YCoreUI+Logging.swift (in target 'YCoreUI' from project 'YCoreUI')
cd /Users/admin/builder/spi-builder-workspace/.swiftpm/xcode
builtin-SwiftPerFileCompile YCoreUI+Logging.swift
SwiftCompile normal arm64 Compiling\ UIView+constrainSize.swift,\ Animation.swift,\ Elevation.swift /Users/admin/builder/spi-builder-workspace/.dependencies/checkouts/YCoreUI/Sources/YCoreUI/Extensions/UIKit/UIView+constrainSize.swift /Users/admin/builder/spi-builder-workspace/.dependencies/checkouts/YCoreUI/Sources/YCoreUI/Foundations/Animation.swift /Users/admin/builder/spi-builder-workspace/.dependencies/checkouts/YCoreUI/Sources/YCoreUI/Foundations/Elevation.swift (in target 'YCoreUI' from project 'YCoreUI')
SwiftCompile normal arm64 /Users/admin/builder/spi-builder-workspace/.dependencies/checkouts/YCoreUI/Sources/YCoreUI/Extensions/UIKit/UIView+constrainSize.swift (in target 'YCoreUI' from project 'YCoreUI')
cd /Users/admin/builder/spi-builder-workspace/.swiftpm/xcode
builtin-SwiftPerFileCompile UIView+constrainSize.swift
SwiftCompile normal arm64 /Users/admin/builder/spi-builder-workspace/.dependencies/checkouts/YCoreUI/Sources/YCoreUI/Foundations/Animation.swift (in target 'YCoreUI' from project 'YCoreUI')
cd /Users/admin/builder/spi-builder-workspace/.swiftpm/xcode
builtin-SwiftPerFileCompile Animation.swift
SwiftCompile normal arm64 /Users/admin/builder/spi-builder-workspace/.dependencies/checkouts/YCoreUI/Sources/YCoreUI/Foundations/Elevation.swift (in target 'YCoreUI' from project 'YCoreUI')
cd /Users/admin/builder/spi-builder-workspace/.swiftpm/xcode
builtin-SwiftPerFileCompile Elevation.swift
SwiftCompile normal arm64 Compiling\ UIColor+rgb.swift,\ UIColor+rgbComponents.swift,\ UIColor+rgbValue.swift,\ UIEdgeInsets+directional.swift /Users/admin/builder/spi-builder-workspace/.dependencies/checkouts/YCoreUI/Sources/YCoreUI/Extensions/UIKit/UIColor+rgb.swift /Users/admin/builder/spi-builder-workspace/.dependencies/checkouts/YCoreUI/Sources/YCoreUI/Extensions/UIKit/UIColor+rgbComponents.swift /Users/admin/builder/spi-builder-workspace/.dependencies/checkouts/YCoreUI/Sources/YCoreUI/Extensions/UIKit/UIColor+rgbValue.swift /Users/admin/builder/spi-builder-workspace/.dependencies/checkouts/YCoreUI/Sources/YCoreUI/Extensions/UIKit/UIEdgeInsets+directional.swift (in target 'YCoreUI' from project 'YCoreUI')
SwiftCompile normal arm64 /Users/admin/builder/spi-builder-workspace/.dependencies/checkouts/YCoreUI/Sources/YCoreUI/Extensions/UIKit/UIColor+rgb.swift (in target 'YCoreUI' from project 'YCoreUI')
cd /Users/admin/builder/spi-builder-workspace/.swiftpm/xcode
builtin-SwiftPerFileCompile UIColor+rgb.swift
SwiftCompile normal arm64 /Users/admin/builder/spi-builder-workspace/.dependencies/checkouts/YCoreUI/Sources/YCoreUI/Extensions/UIKit/UIColor+rgbComponents.swift (in target 'YCoreUI' from project 'YCoreUI')
cd /Users/admin/builder/spi-builder-workspace/.swiftpm/xcode
builtin-SwiftPerFileCompile UIColor+rgbComponents.swift
SwiftCompile normal arm64 /Users/admin/builder/spi-builder-workspace/.dependencies/checkouts/YCoreUI/Sources/YCoreUI/Extensions/UIKit/UIColor+rgbValue.swift (in target 'YCoreUI' from project 'YCoreUI')
cd /Users/admin/builder/spi-builder-workspace/.swiftpm/xcode
builtin-SwiftPerFileCompile UIColor+rgbValue.swift
SwiftCompile normal arm64 /Users/admin/builder/spi-builder-workspace/.dependencies/checkouts/YCoreUI/Sources/YCoreUI/Extensions/UIKit/UIEdgeInsets+directional.swift (in target 'YCoreUI' from project 'YCoreUI')
cd /Users/admin/builder/spi-builder-workspace/.swiftpm/xcode
builtin-SwiftPerFileCompile UIEdgeInsets+directional.swift
SwiftEmitModule normal arm64 Emitting\ module\ for\ YCoreUI (in target 'YCoreUI' from project 'YCoreUI')
/Users/admin/builder/spi-builder-workspace/.dependencies/checkouts/YCoreUI/Sources/YCoreUI/Extensions/Foundation/CGFloat+rounded.swift:20:16: error: 'UIScreen' is unavailable in visionOS
18 | public func rounded(
19 | _ rule: FloatingPointRoundingRule = .toNearestOrAwayFromZero,
20 | scale: UIScreen.ScaleFactor
| `- error: 'UIScreen' is unavailable in visionOS
21 | ) -> CGFloat {
22 | (self * scale.rawValue).rounded(rule) / scale.rawValue
/Applications/Xcode-27.0.0-Release.Candidate.app/Contents/Developer/Platforms/XROS.platform/Developer/SDKs/XROS27.0.sdk/System/Library/Frameworks/UIKit.framework/Headers/UIScreen.h:54:12: note: 'UIScreen' has been explicitly marked unavailable here
52 |
53 | UIKIT_EXTERN API_AVAILABLE(ios(2.0)) API_UNAVAILABLE(visionos, watchos) NS_SWIFT_UI_ACTOR
54 | @interface UIScreen : NSObject <UITraitEnvironment>
| `- note: 'UIScreen' has been explicitly marked unavailable here
55 |
56 | @property(class, nonatomic, readonly) NSArray<UIScreen *> *screens API_DEPRECATED("Use UIApplication.shared.openSessions to find open sessions with scenes from other screens", ios(3.2, 16.0), visionos(1.0, 1.0)) API_UNAVAILABLE(watchos); // all screens currently attached to the device
/Users/admin/builder/spi-builder-workspace/.dependencies/checkouts/YCoreUI/Sources/YCoreUI/Extensions/Foundation/CGFloat+rounded.swift:29:32: error: 'UIScreen' is unavailable in visionOS
27 | /// - Parameter scale: the scale to apply, default is current screen scale
28 | /// - Returns: the value floored to 1/scale
29 | public func floored(scale: UIScreen.ScaleFactor = UIScreen.main.scaleFactor) -> CGFloat {
| `- error: 'UIScreen' is unavailable in visionOS
30 | rounded(.down, scale: scale)
31 | }
/Applications/Xcode-27.0.0-Release.Candidate.app/Contents/Developer/Platforms/XROS.platform/Developer/SDKs/XROS27.0.sdk/System/Library/Frameworks/UIKit.framework/Headers/UIScreen.h:54:12: note: 'UIScreen' has been explicitly marked unavailable here
52 |
53 | UIKIT_EXTERN API_AVAILABLE(ios(2.0)) API_UNAVAILABLE(visionos, watchos) NS_SWIFT_UI_ACTOR
54 | @interface UIScreen : NSObject <UITraitEnvironment>
| `- note: 'UIScreen' has been explicitly marked unavailable here
55 |
56 | @property(class, nonatomic, readonly) NSArray<UIScreen *> *screens API_DEPRECATED("Use UIApplication.shared.openSessions to find open sessions with scenes from other screens", ios(3.2, 16.0), visionos(1.0, 1.0)) API_UNAVAILABLE(watchos); // all screens currently attached to the device
/Users/admin/builder/spi-builder-workspace/.dependencies/checkouts/YCoreUI/Sources/YCoreUI/Extensions/Foundation/CGFloat+rounded.swift:29:55: error: 'UIScreen' is unavailable in visionOS
27 | /// - Parameter scale: the scale to apply, default is current screen scale
28 | /// - Returns: the value floored to 1/scale
29 | public func floored(scale: UIScreen.ScaleFactor = UIScreen.main.scaleFactor) -> CGFloat {
| `- error: 'UIScreen' is unavailable in visionOS
30 | rounded(.down, scale: scale)
31 | }
/Applications/Xcode-27.0.0-Release.Candidate.app/Contents/Developer/Platforms/XROS.platform/Developer/SDKs/XROS27.0.sdk/System/Library/Frameworks/UIKit.framework/Headers/UIScreen.h:54:12: note: 'UIScreen' has been explicitly marked unavailable here
52 |
53 | UIKIT_EXTERN API_AVAILABLE(ios(2.0)) API_UNAVAILABLE(visionos, watchos) NS_SWIFT_UI_ACTOR
54 | @interface UIScreen : NSObject <UITraitEnvironment>
| `- note: 'UIScreen' has been explicitly marked unavailable here
55 |
56 | @property(class, nonatomic, readonly) NSArray<UIScreen *> *screens API_DEPRECATED("Use UIApplication.shared.openSessions to find open sessions with scenes from other screens", ios(3.2, 16.0), visionos(1.0, 1.0)) API_UNAVAILABLE(watchos); // all screens currently attached to the device
/Users/admin/builder/spi-builder-workspace/.dependencies/checkouts/YCoreUI/Sources/YCoreUI/Extensions/Foundation/CGFloat+rounded.swift:37:31: error: 'UIScreen' is unavailable in visionOS
35 | /// - Parameter scale: the scale to apply, default is current screen scale
36 | /// - Returns: the value ceiled to 1/scale
37 | public func ceiled(scale: UIScreen.ScaleFactor = UIScreen.main.scaleFactor) -> CGFloat {
| `- error: 'UIScreen' is unavailable in visionOS
38 | rounded(.up, scale: scale)
39 | }
/Applications/Xcode-27.0.0-Release.Candidate.app/Contents/Developer/Platforms/XROS.platform/Developer/SDKs/XROS27.0.sdk/System/Library/Frameworks/UIKit.framework/Headers/UIScreen.h:54:12: note: 'UIScreen' has been explicitly marked unavailable here
52 |
53 | UIKIT_EXTERN API_AVAILABLE(ios(2.0)) API_UNAVAILABLE(visionos, watchos) NS_SWIFT_UI_ACTOR
54 | @interface UIScreen : NSObject <UITraitEnvironment>
| `- note: 'UIScreen' has been explicitly marked unavailable here
55 |
56 | @property(class, nonatomic, readonly) NSArray<UIScreen *> *screens API_DEPRECATED("Use UIApplication.shared.openSessions to find open sessions with scenes from other screens", ios(3.2, 16.0), visionos(1.0, 1.0)) API_UNAVAILABLE(watchos); // all screens currently attached to the device
/Users/admin/builder/spi-builder-workspace/.dependencies/checkouts/YCoreUI/Sources/YCoreUI/Extensions/Foundation/CGFloat+rounded.swift:37:54: error: 'UIScreen' is unavailable in visionOS
35 | /// - Parameter scale: the scale to apply, default is current screen scale
36 | /// - Returns: the value ceiled to 1/scale
37 | public func ceiled(scale: UIScreen.ScaleFactor = UIScreen.main.scaleFactor) -> CGFloat {
| `- error: 'UIScreen' is unavailable in visionOS
38 | rounded(.up, scale: scale)
39 | }
/Applications/Xcode-27.0.0-Release.Candidate.app/Contents/Developer/Platforms/XROS.platform/Developer/SDKs/XROS27.0.sdk/System/Library/Frameworks/UIKit.framework/Headers/UIScreen.h:54:12: note: 'UIScreen' has been explicitly marked unavailable here
52 |
53 | UIKIT_EXTERN API_AVAILABLE(ios(2.0)) API_UNAVAILABLE(visionos, watchos) NS_SWIFT_UI_ACTOR
54 | @interface UIScreen : NSObject <UITraitEnvironment>
| `- note: 'UIScreen' has been explicitly marked unavailable here
55 |
56 | @property(class, nonatomic, readonly) NSArray<UIScreen *> *screens API_DEPRECATED("Use UIApplication.shared.openSessions to find open sessions with scenes from other screens", ios(3.2, 16.0), visionos(1.0, 1.0)) API_UNAVAILABLE(watchos); // all screens currently attached to the device
/Users/admin/builder/spi-builder-workspace/.dependencies/checkouts/YCoreUI/Sources/YCoreUI/Extensions/UIKit/UIScreen+scaleFactor.swift:11:11: error: 'UIScreen' is unavailable in visionOS
9 | import UIKit
10 |
11 | extension UIScreen {
| `- error: 'UIScreen' is unavailable in visionOS
12 | /// Represents possible scale factors of iOS screens
13 | public enum ScaleFactor: CGFloat {
/Applications/Xcode-27.0.0-Release.Candidate.app/Contents/Developer/Platforms/XROS.platform/Developer/SDKs/XROS27.0.sdk/System/Library/Frameworks/UIKit.framework/Headers/UIScreen.h:54:12: note: 'UIScreen' has been explicitly marked unavailable here
52 |
53 | UIKIT_EXTERN API_AVAILABLE(ios(2.0)) API_UNAVAILABLE(visionos, watchos) NS_SWIFT_UI_ACTOR
54 | @interface UIScreen : NSObject <UITraitEnvironment>
| `- note: 'UIScreen' has been explicitly marked unavailable here
55 |
56 | @property(class, nonatomic, readonly) NSArray<UIScreen *> *screens API_DEPRECATED("Use UIApplication.shared.openSessions to find open sessions with scenes from other screens", ios(3.2, 16.0), visionos(1.0, 1.0)) API_UNAVAILABLE(watchos); // all screens currently attached to the device
Failed frontend command:
/Applications/Xcode-27.0.0-Release.Candidate.app/Contents/Developer/Toolchains/XcodeDefault.xctoolchain/usr/bin/swift-frontend -frontend -emit-module -experimental-skip-non-inlinable-function-bodies-without-types /Users/admin/builder/spi-builder-workspace/.dependencies/checkouts/YCoreUI/Sources/YCoreUI/Components/FormViewController.swift /Users/admin/builder/spi-builder-workspace/.dependencies/checkouts/YCoreUI/Sources/YCoreUI/Extensions/Foundation/CGFloat+rounded.swift /Users/admin/builder/spi-builder-workspace/.dependencies/checkouts/YCoreUI/Sources/YCoreUI/Extensions/Foundation/CGSize+inset.swift /Users/admin/builder/spi-builder-workspace/.dependencies/checkouts/YCoreUI/Sources/YCoreUI/Extensions/Foundation/String+Localizable.swift /Users/admin/builder/spi-builder-workspace/.dependencies/checkouts/YCoreUI/Sources/YCoreUI/Extensions/UIKit/NSDirectionalEdgeInsets+horizontal.swift /Users/admin/builder/spi-builder-workspace/.dependencies/checkouts/YCoreUI/Sources/YCoreUI/Extensions/UIKit/NSDirectionalEdgeInsets+init.swift /Users/admin/builder/spi-builder-workspace/.dependencies/checkouts/YCoreUI/Sources/YCoreUI/Extensions/UIKit/UIColor+WCAG.swift /Users/admin/builder/spi-builder-workspace/.dependencies/checkouts/YCoreUI/Sources/YCoreUI/Extensions/UIKit/UIColor+blended.swift /Users/admin/builder/spi-builder-workspace/.dependencies/checkouts/YCoreUI/Sources/YCoreUI/Extensions/UIKit/UIColor+rgb.swift /Users/admin/builder/spi-builder-workspace/.dependencies/checkouts/YCoreUI/Sources/YCoreUI/Extensions/UIKit/UIColor+rgbComponents.swift /Users/admin/builder/spi-builder-workspace/.dependencies/checkouts/YCoreUI/Sources/YCoreUI/Extensions/UIKit/UIColor+rgbValue.swift /Users/admin/builder/spi-builder-workspace/.dependencies/checkouts/YCoreUI/Sources/YCoreUI/Extensions/UIKit/UIEdgeInsets+directional.swift /Users/admin/builder/spi-builder-workspace/.dependencies/checkouts/YCoreUI/Sources/YCoreUI/Extensions/UIKit/UIEdgeInsets+horizontal.swift /Users/admin/builder/spi-builder-workspace/.dependencies/checkouts/YCoreUI/Sources/YCoreUI/Extensions/UIKit/UIEdgeInsets+init.swift /Users/admin/builder/spi-builder-workspace/.dependencies/checkouts/YCoreUI/Sources/YCoreUI/Extensions/UIKit/UIScreen+scaleFactor.swift /Users/admin/builder/spi-builder-workspace/.dependencies/checkouts/YCoreUI/Sources/YCoreUI/Extensions/UIKit/UIScrollView+keyboardNotifications.swift /Users/admin/builder/spi-builder-workspace/.dependencies/checkouts/YCoreUI/Sources/YCoreUI/Extensions/UIKit/UITraitCollection+colorSpaces.swift /Users/admin/builder/spi-builder-workspace/.dependencies/checkouts/YCoreUI/Sources/YCoreUI/Extensions/UIKit/UIView+Animation.swift /Users/admin/builder/spi-builder-workspace/.dependencies/checkouts/YCoreUI/Sources/YCoreUI/Extensions/UIKit/UIView+constrain.swift /Users/admin/builder/spi-builder-workspace/.dependencies/checkouts/YCoreUI/Sources/YCoreUI/Extensions/UIKit/UIView+constrainAnchor.swift /Users/admin/builder/spi-builder-workspace/.dependencies/checkouts/YCoreUI/Sources/YCoreUI/Extensions/UIKit/UIView+constrainAspectRatio.swift /Users/admin/builder/spi-builder-workspace/.dependencies/checkouts/YCoreUI/Sources/YCoreUI/Extensions/UIKit/UIView+constrainBelow.swift /Users/admin/builder/spi-builder-workspace/.dependencies/checkouts/YCoreUI/Sources/YCoreUI/Extensions/UIKit/UIView+constrainCenter.swift /Users/admin/builder/spi-builder-workspace/.dependencies/checkouts/YCoreUI/Sources/YCoreUI/Extensions/UIKit/UIView+constrainEdges.swift /Users/admin/builder/spi-builder-workspace/.dependencies/checkouts/YCoreUI/Sources/YCoreUI/Extensions/UIKit/UIView+constrainEdgesToMargins.swift /Users/admin/builder/spi-builder-workspace/.dependencies/checkouts/YCoreUI/Sources/YCoreUI/Extensions/UIKit/UIView+constrainSize.swift /Users/admin/builder/spi-builder-workspace/.dependencies/checkouts/YCoreUI/Sources/YCoreUI/Foundations/Animation.swift /Users/admin/builder/spi-builder-workspace/.dependencies/checkouts/YCoreUI/Sources/YCoreUI/Foundations/Elevation.swift /Users/admin/builder/spi-builder-workspace/.dependencies/checkouts/YCoreUI/Sources/YCoreUI/Protocols/Anchorable.swift /Users/admin/builder/spi-builder-workspace/.dependencies/checkouts/YCoreUI/Sources/YCoreUI/Protocols/Colorable.swift /Users/admin/builder/spi-builder-workspace/.dependencies/checkouts/YCoreUI/Sources/YCoreUI/Protocols/ImageAsset.swift /Users/admin/builder/spi-builder-workspace/.dependencies/checkouts/YCoreUI/Sources/YCoreUI/Protocols/Localizable.swift /Users/admin/builder/spi-builder-workspace/.dependencies/checkouts/YCoreUI/Sources/YCoreUI/Protocols/SystemImage.swift /Users/admin/builder/spi-builder-workspace/.dependencies/checkouts/YCoreUI/Sources/YCoreUI/YCoreUI+Logging.swift -target arm64-apple-xros1.0 -disable-cross-import-overlay-search -load-resolved-plugin /Applications/Xcode-27.0.0-Release.Candidate.app/Contents/Developer/Platforms/XROS.platform/Developer/usr/lib/swift/host/plugins/libFoundationMacros.dylib\#/Applications/Xcode-27.0.0-Release.Candidate.app/Contents/Developer/Platforms/XROS.platform/Developer/usr/bin/swift-plugin-server\#FoundationMacros -load-resolved-plugin /Applications/Xcode-27.0.0-Release.Candidate.app/Contents/Developer/Platforms/XROS.platform/Developer/usr/lib/swift/host/plugins/libObservationMacros.dylib\#/Applications/Xcode-27.0.0-Release.Candidate.app/Contents/Developer/Platforms/XROS.platform/Developer/usr/bin/swift-plugin-server\#ObservationMacros -load-resolved-plugin /Applications/Xcode-27.0.0-Release.Candidate.app/Contents/Developer/Platforms/XROS.platform/Developer/usr/lib/swift/host/plugins/libPreviewsMacros.dylib\#/Applications/Xcode-27.0.0-Release.Candidate.app/Contents/Developer/Platforms/XROS.platform/Developer/usr/bin/swift-plugin-server\#PreviewsMacros -load-resolved-plugin /Applications/Xcode-27.0.0-Release.Candidate.app/Contents/Developer/Platforms/XROS.platform/Developer/usr/lib/swift/host/plugins/libSwiftMacros.dylib\#/Applications/Xcode-27.0.0-Release.Candidate.app/Contents/Developer/Platforms/XROS.platform/Developer/usr/bin/swift-plugin-server\#SwiftMacros -load-resolved-plugin /Applications/Xcode-27.0.0-Release.Candidate.app/Contents/Developer/Platforms/XROS.platform/Developer/usr/lib/swift/host/plugins/libSwiftUIMacros.dylib\#/Applications/Xcode-27.0.0-Release.Candidate.app/Contents/Developer/Platforms/XROS.platform/Developer/usr/bin/swift-plugin-server\#SwiftUIMacros -disable-implicit-swift-modules -Xcc -fno-implicit-modules -Xcc -fno-implicit-module-maps -explicit-swift-module-map-file /Users/admin/builder/spi-builder-workspace/.derivedData/Build/Intermediates.noindex/YCoreUI.build/Debug-xros/YCoreUI-t.build/Objects-normal/arm64/YCoreUI-dependencies-1.json -Xllvm -aarch64-use-tbi -enable-objc-interop -stack-check -sdk /Applications/Xcode-27.0.0-Release.Candidate.app/Contents/Developer/Platforms/XROS.platform/Developer/SDKs/XROS27.0.sdk -I /Users/admin/builder/spi-builder-workspace/.derivedData/Build/Products/Debug-xros -Isystem /Applications/Xcode-27.0.0-Release.Candidate.app/Contents/Developer/Platforms/XROS.platform/Developer/usr/lib -F /Users/admin/builder/spi-builder-workspace/.derivedData/Build/Products/Debug-xros -F /Applications/Xcode-27.0.0-Release.Candidate.app/Contents/Developer/Platforms/XROS.platform/Developer/Library/Frameworks -F /Applications/Xcode-27.0.0-Release.Candidate.app/Contents/Developer/Platforms/XROS.platform/Developer/SDKs/XROS27.0.sdk/Developer/Library/Frameworks -module-cache-path /Users/admin/builder/spi-builder-workspace/.derivedData/Build/Intermediates.noindex/SwiftExplicitPrecompiledModules -no-color-diagnostics -Xcc -fno-color-diagnostics -enable-testing -g -debug-info-format\=dwarf -dwarf-version\=4 -suppress-warnings -profile-generate -profile-coverage-mapping -swift-version 5 -Onone -D SWIFT_PACKAGE -D DEBUG -D SWIFT_MODULE_RESOURCE_BUNDLE_UNAVAILABLE -D Xcode -serialize-debugging-options -enable-experimental-feature DebugDescriptionMacro -empty-abi-descriptor -validate-clang-modules-once -clang-build-session-file /Users/admin/builder/spi-builder-workspace/.derivedData/ModuleCache.noindex/Session.modulevalidation -Xcc -working-directory -Xcc /Users/admin/builder/spi-builder-workspace/.swiftpm/xcode -enable-anonymous-context-mangled-names -file-compilation-dir /Users/admin/builder/spi-builder-workspace/.swiftpm/xcode -Xcc -D_LIBCPP_HARDENING_MODE\=_LIBCPP_HARDENING_MODE_DEBUG -Xcc -ivfsstatcache -Xcc /Users/admin/builder/spi-builder-workspace/.derivedData/SDKStatCaches.noindex/xros27.0-24M361-e829b21a6f8c9b70876ba0858053c044735bd543db762f57723cac368afd1ce4.sdkstatcache -Xcc -fmodules-prune-interval\=86400 -Xcc -fmodules-prune-after\=345600 -Xcc -I/Users/admin/builder/spi-builder-workspace/.derivedData/Build/Products/Debug-xros/include -Xcc -I/Users/admin/builder/spi-builder-workspace/.derivedData/Build/Intermediates.noindex/YCoreUI.build/Debug-xros/YCoreUI-t.build/DerivedSources-normal/arm64 -Xcc -I/Users/admin/builder/spi-builder-workspace/.derivedData/Build/Intermediates.noindex/YCoreUI.build/Debug-xros/YCoreUI-t.build/DerivedSources/arm64 -Xcc -I/Users/admin/builder/spi-builder-workspace/.derivedData/Build/Intermediates.noindex/YCoreUI.build/Debug-xros/YCoreUI-t.build/DerivedSources -Xcc -DSWIFT_PACKAGE -Xcc -DDEBUG\=1 -no-auto-bridging-header-chaining -module-name YCoreUI -const-gather-protocols-file /Users/admin/builder/spi-builder-workspace/.derivedData/Build/Intermediates.noindex/YCoreUI.build/Debug-xros/YCoreUI-t.build/Objects-normal/arm64/YCoreUI_const_extract_protocols.json -disable-clang-spi -clang-target arm64-apple-xros27.0 -target-sdk-version 27.0 -target-sdk-name xros27.0 -in-process-plugin-server-path /Applications/Xcode-27.0.0-Release.Candidate.app/Contents/Developer/Toolchains/XcodeDefault.xctoolchain/usr/lib/swift/host/libSwiftInProcPluginServer.dylib -emit-module-doc-path /Users/admin/builder/spi-builder-workspace/.derivedData/Build/Intermediates.noindex/YCoreUI.build/Debug-xros/YCoreUI-t.build/Objects-normal/arm64/YCoreUI.swiftdoc -emit-module-source-info-path /Users/admin/builder/spi-builder-workspace/.derivedData/Build/Intermediates.noindex/YCoreUI.build/Debug-xros/YCoreUI-t.build/Objects-normal/arm64/YCoreUI.swiftsourceinfo -emit-objc-header-path /Users/admin/builder/spi-builder-workspace/.derivedData/Build/Intermediates.noindex/YCoreUI.build/Debug-xros/YCoreUI-t.build/Objects-normal/arm64/YCoreUI-Swift.h -serialize-diagnostics-path /Users/admin/builder/spi-builder-workspace/.derivedData/Build/Intermediates.noindex/YCoreUI.build/Debug-xros/YCoreUI-t.build/Objects-normal/arm64/YCoreUI-primary-emit-module.dia -emit-dependencies-path /Users/admin/builder/spi-builder-workspace/.derivedData/Build/Intermediates.noindex/YCoreUI.build/Debug-xros/YCoreUI-t.build/Objects-normal/arm64/YCoreUI-primary-emit-module.d -parse-as-library -o /Users/admin/builder/spi-builder-workspace/.derivedData/Build/Intermediates.noindex/YCoreUI.build/Debug-xros/YCoreUI-t.build/Objects-normal/arm64/YCoreUI.swiftmodule -emit-abi-descriptor-path /Users/admin/builder/spi-builder-workspace/.derivedData/Build/Intermediates.noindex/YCoreUI.build/Debug-xros/YCoreUI-t.build/Objects-normal/arm64/YCoreUI.abi.json
SwiftCompile normal arm64 (in target 'YCoreUI' from project 'YCoreUI')
cd /Users/admin/builder/spi-builder-workspace/.swiftpm/xcode
SwiftCompile normal arm64 Compiling\ Anchorable.swift,\ Colorable.swift,\ ImageAsset.swift /Users/admin/builder/spi-builder-workspace/.dependencies/checkouts/YCoreUI/Sources/YCoreUI/Protocols/Anchorable.swift /Users/admin/builder/spi-builder-workspace/.dependencies/checkouts/YCoreUI/Sources/YCoreUI/Protocols/Colorable.swift /Users/admin/builder/spi-builder-workspace/.dependencies/checkouts/YCoreUI/Sources/YCoreUI/Protocols/ImageAsset.swift (in target 'YCoreUI' from project 'YCoreUI')
SwiftCompile normal arm64 /Users/admin/builder/spi-builder-workspace/.dependencies/checkouts/YCoreUI/Sources/YCoreUI/Protocols/Anchorable.swift (in target 'YCoreUI' from project 'YCoreUI')
cd /Users/admin/builder/spi-builder-workspace/.swiftpm/xcode
builtin-SwiftPerFileCompile Anchorable.swift
SwiftCompile normal arm64 /Users/admin/builder/spi-builder-workspace/.dependencies/checkouts/YCoreUI/Sources/YCoreUI/Protocols/Colorable.swift (in target 'YCoreUI' from project 'YCoreUI')
cd /Users/admin/builder/spi-builder-workspace/.swiftpm/xcode
builtin-SwiftPerFileCompile Colorable.swift
SwiftCompile normal arm64 /Users/admin/builder/spi-builder-workspace/.dependencies/checkouts/YCoreUI/Sources/YCoreUI/Protocols/ImageAsset.swift (in target 'YCoreUI' from project 'YCoreUI')
cd /Users/admin/builder/spi-builder-workspace/.swiftpm/xcode
builtin-SwiftPerFileCompile ImageAsset.swift
SwiftEmitModule normal arm64 Emitting\ module\ for\ YMatterType (in target 'YMatterType' from project 'YMatterType')
SwiftCompile normal arm64 (in target 'YMatterType' from project 'YMatterType')
cd /Users/admin/builder/spi-builder-workspace/.swiftpm/xcode
PruneExplicitPrecompiledModules /Users/admin/builder/spi-builder-workspace/.derivedData/SDKExplicitPrecompiledModules
PruneExplicitPrecompiledModules /Users/admin/builder/spi-builder-workspace/.derivedData/Build/Intermediates.noindex/ExplicitPrecompiledModules
PruneExplicitPrecompiledModules /Users/admin/builder/spi-builder-workspace/.derivedData/Build/Intermediates.noindex/SwiftExplicitPrecompiledModules
2026-09-19 13:56:02.438 xcodebuild[876:5326] [MT] IDERunDestination: Supported platforms for the buildables in the current scheme is empty.
2026-09-19 13:56:02.688 xcodebuild[876:5326] [MT] IDERunDestination: Supported platforms for the buildables in the current scheme is empty.
** BUILD FAILED **
The following build commands failed:
SwiftEmitModule normal arm64 Emitting\ module\ for\ YCoreUI (in target 'YCoreUI' from project 'YCoreUI')
SwiftCompile normal arm64 (in target 'YCoreUI' from project 'YCoreUI')
Building workspace YTags with scheme YTags
(3 failures)
BUILD FAILURE 6.4 visionOS