Build Information
Failed to build Queryable, reference main (7c8f7f), with Swift 6.4 for macOS (Xcode) using Xcode 27.0 on 20 Sep 2026 05:46:29 UTC.
Build Command
env DEVELOPER_DIR=/Applications/Xcode-27.0.0-Release.Candidate.app xcrun xcodebuild -IDEClonedSourcePackagesDirPathOverride=$PWD/.dependencies -skipMacroValidation -skipPackagePluginValidation -derivedDataPath $PWD/.derivedData build -scheme Queryable -destination platform=macOS,arch=arm64Build Log
========================================
RunAll
========================================
Builder version: 5.1.0
Interrupt handler set up.
========================================
Checkout
========================================
Clone URL: https://github.com/SwiftedMind/Queryable.git
Reference: main
Initialized empty Git repository in /Users/admin/builder/spi-builder-workspace/.git/
From https://github.com/SwiftedMind/Queryable
* branch main -> FETCH_HEAD
* [new branch] main -> origin/main
HEAD is now at 7c8f7fb Merge pull request #7 from KaiTheRedNinja/main
Cloned https://github.com/SwiftedMind/Queryable.git
Revision (git rev-parse @):
7c8f7fb31173067590b6c6bb46f002351f33470e
SPI manifest file found: $PWD/.spi.yml
SUCCESS checkout https://github.com/SwiftedMind/Queryable.git at main
========================================
Build
========================================
Selected platform: macosXcodebuild
Swift version: 6.4
Building package at path: $PWD
https://github.com/SwiftedMind/Queryable.git
Command line invocation:
/Applications/Xcode-27.0.0-Release.Candidate.app/Contents/Developer/usr/bin/xcodebuild -IDEClonedSourcePackagesDirPathOverride=/Users/admin/builder/spi-builder-workspace/.dependencies -resolvePackageDependencies
Resolve Package Graph
Resolve Package Graph
Resolved source packages:
Queryable: /Users/admin/builder/spi-builder-workspace
resolved source packages: Queryable
2026-09-20 01:45:32.535 xcodebuild[525:3013] [MT] IDERunDestination: Supported platforms for the buildables in the current scheme is empty.
2026-09-20 01:45:32.688 xcodebuild[525:3013] [MT] IDERunDestination: Supported platforms for the buildables in the current scheme is empty.
2026-09-20 01:45:34.325 xcodebuild[525:3013] [MT] IDERunDestination: Supported platforms for the buildables in the current scheme is empty.
{
"dependencies" : [
],
"manifest_display_name" : "Queryable",
"name" : "Queryable",
"path" : "/Users/admin/builder/spi-builder-workspace",
"platforms" : [
{
"name" : "ios",
"version" : "15.0"
},
{
"name" : "macos",
"version" : "12.0"
},
{
"name" : "watchos",
"version" : "8.0"
},
{
"name" : "tvos",
"version" : "15.0"
}
],
"products" : [
{
"name" : "Queryable",
"targets" : [
"Queryable"
],
"type" : {
"library" : [
"automatic"
]
}
}
],
"targets" : [
{
"c99name" : "QueryableTests",
"module_type" : "SwiftTarget",
"name" : "QueryableTests",
"path" : "Tests/QueryableTests",
"sources" : [
"BasicTests.swift",
"ConflictResolutionTests.swift",
"EdgeCaseTests.swift",
"Error.swift"
],
"target_dependencies" : [
"Queryable"
],
"type" : "test"
},
{
"c99name" : "Queryable",
"module_type" : "SwiftTarget",
"name" : "Queryable",
"path" : "Sources/Queryable",
"product_memberships" : [
"Queryable"
],
"sources" : [
"Handlers/Queryable+Alert.swift",
"Handlers/Queryable+Closure.swift",
"Handlers/Queryable+Conditional.swift",
"Handlers/Queryable+ConfirmationDialog.swift",
"Handlers/Queryable+FullscreenCover.swift",
"Handlers/Queryable+Overlay.swift",
"Handlers/Queryable+Sheet.swift",
"Helper/StableItemContainerView.swift",
"Logger.swift",
"QueryConflictPolicy.swift",
"QueryError.swift",
"QueryObservation.swift",
"QueryResolver.swift",
"Queryable.swift"
],
"type" : "library"
}
],
"tools_version" : "5.8"
}
{
"workspace" : {
"name" : "Queryable",
"schemes" : [
"Queryable",
"QueryableTests"
]
}
}
2026-09-20 01:46:09.992 xcodebuild[622:3813] [MT] IDERunDestination: Supported platforms for the buildables in the current scheme is empty.
2026-09-20 01:46:10.134 xcodebuild[622:3813] [MT] IDERunDestination: Supported platforms for the buildables in the current scheme is empty.
{
"workspace" : {
"name" : "Queryable",
"schemes" : [
"Queryable",
"QueryableTests"
]
}
}
2026-09-20 01:46:10.994 xcodebuild[624:3863] [MT] IDERunDestination: Supported platforms for the buildables in the current scheme is empty.
2026-09-20 01:46:11.135 xcodebuild[624:3863] [MT] IDERunDestination: Supported platforms for the buildables in the current scheme is empty.
Running build ...
env DEVELOPER_DIR=/Applications/Xcode-27.0.0-Release.Candidate.app xcrun xcodebuild -IDEClonedSourcePackagesDirPathOverride=$PWD/.dependencies -skipMacroValidation -skipPackagePluginValidation -derivedDataPath $PWD/.derivedData build -scheme Queryable -destination platform=macOS,arch=arm64
Command line invocation:
/Applications/Xcode-27.0.0-Release.Candidate.app/Contents/Developer/usr/bin/xcodebuild -IDEClonedSourcePackagesDirPathOverride=/Users/admin/builder/spi-builder-workspace/.dependencies -skipMacroValidation -skipPackagePluginValidation -derivedDataPath /Users/admin/builder/spi-builder-workspace/.derivedData build -scheme Queryable -destination platform=macOS,arch=arm64
Resolve Package Graph
Resolved source packages:
Queryable: /Users/admin/builder/spi-builder-workspace
ComputePackagePrebuildTargetDependencyGraph
Prepare packages
CreateBuildRequest
SendProjectDescription
CreateBuildOperation
ComputeTargetDependencyGraph
note: Building targets in dependency order
note: Target dependency graph (3 targets)
Target 'QueryableTests-product' in project 'Queryable'
➜ Explicit dependency on target 'Queryable' in project 'Queryable'
Target 'Queryable-product' in project 'Queryable'
➜ Explicit dependency on target 'Queryable' in project 'Queryable'
Target 'Queryable' in project 'Queryable' (no dependencies)
GatherProvisioningInputs
CreateBuildDescription
ExecuteExternalTool /Applications/Xcode-27.0.0-Release.Candidate.app/Contents/Developer/Toolchains/XcodeDefault.xctoolchain/usr/bin/clang -v -E -dM -isysroot /Applications/Xcode-27.0.0-Release.Candidate.app/Contents/Developer/Platforms/MacOSX.platform/Developer/SDKs/MacOSX27.0.sdk -x c -c /dev/null
ExecuteExternalTool /Applications/Xcode-27.0.0-Release.Candidate.app/Contents/Developer/Toolchains/XcodeDefault.xctoolchain/usr/bin/swiftc --version
ExecuteExternalTool /Applications/Xcode-27.0.0-Release.Candidate.app/Contents/Developer/Toolchains/XcodeDefault.xctoolchain/usr/bin/ld -version_details
Build description signature: 2ea0b1d38e0d3c3d387e107cf93e1741
Build description path: /Users/admin/builder/spi-builder-workspace/.derivedData/Build/Intermediates.noindex/XCBuildData/2ea0b1d38e0d3c3d387e107cf93e1741.xcbuilddata
CreateBuildDirectory /Users/admin/builder/spi-builder-workspace/.derivedData/SDKExplicitPrecompiledModules
cd /Users/admin/builder/spi-builder-workspace/.swiftpm/xcode
builtin-create-build-directory /Users/admin/builder/spi-builder-workspace/.derivedData/SDKExplicitPrecompiledModules
CreateBuildDirectory /Users/admin/builder/spi-builder-workspace/.derivedData/CompilationCache.noindex
cd /Users/admin/builder/spi-builder-workspace/.swiftpm/xcode
builtin-create-build-directory /Users/admin/builder/spi-builder-workspace/.derivedData/CompilationCache.noindex
CreateBuildDirectory /Users/admin/builder/spi-builder-workspace/.derivedData/ModuleCache.noindex
cd /Users/admin/builder/spi-builder-workspace/.swiftpm/xcode
builtin-create-build-directory /Users/admin/builder/spi-builder-workspace/.derivedData/ModuleCache.noindex
CreateBuildDirectory /Users/admin/builder/spi-builder-workspace/.derivedData/Build/Intermediates.noindex
cd /Users/admin/builder/spi-builder-workspace/.swiftpm/xcode
builtin-create-build-directory /Users/admin/builder/spi-builder-workspace/.derivedData/Build/Intermediates.noindex
CreateBuildDirectory /Users/admin/builder/spi-builder-workspace/.derivedData/Build/Products
cd /Users/admin/builder/spi-builder-workspace/.swiftpm/xcode
builtin-create-build-directory /Users/admin/builder/spi-builder-workspace/.derivedData/Build/Products
ClangStatCache /Applications/Xcode-27.0.0-Release.Candidate.app/Contents/Developer/Toolchains/XcodeDefault.xctoolchain/usr/bin/clang-stat-cache /Applications/Xcode-27.0.0-Release.Candidate.app/Contents/Developer/Platforms/MacOSX.platform/Developer/SDKs/MacOSX27.0.sdk /Users/admin/builder/spi-builder-workspace/.derivedData/SDKStatCaches.noindex/macosx27.0-26A425-e829b21a6f8c9b70876ba0858053c0446a22442a12e9d48fe1a705f55a1adfc4.sdkstatcache
cd /Users/admin/builder/spi-builder-workspace/.swiftpm/xcode
/Applications/Xcode-27.0.0-Release.Candidate.app/Contents/Developer/Toolchains/XcodeDefault.xctoolchain/usr/bin/clang-stat-cache /Applications/Xcode-27.0.0-Release.Candidate.app/Contents/Developer/Platforms/MacOSX.platform/Developer/SDKs/MacOSX27.0.sdk -o /Users/admin/builder/spi-builder-workspace/.derivedData/SDKStatCaches.noindex/macosx27.0-26A425-e829b21a6f8c9b70876ba0858053c0446a22442a12e9d48fe1a705f55a1adfc4.sdkstatcache
CreateBuildDirectory /Users/admin/builder/spi-builder-workspace/.derivedData/Build/Intermediates.noindex/SwiftExplicitPrecompiledModules
cd /Users/admin/builder/spi-builder-workspace/.swiftpm/xcode
builtin-create-build-directory /Users/admin/builder/spi-builder-workspace/.derivedData/Build/Intermediates.noindex/SwiftExplicitPrecompiledModules
CreateBuildDirectory /Users/admin/builder/spi-builder-workspace/.derivedData/Build/Intermediates.noindex/ExplicitPrecompiledModules
cd /Users/admin/builder/spi-builder-workspace/.swiftpm/xcode
builtin-create-build-directory /Users/admin/builder/spi-builder-workspace/.derivedData/Build/Intermediates.noindex/ExplicitPrecompiledModules
CreateBuildDirectory /Users/admin/builder/spi-builder-workspace/.derivedData/Build/Intermediates.noindex/PrecompiledHeaders
cd /Users/admin/builder/spi-builder-workspace/.swiftpm/xcode
builtin-create-build-directory /Users/admin/builder/spi-builder-workspace/.derivedData/Build/Intermediates.noindex/PrecompiledHeaders
CreateBuildDirectory /Users/admin/builder/spi-builder-workspace/.derivedData/Build/Intermediates.noindex/EagerLinkingTBDs/Debug
cd /Users/admin/builder/spi-builder-workspace/.swiftpm/xcode
builtin-create-build-directory /Users/admin/builder/spi-builder-workspace/.derivedData/Build/Intermediates.noindex/EagerLinkingTBDs/Debug
CreateBuildDirectory /Users/admin/builder/spi-builder-workspace/.derivedData/Build/Products/Debug
cd /Users/admin/builder/spi-builder-workspace/.swiftpm/xcode
builtin-create-build-directory /Users/admin/builder/spi-builder-workspace/.derivedData/Build/Products/Debug
CreateBuildDirectory /Users/admin/builder/spi-builder-workspace/.derivedData/Build/Products/Debug/PackageFrameworks
cd /Users/admin/builder/spi-builder-workspace/.swiftpm/xcode
builtin-create-build-directory /Users/admin/builder/spi-builder-workspace/.derivedData/Build/Products/Debug/PackageFrameworks
MkDir /Users/admin/builder/spi-builder-workspace/.derivedData/Build/Products/Debug/QueryableTests.xctest (in target 'QueryableTests-product' from project 'Queryable')
cd /Users/admin/builder/spi-builder-workspace
/bin/mkdir -p /Users/admin/builder/spi-builder-workspace/.derivedData/Build/Products/Debug/QueryableTests.xctest
WriteAuxiliaryFile /Users/admin/builder/spi-builder-workspace/.derivedData/Build/Intermediates.noindex/Queryable.build/Debug/QueryableTests-p.build/empty-QueryableTests.plist (in target 'QueryableTests-product' from project 'Queryable')
cd /Users/admin/builder/spi-builder-workspace
write-file /Users/admin/builder/spi-builder-workspace/.derivedData/Build/Intermediates.noindex/Queryable.build/Debug/QueryableTests-p.build/empty-QueryableTests.plist
WriteAuxiliaryFile /Users/admin/builder/spi-builder-workspace/.derivedData/Build/Intermediates.noindex/Queryable.build/Debug/QueryableTests-p.build/QueryableTests.DependencyStaticMetadataFileList (in target 'QueryableTests-product' from project 'Queryable')
cd /Users/admin/builder/spi-builder-workspace
write-file /Users/admin/builder/spi-builder-workspace/.derivedData/Build/Intermediates.noindex/Queryable.build/Debug/QueryableTests-p.build/QueryableTests.DependencyStaticMetadataFileList
WriteAuxiliaryFile /Users/admin/builder/spi-builder-workspace/.derivedData/Build/Intermediates.noindex/Queryable.build/Debug/QueryableTests-p.build/Objects-normal/arm64/QueryableTests-OutputFileMap.json (in target 'QueryableTests-product' from project 'Queryable')
cd /Users/admin/builder/spi-builder-workspace
write-file /Users/admin/builder/spi-builder-workspace/.derivedData/Build/Intermediates.noindex/Queryable.build/Debug/QueryableTests-p.build/Objects-normal/arm64/QueryableTests-OutputFileMap.json
WriteAuxiliaryFile /Users/admin/builder/spi-builder-workspace/.derivedData/Build/Intermediates.noindex/Queryable.build/Debug/QueryableTests-p.build/Objects-normal/arm64/QueryableTests.SwiftFileList (in target 'QueryableTests-product' from project 'Queryable')
cd /Users/admin/builder/spi-builder-workspace
write-file /Users/admin/builder/spi-builder-workspace/.derivedData/Build/Intermediates.noindex/Queryable.build/Debug/QueryableTests-p.build/Objects-normal/arm64/QueryableTests.SwiftFileList
WriteAuxiliaryFile /Users/admin/builder/spi-builder-workspace/.derivedData/Build/Intermediates.noindex/Queryable.build/Debug/QueryableTests-p.build/Objects-normal/arm64/QueryableTests.SwiftConstValuesFileList (in target 'QueryableTests-product' from project 'Queryable')
cd /Users/admin/builder/spi-builder-workspace
write-file /Users/admin/builder/spi-builder-workspace/.derivedData/Build/Intermediates.noindex/Queryable.build/Debug/QueryableTests-p.build/Objects-normal/arm64/QueryableTests.SwiftConstValuesFileList
WriteAuxiliaryFile /Users/admin/builder/spi-builder-workspace/.derivedData/Build/Intermediates.noindex/Queryable.build/Debug/QueryableTests-p.build/Objects-normal/arm64/QueryableTests_const_extract_protocols.json (in target 'QueryableTests-product' from project 'Queryable')
cd /Users/admin/builder/spi-builder-workspace
write-file /Users/admin/builder/spi-builder-workspace/.derivedData/Build/Intermediates.noindex/Queryable.build/Debug/QueryableTests-p.build/Objects-normal/arm64/QueryableTests_const_extract_protocols.json
WriteAuxiliaryFile /Users/admin/builder/spi-builder-workspace/.derivedData/Build/Intermediates.noindex/Queryable.build/Debug/QueryableTests-p.build/Objects-normal/arm64/QueryableTests.LinkFileList (in target 'QueryableTests-product' from project 'Queryable')
cd /Users/admin/builder/spi-builder-workspace
write-file /Users/admin/builder/spi-builder-workspace/.derivedData/Build/Intermediates.noindex/Queryable.build/Debug/QueryableTests-p.build/Objects-normal/arm64/QueryableTests.LinkFileList
WriteAuxiliaryFile /Users/admin/builder/spi-builder-workspace/.derivedData/Build/Intermediates.noindex/Queryable.build/Debug/QueryableTests-p.build/QueryableTests.DependencyMetadataFileList (in target 'QueryableTests-product' from project 'Queryable')
cd /Users/admin/builder/spi-builder-workspace
write-file /Users/admin/builder/spi-builder-workspace/.derivedData/Build/Intermediates.noindex/Queryable.build/Debug/QueryableTests-p.build/QueryableTests.DependencyMetadataFileList
WriteAuxiliaryFile /Users/admin/builder/spi-builder-workspace/.derivedData/Build/Intermediates.noindex/Queryable.build/Debug/Queryable-t.build/Queryable.modulemap (in target 'Queryable' from project 'Queryable')
cd /Users/admin/builder/spi-builder-workspace
write-file /Users/admin/builder/spi-builder-workspace/.derivedData/Build/Intermediates.noindex/Queryable.build/Debug/Queryable-t.build/Queryable.modulemap
WriteAuxiliaryFile /Users/admin/builder/spi-builder-workspace/.derivedData/Build/Intermediates.noindex/Queryable.build/Debug/Queryable-t.build/Queryable.DependencyStaticMetadataFileList (in target 'Queryable' from project 'Queryable')
cd /Users/admin/builder/spi-builder-workspace
write-file /Users/admin/builder/spi-builder-workspace/.derivedData/Build/Intermediates.noindex/Queryable.build/Debug/Queryable-t.build/Queryable.DependencyStaticMetadataFileList
WriteAuxiliaryFile /Users/admin/builder/spi-builder-workspace/.derivedData/Build/Intermediates.noindex/Queryable.build/Debug/Queryable-t.build/Queryable.DependencyMetadataFileList (in target 'Queryable' from project 'Queryable')
cd /Users/admin/builder/spi-builder-workspace
write-file /Users/admin/builder/spi-builder-workspace/.derivedData/Build/Intermediates.noindex/Queryable.build/Debug/Queryable-t.build/Queryable.DependencyMetadataFileList
MkDir /Users/admin/builder/spi-builder-workspace/.derivedData/Build/Products/Debug/QueryableTests.xctest/Contents/MacOS (in target 'QueryableTests-product' from project 'Queryable')
cd /Users/admin/builder/spi-builder-workspace
/bin/mkdir -p /Users/admin/builder/spi-builder-workspace/.derivedData/Build/Products/Debug/QueryableTests.xctest/Contents/MacOS
WriteAuxiliaryFile /Users/admin/builder/spi-builder-workspace/.derivedData/Build/Intermediates.noindex/Queryable.build/Debug/Queryable-t.build/Objects-normal/arm64/Queryable_const_extract_protocols.json (in target 'Queryable' from project 'Queryable')
cd /Users/admin/builder/spi-builder-workspace
write-file /Users/admin/builder/spi-builder-workspace/.derivedData/Build/Intermediates.noindex/Queryable.build/Debug/Queryable-t.build/Objects-normal/arm64/Queryable_const_extract_protocols.json
WriteAuxiliaryFile /Users/admin/builder/spi-builder-workspace/.derivedData/Build/Intermediates.noindex/Queryable.build/Debug/Queryable-t.build/Objects-normal/arm64/Queryable.SwiftFileList (in target 'Queryable' from project 'Queryable')
cd /Users/admin/builder/spi-builder-workspace
write-file /Users/admin/builder/spi-builder-workspace/.derivedData/Build/Intermediates.noindex/Queryable.build/Debug/Queryable-t.build/Objects-normal/arm64/Queryable.SwiftFileList
WriteAuxiliaryFile /Users/admin/builder/spi-builder-workspace/.derivedData/Build/Intermediates.noindex/Queryable.build/Debug/Queryable-t.build/Objects-normal/arm64/Queryable-OutputFileMap.json (in target 'Queryable' from project 'Queryable')
cd /Users/admin/builder/spi-builder-workspace
write-file /Users/admin/builder/spi-builder-workspace/.derivedData/Build/Intermediates.noindex/Queryable.build/Debug/Queryable-t.build/Objects-normal/arm64/Queryable-OutputFileMap.json
WriteAuxiliaryFile /Users/admin/builder/spi-builder-workspace/.derivedData/Build/Intermediates.noindex/Queryable.build/Debug/Queryable-t.build/Objects-normal/arm64/Queryable.SwiftConstValuesFileList (in target 'Queryable' from project 'Queryable')
cd /Users/admin/builder/spi-builder-workspace
write-file /Users/admin/builder/spi-builder-workspace/.derivedData/Build/Intermediates.noindex/Queryable.build/Debug/Queryable-t.build/Objects-normal/arm64/Queryable.SwiftConstValuesFileList
WriteAuxiliaryFile /Users/admin/builder/spi-builder-workspace/.derivedData/Build/Intermediates.noindex/Queryable.build/Debug/Queryable-t.build/Objects-normal/arm64/Queryable.LinkFileList (in target 'Queryable' from project 'Queryable')
cd /Users/admin/builder/spi-builder-workspace
write-file /Users/admin/builder/spi-builder-workspace/.derivedData/Build/Intermediates.noindex/Queryable.build/Debug/Queryable-t.build/Objects-normal/arm64/Queryable.LinkFileList
MkDir /Users/admin/builder/spi-builder-workspace/.derivedData/Build/Products/Debug/QueryableTests.xctest/Contents (in target 'QueryableTests-product' from project 'Queryable')
cd /Users/admin/builder/spi-builder-workspace
/bin/mkdir -p /Users/admin/builder/spi-builder-workspace/.derivedData/Build/Products/Debug/QueryableTests.xctest/Contents
Copy /Users/admin/builder/spi-builder-workspace/.derivedData/Build/Intermediates.noindex/GeneratedModuleMaps/Queryable.modulemap /Users/admin/builder/spi-builder-workspace/.derivedData/Build/Intermediates.noindex/Queryable.build/Debug/Queryable-t.build/Queryable.modulemap (in target 'Queryable' from project 'Queryable')
cd /Users/admin/builder/spi-builder-workspace
builtin-copy -exclude .DS_Store -exclude CVS -exclude .svn -exclude .git -exclude .hg -resolve-src-symlinks /Users/admin/builder/spi-builder-workspace/.derivedData/Build/Intermediates.noindex/Queryable.build/Debug/Queryable-t.build/Queryable.modulemap /Users/admin/builder/spi-builder-workspace/.derivedData/Build/Intermediates.noindex/GeneratedModuleMaps
SwiftDriver Queryable normal arm64 com.apple.xcode.tools.swift.compiler (in target 'Queryable' from project 'Queryable')
cd /Users/admin/builder/spi-builder-workspace/.swiftpm/xcode
builtin-SwiftDriver -- /Applications/Xcode-27.0.0-Release.Candidate.app/Contents/Developer/Toolchains/XcodeDefault.xctoolchain/usr/bin/swiftc -parse-as-library -module-name Queryable -Onone @/Users/admin/builder/spi-builder-workspace/.derivedData/Build/Intermediates.noindex/Queryable.build/Debug/Queryable-t.build/Objects-normal/arm64/Queryable.SwiftFileList -DSWIFT_PACKAGE -DDEBUG -DSWIFT_MODULE_RESOURCE_BUNDLE_UNAVAILABLE -DXcode -plugin-path /Applications/Xcode-27.0.0-Release.Candidate.app/Contents/Developer/Toolchains/XcodeDefault.xctoolchain/usr/lib/swift/host/plugins/testing -enable-experimental-feature DebugDescriptionMacro -sdk /Applications/Xcode-27.0.0-Release.Candidate.app/Contents/Developer/Platforms/MacOSX.platform/Developer/SDKs/MacOSX27.0.sdk -target arm64-apple-macos12.0 -g -module-cache-path /Users/admin/builder/spi-builder-workspace/.derivedData/ModuleCache.noindex -Xfrontend -serialize-debugging-options -profile-coverage-mapping -profile-generate -enable-testing -index-store-path /Users/admin/builder/spi-builder-workspace/.derivedData/Index.noindex/DataStore -Xcc -D_LIBCPP_HARDENING_MODE\=_LIBCPP_HARDENING_MODE_DEBUG -swift-version 5 -I /Users/admin/builder/spi-builder-workspace/.derivedData/Build/Products/Debug -Isystem /Applications/Xcode-27.0.0-Release.Candidate.app/Contents/Developer/Platforms/MacOSX.platform/Developer/usr/lib -F /Users/admin/builder/spi-builder-workspace/.derivedData/Build/Products/Debug -F /Applications/Xcode-27.0.0-Release.Candidate.app/Contents/Developer/Platforms/MacOSX.platform/Developer/Library/Frameworks -c -j10 -enable-batch-mode -incremental -Xcc -ivfsstatcache -Xcc /Users/admin/builder/spi-builder-workspace/.derivedData/SDKStatCaches.noindex/macosx27.0-26A425-e829b21a6f8c9b70876ba0858053c0446a22442a12e9d48fe1a705f55a1adfc4.sdkstatcache -output-file-map /Users/admin/builder/spi-builder-workspace/.derivedData/Build/Intermediates.noindex/Queryable.build/Debug/Queryable-t.build/Objects-normal/arm64/Queryable-OutputFileMap.json -save-temps -no-color-diagnostics -explicit-module-build -module-cache-path /Users/admin/builder/spi-builder-workspace/.derivedData/Build/Intermediates.noindex/SwiftExplicitPrecompiledModules -clang-scanner-module-cache-path /Users/admin/builder/spi-builder-workspace/.derivedData/ModuleCache.noindex -sdk-module-cache-path /Users/admin/builder/spi-builder-workspace/.derivedData/SDKExplicitPrecompiledModules -emit-dependencies -emit-module -emit-module-path /Users/admin/builder/spi-builder-workspace/.derivedData/Build/Intermediates.noindex/Queryable.build/Debug/Queryable-t.build/Objects-normal/arm64/Queryable.swiftmodule -serialize-diagnostics -dependency-scan-serialize-diagnostics-path /Users/admin/builder/spi-builder-workspace/.derivedData/Build/Intermediates.noindex/Queryable.build/Debug/Queryable-t.build/Objects-normal/arm64/Queryable-dependency-scan.dia -validate-clang-modules-once -clang-build-session-file /Users/admin/builder/spi-builder-workspace/.derivedData/ModuleCache.noindex/Session.modulevalidation -Xcc -fmodules-prune-interval\=86400 -Xcc -fmodules-prune-after\=345600 -emit-const-values -const-gather-protocols-list /Users/admin/builder/spi-builder-workspace/.derivedData/Build/Intermediates.noindex/Queryable.build/Debug/Queryable-t.build/Objects-normal/arm64/Queryable_const_extract_protocols.json -Xcc -I/Users/admin/builder/spi-builder-workspace/.derivedData/Build/Products/Debug/include -Xcc -I/Users/admin/builder/spi-builder-workspace/.derivedData/Build/Intermediates.noindex/Queryable.build/Debug/Queryable-t.build/DerivedSources-normal/arm64 -Xcc -I/Users/admin/builder/spi-builder-workspace/.derivedData/Build/Intermediates.noindex/Queryable.build/Debug/Queryable-t.build/DerivedSources/arm64 -Xcc -I/Users/admin/builder/spi-builder-workspace/.derivedData/Build/Intermediates.noindex/Queryable.build/Debug/Queryable-t.build/DerivedSources -Xcc -DSWIFT_PACKAGE -Xcc -DDEBUG\=1 -emit-objc-header -emit-objc-header-path /Users/admin/builder/spi-builder-workspace/.derivedData/Build/Intermediates.noindex/Queryable.build/Debug/Queryable-t.build/Objects-normal/arm64/Queryable-Swift.h -working-directory /Users/admin/builder/spi-builder-workspace/.swiftpm/xcode -experimental-emit-module-separately -disable-cmo
SwiftExplicitDependencyGeneratePcm arm64 /Users/admin/builder/spi-builder-workspace/.derivedData/SDKExplicitPrecompiledModules/SwiftShims-C4V0DQ62WSTCYBYGILXXGQNO3.pcm
SwiftExplicitDependencyGeneratePcm arm64 /Users/admin/builder/spi-builder-workspace/.derivedData/SDKExplicitPrecompiledModules/_SwiftConcurrencyShims-BLUUWKI6AGMD7TJ4RGYS7DP6T.pcm
SwiftExplicitDependencyGeneratePcm arm64 /Users/admin/builder/spi-builder-workspace/.derivedData/SDKExplicitPrecompiledModules/_Builtin_stdbool-KYV2HKP8IKLKMKQS9DGA2GUQ.pcm
SwiftExplicitDependencyGeneratePcm arm64 /Users/admin/builder/spi-builder-workspace/.derivedData/SDKExplicitPrecompiledModules/_AvailabilityInternal-CJTV5E7EL3MWRA437DUFPBVN2.pcm
SwiftExplicitDependencyGeneratePcm arm64 /Users/admin/builder/spi-builder-workspace/.derivedData/SDKExplicitPrecompiledModules/ptrcheck-DHLCBWKPNUZOYTPJ1J3QVTCXK.pcm
SwiftExplicitDependencyGeneratePcm arm64 /Users/admin/builder/spi-builder-workspace/.derivedData/SDKExplicitPrecompiledModules/_Builtin_stddef-3GI9GOKXSW3QCTFOI1USFLDZO.pcm
SwiftExplicitDependencyGeneratePcm arm64 /Users/admin/builder/spi-builder-workspace/.derivedData/SDKExplicitPrecompiledModules/ptrauth-2W92ZJRLNJU99RJUQGGJG3OC3.pcm
SwiftExplicitDependencyGeneratePcm arm64 /Users/admin/builder/spi-builder-workspace/.derivedData/SDKExplicitPrecompiledModules/_Builtin_stdarg-7CFWA9OSW5N24E7PG4ZOCF1VH.pcm
SwiftExplicitDependencyGeneratePcm arm64 /Users/admin/builder/spi-builder-workspace/.derivedData/SDKExplicitPrecompiledModules/DeveloperToolsSupport-13SNQ6N57G3DOS3KQA7V91OE7.pcm
SwiftExplicitDependencyGeneratePcm arm64 /Users/admin/builder/spi-builder-workspace/.derivedData/SDKExplicitPrecompiledModules/_Builtin_float-105CRCDRP90FQCQO5ZX1LHV7H.pcm
SwiftExplicitDependencyGeneratePcm arm64 /Users/admin/builder/spi-builder-workspace/.derivedData/SDKExplicitPrecompiledModules/_DarwinFoundation1-7PRJIG163YE9KSKYA3BS35ZZP.pcm
SwiftExplicitDependencyGeneratePcm arm64 /Users/admin/builder/spi-builder-workspace/.derivedData/SDKExplicitPrecompiledModules/_DarwinFoundation2-94WUUGE4H5R03OWXE0QFZX1DN.pcm
SwiftExplicitDependencyGeneratePcm arm64 /Users/admin/builder/spi-builder-workspace/.derivedData/SDKExplicitPrecompiledModules/_Builtin_limits-AXGUGXBFPC0I7QDLJFB0K341Y.pcm
SwiftExplicitDependencyGeneratePcm arm64 /Users/admin/builder/spi-builder-workspace/.derivedData/SDKExplicitPrecompiledModules/sys_types-F4RNCN6UR5R5OWTLTOUM7TN3E.pcm
SwiftExplicitDependencyGeneratePcm arm64 /Users/admin/builder/spi-builder-workspace/.derivedData/SDKExplicitPrecompiledModules/string_h-10WPXBF3YFYMX5HUAW06LSABR.pcm
SwiftExplicitDependencyGeneratePcm arm64 /Users/admin/builder/spi-builder-workspace/.derivedData/SDKExplicitPrecompiledModules/_Builtin_tgmath-52XE6HC8DWOG6S7B5QAI046D1.pcm
SwiftExplicitDependencyGeneratePcm arm64 /Users/admin/builder/spi-builder-workspace/.derivedData/SDKExplicitPrecompiledModules/_Builtin_stdint-22CBBOK8BNSF0UELDCAXSHGB.pcm
SwiftExplicitDependencyGeneratePcm arm64 /Users/admin/builder/spi-builder-workspace/.derivedData/SDKExplicitPrecompiledModules/libDER-5RCYOD0PCUUY2UGMBNE9LI8N9.pcm
SwiftExplicitDependencyGeneratePcm arm64 /Users/admin/builder/spi-builder-workspace/.derivedData/SDKExplicitPrecompiledModules/_DarwinFoundation3-32PO5Q4RCB6WXH5VFO3HA3AVS.pcm
SwiftExplicitDependencyGeneratePcm arm64 /Users/admin/builder/spi-builder-workspace/.derivedData/SDKExplicitPrecompiledModules/_Builtin_stdatomic-8LN7S35C6I48KJOCW7VPXX04X.pcm
SwiftExplicitDependencyGeneratePcm arm64 /Users/admin/builder/spi-builder-workspace/.derivedData/SDKExplicitPrecompiledModules/_Builtin_intrinsics-4O6R03GTH5FLWSHEUBP0Z3GZ2.pcm
SwiftExplicitDependencyGeneratePcm arm64 /Users/admin/builder/spi-builder-workspace/.derivedData/SDKExplicitPrecompiledModules/_Builtin_inttypes-1U6AP9A8AJ4G9WD98E9RHLGTJ.pcm
SwiftExplicitDependencyGeneratePcm arm64 /Users/admin/builder/spi-builder-workspace/.derivedData/SDKExplicitPrecompiledModules/Darwin-1RAAWNGKQM8YGHV0YJNNN5YDY.pcm
SwiftExplicitDependencyGeneratePcm arm64 /Users/admin/builder/spi-builder-workspace/.derivedData/SDKExplicitPrecompiledModules/simd-A9TKR8OE9APRJ1RNS7F0OBY4Q.pcm
SwiftExplicitDependencyGeneratePcm arm64 /Users/admin/builder/spi-builder-workspace/.derivedData/SDKExplicitPrecompiledModules/launch-2XAORMJNLLVS0OVKC1M0752GY.pcm
SwiftExplicitDependencyGeneratePcm arm64 /Users/admin/builder/spi-builder-workspace/.derivedData/SDKExplicitPrecompiledModules/CUPS-45MNISAOHSEBD6VQA5G0MXN9H.pcm
SwiftExplicitDependencyGeneratePcm arm64 /Users/admin/builder/spi-builder-workspace/.derivedData/SDKExplicitPrecompiledModules/MachO-AWTJ65TFR7TMST2NUE6ZCC1SL.pcm
SwiftExplicitDependencyGeneratePcm arm64 /Users/admin/builder/spi-builder-workspace/.derivedData/SDKExplicitPrecompiledModules/libkern-22MDXN9G35RPO3OLKX9B2PN16.pcm
SwiftExplicitDependencyGeneratePcm arm64 /Users/admin/builder/spi-builder-workspace/.derivedData/SDKExplicitPrecompiledModules/ObjectiveC-B89IQP2TC4CFSWOUMTUZRI1VZ.pcm
SwiftExplicitDependencyGeneratePcm arm64 /Users/admin/builder/spi-builder-workspace/.derivedData/SDKExplicitPrecompiledModules/Spatial-2JNOU2HNJ0Q174XCFCD0GCOUQ.pcm
SwiftExplicitDependencyGeneratePcm arm64 /Users/admin/builder/spi-builder-workspace/.derivedData/SDKExplicitPrecompiledModules/os_object-3KLCCI03OX6OQTLJ92KQH2KIO.pcm
SwiftExplicitDependencyGeneratePcm arm64 /Users/admin/builder/spi-builder-workspace/.derivedData/SDKExplicitPrecompiledModules/os_workgroup-10SJ5M8R2OB4BG1TPFL9SZMKV.pcm
SwiftExplicitDependencyGeneratePcm arm64 /Users/admin/builder/spi-builder-workspace/.derivedData/SDKExplicitPrecompiledModules/Dispatch-NAMWF9KN29KC7Z5OS3TTTAE8.pcm
SwiftExplicitDependencyGeneratePcm arm64 /Users/admin/builder/spi-builder-workspace/.derivedData/SDKExplicitPrecompiledModules/CoreFoundation-4ZIITQ30SOGUQE8KJAB99ZV0Q.pcm
SwiftExplicitDependencyGeneratePcm arm64 /Users/admin/builder/spi-builder-workspace/.derivedData/SDKExplicitPrecompiledModules/XPC-E1MSAZG4ZNL24S2WK6K6Y7GWW.pcm
SwiftExplicitDependencyGeneratePcm arm64 /Users/admin/builder/spi-builder-workspace/.derivedData/SDKExplicitPrecompiledModules/os-BYOEVK2GEMB4Q8WWHGZGREA00.pcm
SwiftExplicitDependencyGeneratePcm arm64 /Users/admin/builder/spi-builder-workspace/.derivedData/SDKExplicitPrecompiledModules/CFNetwork-CVHS5CT20191MFYXQIEDWSRGJ.pcm
SwiftExplicitDependencyGeneratePcm arm64 /Users/admin/builder/spi-builder-workspace/.derivedData/SDKExplicitPrecompiledModules/CoreAudioTypes-EEH2XZ47XX4YM3FOOISUYVRQE.pcm
SwiftExplicitDependencyGeneratePcm arm64 /Users/admin/builder/spi-builder-workspace/.derivedData/SDKExplicitPrecompiledModules/ColorSync-BBCIZDDQ6O3QECFAWJQ6RU4ZJ.pcm
SwiftExplicitDependencyGeneratePcm arm64 /Users/admin/builder/spi-builder-workspace/.derivedData/SDKExplicitPrecompiledModules/IOKit-6H3X691EDBH124EYTC2PEOP5T.pcm
SwiftExplicitDependencyGeneratePcm arm64 /Users/admin/builder/spi-builder-workspace/.derivedData/SDKExplicitPrecompiledModules/Security-ESPJ7FP0YAY1EL3VXBGY9MCZ8.pcm
SwiftExplicitDependencyGeneratePcm arm64 /Users/admin/builder/spi-builder-workspace/.derivedData/SDKExplicitPrecompiledModules/CoreGraphics-5TRMNDB7ZP6FFMRNSZCWEOZMD.pcm
SwiftExplicitDependencyGeneratePcm arm64 /Users/admin/builder/spi-builder-workspace/.derivedData/SDKExplicitPrecompiledModules/DiskArbitration-ZNZZU7T0SYELB0DAR56WQF0R.pcm
SwiftExplicitDependencyGeneratePcm arm64 /Users/admin/builder/spi-builder-workspace/.derivedData/SDKExplicitPrecompiledModules/CoreServices-CGCGY0FOMEQGSNMO3HQSC09XU.pcm
SwiftExplicitDependencyGeneratePcm arm64 /Users/admin/builder/spi-builder-workspace/.derivedData/SDKExplicitPrecompiledModules/CoreText-C1WSF2HWGIKVJ2XHWBKXQBSEY.pcm
SwiftExplicitDependencyGeneratePcm arm64 /Users/admin/builder/spi-builder-workspace/.derivedData/SDKExplicitPrecompiledModules/ImageIO-88YNP2EU498GB5YXIFJ9ANNYW.pcm
SwiftExplicitDependencyGeneratePcm arm64 /Users/admin/builder/spi-builder-workspace/.derivedData/SDKExplicitPrecompiledModules/Foundation-44WR0NU86C67CV5BW8W1MGKNG.pcm
SwiftExplicitDependencyGeneratePcm arm64 /Users/admin/builder/spi-builder-workspace/.derivedData/SDKExplicitPrecompiledModules/CoreData-4EPJ39F9L3QQ9486B5AMG5G6J.pcm
SwiftExplicitDependencyGeneratePcm arm64 /Users/admin/builder/spi-builder-workspace/.derivedData/SDKExplicitPrecompiledModules/CoreAudio-8XPVZMQXZVBU162UQPW77JTL1.pcm
SwiftExplicitDependencyGeneratePcm arm64 /Users/admin/builder/spi-builder-workspace/.derivedData/SDKExplicitPrecompiledModules/Symbols-2NFSQR6R0R96WH1KKGBXW1J.pcm
SwiftExplicitDependencyGeneratePcm arm64 /Users/admin/builder/spi-builder-workspace/.derivedData/SDKExplicitPrecompiledModules/DataDetection-5GDUUWT6YIA10PE5D9A8SXWZ9.pcm
SwiftExplicitDependencyGeneratePcm arm64 /Users/admin/builder/spi-builder-workspace/.derivedData/SDKExplicitPrecompiledModules/CoreTransferable-2HJ1Z8HJBPECRD89AVJ0X7S63.pcm
SwiftExplicitDependencyGeneratePcm arm64 /Users/admin/builder/spi-builder-workspace/.derivedData/SDKExplicitPrecompiledModules/IOSurface-1TUG4NQVIPJF59WSUNATZ447F.pcm
SwiftExplicitDependencyGeneratePcm arm64 /Users/admin/builder/spi-builder-workspace/.derivedData/SDKExplicitPrecompiledModules/OSLog-1GSRGGGEESVJH9OULZA91RAA3.pcm
SwiftExplicitDependencyGeneratePcm arm64 /Users/admin/builder/spi-builder-workspace/.derivedData/SDKExplicitPrecompiledModules/Accessibility-6F38G4T85MOHD9AA2EH4U2PJS.pcm
SwiftExplicitDependencyGeneratePcm arm64 /Users/admin/builder/spi-builder-workspace/.derivedData/SDKExplicitPrecompiledModules/UniformTypeIdentifiers-5LG8RE3Q01MBLZVRR3FFHHL5H.pcm
SwiftExplicitDependencyGeneratePcm arm64 /Users/admin/builder/spi-builder-workspace/.derivedData/SDKExplicitPrecompiledModules/ApplicationServices-ALXSS633FQY42UMJSLR6MNLSK.pcm
SwiftExplicitDependencyGeneratePcm arm64 /Users/admin/builder/spi-builder-workspace/.derivedData/SDKExplicitPrecompiledModules/OpenGL-FXV81CD8YS42YTVJKJH1VLGA.pcm
SwiftExplicitDependencyGeneratePcm arm64 /Users/admin/builder/spi-builder-workspace/.derivedData/SDKExplicitPrecompiledModules/Metal-KM8CI04R5X5OUWMGRMNZE4KP.pcm
SwiftExplicitDependencyGeneratePcm arm64 /Users/admin/builder/spi-builder-workspace/.derivedData/SDKExplicitPrecompiledModules/CoreVideo-11TKSDKW0L2K02H4B9ZHWLM3B.pcm
SwiftExplicitDependencyGeneratePcm arm64 /Users/admin/builder/spi-builder-workspace/.derivedData/SDKExplicitPrecompiledModules/CoreImage-AKYY8VSFWQ6KIIXG3EQJ7PW5T.pcm
SwiftExplicitDependencyGeneratePcm arm64 /Users/admin/builder/spi-builder-workspace/.derivedData/SDKExplicitPrecompiledModules/QuartzCore-AP21NXF3BYPWOG416U3DI6QME.pcm
SwiftExplicitDependencyGeneratePcm arm64 /Users/admin/builder/spi-builder-workspace/.derivedData/SDKExplicitPrecompiledModules/CoreMedia-699WGYGEEF2LGFEEGSCM9Y1UF.pcm
SwiftExplicitDependencyGeneratePcm arm64 /Users/admin/builder/spi-builder-workspace/.derivedData/SDKExplicitPrecompiledModules/SwiftUICore-ESLJM4CVIQEQNCRTK6KPAF1I7.pcm
SwiftExplicitDependencyGeneratePcm arm64 /Users/admin/builder/spi-builder-workspace/.derivedData/SDKExplicitPrecompiledModules/AppKit-C2WRQ26QXORUMMNQB0M8H4QYD.pcm
SwiftExplicitDependencyGeneratePcm arm64 /Users/admin/builder/spi-builder-workspace/.derivedData/SDKExplicitPrecompiledModules/SwiftUI-5IEOINZEJ69OCDVRMHPS5W4XI.pcm
SwiftEmitModule normal arm64 Emitting\ module\ for\ Queryable (in target 'Queryable' from project 'Queryable')
SwiftCompile normal arm64 (in target 'Queryable' from project 'Queryable')
cd /Users/admin/builder/spi-builder-workspace/.swiftpm/xcode
SwiftCompile normal arm64 Compiling\ Queryable.swift /Users/admin/builder/spi-builder-workspace/Sources/Queryable/Queryable.swift (in target 'Queryable' from project 'Queryable')
SwiftCompile normal arm64 /Users/admin/builder/spi-builder-workspace/Sources/Queryable/Queryable.swift (in target 'Queryable' from project 'Queryable')
cd /Users/admin/builder/spi-builder-workspace/.swiftpm/xcode
builtin-SwiftPerFileCompile Queryable.swift
SwiftCompile normal arm64 Compiling\ QueryResolver.swift /Users/admin/builder/spi-builder-workspace/Sources/Queryable/QueryResolver.swift (in target 'Queryable' from project 'Queryable')
SwiftCompile normal arm64 /Users/admin/builder/spi-builder-workspace/Sources/Queryable/QueryResolver.swift (in target 'Queryable' from project 'Queryable')
cd /Users/admin/builder/spi-builder-workspace/.swiftpm/xcode
builtin-SwiftPerFileCompile QueryResolver.swift
SwiftCompile normal arm64 Compiling\ Queryable+FullscreenCover.swift,\ Queryable+Overlay.swift /Users/admin/builder/spi-builder-workspace/Sources/Queryable/Handlers/Queryable+FullscreenCover.swift /Users/admin/builder/spi-builder-workspace/Sources/Queryable/Handlers/Queryable+Overlay.swift (in target 'Queryable' from project 'Queryable')
SwiftCompile normal arm64 /Users/admin/builder/spi-builder-workspace/Sources/Queryable/Handlers/Queryable+FullscreenCover.swift (in target 'Queryable' from project 'Queryable')
cd /Users/admin/builder/spi-builder-workspace/.swiftpm/xcode
builtin-SwiftPerFileCompile Queryable+FullscreenCover.swift
SwiftCompile normal arm64 /Users/admin/builder/spi-builder-workspace/Sources/Queryable/Handlers/Queryable+Overlay.swift (in target 'Queryable' from project 'Queryable')
cd /Users/admin/builder/spi-builder-workspace/.swiftpm/xcode
builtin-SwiftPerFileCompile Queryable+Overlay.swift
/Users/admin/builder/spi-builder-workspace/Sources/Queryable/Handlers/Queryable+FullscreenCover.swift:42:14: error: 'fullScreenCover(item:onDismiss:content:)' is unavailable in macOS
40 | func body(content: Content) -> some View {
41 | content
42 | .fullScreenCover(item: $queryable.itemContainer, onDismiss: onDismiss) { initialItemContainer in
| `- error: 'fullScreenCover(item:onDismiss:content:)' is unavailable in macOS
43 | StableItemContainerView(itemContainer: initialItemContainer) { itemContainer in
44 | queryContent(itemContainer.item, itemContainer.resolver)
SwiftUI.View.fullScreenCover:2:25: note: 'fullScreenCover(item:onDismiss:content:)' has been explicitly marked unavailable here
1 | protocol View {
2 | nonisolated public func fullScreenCover<Item, Content>(item: Binding<Item?>, onDismiss: (() -> Void)? = nil, @ContentBuilder content: @escaping (Item) -> Content) -> some View where Item : Identifiable, Content : View
| `- note: 'fullScreenCover(item:onDismiss:content:)' has been explicitly marked unavailable here
3 | }
4 |
Failed frontend command:
/Applications/Xcode-27.0.0-Release.Candidate.app/Contents/Developer/Toolchains/XcodeDefault.xctoolchain/usr/bin/swift-frontend -frontend -c /Users/admin/builder/spi-builder-workspace/Sources/Queryable/Handlers/Queryable+Alert.swift /Users/admin/builder/spi-builder-workspace/Sources/Queryable/Handlers/Queryable+Closure.swift /Users/admin/builder/spi-builder-workspace/Sources/Queryable/Handlers/Queryable+Conditional.swift /Users/admin/builder/spi-builder-workspace/Sources/Queryable/Handlers/Queryable+ConfirmationDialog.swift -primary-file /Users/admin/builder/spi-builder-workspace/Sources/Queryable/Handlers/Queryable+FullscreenCover.swift -primary-file /Users/admin/builder/spi-builder-workspace/Sources/Queryable/Handlers/Queryable+Overlay.swift /Users/admin/builder/spi-builder-workspace/Sources/Queryable/Handlers/Queryable+Sheet.swift /Users/admin/builder/spi-builder-workspace/Sources/Queryable/Helper/StableItemContainerView.swift /Users/admin/builder/spi-builder-workspace/Sources/Queryable/Logger.swift /Users/admin/builder/spi-builder-workspace/Sources/Queryable/QueryConflictPolicy.swift /Users/admin/builder/spi-builder-workspace/Sources/Queryable/QueryError.swift /Users/admin/builder/spi-builder-workspace/Sources/Queryable/QueryObservation.swift /Users/admin/builder/spi-builder-workspace/Sources/Queryable/QueryResolver.swift /Users/admin/builder/spi-builder-workspace/Sources/Queryable/Queryable.swift -emit-dependencies-path /Users/admin/builder/spi-builder-workspace/.derivedData/Build/Intermediates.noindex/Queryable.build/Debug/Queryable-t.build/Objects-normal/arm64/Queryable+FullscreenCover.d -emit-const-values-path /Users/admin/builder/spi-builder-workspace/.derivedData/Build/Intermediates.noindex/Queryable.build/Debug/Queryable-t.build/Objects-normal/arm64/Queryable+FullscreenCover.swiftconstvalues -emit-reference-dependencies-path /Users/admin/builder/spi-builder-workspace/.derivedData/Build/Intermediates.noindex/Queryable.build/Debug/Queryable-t.build/Objects-normal/arm64/Queryable+FullscreenCover.swiftdeps -serialize-diagnostics-path /Users/admin/builder/spi-builder-workspace/.derivedData/Build/Intermediates.noindex/Queryable.build/Debug/Queryable-t.build/Objects-normal/arm64/Queryable+FullscreenCover.dia -emit-dependencies-path /Users/admin/builder/spi-builder-workspace/.derivedData/Build/Intermediates.noindex/Queryable.build/Debug/Queryable-t.build/Objects-normal/arm64/Queryable+Overlay.d -emit-const-values-path /Users/admin/builder/spi-builder-workspace/.derivedData/Build/Intermediates.noindex/Queryable.build/Debug/Queryable-t.build/Objects-normal/arm64/Queryable+Overlay.swiftconstvalues -emit-reference-dependencies-path /Users/admin/builder/spi-builder-workspace/.derivedData/Build/Intermediates.noindex/Queryable.build/Debug/Queryable-t.build/Objects-normal/arm64/Queryable+Overlay.swiftdeps -serialize-diagnostics-path /Users/admin/builder/spi-builder-workspace/.derivedData/Build/Intermediates.noindex/Queryable.build/Debug/Queryable-t.build/Objects-normal/arm64/Queryable+Overlay.dia -target arm64-apple-macos12.0 -disable-cross-import-overlay-search -load-resolved-plugin /Applications/Xcode-27.0.0-Release.Candidate.app/Contents/Developer/Platforms/MacOSX.platform/Developer/usr/lib/swift/host/plugins/libFoundationMacros.dylib\#/Applications/Xcode-27.0.0-Release.Candidate.app/Contents/Developer/Platforms/MacOSX.platform/Developer/usr/bin/swift-plugin-server\#FoundationMacros -load-resolved-plugin /Applications/Xcode-27.0.0-Release.Candidate.app/Contents/Developer/Platforms/MacOSX.platform/Developer/usr/lib/swift/host/plugins/libObservationMacros.dylib\#/Applications/Xcode-27.0.0-Release.Candidate.app/Contents/Developer/Platforms/MacOSX.platform/Developer/usr/bin/swift-plugin-server\#ObservationMacros -load-resolved-plugin /Applications/Xcode-27.0.0-Release.Candidate.app/Contents/Developer/Platforms/MacOSX.platform/Developer/usr/lib/swift/host/plugins/libPreviewsMacros.dylib\#/Applications/Xcode-27.0.0-Release.Candidate.app/Contents/Developer/Platforms/MacOSX.platform/Developer/usr/bin/swift-plugin-server\#PreviewsMacros -load-resolved-plugin /Applications/Xcode-27.0.0-Release.Candidate.app/Contents/Developer/Platforms/MacOSX.platform/Developer/usr/lib/swift/host/plugins/libSwiftMacros.dylib\#/Applications/Xcode-27.0.0-Release.Candidate.app/Contents/Developer/Platforms/MacOSX.platform/Developer/usr/bin/swift-plugin-server\#SwiftMacros -load-resolved-plugin /Applications/Xcode-27.0.0-Release.Candidate.app/Contents/Developer/Platforms/MacOSX.platform/Developer/usr/lib/swift/host/plugins/libSwiftUIMacros.dylib\#/Applications/Xcode-27.0.0-Release.Candidate.app/Contents/Developer/Platforms/MacOSX.platform/Developer/usr/bin/swift-plugin-server\#SwiftUIMacros -disable-implicit-swift-modules -Xcc -fno-implicit-modules -Xcc -fno-implicit-module-maps -explicit-swift-module-map-file /Users/admin/builder/spi-builder-workspace/.derivedData/Build/Intermediates.noindex/Queryable.build/Debug/Queryable-t.build/Objects-normal/arm64/Queryable-dependencies-1.json -Xllvm -aarch64-use-tbi -enable-objc-interop -stack-check -sdk /Applications/Xcode-27.0.0-Release.Candidate.app/Contents/Developer/Platforms/MacOSX.platform/Developer/SDKs/MacOSX27.0.sdk -I /Users/admin/builder/spi-builder-workspace/.derivedData/Build/Products/Debug -Isystem /Applications/Xcode-27.0.0-Release.Candidate.app/Contents/Developer/Platforms/MacOSX.platform/Developer/usr/lib -F /Users/admin/builder/spi-builder-workspace/.derivedData/Build/Products/Debug -F /Applications/Xcode-27.0.0-Release.Candidate.app/Contents/Developer/Platforms/MacOSX.platform/Developer/Library/Frameworks -module-cache-path /Users/admin/builder/spi-builder-workspace/.derivedData/Build/Intermediates.noindex/SwiftExplicitPrecompiledModules -no-color-diagnostics -Xcc -fno-color-diagnostics -enable-testing -g -debug-info-format\=dwarf -dwarf-version\=4 -profile-generate -profile-coverage-mapping -swift-version 5 -Onone -D SWIFT_PACKAGE -D DEBUG -D SWIFT_MODULE_RESOURCE_BUNDLE_UNAVAILABLE -D Xcode -serialize-debugging-options -enable-experimental-feature DebugDescriptionMacro -empty-abi-descriptor -validate-clang-modules-once -clang-build-session-file /Users/admin/builder/spi-builder-workspace/.derivedData/ModuleCache.noindex/Session.modulevalidation -Xcc -working-directory -Xcc /Users/admin/builder/spi-builder-workspace/.swiftpm/xcode -enable-anonymous-context-mangled-names -file-compilation-dir /Users/admin/builder/spi-builder-workspace/.swiftpm/xcode -Xcc -D_LIBCPP_HARDENING_MODE\=_LIBCPP_HARDENING_MODE_DEBUG -Xcc -ivfsstatcache -Xcc /Users/admin/builder/spi-builder-workspace/.derivedData/SDKStatCaches.noindex/macosx27.0-26A425-e829b21a6f8c9b70876ba0858053c0446a22442a12e9d48fe1a705f55a1adfc4.sdkstatcache -Xcc -fmodules-prune-interval\=86400 -Xcc -fmodules-prune-after\=345600 -Xcc -I/Users/admin/builder/spi-builder-workspace/.derivedData/Build/Products/Debug/include -Xcc -I/Users/admin/builder/spi-builder-workspace/.derivedData/Build/Intermediates.noindex/Queryable.build/Debug/Queryable-t.build/DerivedSources-normal/arm64 -Xcc -I/Users/admin/builder/spi-builder-workspace/.derivedData/Build/Intermediates.noindex/Queryable.build/Debug/Queryable-t.build/DerivedSources/arm64 -Xcc -I/Users/admin/builder/spi-builder-workspace/.derivedData/Build/Intermediates.noindex/Queryable.build/Debug/Queryable-t.build/DerivedSources -Xcc -DSWIFT_PACKAGE -Xcc -DDEBUG\=1 -no-auto-bridging-header-chaining -module-name Queryable -const-gather-protocols-file /Users/admin/builder/spi-builder-workspace/.derivedData/Build/Intermediates.noindex/Queryable.build/Debug/Queryable-t.build/Objects-normal/arm64/Queryable_const_extract_protocols.json -disable-clang-spi -clang-target arm64-apple-macos27.0 -target-sdk-version 27.0 -target-sdk-name macosx27.0 -in-process-plugin-server-path /Applications/Xcode-27.0.0-Release.Candidate.app/Contents/Developer/Toolchains/XcodeDefault.xctoolchain/usr/lib/swift/host/libSwiftInProcPluginServer.dylib -parse-as-library -o /Users/admin/builder/spi-builder-workspace/.derivedData/Build/Intermediates.noindex/Queryable.build/Debug/Queryable-t.build/Objects-normal/arm64/Queryable+FullscreenCover.o -o /Users/admin/builder/spi-builder-workspace/.derivedData/Build/Intermediates.noindex/Queryable.build/Debug/Queryable-t.build/Objects-normal/arm64/Queryable+Overlay.o -debug-module-path /Users/admin/builder/spi-builder-workspace/.derivedData/Build/Intermediates.noindex/Queryable.build/Debug/Queryable-t.build/Objects-normal/arm64/Queryable.swiftmodule -index-unit-output-path /Queryable.build/Debug/Queryable-t.build/Objects-normal/arm64/Queryable+FullscreenCover.o -index-unit-output-path /Queryable.build/Debug/Queryable-t.build/Objects-normal/arm64/Queryable+Overlay.o -index-store-path /Users/admin/builder/spi-builder-workspace/.derivedData/Index.noindex/DataStore -index-system-modules
SwiftCompile normal arm64 Compiling\ QueryObservation.swift /Users/admin/builder/spi-builder-workspace/Sources/Queryable/QueryObservation.swift (in target 'Queryable' from project 'Queryable')
SwiftCompile normal arm64 /Users/admin/builder/spi-builder-workspace/Sources/Queryable/QueryObservation.swift (in target 'Queryable' from project 'Queryable')
cd /Users/admin/builder/spi-builder-workspace/.swiftpm/xcode
builtin-SwiftPerFileCompile QueryObservation.swift
SwiftCompile normal arm64 Compiling\ Logger.swift /Users/admin/builder/spi-builder-workspace/Sources/Queryable/Logger.swift (in target 'Queryable' from project 'Queryable')
SwiftCompile normal arm64 /Users/admin/builder/spi-builder-workspace/Sources/Queryable/Logger.swift (in target 'Queryable' from project 'Queryable')
cd /Users/admin/builder/spi-builder-workspace/.swiftpm/xcode
builtin-SwiftPerFileCompile Logger.swift
SwiftCompile normal arm64 Compiling\ QueryConflictPolicy.swift /Users/admin/builder/spi-builder-workspace/Sources/Queryable/QueryConflictPolicy.swift (in target 'Queryable' from project 'Queryable')
SwiftCompile normal arm64 /Users/admin/builder/spi-builder-workspace/Sources/Queryable/QueryConflictPolicy.swift (in target 'Queryable' from project 'Queryable')
cd /Users/admin/builder/spi-builder-workspace/.swiftpm/xcode
builtin-SwiftPerFileCompile QueryConflictPolicy.swift
SwiftCompile normal arm64 Compiling\ Queryable+Sheet.swift,\ StableItemContainerView.swift /Users/admin/builder/spi-builder-workspace/Sources/Queryable/Handlers/Queryable+Sheet.swift /Users/admin/builder/spi-builder-workspace/Sources/Queryable/Helper/StableItemContainerView.swift (in target 'Queryable' from project 'Queryable')
SwiftCompile normal arm64 /Users/admin/builder/spi-builder-workspace/Sources/Queryable/Handlers/Queryable+Sheet.swift (in target 'Queryable' from project 'Queryable')
cd /Users/admin/builder/spi-builder-workspace/.swiftpm/xcode
builtin-SwiftPerFileCompile Queryable+Sheet.swift
SwiftCompile normal arm64 /Users/admin/builder/spi-builder-workspace/Sources/Queryable/Helper/StableItemContainerView.swift (in target 'Queryable' from project 'Queryable')
cd /Users/admin/builder/spi-builder-workspace/.swiftpm/xcode
builtin-SwiftPerFileCompile StableItemContainerView.swift
SwiftCompile normal arm64 Compiling\ QueryError.swift /Users/admin/builder/spi-builder-workspace/Sources/Queryable/QueryError.swift (in target 'Queryable' from project 'Queryable')
SwiftCompile normal arm64 /Users/admin/builder/spi-builder-workspace/Sources/Queryable/QueryError.swift (in target 'Queryable' from project 'Queryable')
cd /Users/admin/builder/spi-builder-workspace/.swiftpm/xcode
builtin-SwiftPerFileCompile QueryError.swift
SwiftCompile normal arm64 Compiling\ Queryable+Alert.swift,\ Queryable+Closure.swift /Users/admin/builder/spi-builder-workspace/Sources/Queryable/Handlers/Queryable+Alert.swift /Users/admin/builder/spi-builder-workspace/Sources/Queryable/Handlers/Queryable+Closure.swift (in target 'Queryable' from project 'Queryable')
SwiftCompile normal arm64 /Users/admin/builder/spi-builder-workspace/Sources/Queryable/Handlers/Queryable+Alert.swift (in target 'Queryable' from project 'Queryable')
cd /Users/admin/builder/spi-builder-workspace/.swiftpm/xcode
builtin-SwiftPerFileCompile Queryable+Alert.swift
SwiftCompile normal arm64 /Users/admin/builder/spi-builder-workspace/Sources/Queryable/Handlers/Queryable+Closure.swift (in target 'Queryable' from project 'Queryable')
cd /Users/admin/builder/spi-builder-workspace/.swiftpm/xcode
builtin-SwiftPerFileCompile Queryable+Closure.swift
SwiftCompile normal arm64 Compiling\ Queryable+Conditional.swift,\ Queryable+ConfirmationDialog.swift /Users/admin/builder/spi-builder-workspace/Sources/Queryable/Handlers/Queryable+Conditional.swift /Users/admin/builder/spi-builder-workspace/Sources/Queryable/Handlers/Queryable+ConfirmationDialog.swift (in target 'Queryable' from project 'Queryable')
SwiftCompile normal arm64 /Users/admin/builder/spi-builder-workspace/Sources/Queryable/Handlers/Queryable+Conditional.swift (in target 'Queryable' from project 'Queryable')
cd /Users/admin/builder/spi-builder-workspace/.swiftpm/xcode
builtin-SwiftPerFileCompile Queryable+Conditional.swift
SwiftCompile normal arm64 /Users/admin/builder/spi-builder-workspace/Sources/Queryable/Handlers/Queryable+ConfirmationDialog.swift (in target 'Queryable' from project 'Queryable')
cd /Users/admin/builder/spi-builder-workspace/.swiftpm/xcode
builtin-SwiftPerFileCompile Queryable+ConfirmationDialog.swift
SwiftDriverJobDiscovery normal arm64 Emitting module for Queryable (in target 'Queryable' from project 'Queryable')
SwiftDriver\ Compilation\ Requirements Queryable normal arm64 com.apple.xcode.tools.swift.compiler (in target 'Queryable' from project 'Queryable')
cd /Users/admin/builder/spi-builder-workspace/.swiftpm/xcode
builtin-Swift-Compilation-Requirements -- /Applications/Xcode-27.0.0-Release.Candidate.app/Contents/Developer/Toolchains/XcodeDefault.xctoolchain/usr/bin/swiftc -parse-as-library -module-name Queryable -Onone @/Users/admin/builder/spi-builder-workspace/.derivedData/Build/Intermediates.noindex/Queryable.build/Debug/Queryable-t.build/Objects-normal/arm64/Queryable.SwiftFileList -DSWIFT_PACKAGE -DDEBUG -DSWIFT_MODULE_RESOURCE_BUNDLE_UNAVAILABLE -DXcode -plugin-path /Applications/Xcode-27.0.0-Release.Candidate.app/Contents/Developer/Toolchains/XcodeDefault.xctoolchain/usr/lib/swift/host/plugins/testing -enable-experimental-feature DebugDescriptionMacro -sdk /Applications/Xcode-27.0.0-Release.Candidate.app/Contents/Developer/Platforms/MacOSX.platform/Developer/SDKs/MacOSX27.0.sdk -target arm64-apple-macos12.0 -g -module-cache-path /Users/admin/builder/spi-builder-workspace/.derivedData/ModuleCache.noindex -Xfrontend -serialize-debugging-options -profile-coverage-mapping -profile-generate -enable-testing -index-store-path /Users/admin/builder/spi-builder-workspace/.derivedData/Index.noindex/DataStore -Xcc -D_LIBCPP_HARDENING_MODE\=_LIBCPP_HARDENING_MODE_DEBUG -swift-version 5 -I /Users/admin/builder/spi-builder-workspace/.derivedData/Build/Products/Debug -Isystem /Applications/Xcode-27.0.0-Release.Candidate.app/Contents/Developer/Platforms/MacOSX.platform/Developer/usr/lib -F /Users/admin/builder/spi-builder-workspace/.derivedData/Build/Products/Debug -F /Applications/Xcode-27.0.0-Release.Candidate.app/Contents/Developer/Platforms/MacOSX.platform/Developer/Library/Frameworks -c -j10 -enable-batch-mode -incremental -Xcc -ivfsstatcache -Xcc /Users/admin/builder/spi-builder-workspace/.derivedData/SDKStatCaches.noindex/macosx27.0-26A425-e829b21a6f8c9b70876ba0858053c0446a22442a12e9d48fe1a705f55a1adfc4.sdkstatcache -output-file-map /Users/admin/builder/spi-builder-workspace/.derivedData/Build/Intermediates.noindex/Queryable.build/Debug/Queryable-t.build/Objects-normal/arm64/Queryable-OutputFileMap.json -save-temps -no-color-diagnostics -explicit-module-build -module-cache-path /Users/admin/builder/spi-builder-workspace/.derivedData/Build/Intermediates.noindex/SwiftExplicitPrecompiledModules -clang-scanner-module-cache-path /Users/admin/builder/spi-builder-workspace/.derivedData/ModuleCache.noindex -sdk-module-cache-path /Users/admin/builder/spi-builder-workspace/.derivedData/SDKExplicitPrecompiledModules -emit-dependencies -emit-module -emit-module-path /Users/admin/builder/spi-builder-workspace/.derivedData/Build/Intermediates.noindex/Queryable.build/Debug/Queryable-t.build/Objects-normal/arm64/Queryable.swiftmodule -serialize-diagnostics -dependency-scan-serialize-diagnostics-path /Users/admin/builder/spi-builder-workspace/.derivedData/Build/Intermediates.noindex/Queryable.build/Debug/Queryable-t.build/Objects-normal/arm64/Queryable-dependency-scan.dia -validate-clang-modules-once -clang-build-session-file /Users/admin/builder/spi-builder-workspace/.derivedData/ModuleCache.noindex/Session.modulevalidation -Xcc -fmodules-prune-interval\=86400 -Xcc -fmodules-prune-after\=345600 -emit-const-values -const-gather-protocols-list /Users/admin/builder/spi-builder-workspace/.derivedData/Build/Intermediates.noindex/Queryable.build/Debug/Queryable-t.build/Objects-normal/arm64/Queryable_const_extract_protocols.json -Xcc -I/Users/admin/builder/spi-builder-workspace/.derivedData/Build/Products/Debug/include -Xcc -I/Users/admin/builder/spi-builder-workspace/.derivedData/Build/Intermediates.noindex/Queryable.build/Debug/Queryable-t.build/DerivedSources-normal/arm64 -Xcc -I/Users/admin/builder/spi-builder-workspace/.derivedData/Build/Intermediates.noindex/Queryable.build/Debug/Queryable-t.build/DerivedSources/arm64 -Xcc -I/Users/admin/builder/spi-builder-workspace/.derivedData/Build/Intermediates.noindex/Queryable.build/Debug/Queryable-t.build/DerivedSources -Xcc -DSWIFT_PACKAGE -Xcc -DDEBUG\=1 -emit-objc-header -emit-objc-header-path /Users/admin/builder/spi-builder-workspace/.derivedData/Build/Intermediates.noindex/Queryable.build/Debug/Queryable-t.build/Objects-normal/arm64/Queryable-Swift.h -working-directory /Users/admin/builder/spi-builder-workspace/.swiftpm/xcode -experimental-emit-module-separately -disable-cmo
SwiftDriverJobDiscovery normal arm64 Compiling QueryObservation.swift (in target 'Queryable' from project 'Queryable')
SwiftMergeGeneratedHeaders /Users/admin/builder/spi-builder-workspace/.derivedData/Build/Intermediates.noindex/GeneratedModuleMaps/Queryable-Swift.h /Users/admin/builder/spi-builder-workspace/.derivedData/Build/Intermediates.noindex/Queryable.build/Debug/Queryable-t.build/Objects-normal/arm64/Queryable-Swift.h (in target 'Queryable' from project 'Queryable')
cd /Users/admin/builder/spi-builder-workspace
builtin-swiftHeaderTool -arch arm64 /Users/admin/builder/spi-builder-workspace/.derivedData/Build/Intermediates.noindex/Queryable.build/Debug/Queryable-t.build/Objects-normal/arm64/Queryable-Swift.h -o /Users/admin/builder/spi-builder-workspace/.derivedData/Build/Intermediates.noindex/GeneratedModuleMaps/Queryable-Swift.h
Copy /Users/admin/builder/spi-builder-workspace/.derivedData/Build/Products/Debug/Queryable.swiftmodule/arm64-apple-macos.swiftmodule /Users/admin/builder/spi-builder-workspace/.derivedData/Build/Intermediates.noindex/Queryable.build/Debug/Queryable-t.build/Objects-normal/arm64/Queryable.swiftmodule (in target 'Queryable' from project 'Queryable')
cd /Users/admin/builder/spi-builder-workspace
builtin-copy -exclude .DS_Store -exclude CVS -exclude .svn -exclude .git -exclude .hg -resolve-src-symlinks -rename /Users/admin/builder/spi-builder-workspace/.derivedData/Build/Intermediates.noindex/Queryable.build/Debug/Queryable-t.build/Objects-normal/arm64/Queryable.swiftmodule /Users/admin/builder/spi-builder-workspace/.derivedData/Build/Products/Debug/Queryable.swiftmodule/arm64-apple-macos.swiftmodule
Copy /Users/admin/builder/spi-builder-workspace/.derivedData/Build/Products/Debug/Queryable.swiftmodule/arm64-apple-macos.swiftdoc /Users/admin/builder/spi-builder-workspace/.derivedData/Build/Intermediates.noindex/Queryable.build/Debug/Queryable-t.build/Objects-normal/arm64/Queryable.swiftdoc (in target 'Queryable' from project 'Queryable')
cd /Users/admin/builder/spi-builder-workspace
builtin-copy -exclude .DS_Store -exclude CVS -exclude .svn -exclude .git -exclude .hg -resolve-src-symlinks -rename /Users/admin/builder/spi-builder-workspace/.derivedData/Build/Intermediates.noindex/Queryable.build/Debug/Queryable-t.build/Objects-normal/arm64/Queryable.swiftdoc /Users/admin/builder/spi-builder-workspace/.derivedData/Build/Products/Debug/Queryable.swiftmodule/arm64-apple-macos.swiftdoc
Copy /Users/admin/builder/spi-builder-workspace/.derivedData/Build/Products/Debug/Queryable.swiftmodule/arm64-apple-macos.abi.json /Users/admin/builder/spi-builder-workspace/.derivedData/Build/Intermediates.noindex/Queryable.build/Debug/Queryable-t.build/Objects-normal/arm64/Queryable.abi.json (in target 'Queryable' from project 'Queryable')
cd /Users/admin/builder/spi-builder-workspace
builtin-copy -exclude .DS_Store -exclude CVS -exclude .svn -exclude .git -exclude .hg -resolve-src-symlinks -rename /Users/admin/builder/spi-builder-workspace/.derivedData/Build/Intermediates.noindex/Queryable.build/Debug/Queryable-t.build/Objects-normal/arm64/Queryable.abi.json /Users/admin/builder/spi-builder-workspace/.derivedData/Build/Products/Debug/Queryable.swiftmodule/arm64-apple-macos.abi.json
Copy /Users/admin/builder/spi-builder-workspace/.derivedData/Build/Products/Debug/Queryable.swiftmodule/Project/arm64-apple-macos.swiftsourceinfo /Users/admin/builder/spi-builder-workspace/.derivedData/Build/Intermediates.noindex/Queryable.build/Debug/Queryable-t.build/Objects-normal/arm64/Queryable.swiftsourceinfo (in target 'Queryable' from project 'Queryable')
cd /Users/admin/builder/spi-builder-workspace
builtin-copy -exclude .DS_Store -exclude CVS -exclude .svn -exclude .git -exclude .hg -resolve-src-symlinks -rename /Users/admin/builder/spi-builder-workspace/.derivedData/Build/Intermediates.noindex/Queryable.build/Debug/Queryable-t.build/Objects-normal/arm64/Queryable.swiftsourceinfo /Users/admin/builder/spi-builder-workspace/.derivedData/Build/Products/Debug/Queryable.swiftmodule/Project/arm64-apple-macos.swiftsourceinfo
SwiftDriver QueryableTests normal arm64 com.apple.xcode.tools.swift.compiler (in target 'QueryableTests-product' from project 'Queryable')
cd /Users/admin/builder/spi-builder-workspace/.swiftpm/xcode
builtin-SwiftDriver -- /Applications/Xcode-27.0.0-Release.Candidate.app/Contents/Developer/Toolchains/XcodeDefault.xctoolchain/usr/bin/swiftc -parse-as-library -module-name QueryableTests -Onone @/Users/admin/builder/spi-builder-workspace/.derivedData/Build/Intermediates.noindex/Queryable.build/Debug/QueryableTests-p.build/Objects-normal/arm64/QueryableTests.SwiftFileList -DSWIFT_PACKAGE -DDEBUG -DXcode -plugin-path /Applications/Xcode-27.0.0-Release.Candidate.app/Contents/Developer/Toolchains/XcodeDefault.xctoolchain/usr/lib/swift/host/plugins/testing -enable-experimental-feature DebugDescriptionMacro -sdk /Applications/Xcode-27.0.0-Release.Candidate.app/Contents/Developer/Platforms/MacOSX.platform/Developer/SDKs/MacOSX27.0.sdk -target arm64-apple-macos14.0 -g -module-cache-path /Users/admin/builder/spi-builder-workspace/.derivedData/ModuleCache.noindex -Xfrontend -serialize-debugging-options -profile-coverage-mapping -profile-generate -enable-testing -index-store-path /Users/admin/builder/spi-builder-workspace/.derivedData/Index.noindex/DataStore -Xcc -D_LIBCPP_HARDENING_MODE\=_LIBCPP_HARDENING_MODE_DEBUG -swift-version 5 -I /Users/admin/builder/spi-builder-workspace/.derivedData/Build/Products/Debug -Isystem /Applications/Xcode-27.0.0-Release.Candidate.app/Contents/Developer/Platforms/MacOSX.platform/Developer/usr/lib -F /Users/admin/builder/spi-builder-workspace/.derivedData/Build/Products/Debug/PackageFrameworks -F /Users/admin/builder/spi-builder-workspace/.derivedData/Build/Products/Debug -F /Applications/Xcode-27.0.0-Release.Candidate.app/Contents/Developer/Platforms/MacOSX.platform/Developer/Library/Frameworks -c -j10 -enable-batch-mode -incremental -Xcc -ivfsstatcache -Xcc /Users/admin/builder/spi-builder-workspace/.derivedData/SDKStatCaches.noindex/macosx27.0-26A425-e829b21a6f8c9b70876ba0858053c0446a22442a12e9d48fe1a705f55a1adfc4.sdkstatcache -output-file-map /Users/admin/builder/spi-builder-workspace/.derivedData/Build/Intermediates.noindex/Queryable.build/Debug/QueryableTests-p.build/Objects-normal/arm64/QueryableTests-OutputFileMap.json -save-temps -no-color-diagnostics -explicit-module-build -module-cache-path /Users/admin/builder/spi-builder-workspace/.derivedData/Build/Intermediates.noindex/SwiftExplicitPrecompiledModules -clang-scanner-module-cache-path /Users/admin/builder/spi-builder-workspace/.derivedData/ModuleCache.noindex -sdk-module-cache-path /Users/admin/builder/spi-builder-workspace/.derivedData/SDKExplicitPrecompiledModules -emit-dependencies -emit-module -emit-module-path /Users/admin/builder/spi-builder-workspace/.derivedData/Build/Intermediates.noindex/Queryable.build/Debug/QueryableTests-p.build/Objects-normal/arm64/QueryableTests.swiftmodule -serialize-diagnostics -dependency-scan-serialize-diagnostics-path /Users/admin/builder/spi-builder-workspace/.derivedData/Build/Intermediates.noindex/Queryable.build/Debug/QueryableTests-p.build/Objects-normal/arm64/QueryableTests-dependency-scan.dia -validate-clang-modules-once -clang-build-session-file /Users/admin/builder/spi-builder-workspace/.derivedData/ModuleCache.noindex/Session.modulevalidation -Xcc -fmodules-prune-interval\=86400 -Xcc -fmodules-prune-after\=345600 -emit-const-values -const-gather-protocols-list /Users/admin/builder/spi-builder-workspace/.derivedData/Build/Intermediates.noindex/Queryable.build/Debug/QueryableTests-p.build/Objects-normal/arm64/QueryableTests_const_extract_protocols.json -Xcc -I/Users/admin/builder/spi-builder-workspace/.derivedData/Build/Products/Debug/include -Xcc -I/Users/admin/builder/spi-builder-workspace/.derivedData/Build/Intermediates.noindex/Queryable.build/Debug/QueryableTests-p.build/DerivedSources-normal/arm64 -Xcc -I/Users/admin/builder/spi-builder-workspace/.derivedData/Build/Intermediates.noindex/Queryable.build/Debug/QueryableTests-p.build/DerivedSources/arm64 -Xcc -I/Users/admin/builder/spi-builder-workspace/.derivedData/Build/Intermediates.noindex/Queryable.build/Debug/QueryableTests-p.build/DerivedSources -Xcc -DSWIFT_PACKAGE -Xcc -DDEBUG\=1 -working-directory /Users/admin/builder/spi-builder-workspace/.swiftpm/xcode -experimental-emit-module-separately -disable-cmo
SwiftExplicitDependencyGeneratePcm arm64 /Users/admin/builder/spi-builder-workspace/.derivedData/Build/Intermediates.noindex/SwiftExplicitPrecompiledModules/XCUIAutomation-AEHNBFPZWHEC82B6NF57SIW2S.pcm
SwiftExplicitDependencyGeneratePcm arm64 /Users/admin/builder/spi-builder-workspace/.derivedData/Build/Intermediates.noindex/SwiftExplicitPrecompiledModules/XCTest-C9YAGYQVOUPXZ7FEDN89Z7HVX.pcm
SwiftExplicitDependencyCompileModuleFromInterface arm64 /Users/admin/builder/spi-builder-workspace/.derivedData/Build/Intermediates.noindex/SwiftExplicitPrecompiledModules/XCUIAutomation-20XSIP2TUJ15D.swiftmodule
SwiftExplicitDependencyCompileModuleFromInterface arm64 /Users/admin/builder/spi-builder-workspace/.derivedData/Build/Intermediates.noindex/SwiftExplicitPrecompiledModules/XCTest-IW28ATHHIMAZ.swiftmodule
SwiftEmitModule normal arm64 Emitting\ module\ for\ QueryableTests (in target 'QueryableTests-product' from project 'Queryable')
SwiftCompile normal arm64 (in target 'QueryableTests-product' from project 'Queryable')
cd /Users/admin/builder/spi-builder-workspace/.swiftpm/xcode
SwiftCompile normal arm64 Compiling\ Error.swift /Users/admin/builder/spi-builder-workspace/Tests/QueryableTests/Error.swift (in target 'QueryableTests-product' from project 'Queryable')
SwiftCompile normal arm64 /Users/admin/builder/spi-builder-workspace/Tests/QueryableTests/Error.swift (in target 'QueryableTests-product' from project 'Queryable')
cd /Users/admin/builder/spi-builder-workspace/.swiftpm/xcode
builtin-SwiftPerFileCompile Error.swift
SwiftDriverJobDiscovery normal arm64 Emitting module for QueryableTests (in target 'QueryableTests-product' from project 'Queryable')
SwiftDriver\ Compilation\ Requirements QueryableTests normal arm64 com.apple.xcode.tools.swift.compiler (in target 'QueryableTests-product' from project 'Queryable')
cd /Users/admin/builder/spi-builder-workspace/.swiftpm/xcode
builtin-Swift-Compilation-Requirements -- /Applications/Xcode-27.0.0-Release.Candidate.app/Contents/Developer/Toolchains/XcodeDefault.xctoolchain/usr/bin/swiftc -parse-as-library -module-name QueryableTests -Onone @/Users/admin/builder/spi-builder-workspace/.derivedData/Build/Intermediates.noindex/Queryable.build/Debug/QueryableTests-p.build/Objects-normal/arm64/QueryableTests.SwiftFileList -DSWIFT_PACKAGE -DDEBUG -DXcode -plugin-path /Applications/Xcode-27.0.0-Release.Candidate.app/Contents/Developer/Toolchains/XcodeDefault.xctoolchain/usr/lib/swift/host/plugins/testing -enable-experimental-feature DebugDescriptionMacro -sdk /Applications/Xcode-27.0.0-Release.Candidate.app/Contents/Developer/Platforms/MacOSX.platform/Developer/SDKs/MacOSX27.0.sdk -target arm64-apple-macos14.0 -g -module-cache-path /Users/admin/builder/spi-builder-workspace/.derivedData/ModuleCache.noindex -Xfrontend -serialize-debugging-options -profile-coverage-mapping -profile-generate -enable-testing -index-store-path /Users/admin/builder/spi-builder-workspace/.derivedData/Index.noindex/DataStore -Xcc -D_LIBCPP_HARDENING_MODE\=_LIBCPP_HARDENING_MODE_DEBUG -swift-version 5 -I /Users/admin/builder/spi-builder-workspace/.derivedData/Build/Products/Debug -Isystem /Applications/Xcode-27.0.0-Release.Candidate.app/Contents/Developer/Platforms/MacOSX.platform/Developer/usr/lib -F /Users/admin/builder/spi-builder-workspace/.derivedData/Build/Products/Debug/PackageFrameworks -F /Users/admin/builder/spi-builder-workspace/.derivedData/Build/Products/Debug -F /Applications/Xcode-27.0.0-Release.Candidate.app/Contents/Developer/Platforms/MacOSX.platform/Developer/Library/Frameworks -c -j10 -enable-batch-mode -incremental -Xcc -ivfsstatcache -Xcc /Users/admin/builder/spi-builder-workspace/.derivedData/SDKStatCaches.noindex/macosx27.0-26A425-e829b21a6f8c9b70876ba0858053c0446a22442a12e9d48fe1a705f55a1adfc4.sdkstatcache -output-file-map /Users/admin/builder/spi-builder-workspace/.derivedData/Build/Intermediates.noindex/Queryable.build/Debug/QueryableTests-p.build/Objects-normal/arm64/QueryableTests-OutputFileMap.json -save-temps -no-color-diagnostics -explicit-module-build -module-cache-path /Users/admin/builder/spi-builder-workspace/.derivedData/Build/Intermediates.noindex/SwiftExplicitPrecompiledModules -clang-scanner-module-cache-path /Users/admin/builder/spi-builder-workspace/.derivedData/ModuleCache.noindex -sdk-module-cache-path /Users/admin/builder/spi-builder-workspace/.derivedData/SDKExplicitPrecompiledModules -emit-dependencies -emit-module -emit-module-path /Users/admin/builder/spi-builder-workspace/.derivedData/Build/Intermediates.noindex/Queryable.build/Debug/QueryableTests-p.build/Objects-normal/arm64/QueryableTests.swiftmodule -serialize-diagnostics -dependency-scan-serialize-diagnostics-path /Users/admin/builder/spi-builder-workspace/.derivedData/Build/Intermediates.noindex/Queryable.build/Debug/QueryableTests-p.build/Objects-normal/arm64/QueryableTests-dependency-scan.dia -validate-clang-modules-once -clang-build-session-file /Users/admin/builder/spi-builder-workspace/.derivedData/ModuleCache.noindex/Session.modulevalidation -Xcc -fmodules-prune-interval\=86400 -Xcc -fmodules-prune-after\=345600 -emit-const-values -const-gather-protocols-list /Users/admin/builder/spi-builder-workspace/.derivedData/Build/Intermediates.noindex/Queryable.build/Debug/QueryableTests-p.build/Objects-normal/arm64/QueryableTests_const_extract_protocols.json -Xcc -I/Users/admin/builder/spi-builder-workspace/.derivedData/Build/Products/Debug/include -Xcc -I/Users/admin/builder/spi-builder-workspace/.derivedData/Build/Intermediates.noindex/Queryable.build/Debug/QueryableTests-p.build/DerivedSources-normal/arm64 -Xcc -I/Users/admin/builder/spi-builder-workspace/.derivedData/Build/Intermediates.noindex/Queryable.build/Debug/QueryableTests-p.build/DerivedSources/arm64 -Xcc -I/Users/admin/builder/spi-builder-workspace/.derivedData/Build/Intermediates.noindex/Queryable.build/Debug/QueryableTests-p.build/DerivedSources -Xcc -DSWIFT_PACKAGE -Xcc -DDEBUG\=1 -working-directory /Users/admin/builder/spi-builder-workspace/.swiftpm/xcode -experimental-emit-module-separately -disable-cmo
SwiftDriverJobDiscovery normal arm64 Compiling QueryConflictPolicy.swift (in target 'Queryable' from project 'Queryable')
SwiftCompile normal arm64 Compiling\ EdgeCaseTests.swift /Users/admin/builder/spi-builder-workspace/Tests/QueryableTests/EdgeCaseTests.swift (in target 'QueryableTests-product' from project 'Queryable')
SwiftCompile normal arm64 /Users/admin/builder/spi-builder-workspace/Tests/QueryableTests/EdgeCaseTests.swift (in target 'QueryableTests-product' from project 'Queryable')
cd /Users/admin/builder/spi-builder-workspace/.swiftpm/xcode
builtin-SwiftPerFileCompile EdgeCaseTests.swift
Copy /Users/admin/builder/spi-builder-workspace/.derivedData/Build/Products/Debug/QueryableTests.swiftmodule/arm64-apple-macos.swiftmodule /Users/admin/builder/spi-builder-workspace/.derivedData/Build/Intermediates.noindex/Queryable.build/Debug/QueryableTests-p.build/Objects-normal/arm64/QueryableTests.swiftmodule (in target 'QueryableTests-product' from project 'Queryable')
cd /Users/admin/builder/spi-builder-workspace
builtin-copy -exclude .DS_Store -exclude CVS -exclude .svn -exclude .git -exclude .hg -resolve-src-symlinks -rename /Users/admin/builder/spi-builder-workspace/.derivedData/Build/Intermediates.noindex/Queryable.build/Debug/QueryableTests-p.build/Objects-normal/arm64/QueryableTests.swiftmodule /Users/admin/builder/spi-builder-workspace/.derivedData/Build/Products/Debug/QueryableTests.swiftmodule/arm64-apple-macos.swiftmodule
SwiftDriverJobDiscovery normal arm64 Compiling QueryResolver.swift (in target 'Queryable' from project 'Queryable')
Copy /Users/admin/builder/spi-builder-workspace/.derivedData/Build/Products/Debug/QueryableTests.swiftmodule/arm64-apple-macos.swiftdoc /Users/admin/builder/spi-builder-workspace/.derivedData/Build/Intermediates.noindex/Queryable.build/Debug/QueryableTests-p.build/Objects-normal/arm64/QueryableTests.swiftdoc (in target 'QueryableTests-product' from project 'Queryable')
cd /Users/admin/builder/spi-builder-workspace
builtin-copy -exclude .DS_Store -exclude CVS -exclude .svn -exclude .git -exclude .hg -resolve-src-symlinks -rename /Users/admin/builder/spi-builder-workspace/.derivedData/Build/Intermediates.noindex/Queryable.build/Debug/QueryableTests-p.build/Objects-normal/arm64/QueryableTests.swiftdoc /Users/admin/builder/spi-builder-workspace/.derivedData/Build/Products/Debug/QueryableTests.swiftmodule/arm64-apple-macos.swiftdoc
SwiftDriverJobDiscovery normal arm64 Compiling QueryError.swift (in target 'Queryable' from project 'Queryable')
Copy /Users/admin/builder/spi-builder-workspace/.derivedData/Build/Products/Debug/QueryableTests.swiftmodule/arm64-apple-macos.abi.json /Users/admin/builder/spi-builder-workspace/.derivedData/Build/Intermediates.noindex/Queryable.build/Debug/QueryableTests-p.build/Objects-normal/arm64/QueryableTests.abi.json (in target 'QueryableTests-product' from project 'Queryable')
cd /Users/admin/builder/spi-builder-workspace
builtin-copy -exclude .DS_Store -exclude CVS -exclude .svn -exclude .git -exclude .hg -resolve-src-symlinks -rename /Users/admin/builder/spi-builder-workspace/.derivedData/Build/Intermediates.noindex/Queryable.build/Debug/QueryableTests-p.build/Objects-normal/arm64/QueryableTests.abi.json /Users/admin/builder/spi-builder-workspace/.derivedData/Build/Products/Debug/QueryableTests.swiftmodule/arm64-apple-macos.abi.json
Copy /Users/admin/builder/spi-builder-workspace/.derivedData/Build/Products/Debug/QueryableTests.swiftmodule/Project/arm64-apple-macos.swiftsourceinfo /Users/admin/builder/spi-builder-workspace/.derivedData/Build/Intermediates.noindex/Queryable.build/Debug/QueryableTests-p.build/Objects-normal/arm64/QueryableTests.swiftsourceinfo (in target 'QueryableTests-product' from project 'Queryable')
cd /Users/admin/builder/spi-builder-workspace
builtin-copy -exclude .DS_Store -exclude CVS -exclude .svn -exclude .git -exclude .hg -resolve-src-symlinks -rename /Users/admin/builder/spi-builder-workspace/.derivedData/Build/Intermediates.noindex/Queryable.build/Debug/QueryableTests-p.build/Objects-normal/arm64/QueryableTests.swiftsourceinfo /Users/admin/builder/spi-builder-workspace/.derivedData/Build/Products/Debug/QueryableTests.swiftmodule/Project/arm64-apple-macos.swiftsourceinfo
SwiftCompile normal arm64 Compiling\ ConflictResolutionTests.swift /Users/admin/builder/spi-builder-workspace/Tests/QueryableTests/ConflictResolutionTests.swift (in target 'QueryableTests-product' from project 'Queryable')
SwiftCompile normal arm64 /Users/admin/builder/spi-builder-workspace/Tests/QueryableTests/ConflictResolutionTests.swift (in target 'QueryableTests-product' from project 'Queryable')
cd /Users/admin/builder/spi-builder-workspace/.swiftpm/xcode
builtin-SwiftPerFileCompile ConflictResolutionTests.swift
SwiftCompile normal arm64 Compiling\ BasicTests.swift /Users/admin/builder/spi-builder-workspace/Tests/QueryableTests/BasicTests.swift (in target 'QueryableTests-product' from project 'Queryable')
SwiftCompile normal arm64 /Users/admin/builder/spi-builder-workspace/Tests/QueryableTests/BasicTests.swift (in target 'QueryableTests-product' from project 'Queryable')
cd /Users/admin/builder/spi-builder-workspace/.swiftpm/xcode
builtin-SwiftPerFileCompile BasicTests.swift
SwiftDriverJobDiscovery normal arm64 Compiling Logger.swift (in target 'Queryable' from project 'Queryable')
SwiftDriverJobDiscovery normal arm64 Compiling Queryable.swift (in target 'Queryable' from project 'Queryable')
SwiftDriverJobDiscovery normal arm64 Compiling Error.swift (in target 'QueryableTests-product' from project 'Queryable')
SwiftDriverJobDiscovery normal arm64 Compiling EdgeCaseTests.swift (in target 'QueryableTests-product' from project 'Queryable')
SwiftDriverJobDiscovery normal arm64 Compiling BasicTests.swift (in target 'QueryableTests-product' from project 'Queryable')
SwiftDriverJobDiscovery normal arm64 Compiling ConflictResolutionTests.swift (in target 'QueryableTests-product' from project 'Queryable')
SwiftDriver\ Compilation QueryableTests normal arm64 com.apple.xcode.tools.swift.compiler (in target 'QueryableTests-product' from project 'Queryable')
cd /Users/admin/builder/spi-builder-workspace/.swiftpm/xcode
builtin-Swift-Compilation -- /Applications/Xcode-27.0.0-Release.Candidate.app/Contents/Developer/Toolchains/XcodeDefault.xctoolchain/usr/bin/swiftc -parse-as-library -module-name QueryableTests -Onone @/Users/admin/builder/spi-builder-workspace/.derivedData/Build/Intermediates.noindex/Queryable.build/Debug/QueryableTests-p.build/Objects-normal/arm64/QueryableTests.SwiftFileList -DSWIFT_PACKAGE -DDEBUG -DXcode -plugin-path /Applications/Xcode-27.0.0-Release.Candidate.app/Contents/Developer/Toolchains/XcodeDefault.xctoolchain/usr/lib/swift/host/plugins/testing -enable-experimental-feature DebugDescriptionMacro -sdk /Applications/Xcode-27.0.0-Release.Candidate.app/Contents/Developer/Platforms/MacOSX.platform/Developer/SDKs/MacOSX27.0.sdk -target arm64-apple-macos14.0 -g -module-cache-path /Users/admin/builder/spi-builder-workspace/.derivedData/ModuleCache.noindex -Xfrontend -serialize-debugging-options -profile-coverage-mapping -profile-generate -enable-testing -index-store-path /Users/admin/builder/spi-builder-workspace/.derivedData/Index.noindex/DataStore -Xcc -D_LIBCPP_HARDENING_MODE\=_LIBCPP_HARDENING_MODE_DEBUG -swift-version 5 -I /Users/admin/builder/spi-builder-workspace/.derivedData/Build/Products/Debug -Isystem /Applications/Xcode-27.0.0-Release.Candidate.app/Contents/Developer/Platforms/MacOSX.platform/Developer/usr/lib -F /Users/admin/builder/spi-builder-workspace/.derivedData/Build/Products/Debug/PackageFrameworks -F /Users/admin/builder/spi-builder-workspace/.derivedData/Build/Products/Debug -F /Applications/Xcode-27.0.0-Release.Candidate.app/Contents/Developer/Platforms/MacOSX.platform/Developer/Library/Frameworks -c -j10 -enable-batch-mode -incremental -Xcc -ivfsstatcache -Xcc /Users/admin/builder/spi-builder-workspace/.derivedData/SDKStatCaches.noindex/macosx27.0-26A425-e829b21a6f8c9b70876ba0858053c0446a22442a12e9d48fe1a705f55a1adfc4.sdkstatcache -output-file-map /Users/admin/builder/spi-builder-workspace/.derivedData/Build/Intermediates.noindex/Queryable.build/Debug/QueryableTests-p.build/Objects-normal/arm64/QueryableTests-OutputFileMap.json -save-temps -no-color-diagnostics -explicit-module-build -module-cache-path /Users/admin/builder/spi-builder-workspace/.derivedData/Build/Intermediates.noindex/SwiftExplicitPrecompiledModules -clang-scanner-module-cache-path /Users/admin/builder/spi-builder-workspace/.derivedData/ModuleCache.noindex -sdk-module-cache-path /Users/admin/builder/spi-builder-workspace/.derivedData/SDKExplicitPrecompiledModules -emit-dependencies -emit-module -emit-module-path /Users/admin/builder/spi-builder-workspace/.derivedData/Build/Intermediates.noindex/Queryable.build/Debug/QueryableTests-p.build/Objects-normal/arm64/QueryableTests.swiftmodule -serialize-diagnostics -dependency-scan-serialize-diagnostics-path /Users/admin/builder/spi-builder-workspace/.derivedData/Build/Intermediates.noindex/Queryable.build/Debug/QueryableTests-p.build/Objects-normal/arm64/QueryableTests-dependency-scan.dia -validate-clang-modules-once -clang-build-session-file /Users/admin/builder/spi-builder-workspace/.derivedData/ModuleCache.noindex/Session.modulevalidation -Xcc -fmodules-prune-interval\=86400 -Xcc -fmodules-prune-after\=345600 -emit-const-values -const-gather-protocols-list /Users/admin/builder/spi-builder-workspace/.derivedData/Build/Intermediates.noindex/Queryable.build/Debug/QueryableTests-p.build/Objects-normal/arm64/QueryableTests_const_extract_protocols.json -Xcc -I/Users/admin/builder/spi-builder-workspace/.derivedData/Build/Products/Debug/include -Xcc -I/Users/admin/builder/spi-builder-workspace/.derivedData/Build/Intermediates.noindex/Queryable.build/Debug/QueryableTests-p.build/DerivedSources-normal/arm64 -Xcc -I/Users/admin/builder/spi-builder-workspace/.derivedData/Build/Intermediates.noindex/Queryable.build/Debug/QueryableTests-p.build/DerivedSources/arm64 -Xcc -I/Users/admin/builder/spi-builder-workspace/.derivedData/Build/Intermediates.noindex/Queryable.build/Debug/QueryableTests-p.build/DerivedSources -Xcc -DSWIFT_PACKAGE -Xcc -DDEBUG\=1 -working-directory /Users/admin/builder/spi-builder-workspace/.swiftpm/xcode -experimental-emit-module-separately -disable-cmo
PruneExplicitPrecompiledModules /Users/admin/builder/spi-builder-workspace/.derivedData/SDKExplicitPrecompiledModules
PruneExplicitPrecompiledModules /Users/admin/builder/spi-builder-workspace/.derivedData/Build/Intermediates.noindex/ExplicitPrecompiledModules
PruneExplicitPrecompiledModules /Users/admin/builder/spi-builder-workspace/.derivedData/Build/Intermediates.noindex/SwiftExplicitPrecompiledModules
2026-09-20 01:46:11.924 xcodebuild[625:3891] [MT] IDERunDestination: Supported platforms for the buildables in the current scheme is empty.
2026-09-20 01:46:12.063 xcodebuild[625:3891] [MT] IDERunDestination: Supported platforms for the buildables in the current scheme is empty.
--- xcodebuild: WARNING: Using the first of multiple matching destinations:
{ platform:macOS, arch:arm64, id:516dd7ce89001add8e38bb7c415db7ae2c6a438b, name:My Mac }
{ platform:macOS, arch:arm64, variant:Mac Catalyst, id:516dd7ce89001add8e38bb7c415db7ae2c6a438b, name:My Mac }
{ platform:macOS, arch:arm64, variant:DriverKit, id:516dd7ce89001add8e38bb7c415db7ae2c6a438b, name:My Mac }
{ platform:macOS, arch:arm64, variant:Designed for [iPad,iPhone], id:516dd7ce89001add8e38bb7c415db7ae2c6a438b, name:My Mac }
** BUILD FAILED **
The following build commands failed:
SwiftCompile normal arm64 /Users/admin/builder/spi-builder-workspace/Sources/Queryable/Handlers/Queryable+FullscreenCover.swift (in target 'Queryable' from project 'Queryable')
SwiftCompile normal arm64 Compiling\ Queryable+FullscreenCover.swift,\ Queryable+Overlay.swift /Users/admin/builder/spi-builder-workspace/Sources/Queryable/Handlers/Queryable+FullscreenCover.swift /Users/admin/builder/spi-builder-workspace/Sources/Queryable/Handlers/Queryable+Overlay.swift (in target 'Queryable' from project 'Queryable')
Building workspace Queryable with scheme Queryable
(3 failures)
Command line invocation:
/Applications/Xcode-27.0.0-Release.Candidate.app/Contents/Developer/usr/bin/xcodebuild -IDEClonedSourcePackagesDirPathOverride=/Users/admin/builder/spi-builder-workspace/.dependencies -resolvePackageDependencies
Resolve Package Graph
Resolved source packages:
Queryable: /Users/admin/builder/spi-builder-workspace
resolved source packages: Queryable
2026-09-20 01:46:25.044 xcodebuild[751:4582] [MT] IDERunDestination: Supported platforms for the buildables in the current scheme is empty.
2026-09-20 01:46:25.144 xcodebuild[751:4582] [MT] IDERunDestination: Supported platforms for the buildables in the current scheme is empty.
{
"dependencies" : [
],
"manifest_display_name" : "Queryable",
"name" : "Queryable",
"path" : "/Users/admin/builder/spi-builder-workspace",
"platforms" : [
{
"name" : "ios",
"version" : "15.0"
},
{
"name" : "macos",
"version" : "12.0"
},
{
"name" : "watchos",
"version" : "8.0"
},
{
"name" : "tvos",
"version" : "15.0"
}
],
"products" : [
{
"name" : "Queryable",
"targets" : [
"Queryable"
],
"type" : {
"library" : [
"automatic"
]
}
}
],
"targets" : [
{
"c99name" : "QueryableTests",
"module_type" : "SwiftTarget",
"name" : "QueryableTests",
"path" : "Tests/QueryableTests",
"sources" : [
"BasicTests.swift",
"ConflictResolutionTests.swift",
"EdgeCaseTests.swift",
"Error.swift"
],
"target_dependencies" : [
"Queryable"
],
"type" : "test"
},
{
"c99name" : "Queryable",
"module_type" : "SwiftTarget",
"name" : "Queryable",
"path" : "Sources/Queryable",
"product_memberships" : [
"Queryable"
],
"sources" : [
"Handlers/Queryable+Alert.swift",
"Handlers/Queryable+Closure.swift",
"Handlers/Queryable+Conditional.swift",
"Handlers/Queryable+ConfirmationDialog.swift",
"Handlers/Queryable+FullscreenCover.swift",
"Handlers/Queryable+Overlay.swift",
"Handlers/Queryable+Sheet.swift",
"Helper/StableItemContainerView.swift",
"Logger.swift",
"QueryConflictPolicy.swift",
"QueryError.swift",
"QueryObservation.swift",
"QueryResolver.swift",
"Queryable.swift"
],
"type" : "library"
}
],
"tools_version" : "5.8"
}
{
"workspace" : {
"name" : "Queryable",
"schemes" : [
"Queryable",
"QueryableTests"
]
}
}
2026-09-20 01:46:26.314 xcodebuild[759:4654] [MT] IDERunDestination: Supported platforms for the buildables in the current scheme is empty.
2026-09-20 01:46:26.412 xcodebuild[759:4654] [MT] IDERunDestination: Supported platforms for the buildables in the current scheme is empty.
{
"workspace" : {
"name" : "Queryable",
"schemes" : [
"Queryable",
"QueryableTests"
]
}
}
2026-09-20 01:46:27.341 xcodebuild[761:4685] [MT] IDERunDestination: Supported platforms for the buildables in the current scheme is empty.
2026-09-20 01:46:27.442 xcodebuild[761:4685] [MT] IDERunDestination: Supported platforms for the buildables in the current scheme is empty.
Running build ...
env DEVELOPER_DIR=/Applications/Xcode-27.0.0-Release.Candidate.app xcrun xcodebuild -IDEClonedSourcePackagesDirPathOverride=$PWD/.dependencies -skipMacroValidation -skipPackagePluginValidation -derivedDataPath $PWD/.derivedData build -scheme Queryable -destination platform=macOS,arch=arm64
Command line invocation:
/Applications/Xcode-27.0.0-Release.Candidate.app/Contents/Developer/usr/bin/xcodebuild -IDEClonedSourcePackagesDirPathOverride=/Users/admin/builder/spi-builder-workspace/.dependencies -skipMacroValidation -skipPackagePluginValidation -derivedDataPath /Users/admin/builder/spi-builder-workspace/.derivedData build -scheme Queryable -destination platform=macOS,arch=arm64
Resolve Package Graph
Resolved source packages:
Queryable: /Users/admin/builder/spi-builder-workspace
ComputePackagePrebuildTargetDependencyGraph
Prepare packages
CreateBuildRequest
SendProjectDescription
CreateBuildOperation
ComputeTargetDependencyGraph
note: Building targets in dependency order
note: Target dependency graph (3 targets)
Target 'QueryableTests-product' in project 'Queryable'
➜ Explicit dependency on target 'Queryable' in project 'Queryable'
Target 'Queryable-product' in project 'Queryable'
➜ Explicit dependency on target 'Queryable' in project 'Queryable'
Target 'Queryable' in project 'Queryable' (no dependencies)
GatherProvisioningInputs
CreateBuildDescription
ClangStatCache /Applications/Xcode-27.0.0-Release.Candidate.app/Contents/Developer/Toolchains/XcodeDefault.xctoolchain/usr/bin/clang-stat-cache /Applications/Xcode-27.0.0-Release.Candidate.app/Contents/Developer/Platforms/MacOSX.platform/Developer/SDKs/MacOSX27.0.sdk /Users/admin/builder/spi-builder-workspace/.derivedData/SDKStatCaches.noindex/macosx27.0-26A425-e829b21a6f8c9b70876ba0858053c0446a22442a12e9d48fe1a705f55a1adfc4.sdkstatcache
cd /Users/admin/builder/spi-builder-workspace/.swiftpm/xcode
/Applications/Xcode-27.0.0-Release.Candidate.app/Contents/Developer/Toolchains/XcodeDefault.xctoolchain/usr/bin/clang-stat-cache /Applications/Xcode-27.0.0-Release.Candidate.app/Contents/Developer/Platforms/MacOSX.platform/Developer/SDKs/MacOSX27.0.sdk -o /Users/admin/builder/spi-builder-workspace/.derivedData/SDKStatCaches.noindex/macosx27.0-26A425-e829b21a6f8c9b70876ba0858053c0446a22442a12e9d48fe1a705f55a1adfc4.sdkstatcache
SwiftDriver Queryable normal arm64 com.apple.xcode.tools.swift.compiler (in target 'Queryable' from project 'Queryable')
cd /Users/admin/builder/spi-builder-workspace/.swiftpm/xcode
builtin-SwiftDriver -- /Applications/Xcode-27.0.0-Release.Candidate.app/Contents/Developer/Toolchains/XcodeDefault.xctoolchain/usr/bin/swiftc -parse-as-library -module-name Queryable -Onone @/Users/admin/builder/spi-builder-workspace/.derivedData/Build/Intermediates.noindex/Queryable.build/Debug/Queryable-t.build/Objects-normal/arm64/Queryable.SwiftFileList -DSWIFT_PACKAGE -DDEBUG -DSWIFT_MODULE_RESOURCE_BUNDLE_UNAVAILABLE -DXcode -plugin-path /Applications/Xcode-27.0.0-Release.Candidate.app/Contents/Developer/Toolchains/XcodeDefault.xctoolchain/usr/lib/swift/host/plugins/testing -enable-experimental-feature DebugDescriptionMacro -sdk /Applications/Xcode-27.0.0-Release.Candidate.app/Contents/Developer/Platforms/MacOSX.platform/Developer/SDKs/MacOSX27.0.sdk -target arm64-apple-macos12.0 -g -module-cache-path /Users/admin/builder/spi-builder-workspace/.derivedData/ModuleCache.noindex -Xfrontend -serialize-debugging-options -profile-coverage-mapping -profile-generate -enable-testing -index-store-path /Users/admin/builder/spi-builder-workspace/.derivedData/Index.noindex/DataStore -Xcc -D_LIBCPP_HARDENING_MODE\=_LIBCPP_HARDENING_MODE_DEBUG -swift-version 5 -I /Users/admin/builder/spi-builder-workspace/.derivedData/Build/Products/Debug -Isystem /Applications/Xcode-27.0.0-Release.Candidate.app/Contents/Developer/Platforms/MacOSX.platform/Developer/usr/lib -F /Users/admin/builder/spi-builder-workspace/.derivedData/Build/Products/Debug -F /Applications/Xcode-27.0.0-Release.Candidate.app/Contents/Developer/Platforms/MacOSX.platform/Developer/Library/Frameworks -c -j10 -enable-batch-mode -incremental -Xcc -ivfsstatcache -Xcc /Users/admin/builder/spi-builder-workspace/.derivedData/SDKStatCaches.noindex/macosx27.0-26A425-e829b21a6f8c9b70876ba0858053c0446a22442a12e9d48fe1a705f55a1adfc4.sdkstatcache -output-file-map /Users/admin/builder/spi-builder-workspace/.derivedData/Build/Intermediates.noindex/Queryable.build/Debug/Queryable-t.build/Objects-normal/arm64/Queryable-OutputFileMap.json -save-temps -no-color-diagnostics -explicit-module-build -module-cache-path /Users/admin/builder/spi-builder-workspace/.derivedData/Build/Intermediates.noindex/SwiftExplicitPrecompiledModules -clang-scanner-module-cache-path /Users/admin/builder/spi-builder-workspace/.derivedData/ModuleCache.noindex -sdk-module-cache-path /Users/admin/builder/spi-builder-workspace/.derivedData/SDKExplicitPrecompiledModules -emit-dependencies -emit-module -emit-module-path /Users/admin/builder/spi-builder-workspace/.derivedData/Build/Intermediates.noindex/Queryable.build/Debug/Queryable-t.build/Objects-normal/arm64/Queryable.swiftmodule -serialize-diagnostics -dependency-scan-serialize-diagnostics-path /Users/admin/builder/spi-builder-workspace/.derivedData/Build/Intermediates.noindex/Queryable.build/Debug/Queryable-t.build/Objects-normal/arm64/Queryable-dependency-scan.dia -validate-clang-modules-once -clang-build-session-file /Users/admin/builder/spi-builder-workspace/.derivedData/ModuleCache.noindex/Session.modulevalidation -Xcc -fmodules-prune-interval\=86400 -Xcc -fmodules-prune-after\=345600 -emit-const-values -const-gather-protocols-list /Users/admin/builder/spi-builder-workspace/.derivedData/Build/Intermediates.noindex/Queryable.build/Debug/Queryable-t.build/Objects-normal/arm64/Queryable_const_extract_protocols.json -Xcc -I/Users/admin/builder/spi-builder-workspace/.derivedData/Build/Products/Debug/include -Xcc -I/Users/admin/builder/spi-builder-workspace/.derivedData/Build/Intermediates.noindex/Queryable.build/Debug/Queryable-t.build/DerivedSources-normal/arm64 -Xcc -I/Users/admin/builder/spi-builder-workspace/.derivedData/Build/Intermediates.noindex/Queryable.build/Debug/Queryable-t.build/DerivedSources/arm64 -Xcc -I/Users/admin/builder/spi-builder-workspace/.derivedData/Build/Intermediates.noindex/Queryable.build/Debug/Queryable-t.build/DerivedSources -Xcc -DSWIFT_PACKAGE -Xcc -DDEBUG\=1 -emit-objc-header -emit-objc-header-path /Users/admin/builder/spi-builder-workspace/.derivedData/Build/Intermediates.noindex/Queryable.build/Debug/Queryable-t.build/Objects-normal/arm64/Queryable-Swift.h -working-directory /Users/admin/builder/spi-builder-workspace/.swiftpm/xcode -experimental-emit-module-separately -disable-cmo
SwiftCompile normal arm64 Compiling\ Queryable+Alert.swift /Users/admin/builder/spi-builder-workspace/Sources/Queryable/Handlers/Queryable+Alert.swift (in target 'Queryable' from project 'Queryable')
SwiftCompile normal arm64 /Users/admin/builder/spi-builder-workspace/Sources/Queryable/Handlers/Queryable+Alert.swift (in target 'Queryable' from project 'Queryable')
cd /Users/admin/builder/spi-builder-workspace/.swiftpm/xcode
builtin-SwiftPerFileCompile Queryable+Alert.swift
SwiftCompile normal arm64 Compiling\ Queryable+Conditional.swift /Users/admin/builder/spi-builder-workspace/Sources/Queryable/Handlers/Queryable+Conditional.swift (in target 'Queryable' from project 'Queryable')
SwiftCompile normal arm64 /Users/admin/builder/spi-builder-workspace/Sources/Queryable/Handlers/Queryable+Conditional.swift (in target 'Queryable' from project 'Queryable')
cd /Users/admin/builder/spi-builder-workspace/.swiftpm/xcode
builtin-SwiftPerFileCompile Queryable+Conditional.swift
SwiftCompile normal arm64 Compiling\ Queryable+Overlay.swift /Users/admin/builder/spi-builder-workspace/Sources/Queryable/Handlers/Queryable+Overlay.swift (in target 'Queryable' from project 'Queryable')
SwiftCompile normal arm64 /Users/admin/builder/spi-builder-workspace/Sources/Queryable/Handlers/Queryable+Overlay.swift (in target 'Queryable' from project 'Queryable')
cd /Users/admin/builder/spi-builder-workspace/.swiftpm/xcode
builtin-SwiftPerFileCompile Queryable+Overlay.swift
SwiftCompile normal arm64 Compiling\ Queryable+Closure.swift /Users/admin/builder/spi-builder-workspace/Sources/Queryable/Handlers/Queryable+Closure.swift (in target 'Queryable' from project 'Queryable')
SwiftCompile normal arm64 /Users/admin/builder/spi-builder-workspace/Sources/Queryable/Handlers/Queryable+Closure.swift (in target 'Queryable' from project 'Queryable')
cd /Users/admin/builder/spi-builder-workspace/.swiftpm/xcode
builtin-SwiftPerFileCompile Queryable+Closure.swift
SwiftCompile normal arm64 Compiling\ Queryable+FullscreenCover.swift /Users/admin/builder/spi-builder-workspace/Sources/Queryable/Handlers/Queryable+FullscreenCover.swift (in target 'Queryable' from project 'Queryable')
/Users/admin/builder/spi-builder-workspace/Sources/Queryable/Handlers/Queryable+FullscreenCover.swift:42:14: error: 'fullScreenCover(item:onDismiss:content:)' is unavailable in macOS
40 | func body(content: Content) -> some View {
41 | content
42 | .fullScreenCover(item: $queryable.itemContainer, onDismiss: onDismiss) { initialItemContainer in
| `- error: 'fullScreenCover(item:onDismiss:content:)' is unavailable in macOS
43 | StableItemContainerView(itemContainer: initialItemContainer) { itemContainer in
44 | queryContent(itemContainer.item, itemContainer.resolver)
SwiftUI.View.fullScreenCover:2:25: note: 'fullScreenCover(item:onDismiss:content:)' has been explicitly marked unavailable here
1 | protocol View {
2 | nonisolated public func fullScreenCover<Item, Content>(item: Binding<Item?>, onDismiss: (() -> Void)? = nil, @ContentBuilder content: @escaping (Item) -> Content) -> some View where Item : Identifiable, Content : View
| `- note: 'fullScreenCover(item:onDismiss:content:)' has been explicitly marked unavailable here
3 | }
4 |
Failed frontend command:
/Applications/Xcode-27.0.0-Release.Candidate.app/Contents/Developer/Toolchains/XcodeDefault.xctoolchain/usr/bin/swift-frontend -frontend -c /Users/admin/builder/spi-builder-workspace/Sources/Queryable/Handlers/Queryable+Alert.swift /Users/admin/builder/spi-builder-workspace/Sources/Queryable/Handlers/Queryable+Closure.swift /Users/admin/builder/spi-builder-workspace/Sources/Queryable/Handlers/Queryable+Conditional.swift /Users/admin/builder/spi-builder-workspace/Sources/Queryable/Handlers/Queryable+ConfirmationDialog.swift -primary-file /Users/admin/builder/spi-builder-workspace/Sources/Queryable/Handlers/Queryable+FullscreenCover.swift /Users/admin/builder/spi-builder-workspace/Sources/Queryable/Handlers/Queryable+Overlay.swift /Users/admin/builder/spi-builder-workspace/Sources/Queryable/Handlers/Queryable+Sheet.swift /Users/admin/builder/spi-builder-workspace/Sources/Queryable/Helper/StableItemContainerView.swift /Users/admin/builder/spi-builder-workspace/Sources/Queryable/Logger.swift /Users/admin/builder/spi-builder-workspace/Sources/Queryable/QueryConflictPolicy.swift /Users/admin/builder/spi-builder-workspace/Sources/Queryable/QueryError.swift /Users/admin/builder/spi-builder-workspace/Sources/Queryable/QueryObservation.swift /Users/admin/builder/spi-builder-workspace/Sources/Queryable/QueryResolver.swift /Users/admin/builder/spi-builder-workspace/Sources/Queryable/Queryable.swift -emit-dependencies-path /Users/admin/builder/spi-builder-workspace/.derivedData/Build/Intermediates.noindex/Queryable.build/Debug/Queryable-t.build/Objects-normal/arm64/Queryable+FullscreenCover.d -emit-const-values-path /Users/admin/builder/spi-builder-workspace/.derivedData/Build/Intermediates.noindex/Queryable.build/Debug/Queryable-t.build/Objects-normal/arm64/Queryable+FullscreenCover.swiftconstvalues -emit-reference-dependencies-path /Users/admin/builder/spi-builder-workspace/.derivedData/Build/Intermediates.noindex/Queryable.build/Debug/Queryable-t.build/Objects-normal/arm64/Queryable+FullscreenCover.swiftdeps -serialize-diagnostics-path /Users/admin/builder/spi-builder-workspace/.derivedData/Build/Intermediates.noindex/Queryable.build/Debug/Queryable-t.build/Objects-normal/arm64/Queryable+FullscreenCover.dia -target arm64-apple-macos12.0 -disable-cross-import-overlay-search -load-resolved-plugin /Applications/Xcode-27.0.0-Release.Candidate.app/Contents/Developer/Platforms/MacOSX.platform/Developer/usr/lib/swift/host/plugins/libFoundationMacros.dylib\#/Applications/Xcode-27.0.0-Release.Candidate.app/Contents/Developer/Platforms/MacOSX.platform/Developer/usr/bin/swift-plugin-server\#FoundationMacros -load-resolved-plugin /Applications/Xcode-27.0.0-Release.Candidate.app/Contents/Developer/Platforms/MacOSX.platform/Developer/usr/lib/swift/host/plugins/libObservationMacros.dylib\#/Applications/Xcode-27.0.0-Release.Candidate.app/Contents/Developer/Platforms/MacOSX.platform/Developer/usr/bin/swift-plugin-server\#ObservationMacros -load-resolved-plugin /Applications/Xcode-27.0.0-Release.Candidate.app/Contents/Developer/Platforms/MacOSX.platform/Developer/usr/lib/swift/host/plugins/libPreviewsMacros.dylib\#/Applications/Xcode-27.0.0-Release.Candidate.app/Contents/Developer/Platforms/MacOSX.platform/Developer/usr/bin/swift-plugin-server\#PreviewsMacros -load-resolved-plugin /Applications/Xcode-27.0.0-Release.Candidate.app/Contents/Developer/Platforms/MacOSX.platform/Developer/usr/lib/swift/host/plugins/libSwiftMacros.dylib\#/Applications/Xcode-27.0.0-Release.Candidate.app/Contents/Developer/Platforms/MacOSX.platform/Developer/usr/bin/swift-plugin-server\#SwiftMacros -load-resolved-plugin /Applications/Xcode-27.0.0-Release.Candidate.app/Contents/Developer/Platforms/MacOSX.platform/Developer/usr/lib/swift/host/plugins/libSwiftUIMacros.dylib\#/Applications/Xcode-27.0.0-Release.Candidate.app/Contents/Developer/Platforms/MacOSX.platform/Developer/usr/bin/swift-plugin-server\#SwiftUIMacros -disable-implicit-swift-modules -Xcc -fno-implicit-modules -Xcc -fno-implicit-module-maps -explicit-swift-module-map-file /Users/admin/builder/spi-builder-workspace/.derivedData/Build/Intermediates.noindex/Queryable.build/Debug/Queryable-t.build/Objects-normal/arm64/Queryable-dependencies-1.json -Xllvm -aarch64-use-tbi -enable-objc-interop -stack-check -sdk /Applications/Xcode-27.0.0-Release.Candidate.app/Contents/Developer/Platforms/MacOSX.platform/Developer/SDKs/MacOSX27.0.sdk -I /Users/admin/builder/spi-builder-workspace/.derivedData/Build/Products/Debug -Isystem /Applications/Xcode-27.0.0-Release.Candidate.app/Contents/Developer/Platforms/MacOSX.platform/Developer/usr/lib -F /Users/admin/builder/spi-builder-workspace/.derivedData/Build/Products/Debug -F /Applications/Xcode-27.0.0-Release.Candidate.app/Contents/Developer/Platforms/MacOSX.platform/Developer/Library/Frameworks -module-cache-path /Users/admin/builder/spi-builder-workspace/.derivedData/Build/Intermediates.noindex/SwiftExplicitPrecompiledModules -no-color-diagnostics -Xcc -fno-color-diagnostics -enable-testing -g -debug-info-format\=dwarf -dwarf-version\=4 -profile-generate -profile-coverage-mapping -swift-version 5 -Onone -D SWIFT_PACKAGE -D DEBUG -D SWIFT_MODULE_RESOURCE_BUNDLE_UNAVAILABLE -D Xcode -serialize-debugging-options -enable-experimental-feature DebugDescriptionMacro -empty-abi-descriptor -validate-clang-modules-once -clang-build-session-file /Users/admin/builder/spi-builder-workspace/.derivedData/ModuleCache.noindex/Session.modulevalidation -Xcc -working-directory -Xcc /Users/admin/builder/spi-builder-workspace/.swiftpm/xcode -enable-anonymous-context-mangled-names -file-compilation-dir /Users/admin/builder/spi-builder-workspace/.swiftpm/xcode -Xcc -D_LIBCPP_HARDENING_MODE\=_LIBCPP_HARDENING_MODE_DEBUG -Xcc -ivfsstatcache -Xcc /Users/admin/builder/spi-builder-workspace/.derivedData/SDKStatCaches.noindex/macosx27.0-26A425-e829b21a6f8c9b70876ba0858053c0446a22442a12e9d48fe1a705f55a1adfc4.sdkstatcache -Xcc -fmodules-prune-interval\=86400 -Xcc -fmodules-prune-after\=345600 -Xcc -I/Users/admin/builder/spi-builder-workspace/.derivedData/Build/Products/Debug/include -Xcc -I/Users/admin/builder/spi-builder-workspace/.derivedData/Build/Intermediates.noindex/Queryable.build/Debug/Queryable-t.build/DerivedSources-normal/arm64 -Xcc -I/Users/admin/builder/spi-builder-workspace/.derivedData/Build/Intermediates.noindex/Queryable.build/Debug/Queryable-t.build/DerivedSources/arm64 -Xcc -I/Users/admin/builder/spi-builder-workspace/.derivedData/Build/Intermediates.noindex/Queryable.build/Debug/Queryable-t.build/DerivedSources -Xcc -DSWIFT_PACKAGE -Xcc -DDEBUG\=1 -no-auto-bridging-header-chaining -module-name Queryable -const-gather-protocols-file /Users/admin/builder/spi-builder-workspace/.derivedData/Build/Intermediates.noindex/Queryable.build/Debug/Queryable-t.build/Objects-normal/arm64/Queryable_const_extract_protocols.json -disable-clang-spi -clang-target arm64-apple-macos27.0 -target-sdk-version 27.0 -target-sdk-name macosx27.0 -in-process-plugin-server-path /Applications/Xcode-27.0.0-Release.Candidate.app/Contents/Developer/Toolchains/XcodeDefault.xctoolchain/usr/lib/swift/host/libSwiftInProcPluginServer.dylib -parse-as-library -o /Users/admin/builder/spi-builder-workspace/.derivedData/Build/Intermediates.noindex/Queryable.build/Debug/Queryable-t.build/Objects-normal/arm64/Queryable+FullscreenCover.o -debug-module-path /Users/admin/builder/spi-builder-workspace/.derivedData/Build/Intermediates.noindex/Queryable.build/Debug/Queryable-t.build/Objects-normal/arm64/Queryable.swiftmodule -index-unit-output-path /Queryable.build/Debug/Queryable-t.build/Objects-normal/arm64/Queryable+FullscreenCover.o -index-store-path /Users/admin/builder/spi-builder-workspace/.derivedData/Index.noindex/DataStore -index-system-modules
SwiftCompile normal arm64 /Users/admin/builder/spi-builder-workspace/Sources/Queryable/Handlers/Queryable+FullscreenCover.swift (in target 'Queryable' from project 'Queryable')
cd /Users/admin/builder/spi-builder-workspace/.swiftpm/xcode
builtin-SwiftPerFileCompile Queryable+FullscreenCover.swift
SwiftCompile normal arm64 Compiling\ Queryable+ConfirmationDialog.swift /Users/admin/builder/spi-builder-workspace/Sources/Queryable/Handlers/Queryable+ConfirmationDialog.swift (in target 'Queryable' from project 'Queryable')
SwiftCompile normal arm64 /Users/admin/builder/spi-builder-workspace/Sources/Queryable/Handlers/Queryable+ConfirmationDialog.swift (in target 'Queryable' from project 'Queryable')
cd /Users/admin/builder/spi-builder-workspace/.swiftpm/xcode
builtin-SwiftPerFileCompile Queryable+ConfirmationDialog.swift
SwiftCompile normal arm64 Compiling\ Queryable+Sheet.swift /Users/admin/builder/spi-builder-workspace/Sources/Queryable/Handlers/Queryable+Sheet.swift (in target 'Queryable' from project 'Queryable')
SwiftCompile normal arm64 /Users/admin/builder/spi-builder-workspace/Sources/Queryable/Handlers/Queryable+Sheet.swift (in target 'Queryable' from project 'Queryable')
cd /Users/admin/builder/spi-builder-workspace/.swiftpm/xcode
builtin-SwiftPerFileCompile Queryable+Sheet.swift
SwiftCompile normal arm64 Compiling\ StableItemContainerView.swift /Users/admin/builder/spi-builder-workspace/Sources/Queryable/Helper/StableItemContainerView.swift (in target 'Queryable' from project 'Queryable')
SwiftCompile normal arm64 /Users/admin/builder/spi-builder-workspace/Sources/Queryable/Helper/StableItemContainerView.swift (in target 'Queryable' from project 'Queryable')
cd /Users/admin/builder/spi-builder-workspace/.swiftpm/xcode
builtin-SwiftPerFileCompile StableItemContainerView.swift
SwiftEmitModule normal arm64 Emitting\ module\ for\ Queryable (in target 'Queryable' from project 'Queryable')
SwiftCompile normal arm64 (in target 'Queryable' from project 'Queryable')
cd /Users/admin/builder/spi-builder-workspace/.swiftpm/xcode
PruneExplicitPrecompiledModules /Users/admin/builder/spi-builder-workspace/.derivedData/Build/Intermediates.noindex/ExplicitPrecompiledModules
PruneExplicitPrecompiledModules /Users/admin/builder/spi-builder-workspace/.derivedData/Build/Intermediates.noindex/SwiftExplicitPrecompiledModules
PruneExplicitPrecompiledModules /Users/admin/builder/spi-builder-workspace/.derivedData/SDKExplicitPrecompiledModules
2026-09-20 01:46:28.322 xcodebuild[762:4713] [MT] IDERunDestination: Supported platforms for the buildables in the current scheme is empty.
2026-09-20 01:46:28.425 xcodebuild[762:4713] [MT] IDERunDestination: Supported platforms for the buildables in the current scheme is empty.
--- xcodebuild: WARNING: Using the first of multiple matching destinations:
{ platform:macOS, arch:arm64, id:516dd7ce89001add8e38bb7c415db7ae2c6a438b, name:My Mac }
{ platform:macOS, arch:arm64, variant:Mac Catalyst, id:516dd7ce89001add8e38bb7c415db7ae2c6a438b, name:My Mac }
{ platform:macOS, arch:arm64, variant:DriverKit, id:516dd7ce89001add8e38bb7c415db7ae2c6a438b, name:My Mac }
{ platform:macOS, arch:arm64, variant:Designed for [iPad,iPhone], id:516dd7ce89001add8e38bb7c415db7ae2c6a438b, name:My Mac }
** BUILD FAILED **
The following build commands failed:
SwiftCompile normal arm64 Compiling\ Queryable+FullscreenCover.swift /Users/admin/builder/spi-builder-workspace/Sources/Queryable/Handlers/Queryable+FullscreenCover.swift (in target 'Queryable' from project 'Queryable')
SwiftCompile normal arm64 /Users/admin/builder/spi-builder-workspace/Sources/Queryable/Handlers/Queryable+FullscreenCover.swift (in target 'Queryable' from project 'Queryable')
Building workspace Queryable with scheme Queryable
(3 failures)
BUILD FAILURE 6.4 macosXcodebuild