The Swift Package Index logo.Swift Package Index

Build Information

Failed to build w3w-swift-core, reference main (65e94c), with Swift 6.3 for tvOS using Xcode 26.4 on 9 Oct 2026 09:39:34 UTC.

Build Command

env DEVELOPER_DIR=/Applications/Xcode-26.5.0.app xcrun xcodebuild -IDEClonedSourcePackagesDirPathOverride=$PWD/.dependencies -skipMacroValidation -skipPackagePluginValidation -derivedDataPath $PWD/.derivedData build -scheme w3w-swift-core -destination generic/platform=tvOS

Build Log

========================================
RunAll
========================================
Builder version: 5.1.1
Interrupt handler set up.
========================================
Checkout
========================================
Clone URL: https://github.com/what3words/w3w-swift-core.git
Reference: main
Initialized empty Git repository in /Users/admin/builder/spi-builder-workspace/.git/
From https://github.com/what3words/w3w-swift-core
 * branch            main       -> FETCH_HEAD
 * [new branch]      main       -> origin/main
HEAD is now at 65e94ce Merge pull request #41 from what3words/spike/w3w-api
Cloned https://github.com/what3words/w3w-swift-core.git
Revision (git rev-parse @):
65e94ce7555d7cba6c7660cc265a6baf276e5f8f
SUCCESS checkout https://github.com/what3words/w3w-swift-core.git at main
========================================
Build
========================================
Selected platform:         tvOS
Swift version:             6.3
Building package at path:  $PWD
https://github.com/what3words/w3w-swift-core.git
Command line invocation:
    /Applications/Xcode-26.5.0.app/Contents/Developer/usr/bin/xcodebuild -IDEClonedSourcePackagesDirPathOverride=/Users/admin/builder/spi-builder-workspace/.dependencies -resolvePackageDependencies
Resolve Package Graph
Resolve Package Graph
Resolved source packages:
  w3w-swift-core: /Users/admin/builder/spi-builder-workspace
resolved source packages: w3w-swift-core
2026-10-09 05:39:14.897 xcodebuild[541:3143] [MT] IDERunDestination: Supported platforms for the buildables in the current scheme is empty.
{
  "dependencies" : [
  ],
  "manifest_display_name" : "w3w-swift-core",
  "name" : "w3w-swift-core",
  "path" : "/Users/admin/builder/spi-builder-workspace",
  "platforms" : [
    {
      "name" : "macos",
      "version" : "10.15"
    },
    {
      "name" : "ios",
      "version" : "12.0"
    },
    {
      "name" : "tvos",
      "version" : "12.0"
    },
    {
      "name" : "watchos",
      "version" : "4.0"
    }
  ],
  "products" : [
    {
      "name" : "W3WSwiftCore",
      "targets" : [
        "W3WSwiftCore"
      ],
      "type" : {
        "library" : [
          "automatic"
        ]
      }
    }
  ],
  "swift_languages_versions" : [
    "5"
  ],
  "targets" : [
    {
      "c99name" : "w3w_swift_typesTests",
      "module_type" : "SwiftTarget",
      "name" : "w3w-swift-typesTests",
      "path" : "Tests/w3w-swift-typesTests",
      "sources" : [
        "w3w_swift_typesTests.swift"
      ],
      "target_dependencies" : [
        "W3WSwiftCore"
      ],
      "type" : "test"
    },
    {
      "c99name" : "w3w_swift_Tests",
      "module_type" : "SwiftTarget",
      "name" : "w3w-swift-Tests",
      "path" : "Tests/w3w-swift-Tests",
      "sources" : [
        "IsValid3waTests.swift"
      ],
      "target_dependencies" : [
        "W3WSwiftCore"
      ],
      "type" : "test"
    },
    {
      "c99name" : "languages_Tests",
      "module_type" : "SwiftTarget",
      "name" : "languages-Tests",
      "path" : "Tests/languages-Tests",
      "sources" : [
        "W3wRfcLanguage_w3wLanguage_tests.swift",
        "W3wRfcLanguage_w3wSdkLanguage_tests.swift",
        "w3wRfcLanguage_tests.swift"
      ],
      "target_dependencies" : [
        "W3WSwiftCore"
      ],
      "type" : "test"
    },
    {
      "c99name" : "W3WSwiftCore",
      "module_type" : "SwiftTarget",
      "name" : "W3WSwiftCore",
      "path" : "Sources/W3WSwiftCore",
      "product_memberships" : [
        "W3WSwiftCore"
      ],
      "sources" : [
        "Accounts/W3WUser.swift",
        "Audio/W3WAudioRecorder.swift",
        "Audio/W3WAudioRecording.swift",
        "Audio/W3WAudioStream.swift",
        "Audio/W3WEncoding.swift",
        "Audio/W3WMicrophone.swift",
        "Bridges/ApiExtension.swift",
        "Bridges/SdkExtension.swift",
        "Bridges/SdkTypes.swift",
        "Gps/W3WGpsReading.swift",
        "Gps/W3WGpsState.swift",
        "Gps/W3WGpsStatus.swift",
        "Interfaces/W3WProtocolV3.swift",
        "Interfaces/W3WProtocolV4.swift",
        "Localization/W3WMockTranslation.swift",
        "Localization/W3WTranslate.swift",
        "Localization/W3WTranslationsProtocol.swift",
        "Network/NetworkConnection.swift",
        "Network/W3WAPI/W3WApi+Future.swift",
        "Network/W3WAPI/W3WApi.swift",
        "Network/W3WAPI/W3WApiEncoding.swift",
        "Network/W3WAPI/W3WURLError.swift",
        "Network/W3WJson.swift",
        "Network/W3WRequest.swift",
        "Reactive/Combine+Extensions.swift",
        "Reactive/W3WEvent.swift",
        "Reactive/W3WEventSubscriberProtocol.swift",
        "Reactive/W3WEventsSubscriptions.swift",
        "Reactive/W3WLive.swift",
        "Regex/W3WRegex.swift",
        "RfcLanguage/W3WRfcLanguage+W3WLanguage.swift",
        "RfcLanguage/W3WRfcLanguage+W3WSdkLanguage.swift",
        "RfcLanguage/W3WRfcLanguage.swift",
        "RfcLanguage/W3WRfcLanguageProtocol.swift",
        "RfcLanguage/W3WRfcLanguageProtocols.swift",
        "Threading/W3WDebouncer.swift",
        "Threading/W3WThread.swift",
        "Types/Geometry/W3WBox.swift",
        "Types/Geometry/W3WCircle.swift",
        "Types/Geometry/W3WDistance.swift",
        "Types/Geometry/W3WLine.swift",
        "Types/Geometry/W3WPolygon.swift",
        "Types/Options/W3WInputType.swift",
        "Types/Options/W3WOption.swift",
        "Types/Options/W3WOptionAcceptorProtocol.swift",
        "Types/Options/W3WOptionProtocol.swift",
        "Types/Options/W3WOptions.swift",
        "Types/Street/W3WStreetAddress.swift",
        "Types/Street/W3WStreetAddressKey.swift",
        "Types/Time/W3WDuration.swift",
        "Types/Util/ClosureDefinitions.swift",
        "Types/Util/LanguageUtils.swift",
        "Types/Util/W3WError+W3WSwiftCore.swift",
        "Types/Util/W3WMeasurementSystem.swift",
        "Types/Util/W3WUtilitiesProtocol.swift",
        "Types/Util/W3WWritingDirection.swift",
        "Types/Values/W3WCountry.swift",
        "Types/Values/W3WLanguage.swift",
        "Types/Values/W3WRanked.swift",
        "Types/Values/W3WSquare.swift",
        "Types/Values/W3WSuggestion.swift",
        "Voice/W3WAudioStreamProtocol.swift",
        "Voice/W3WVoiceListeningState.swift",
        "Voice/W3WVoiceProtocol.swift",
        "Voice/W3WVoiceSuggestion+W3WSwiftCore.swift",
        "W3WSettings+W3WSwiftCore.swift"
      ],
      "type" : "library"
    }
  ],
  "tools_version" : "6.0"
}
{
  "workspace" : {
    "name" : "spi-builder-workspace",
    "schemes" : [
      "w3w-swift-core"
    ]
  }
}
2026-10-09 05:39:22.613 xcodebuild[658:3997] [MT] IDERunDestination: Supported platforms for the buildables in the current scheme is empty.
Running build ...
env DEVELOPER_DIR=/Applications/Xcode-26.5.0.app xcrun xcodebuild -IDEClonedSourcePackagesDirPathOverride=$PWD/.dependencies -skipMacroValidation -skipPackagePluginValidation -derivedDataPath $PWD/.derivedData build -scheme w3w-swift-core -destination generic/platform=tvOS
Command line invocation:
    /Applications/Xcode-26.5.0.app/Contents/Developer/usr/bin/xcodebuild -IDEClonedSourcePackagesDirPathOverride=/Users/admin/builder/spi-builder-workspace/.dependencies -skipMacroValidation -skipPackagePluginValidation -derivedDataPath /Users/admin/builder/spi-builder-workspace/.derivedData build -scheme w3w-swift-core -destination generic/platform=tvOS
Resolve Package Graph
Resolved source packages:
  w3w-swift-core: /Users/admin/builder/spi-builder-workspace
ComputePackagePrebuildTargetDependencyGraph
Prepare packages
CreateBuildRequest
SendProjectDescription
CreateBuildOperation
ComputeTargetDependencyGraph
note: Building targets in dependency order
note: Target dependency graph (2 targets)
    Target 'W3WSwiftCore' in project 'w3w-swift-core'
        ➜ Explicit dependency on target 'W3WSwiftCore' in project 'w3w-swift-core'
    Target 'W3WSwiftCore' in project 'w3w-swift-core' (no dependencies)
GatherProvisioningInputs
CreateBuildDescription
ExecuteExternalTool /Applications/Xcode-26.5.0.app/Contents/Developer/Toolchains/XcodeDefault.xctoolchain/usr/bin/clang -v -E -dM -isysroot /Applications/Xcode-26.5.0.app/Contents/Developer/Platforms/AppleTVOS.platform/Developer/SDKs/AppleTVOS26.5.sdk -x c -c /dev/null
ExecuteExternalTool /Applications/Xcode-26.5.0.app/Contents/Developer/Toolchains/XcodeDefault.xctoolchain/usr/bin/swiftc --version
ExecuteExternalTool /Applications/Xcode-26.5.0.app/Contents/Developer/Toolchains/XcodeDefault.xctoolchain/usr/bin/ld -version_details
ReadFileContents /Applications/Xcode-26.5.0.app/Contents/Developer/Toolchains/XcodeDefault.xctoolchain/usr/share/docc/features.json
Build description signature: 2f9fa519174296469c1bec473835c050
Build description path: /Users/admin/builder/spi-builder-workspace/.derivedData/Build/Intermediates.noindex/XCBuildData/2f9fa519174296469c1bec473835c050.xcbuilddata
ClangStatCache /Applications/Xcode-26.5.0.app/Contents/Developer/Toolchains/XcodeDefault.xctoolchain/usr/bin/clang-stat-cache /Applications/Xcode-26.5.0.app/Contents/Developer/Platforms/AppleTVOS.platform/Developer/SDKs/AppleTVOS26.5.sdk /Users/admin/builder/spi-builder-workspace/.derivedData/SDKStatCaches.noindex/appletvos26.5-23L470-688ef53f1462e2c8f657fdc38a81448fa2efe9286588b677106490127979b81c.sdkstatcache
    cd /Users/admin/builder/spi-builder-workspace/.swiftpm/xcode
    /Applications/Xcode-26.5.0.app/Contents/Developer/Toolchains/XcodeDefault.xctoolchain/usr/bin/clang-stat-cache /Applications/Xcode-26.5.0.app/Contents/Developer/Platforms/AppleTVOS.platform/Developer/SDKs/AppleTVOS26.5.sdk -o /Users/admin/builder/spi-builder-workspace/.derivedData/SDKStatCaches.noindex/appletvos26.5-23L470-688ef53f1462e2c8f657fdc38a81448fa2efe9286588b677106490127979b81c.sdkstatcache
CreateBuildDirectory /Users/admin/builder/spi-builder-workspace/.derivedData/Build/Products
    cd /Users/admin/builder/spi-builder-workspace/.swiftpm/xcode
    builtin-create-build-directory /Users/admin/builder/spi-builder-workspace/.derivedData/Build/Products
CreateBuildDirectory /Users/admin/builder/spi-builder-workspace/.derivedData/Build/Intermediates.noindex
    cd /Users/admin/builder/spi-builder-workspace/.swiftpm/xcode
    builtin-create-build-directory /Users/admin/builder/spi-builder-workspace/.derivedData/Build/Intermediates.noindex
CreateBuildDirectory /Users/admin/builder/spi-builder-workspace/.derivedData/Build/Intermediates.noindex/SwiftExplicitPrecompiledModules
    cd /Users/admin/builder/spi-builder-workspace/.swiftpm/xcode
    builtin-create-build-directory /Users/admin/builder/spi-builder-workspace/.derivedData/Build/Intermediates.noindex/SwiftExplicitPrecompiledModules
CreateBuildDirectory /Users/admin/builder/spi-builder-workspace/.derivedData/Build/Intermediates.noindex/ExplicitPrecompiledModules
    cd /Users/admin/builder/spi-builder-workspace/.swiftpm/xcode
    builtin-create-build-directory /Users/admin/builder/spi-builder-workspace/.derivedData/Build/Intermediates.noindex/ExplicitPrecompiledModules
CreateBuildDirectory /Users/admin/builder/spi-builder-workspace/.derivedData/Build/Intermediates.noindex/EagerLinkingTBDs/Debug-appletvos
    cd /Users/admin/builder/spi-builder-workspace/.swiftpm/xcode
    builtin-create-build-directory /Users/admin/builder/spi-builder-workspace/.derivedData/Build/Intermediates.noindex/EagerLinkingTBDs/Debug-appletvos
CreateBuildDirectory /Users/admin/builder/spi-builder-workspace/.derivedData/Build/Products/Debug-appletvos
    cd /Users/admin/builder/spi-builder-workspace/.swiftpm/xcode
    builtin-create-build-directory /Users/admin/builder/spi-builder-workspace/.derivedData/Build/Products/Debug-appletvos
CreateBuildDirectory /Users/admin/builder/spi-builder-workspace/.derivedData/Build/Products/Debug-appletvos/PackageFrameworks
    cd /Users/admin/builder/spi-builder-workspace/.swiftpm/xcode
    builtin-create-build-directory /Users/admin/builder/spi-builder-workspace/.derivedData/Build/Products/Debug-appletvos/PackageFrameworks
WriteAuxiliaryFile /Users/admin/builder/spi-builder-workspace/.derivedData/Build/Intermediates.noindex/w3w-swift-core.build/Debug-appletvos/W3WSwiftCore.build/W3WSwiftCore.DependencyMetadataFileList (in target 'W3WSwiftCore' from project 'w3w-swift-core')
    cd /Users/admin/builder/spi-builder-workspace
    write-file /Users/admin/builder/spi-builder-workspace/.derivedData/Build/Intermediates.noindex/w3w-swift-core.build/Debug-appletvos/W3WSwiftCore.build/W3WSwiftCore.DependencyMetadataFileList
WriteAuxiliaryFile /Users/admin/builder/spi-builder-workspace/.derivedData/Build/Intermediates.noindex/w3w-swift-core.build/Debug-appletvos/W3WSwiftCore.build/W3WSwiftCore.modulemap (in target 'W3WSwiftCore' from project 'w3w-swift-core')
    cd /Users/admin/builder/spi-builder-workspace
    write-file /Users/admin/builder/spi-builder-workspace/.derivedData/Build/Intermediates.noindex/w3w-swift-core.build/Debug-appletvos/W3WSwiftCore.build/W3WSwiftCore.modulemap
WriteAuxiliaryFile /Users/admin/builder/spi-builder-workspace/.derivedData/Build/Intermediates.noindex/w3w-swift-core.build/Debug-appletvos/W3WSwiftCore.build/W3WSwiftCore.DependencyStaticMetadataFileList (in target 'W3WSwiftCore' from project 'w3w-swift-core')
    cd /Users/admin/builder/spi-builder-workspace
    write-file /Users/admin/builder/spi-builder-workspace/.derivedData/Build/Intermediates.noindex/w3w-swift-core.build/Debug-appletvos/W3WSwiftCore.build/W3WSwiftCore.DependencyStaticMetadataFileList
WriteAuxiliaryFile /Users/admin/builder/spi-builder-workspace/.derivedData/Build/Intermediates.noindex/w3w-swift-core.build/Debug-appletvos/W3WSwiftCore.build/Objects-normal/arm64/W3WSwiftCore.LinkFileList (in target 'W3WSwiftCore' from project 'w3w-swift-core')
    cd /Users/admin/builder/spi-builder-workspace
    write-file /Users/admin/builder/spi-builder-workspace/.derivedData/Build/Intermediates.noindex/w3w-swift-core.build/Debug-appletvos/W3WSwiftCore.build/Objects-normal/arm64/W3WSwiftCore.LinkFileList
WriteAuxiliaryFile /Users/admin/builder/spi-builder-workspace/.derivedData/Build/Intermediates.noindex/w3w-swift-core.build/Debug-appletvos/W3WSwiftCore.build/Objects-normal/arm64/W3WSwiftCore.SwiftFileList (in target 'W3WSwiftCore' from project 'w3w-swift-core')
    cd /Users/admin/builder/spi-builder-workspace
    write-file /Users/admin/builder/spi-builder-workspace/.derivedData/Build/Intermediates.noindex/w3w-swift-core.build/Debug-appletvos/W3WSwiftCore.build/Objects-normal/arm64/W3WSwiftCore.SwiftFileList
WriteAuxiliaryFile /Users/admin/builder/spi-builder-workspace/.derivedData/Build/Intermediates.noindex/w3w-swift-core.build/Debug-appletvos/W3WSwiftCore.build/Objects-normal/arm64/W3WSwiftCore_const_extract_protocols.json (in target 'W3WSwiftCore' from project 'w3w-swift-core')
    cd /Users/admin/builder/spi-builder-workspace
    write-file /Users/admin/builder/spi-builder-workspace/.derivedData/Build/Intermediates.noindex/w3w-swift-core.build/Debug-appletvos/W3WSwiftCore.build/Objects-normal/arm64/W3WSwiftCore_const_extract_protocols.json
WriteAuxiliaryFile /Users/admin/builder/spi-builder-workspace/.derivedData/Build/Intermediates.noindex/w3w-swift-core.build/Debug-appletvos/W3WSwiftCore.build/Objects-normal/arm64/W3WSwiftCore-OutputFileMap.json (in target 'W3WSwiftCore' from project 'w3w-swift-core')
    cd /Users/admin/builder/spi-builder-workspace
    write-file /Users/admin/builder/spi-builder-workspace/.derivedData/Build/Intermediates.noindex/w3w-swift-core.build/Debug-appletvos/W3WSwiftCore.build/Objects-normal/arm64/W3WSwiftCore-OutputFileMap.json
WriteAuxiliaryFile /Users/admin/builder/spi-builder-workspace/.derivedData/Build/Intermediates.noindex/w3w-swift-core.build/Debug-appletvos/W3WSwiftCore.build/Objects-normal/arm64/W3WSwiftCore.SwiftConstValuesFileList (in target 'W3WSwiftCore' from project 'w3w-swift-core')
    cd /Users/admin/builder/spi-builder-workspace
    write-file /Users/admin/builder/spi-builder-workspace/.derivedData/Build/Intermediates.noindex/w3w-swift-core.build/Debug-appletvos/W3WSwiftCore.build/Objects-normal/arm64/W3WSwiftCore.SwiftConstValuesFileList
Copy /Users/admin/builder/spi-builder-workspace/.derivedData/Build/Intermediates.noindex/GeneratedModuleMaps-appletvos/W3WSwiftCore.modulemap /Users/admin/builder/spi-builder-workspace/.derivedData/Build/Intermediates.noindex/w3w-swift-core.build/Debug-appletvos/W3WSwiftCore.build/W3WSwiftCore.modulemap (in target 'W3WSwiftCore' from project 'w3w-swift-core')
    cd /Users/admin/builder/spi-builder-workspace
    builtin-copy -exclude .DS_Store -exclude CVS -exclude .svn -exclude .git -exclude .hg -resolve-src-symlinks /Users/admin/builder/spi-builder-workspace/.derivedData/Build/Intermediates.noindex/w3w-swift-core.build/Debug-appletvos/W3WSwiftCore.build/W3WSwiftCore.modulemap /Users/admin/builder/spi-builder-workspace/.derivedData/Build/Intermediates.noindex/GeneratedModuleMaps-appletvos
SwiftDriver W3WSwiftCore normal arm64 com.apple.xcode.tools.swift.compiler (in target 'W3WSwiftCore' from project 'w3w-swift-core')
    cd /Users/admin/builder/spi-builder-workspace/.swiftpm/xcode
    builtin-SwiftDriver -- /Applications/Xcode-26.5.0.app/Contents/Developer/Toolchains/XcodeDefault.xctoolchain/usr/bin/swiftc -module-name W3WSwiftCore -Onone @/Users/admin/builder/spi-builder-workspace/.derivedData/Build/Intermediates.noindex/w3w-swift-core.build/Debug-appletvos/W3WSwiftCore.build/Objects-normal/arm64/W3WSwiftCore.SwiftFileList -DSWIFT_PACKAGE -DDEBUG -DSWIFT_MODULE_RESOURCE_BUNDLE_UNAVAILABLE -DXcode -plugin-path /Applications/Xcode-26.5.0.app/Contents/Developer/Toolchains/XcodeDefault.xctoolchain/usr/lib/swift/host/plugins/testing -enable-experimental-feature DebugDescriptionMacro -sdk /Applications/Xcode-26.5.0.app/Contents/Developer/Platforms/AppleTVOS.platform/Developer/SDKs/AppleTVOS26.5.sdk -target arm64-apple-tvos12.0 -g -module-cache-path /Users/admin/builder/spi-builder-workspace/.derivedData/ModuleCache.noindex -Xfrontend -serialize-debugging-options -profile-coverage-mapping -profile-generate -enable-testing -index-store-path /Users/admin/builder/spi-builder-workspace/.derivedData/Index.noindex/DataStore -Xcc -D_LIBCPP_HARDENING_MODE\=_LIBCPP_HARDENING_MODE_DEBUG -swift-version 5 -I /Users/admin/builder/spi-builder-workspace/.derivedData/Build/Products/Debug-appletvos -Isystem /Applications/Xcode-26.5.0.app/Contents/Developer/Platforms/AppleTVOS.platform/Developer/usr/lib -F /Users/admin/builder/spi-builder-workspace/.derivedData/Build/Products/Debug-appletvos -F /Applications/Xcode-26.5.0.app/Contents/Developer/Platforms/AppleTVOS.platform/Developer/Library/Frameworks -F /Applications/Xcode-26.5.0.app/Contents/Developer/Platforms/AppleTVOS.platform/Developer/SDKs/AppleTVOS26.5.sdk/Developer/Library/Frameworks -c -j10 -enable-batch-mode -incremental -Xcc -ivfsstatcache -Xcc /Users/admin/builder/spi-builder-workspace/.derivedData/SDKStatCaches.noindex/appletvos26.5-23L470-688ef53f1462e2c8f657fdc38a81448fa2efe9286588b677106490127979b81c.sdkstatcache -output-file-map /Users/admin/builder/spi-builder-workspace/.derivedData/Build/Intermediates.noindex/w3w-swift-core.build/Debug-appletvos/W3WSwiftCore.build/Objects-normal/arm64/W3WSwiftCore-OutputFileMap.json -use-frontend-parseable-output -save-temps -no-color-diagnostics -explicit-module-build -module-cache-path /Users/admin/builder/spi-builder-workspace/.derivedData/Build/Intermediates.noindex/SwiftExplicitPrecompiledModules -clang-scanner-module-cache-path /Users/admin/builder/spi-builder-workspace/.derivedData/ModuleCache.noindex -sdk-module-cache-path /Users/admin/builder/spi-builder-workspace/.derivedData/ModuleCache.noindex -serialize-diagnostics -emit-dependencies -emit-module -emit-module-path /Users/admin/builder/spi-builder-workspace/.derivedData/Build/Intermediates.noindex/w3w-swift-core.build/Debug-appletvos/W3WSwiftCore.build/Objects-normal/arm64/W3WSwiftCore.swiftmodule -validate-clang-modules-once -clang-build-session-file /Users/admin/builder/spi-builder-workspace/.derivedData/ModuleCache.noindex/Session.modulevalidation -package-name spi_builder_workspace -Xcc -I/Users/admin/builder/spi-builder-workspace/.derivedData/Build/Intermediates.noindex/w3w-swift-core.build/Debug-appletvos/W3WSwiftCore.build/swift-overrides.hmap -emit-const-values -Xfrontend -const-gather-protocols-file -Xfrontend /Users/admin/builder/spi-builder-workspace/.derivedData/Build/Intermediates.noindex/w3w-swift-core.build/Debug-appletvos/W3WSwiftCore.build/Objects-normal/arm64/W3WSwiftCore_const_extract_protocols.json -Xcc -I/Users/admin/builder/spi-builder-workspace/.derivedData/Build/Products/Debug-appletvos/include -Xcc -I/Users/admin/builder/spi-builder-workspace/.derivedData/Build/Intermediates.noindex/w3w-swift-core.build/Debug-appletvos/W3WSwiftCore.build/DerivedSources-normal/arm64 -Xcc -I/Users/admin/builder/spi-builder-workspace/.derivedData/Build/Intermediates.noindex/w3w-swift-core.build/Debug-appletvos/W3WSwiftCore.build/DerivedSources/arm64 -Xcc -I/Users/admin/builder/spi-builder-workspace/.derivedData/Build/Intermediates.noindex/w3w-swift-core.build/Debug-appletvos/W3WSwiftCore.build/DerivedSources -Xcc -DSWIFT_PACKAGE -Xcc -DDEBUG\=1 -emit-objc-header -emit-objc-header-path /Users/admin/builder/spi-builder-workspace/.derivedData/Build/Intermediates.noindex/w3w-swift-core.build/Debug-appletvos/W3WSwiftCore.build/Objects-normal/arm64/W3WSwiftCore-Swift.h -working-directory /Users/admin/builder/spi-builder-workspace/.swiftpm/xcode -experimental-emit-module-separately -disable-cmo
SwiftExplicitDependencyGeneratePcm arm64 /Users/admin/builder/spi-builder-workspace/.derivedData/ModuleCache.noindex/_Builtin_stdbool-DWVRPTAIFI1CX6WNWY5BZE2FT.pcm
SwiftExplicitDependencyGeneratePcm arm64 /Users/admin/builder/spi-builder-workspace/.derivedData/ModuleCache.noindex/_AvailabilityInternal-8UZFTWHVL2TGDGYLBJFWVYPOH.pcm
SwiftExplicitDependencyGeneratePcm arm64 /Users/admin/builder/spi-builder-workspace/.derivedData/ModuleCache.noindex/SwiftShims-18STCYL12F4JB5RVTGQO6ETOJ.pcm
SwiftExplicitDependencyGeneratePcm arm64 /Users/admin/builder/spi-builder-workspace/.derivedData/ModuleCache.noindex/DeveloperToolsSupport-1OG7PU0FG2YSUTAX3ZA4SMGQB.pcm
SwiftExplicitDependencyGeneratePcm arm64 /Users/admin/builder/spi-builder-workspace/.derivedData/ModuleCache.noindex/_SwiftConcurrencyShims-9JS6RM1I6A9W6N9EYFBXIXKLK.pcm
SwiftExplicitDependencyGeneratePcm arm64 /Users/admin/builder/spi-builder-workspace/.derivedData/ModuleCache.noindex/_Builtin_float-1EIEN66CDM8GDSVAEA6YT8HDH.pcm
SwiftExplicitDependencyGeneratePcm arm64 /Users/admin/builder/spi-builder-workspace/.derivedData/ModuleCache.noindex/_Builtin_stdarg-6067YQZN6C5I13WT07LZMJGVP.pcm
SwiftExplicitDependencyGeneratePcm arm64 /Users/admin/builder/spi-builder-workspace/.derivedData/ModuleCache.noindex/ptrauth-5YNAJYKCCJ926FE9JXUCMCAQC.pcm
SwiftExplicitDependencyGeneratePcm arm64 /Users/admin/builder/spi-builder-workspace/.derivedData/ModuleCache.noindex/_Builtin_stddef-B4UEX6SEJJEND8DHEYSO0CUGX.pcm
SwiftExplicitDependencyGeneratePcm arm64 /Users/admin/builder/spi-builder-workspace/.derivedData/ModuleCache.noindex/ptrcheck-1VM7U4PF9UAS0NK31VOXKNA7I.pcm
SwiftExplicitDependencyGeneratePcm arm64 /Users/admin/builder/spi-builder-workspace/.derivedData/ModuleCache.noindex/_DarwinFoundation1-7GPDWQ9S27B2IEDUN6YNV38W.pcm
SwiftExplicitDependencyGeneratePcm arm64 /Users/admin/builder/spi-builder-workspace/.derivedData/ModuleCache.noindex/_Builtin_limits-1HW405S42ISP0YEGVP14SJXD1.pcm
SwiftExplicitDependencyGeneratePcm arm64 /Users/admin/builder/spi-builder-workspace/.derivedData/ModuleCache.noindex/_DarwinFoundation2-3I13SN2QGSIO9PSGO9NVPAK2D.pcm
SwiftExplicitDependencyGeneratePcm arm64 /Users/admin/builder/spi-builder-workspace/.derivedData/ModuleCache.noindex/_Builtin_stdint-2R3LZSR94RG6HL58RC52GREKO.pcm
SwiftExplicitDependencyGeneratePcm arm64 /Users/admin/builder/spi-builder-workspace/.derivedData/ModuleCache.noindex/_Builtin_tgmath-6BC34HW0D11JD1LKZ68875PCF.pcm
SwiftExplicitDependencyGeneratePcm arm64 /Users/admin/builder/spi-builder-workspace/.derivedData/ModuleCache.noindex/sys_types-8PR2Z8SQRBNJ6D5H8N2PI8HWZ.pcm
SwiftExplicitDependencyGeneratePcm arm64 /Users/admin/builder/spi-builder-workspace/.derivedData/ModuleCache.noindex/_DarwinFoundation3-10LRE0HIVAXXK3H8Z6TXW4XIP.pcm
SwiftExplicitDependencyGeneratePcm arm64 /Users/admin/builder/spi-builder-workspace/.derivedData/ModuleCache.noindex/_Builtin_intrinsics-EFLVYN0ZVHAPTNXIF4AKXLGTG.pcm
SwiftExplicitDependencyGeneratePcm arm64 /Users/admin/builder/spi-builder-workspace/.derivedData/ModuleCache.noindex/_Builtin_stdatomic-E8B4REIPXM94PH6TQGO8KWN8O.pcm
SwiftExplicitDependencyGeneratePcm arm64 /Users/admin/builder/spi-builder-workspace/.derivedData/ModuleCache.noindex/_Builtin_inttypes-7WH45DL0F6K83P0RNKE1ZNT50.pcm
SwiftExplicitDependencyGeneratePcm arm64 /Users/admin/builder/spi-builder-workspace/.derivedData/ModuleCache.noindex/Darwin-E66HBQM81PO0AY6RPKOJDNR89.pcm
SwiftExplicitDependencyGeneratePcm arm64 /Users/admin/builder/spi-builder-workspace/.derivedData/ModuleCache.noindex/simd-DFVLEJHI75NRPV473IHX23UX6.pcm
SwiftExplicitDependencyGeneratePcm arm64 /Users/admin/builder/spi-builder-workspace/.derivedData/ModuleCache.noindex/MachO-ALKFSEK7NO89BS7O73STHNGYG.pcm
SwiftExplicitDependencyGeneratePcm arm64 /Users/admin/builder/spi-builder-workspace/.derivedData/ModuleCache.noindex/ObjectiveC-BEMACA9TCY24RS01LYRRAITZS.pcm
SwiftExplicitDependencyGeneratePcm arm64 /Users/admin/builder/spi-builder-workspace/.derivedData/ModuleCache.noindex/os_object-EJ03GGUEF6WMZ0QABXHW8QXVY.pcm
SwiftExplicitDependencyGeneratePcm arm64 /Users/admin/builder/spi-builder-workspace/.derivedData/ModuleCache.noindex/os_workgroup-3DGJCGO7Z9QCSBYGONW6Q5WXC.pcm
SwiftExplicitDependencyGeneratePcm arm64 /Users/admin/builder/spi-builder-workspace/.derivedData/ModuleCache.noindex/Spatial-CHZ63F3PWV8UGGQQQ5QPFGJLN.pcm
SwiftExplicitDependencyGeneratePcm arm64 /Users/admin/builder/spi-builder-workspace/.derivedData/ModuleCache.noindex/Dispatch-2XFE4JZM2U2NIPPAND2Z9IMC6.pcm
SwiftExplicitDependencyGeneratePcm arm64 /Users/admin/builder/spi-builder-workspace/.derivedData/ModuleCache.noindex/CoreFoundation-B8NKE4FX5M0AYMU2WTJMXFPQQ.pcm
SwiftExplicitDependencyGeneratePcm arm64 /Users/admin/builder/spi-builder-workspace/.derivedData/ModuleCache.noindex/XPC-7V5PBQZBV5WRC01MLLEBL94O3.pcm
SwiftExplicitDependencyGeneratePcm arm64 /Users/admin/builder/spi-builder-workspace/.derivedData/ModuleCache.noindex/dnssd-1YBWIS6G51RHH2PX59HCIWC6L.pcm
SwiftExplicitDependencyGeneratePcm arm64 /Users/admin/builder/spi-builder-workspace/.derivedData/ModuleCache.noindex/os-DK5QAOVJB8IY7ABJNQY3KNKKJ.pcm
SwiftExplicitDependencyGeneratePcm arm64 /Users/admin/builder/spi-builder-workspace/.derivedData/ModuleCache.noindex/CFNetwork-6BOSGM9SQ6N0GVFN53XZOXLXA.pcm
SwiftExplicitDependencyGeneratePcm arm64 /Users/admin/builder/spi-builder-workspace/.derivedData/ModuleCache.noindex/CoreAudioTypes-853L1X9ADXQBPCO30TF61G6FK.pcm
SwiftExplicitDependencyGeneratePcm arm64 /Users/admin/builder/spi-builder-workspace/.derivedData/ModuleCache.noindex/Security-9T8D669PZRRJ7KUDSK1C9C3BD.pcm
SwiftExplicitDependencyGeneratePcm arm64 /Users/admin/builder/spi-builder-workspace/.derivedData/ModuleCache.noindex/CoreGraphics-9VAZRNNGU7J9WJ3GQIBGXKYGY.pcm
SwiftExplicitDependencyGeneratePcm arm64 /Users/admin/builder/spi-builder-workspace/.derivedData/ModuleCache.noindex/CoreAudio-BW4SN99ISAXZDQZZC2TXVHWRP.pcm
SwiftExplicitDependencyGeneratePcm arm64 /Users/admin/builder/spi-builder-workspace/.derivedData/ModuleCache.noindex/Foundation-9NAGWTO1VYO4EX87A5VG00PX4.pcm
SwiftExplicitDependencyGeneratePcm arm64 /Users/admin/builder/spi-builder-workspace/.derivedData/ModuleCache.noindex/CoreText-237BO21C1766QEU2RQ0E692AW.pcm
SwiftExplicitDependencyGeneratePcm arm64 /Users/admin/builder/spi-builder-workspace/.derivedData/ModuleCache.noindex/ImageIO-5822H3KG2DEXVKUIC6597ZP3O.pcm
SwiftExplicitDependencyGeneratePcm arm64 /Users/admin/builder/spi-builder-workspace/.derivedData/ModuleCache.noindex/_LocationEssentials-AP5GVZK83ZGCZCT8D7ZVOI0W4.pcm
SwiftExplicitDependencyGeneratePcm arm64 /Users/admin/builder/spi-builder-workspace/.derivedData/ModuleCache.noindex/IOSurface-MJKUK0OFOGWGWI53EKDFWV4S.pcm
SwiftExplicitDependencyGeneratePcm arm64 /Users/admin/builder/spi-builder-workspace/.derivedData/ModuleCache.noindex/Accessibility-62XKD5MAIAOCOSFXV16B50KCD.pcm
SwiftExplicitDependencyGeneratePcm arm64 /Users/admin/builder/spi-builder-workspace/.derivedData/ModuleCache.noindex/UniformTypeIdentifiers-65SPNLDD90J7E6HGVEZZ2OGGU.pcm
SwiftExplicitDependencyGeneratePcm arm64 /Users/admin/builder/spi-builder-workspace/.derivedData/ModuleCache.noindex/CoreData-3052F23IJ5PFL18SUY64WQX3I.pcm
SwiftExplicitDependencyGeneratePcm arm64 /Users/admin/builder/spi-builder-workspace/.derivedData/ModuleCache.noindex/DataDetection-6LO5RTEVXCUEJGK03MQZ7OMO2.pcm
SwiftExplicitDependencyGeneratePcm arm64 /Users/admin/builder/spi-builder-workspace/.derivedData/ModuleCache.noindex/Network-N743NS3LB9VNGTKWLGKVIF9D.pcm
SwiftExplicitDependencyGeneratePcm arm64 /Users/admin/builder/spi-builder-workspace/.derivedData/ModuleCache.noindex/CoreTransferable-5TL4A55GA9DUEJ7TLELRV3SGA.pcm
SwiftExplicitDependencyGeneratePcm arm64 /Users/admin/builder/spi-builder-workspace/.derivedData/ModuleCache.noindex/UserNotifications-6K40DOPUWFONCIA3F9JGZFWPC.pcm
SwiftExplicitDependencyGeneratePcm arm64 /Users/admin/builder/spi-builder-workspace/.derivedData/ModuleCache.noindex/UIUtilities-2NFSZIONCPRZVNMNMV74O2EVC.pcm
SwiftExplicitDependencyGeneratePcm arm64 /Users/admin/builder/spi-builder-workspace/.derivedData/ModuleCache.noindex/AVRouting-8AXJ34PA6O4LC4VYMAOA2RSB6.pcm
SwiftExplicitDependencyGeneratePcm arm64 /Users/admin/builder/spi-builder-workspace/.derivedData/ModuleCache.noindex/CoreMIDI-9FU3E2KPYNML70BW9WTO6BK3Q.pcm
SwiftExplicitDependencyGeneratePcm arm64 /Users/admin/builder/spi-builder-workspace/.derivedData/ModuleCache.noindex/CoreLocation-ATMJAH23A1ZK8I3R0N6DYI22T.pcm
SwiftExplicitDependencyGeneratePcm arm64 /Users/admin/builder/spi-builder-workspace/.derivedData/ModuleCache.noindex/OSLog-EXUPB42Q0UNNSRKTMRSGTAG1P.pcm
SwiftExplicitDependencyGeneratePcm arm64 /Users/admin/builder/spi-builder-workspace/.derivedData/ModuleCache.noindex/Symbols-44ESQ1XWHQ69T6QT0XGVK0ZYN.pcm
SwiftExplicitDependencyGeneratePcm arm64 /Users/admin/builder/spi-builder-workspace/.derivedData/ModuleCache.noindex/MediaAccessibility-4JBN0B3FFIWUUNUM9GC9DGLV4.pcm
SwiftExplicitDependencyGeneratePcm arm64 /Users/admin/builder/spi-builder-workspace/.derivedData/ModuleCache.noindex/OpenGLES-57XIRMTDRLC3DIHQ16N84HXXW.pcm
SwiftExplicitDependencyGeneratePcm arm64 /Users/admin/builder/spi-builder-workspace/.derivedData/ModuleCache.noindex/Metal-9OJNI8G3RX6MK1T9AXKYVBEPY.pcm
SwiftExplicitDependencyGeneratePcm arm64 /Users/admin/builder/spi-builder-workspace/.derivedData/ModuleCache.noindex/AudioToolbox-B61RJZII9GRKYXR5TD3HMEAVF.pcm
SwiftExplicitDependencyGeneratePcm arm64 /Users/admin/builder/spi-builder-workspace/.derivedData/ModuleCache.noindex/CoreVideo-9G1565B5LD9DS3QB3XNDMHFJT.pcm
SwiftExplicitDependencyGeneratePcm arm64 /Users/admin/builder/spi-builder-workspace/.derivedData/ModuleCache.noindex/CoreImage-CSABTQLT2HKPGF13DK4Z5M49Q.pcm
SwiftExplicitDependencyGeneratePcm arm64 /Users/admin/builder/spi-builder-workspace/.derivedData/ModuleCache.noindex/QuartzCore-NKXZ2NN6LKVA6EUF9NIBXW1Z.pcm
SwiftExplicitDependencyGeneratePcm arm64 /Users/admin/builder/spi-builder-workspace/.derivedData/ModuleCache.noindex/CoreMedia-50UORVKSW3D74HHID5QWB286V.pcm
SwiftExplicitDependencyGeneratePcm arm64 /Users/admin/builder/spi-builder-workspace/.derivedData/ModuleCache.noindex/SwiftUICore-3KRBH15R9QKJP4U5Y4Y6N5F1M.pcm
SwiftExplicitDependencyGeneratePcm arm64 /Users/admin/builder/spi-builder-workspace/.derivedData/ModuleCache.noindex/AVFAudio-3ZSYY9OITEKUFUTFA37LKGPUZ.pcm
SwiftExplicitDependencyGeneratePcm arm64 /Users/admin/builder/spi-builder-workspace/.derivedData/ModuleCache.noindex/MediaToolbox-E1OY3O3WMNCG9ZDJI0XL9ZAF4.pcm
SwiftExplicitDependencyGeneratePcm arm64 /Users/admin/builder/spi-builder-workspace/.derivedData/ModuleCache.noindex/UIKit-ET9C5ACS4WRRL4DPYKKPE0CGG.pcm
SwiftExplicitDependencyGeneratePcm arm64 /Users/admin/builder/spi-builder-workspace/.derivedData/ModuleCache.noindex/AVFoundation-8TFQAWZUU9SK1QWSZCA3AZ10L.pcm
SwiftExplicitDependencyGeneratePcm arm64 /Users/admin/builder/spi-builder-workspace/.derivedData/ModuleCache.noindex/AVKit-DXFO8R0766HLR5ZMUGF8O9CXV.pcm
SwiftExplicitDependencyGeneratePcm arm64 /Users/admin/builder/spi-builder-workspace/.derivedData/ModuleCache.noindex/SwiftUI-BU8UBGMSWM95CGG8Z7EH9J5XY.pcm
SwiftExplicitDependencyGeneratePcm arm64 /Users/admin/builder/spi-builder-workspace/.derivedData/ModuleCache.noindex/MapKit-E1FQVOXRUMXQQ0ZDFR2AH19GK.pcm
SwiftEmitModule normal arm64 Emitting\ module\ for\ W3WSwiftCore (in target 'W3WSwiftCore' from project 'w3w-swift-core')
EmitSwiftModule normal arm64 (in target 'W3WSwiftCore' from project 'w3w-swift-core')
    cd /Users/admin/builder/spi-builder-workspace/.swiftpm/xcode

/Users/admin/builder/spi-builder-workspace/Sources/W3WSwiftCore/Network/W3WRequest.swift:149:171: error: concurrency is only available in tvOS 13.0.0 or newer
  public func call<T: Codable>(path: String, params: [String:String]? = nil, json: [String:Any]? = nil, postVars: [String:String] = [:], method: W3WRequestMethod = .get) async throws -> T {
                                                                                                                                                                          ^
/Users/admin/builder/spi-builder-workspace/Sources/W3WSwiftCore/Network/W3WRequest.swift:149:15: note: add '@available' attribute to enclosing instance method
  public func call<T: Codable>(path: String, params: [String:String]? = nil, json: [String:Any]? = nil, postVars: [String:String] = [:], method: W3WRequestMethod = .get) async throws -> T {
              ^
/Users/admin/builder/spi-builder-workspace/Sources/W3WSwiftCore/Network/W3WRequest.swift:33:12: note: add '@available' attribute to enclosing class
open class W3WRequest {
           ^
/Users/admin/builder/spi-builder-workspace/Sources/W3WSwiftCore/Network/W3WRequest.swift:200:159: error: concurrency is only available in tvOS 13.0.0 or newer
  public func call(path: String, params: [String:String]? = nil, json: [String:Any]? = nil, postVars: [String:String] = [:], method: W3WRequestMethod = .get) async throws {
                                                                                                                                                              ^
/Users/admin/builder/spi-builder-workspace/Sources/W3WSwiftCore/Network/W3WRequest.swift:200:15: note: add '@available' attribute to enclosing instance method
  public func call(path: String, params: [String:String]? = nil, json: [String:Any]? = nil, postVars: [String:String] = [:], method: W3WRequestMethod = .get) async throws {
              ^
/Users/admin/builder/spi-builder-workspace/Sources/W3WSwiftCore/Network/W3WRequest.swift:33:12: note: add '@available' attribute to enclosing class
open class W3WRequest {
           ^
/Users/admin/builder/spi-builder-workspace/Sources/W3WSwiftCore/Network/W3WRequest.swift:207:54: error: concurrency is only available in tvOS 13.0.0 or newer
  private func dataFallback(for request: URLRequest) async throws -> (Data, URLResponse) {
                                                     ^
/Users/admin/builder/spi-builder-workspace/Sources/W3WSwiftCore/Network/W3WRequest.swift:207:16: note: add '@available' attribute to enclosing instance method
  private func dataFallback(for request: URLRequest) async throws -> (Data, URLResponse) {
               ^
/Users/admin/builder/spi-builder-workspace/Sources/W3WSwiftCore/Network/W3WRequest.swift:33:12: note: add '@available' attribute to enclosing class
open class W3WRequest {
           ^
/Users/admin/builder/spi-builder-workspace/Sources/W3WSwiftCore/RfcLanguage/W3WRfcLanguage+W3WLanguage.swift:24:34: error: 'some' return types are only available in tvOS 13.0.0 or newer
  public func toRfcLanguage() -> some W3WRfcLanguageProtocol {
                                 ^
/Users/admin/builder/spi-builder-workspace/Sources/W3WSwiftCore/RfcLanguage/W3WRfcLanguage+W3WLanguage.swift:24:15: note: add '@available' attribute to enclosing instance method
  public func toRfcLanguage() -> some W3WRfcLanguageProtocol {
              ^
/Users/admin/builder/spi-builder-workspace/Sources/W3WSwiftCore/RfcLanguage/W3WRfcLanguage+W3WLanguage.swift:22:1: note: add '@available' attribute to enclosing extension
extension W3WBaseLanguage: W3WRfcLanguageConvertable {
^
/Users/admin/builder/spi-builder-workspace/Sources/W3WSwiftCore/RfcLanguage/W3WRfcLanguage.swift:66:37: error: 'Language' is only available in tvOS 16 or newer
  public init(from language: Locale.Language) {
                                    ^
/Users/admin/builder/spi-builder-workspace/Sources/W3WSwiftCore/RfcLanguage/W3WRfcLanguage.swift:66:10: note: add '@available' attribute to enclosing initializer
  public init(from language: Locale.Language) {
         ^
/Users/admin/builder/spi-builder-workspace/Sources/W3WSwiftCore/RfcLanguage/W3WRfcLanguage.swift:16:15: note: add '@available' attribute to enclosing struct
public struct W3WRfcLanguage: W3WRfcLanguageProtocol {
              ^
/Users/admin/builder/spi-builder-workspace/Sources/W3WSwiftCore/RfcLanguage/W3WRfcLanguage.swift:130:18: error: 'Language' is only available in tvOS 16 or newer
extension Locale.Language : W3WRfcLanguageProtocol {
                 ^
/Users/admin/builder/spi-builder-workspace/Sources/W3WSwiftCore/RfcLanguage/W3WRfcLanguage.swift:130:1: note: add '@available' attribute to enclosing extension
extension Locale.Language : W3WRfcLanguageProtocol {
^
Failed frontend command:
/Applications/Xcode-26.5.0.app/Contents/Developer/Toolchains/XcodeDefault.xctoolchain/usr/bin/swift-frontend -frontend -emit-module -experimental-skip-non-inlinable-function-bodies-without-types /Users/admin/builder/spi-builder-workspace/Sources/W3WSwiftCore/Accounts/W3WUser.swift /Users/admin/builder/spi-builder-workspace/Sources/W3WSwiftCore/Audio/W3WAudioRecorder.swift /Users/admin/builder/spi-builder-workspace/Sources/W3WSwiftCore/Audio/W3WAudioRecording.swift /Users/admin/builder/spi-builder-workspace/Sources/W3WSwiftCore/Audio/W3WAudioStream.swift /Users/admin/builder/spi-builder-workspace/Sources/W3WSwiftCore/Audio/W3WEncoding.swift /Users/admin/builder/spi-builder-workspace/Sources/W3WSwiftCore/Audio/W3WMicrophone.swift /Users/admin/builder/spi-builder-workspace/Sources/W3WSwiftCore/Bridges/ApiExtension.swift /Users/admin/builder/spi-builder-workspace/Sources/W3WSwiftCore/Bridges/SdkExtension.swift /Users/admin/builder/spi-builder-workspace/Sources/W3WSwiftCore/Bridges/SdkTypes.swift /Users/admin/builder/spi-builder-workspace/Sources/W3WSwiftCore/Gps/W3WGpsReading.swift /Users/admin/builder/spi-builder-workspace/Sources/W3WSwiftCore/Gps/W3WGpsState.swift /Users/admin/builder/spi-builder-workspace/Sources/W3WSwiftCore/Gps/W3WGpsStatus.swift /Users/admin/builder/spi-builder-workspace/Sources/W3WSwiftCore/Interfaces/W3WProtocolV3.swift /Users/admin/builder/spi-builder-workspace/Sources/W3WSwiftCore/Interfaces/W3WProtocolV4.swift /Users/admin/builder/spi-builder-workspace/Sources/W3WSwiftCore/Localization/W3WMockTranslation.swift /Users/admin/builder/spi-builder-workspace/Sources/W3WSwiftCore/Localization/W3WTranslate.swift /Users/admin/builder/spi-builder-workspace/Sources/W3WSwiftCore/Localization/W3WTranslationsProtocol.swift /Users/admin/builder/spi-builder-workspace/Sources/W3WSwiftCore/Network/NetworkConnection.swift /Users/admin/builder/spi-builder-workspace/Sources/W3WSwiftCore/Network/W3WAPI/W3WApi+Future.swift /Users/admin/builder/spi-builder-workspace/Sources/W3WSwiftCore/Network/W3WAPI/W3WApi.swift /Users/admin/builder/spi-builder-workspace/Sources/W3WSwiftCore/Network/W3WAPI/W3WApiEncoding.swift /Users/admin/builder/spi-builder-workspace/Sources/W3WSwiftCore/Network/W3WAPI/W3WURLError.swift /Users/admin/builder/spi-builder-workspace/Sources/W3WSwiftCore/Network/W3WJson.swift /Users/admin/builder/spi-builder-workspace/Sources/W3WSwiftCore/Network/W3WRequest.swift /Users/admin/builder/spi-builder-workspace/Sources/W3WSwiftCore/Reactive/Combine+Extensions.swift /Users/admin/builder/spi-builder-workspace/Sources/W3WSwiftCore/Reactive/W3WEvent.swift /Users/admin/builder/spi-builder-workspace/Sources/W3WSwiftCore/Reactive/W3WEventSubscriberProtocol.swift /Users/admin/builder/spi-builder-workspace/Sources/W3WSwiftCore/Reactive/W3WEventsSubscriptions.swift /Users/admin/builder/spi-builder-workspace/Sources/W3WSwiftCore/Reactive/W3WLive.swift /Users/admin/builder/spi-builder-workspace/Sources/W3WSwiftCore/Regex/W3WRegex.swift /Users/admin/builder/spi-builder-workspace/Sources/W3WSwiftCore/RfcLanguage/W3WRfcLanguage+W3WLanguage.swift /Users/admin/builder/spi-builder-workspace/Sources/W3WSwiftCore/RfcLanguage/W3WRfcLanguage+W3WSdkLanguage.swift /Users/admin/builder/spi-builder-workspace/Sources/W3WSwiftCore/RfcLanguage/W3WRfcLanguage.swift /Users/admin/builder/spi-builder-workspace/Sources/W3WSwiftCore/RfcLanguage/W3WRfcLanguageProtocol.swift /Users/admin/builder/spi-builder-workspace/Sources/W3WSwiftCore/RfcLanguage/W3WRfcLanguageProtocols.swift /Users/admin/builder/spi-builder-workspace/Sources/W3WSwiftCore/Threading/W3WDebouncer.swift /Users/admin/builder/spi-builder-workspace/Sources/W3WSwiftCore/Threading/W3WThread.swift /Users/admin/builder/spi-builder-workspace/Sources/W3WSwiftCore/Types/Geometry/W3WBox.swift /Users/admin/builder/spi-builder-workspace/Sources/W3WSwiftCore/Types/Geometry/W3WCircle.swift /Users/admin/builder/spi-builder-workspace/Sources/W3WSwiftCore/Types/Geometry/W3WDistance.swift /Users/admin/builder/spi-builder-workspace/Sources/W3WSwiftCore/Types/Geometry/W3WLine.swift /Users/admin/builder/spi-builder-workspace/Sources/W3WSwiftCore/Types/Geometry/W3WPolygon.swift /Users/admin/builder/spi-builder-workspace/Sources/W3WSwiftCore/Types/Options/W3WInputType.swift /Users/admin/builder/spi-builder-workspace/Sources/W3WSwiftCore/Types/Options/W3WOption.swift /Users/admin/builder/spi-builder-workspace/Sources/W3WSwiftCore/Types/Options/W3WOptionAcceptorProtocol.swift /Users/admin/builder/spi-builder-workspace/Sources/W3WSwiftCore/Types/Options/W3WOptionProtocol.swift /Users/admin/builder/spi-builder-workspace/Sources/W3WSwiftCore/Types/Options/W3WOptions.swift /Users/admin/builder/spi-builder-workspace/Sources/W3WSwiftCore/Types/Street/W3WStreetAddress.swift /Users/admin/builder/spi-builder-workspace/Sources/W3WSwiftCore/Types/Street/W3WStreetAddressKey.swift /Users/admin/builder/spi-builder-workspace/Sources/W3WSwiftCore/Types/Time/W3WDuration.swift /Users/admin/builder/spi-builder-workspace/Sources/W3WSwiftCore/Types/Util/ClosureDefinitions.swift /Users/admin/builder/spi-builder-workspace/Sources/W3WSwiftCore/Types/Util/LanguageUtils.swift /Users/admin/builder/spi-builder-workspace/Sources/W3WSwiftCore/Types/Util/W3WError+W3WSwiftCore.swift /Users/admin/builder/spi-builder-workspace/Sources/W3WSwiftCore/Types/Util/W3WMeasurementSystem.swift /Users/admin/builder/spi-builder-workspace/Sources/W3WSwiftCore/Types/Util/W3WUtilitiesProtocol.swift /Users/admin/builder/spi-builder-workspace/Sources/W3WSwiftCore/Types/Util/W3WWritingDirection.swift /Users/admin/builder/spi-builder-workspace/Sources/W3WSwiftCore/Types/Values/W3WCountry.swift /Users/admin/builder/spi-builder-workspace/Sources/W3WSwiftCore/Types/Values/W3WLanguage.swift /Users/admin/builder/spi-builder-workspace/Sources/W3WSwiftCore/Types/Values/W3WRanked.swift /Users/admin/builder/spi-builder-workspace/Sources/W3WSwiftCore/Types/Values/W3WSquare.swift /Users/admin/builder/spi-builder-workspace/Sources/W3WSwiftCore/Types/Values/W3WSuggestion.swift /Users/admin/builder/spi-builder-workspace/Sources/W3WSwiftCore/Voice/W3WAudioStreamProtocol.swift /Users/admin/builder/spi-builder-workspace/Sources/W3WSwiftCore/Voice/W3WVoiceListeningState.swift /Users/admin/builder/spi-builder-workspace/Sources/W3WSwiftCore/Voice/W3WVoiceProtocol.swift /Users/admin/builder/spi-builder-workspace/Sources/W3WSwiftCore/Voice/W3WVoiceSuggestion+W3WSwiftCore.swift /Users/admin/builder/spi-builder-workspace/Sources/W3WSwiftCore/W3WSettings+W3WSwiftCore.swift -target arm64-apple-tvos12.0 -module-can-import-version Combine 3023 0 -module-can-import-version UIKit 9126.5.5 9126.5.5 -load-resolved-plugin /Applications/Xcode-26.5.0.app/Contents/Developer/Platforms/AppleTVOS.platform/Developer/usr/lib/swift/host/plugins/libFoundationMacros.dylib\#/Applications/Xcode-26.5.0.app/Contents/Developer/Platforms/AppleTVOS.platform/Developer/usr/bin/swift-plugin-server\#FoundationMacros -load-resolved-plugin /Applications/Xcode-26.5.0.app/Contents/Developer/Platforms/AppleTVOS.platform/Developer/usr/lib/swift/host/plugins/libObservationMacros.dylib\#/Applications/Xcode-26.5.0.app/Contents/Developer/Platforms/AppleTVOS.platform/Developer/usr/bin/swift-plugin-server\#ObservationMacros -load-resolved-plugin /Applications/Xcode-26.5.0.app/Contents/Developer/Platforms/AppleTVOS.platform/Developer/usr/lib/swift/host/plugins/libPreviewsMacros.dylib\#/Applications/Xcode-26.5.0.app/Contents/Developer/Platforms/AppleTVOS.platform/Developer/usr/bin/swift-plugin-server\#PreviewsMacros -load-resolved-plugin /Applications/Xcode-26.5.0.app/Contents/Developer/Platforms/AppleTVOS.platform/Developer/usr/lib/swift/host/plugins/libSwiftMacros.dylib\#/Applications/Xcode-26.5.0.app/Contents/Developer/Platforms/AppleTVOS.platform/Developer/usr/bin/swift-plugin-server\#SwiftMacros -load-resolved-plugin /Applications/Xcode-26.5.0.app/Contents/Developer/Platforms/AppleTVOS.platform/Developer/usr/lib/swift/host/plugins/libSwiftUIMacros.dylib\#/Applications/Xcode-26.5.0.app/Contents/Developer/Platforms/AppleTVOS.platform/Developer/usr/bin/swift-plugin-server\#SwiftUIMacros -load-resolved-plugin /Applications/Xcode-26.5.0.app/Contents/Developer/Platforms/AppleTVOS.platform/Developer/usr/lib/swift/host/plugins/libTipKitMacros.dylib\#/Applications/Xcode-26.5.0.app/Contents/Developer/Platforms/AppleTVOS.platform/Developer/usr/bin/swift-plugin-server\#TipKitMacros -disable-implicit-swift-modules -Xcc -fno-implicit-modules -Xcc -fno-implicit-module-maps -explicit-swift-module-map-file /Users/admin/builder/spi-builder-workspace/.derivedData/Build/Intermediates.noindex/w3w-swift-core.build/Debug-appletvos/W3WSwiftCore.build/Objects-normal/arm64/W3WSwiftCore-dependencies-1.json -Xllvm -aarch64-use-tbi -enable-objc-interop -sdk /Applications/Xcode-26.5.0.app/Contents/Developer/Platforms/AppleTVOS.platform/Developer/SDKs/AppleTVOS26.5.sdk -I /Users/admin/builder/spi-builder-workspace/.derivedData/Build/Products/Debug-appletvos -Isystem /Applications/Xcode-26.5.0.app/Contents/Developer/Platforms/AppleTVOS.platform/Developer/usr/lib -F /Users/admin/builder/spi-builder-workspace/.derivedData/Build/Products/Debug-appletvos -F /Applications/Xcode-26.5.0.app/Contents/Developer/Platforms/AppleTVOS.platform/Developer/Library/Frameworks -F /Applications/Xcode-26.5.0.app/Contents/Developer/Platforms/AppleTVOS.platform/Developer/SDKs/AppleTVOS26.5.sdk/Developer/Library/Frameworks -no-color-diagnostics -Xcc -fno-color-diagnostics -enable-testing -g -debug-info-format\=dwarf -dwarf-version\=4 -module-cache-path /Users/admin/builder/spi-builder-workspace/.derivedData/Build/Intermediates.noindex/SwiftExplicitPrecompiledModules -profile-generate -profile-coverage-mapping -swift-version 5 -Onone -D SWIFT_PACKAGE -D DEBUG -D SWIFT_MODULE_RESOURCE_BUNDLE_UNAVAILABLE -D Xcode -serialize-debugging-options -const-gather-protocols-file /Users/admin/builder/spi-builder-workspace/.derivedData/Build/Intermediates.noindex/w3w-swift-core.build/Debug-appletvos/W3WSwiftCore.build/Objects-normal/arm64/W3WSwiftCore_const_extract_protocols.json -enable-experimental-feature DebugDescriptionMacro -empty-abi-descriptor -validate-clang-modules-once -clang-build-session-file /Users/admin/builder/spi-builder-workspace/.derivedData/ModuleCache.noindex/Session.modulevalidation -Xcc -working-directory -Xcc /Users/admin/builder/spi-builder-workspace/.swiftpm/xcode -enable-anonymous-context-mangled-names -file-compilation-dir /Users/admin/builder/spi-builder-workspace/.swiftpm/xcode -Xcc -D_LIBCPP_HARDENING_MODE\=_LIBCPP_HARDENING_MODE_DEBUG -Xcc -ivfsstatcache -Xcc /Users/admin/builder/spi-builder-workspace/.derivedData/SDKStatCaches.noindex/appletvos26.5-23L470-688ef53f1462e2c8f657fdc38a81448fa2efe9286588b677106490127979b81c.sdkstatcache -Xcc -I/Users/admin/builder/spi-builder-workspace/.derivedData/Build/Intermediates.noindex/w3w-swift-core.build/Debug-appletvos/W3WSwiftCore.build/swift-overrides.hmap -Xcc -I/Users/admin/builder/spi-builder-workspace/.derivedData/Build/Products/Debug-appletvos/include -Xcc -I/Users/admin/builder/spi-builder-workspace/.derivedData/Build/Intermediates.noindex/w3w-swift-core.build/Debug-appletvos/W3WSwiftCore.build/DerivedSources-normal/arm64 -Xcc -I/Users/admin/builder/spi-builder-workspace/.derivedData/Build/Intermediates.noindex/w3w-swift-core.build/Debug-appletvos/W3WSwiftCore.build/DerivedSources/arm64 -Xcc -I/Users/admin/builder/spi-builder-workspace/.derivedData/Build/Intermediates.noindex/w3w-swift-core.build/Debug-appletvos/W3WSwiftCore.build/DerivedSources -Xcc -DSWIFT_PACKAGE -Xcc -DDEBUG\=1 -no-auto-bridging-header-chaining -module-name W3WSwiftCore -package-name spi_builder_workspace -frontend-parseable-output -disable-clang-spi -clang-target arm64-apple-tvos26.5 -target-sdk-version 26.5 -target-sdk-name appletvos26.5 -in-process-plugin-server-path /Applications/Xcode-26.5.0.app/Contents/Developer/Toolchains/XcodeDefault.xctoolchain/usr/lib/swift/host/libSwiftInProcPluginServer.dylib -emit-module-doc-path /Users/admin/builder/spi-builder-workspace/.derivedData/Build/Intermediates.noindex/w3w-swift-core.build/Debug-appletvos/W3WSwiftCore.build/Objects-normal/arm64/W3WSwiftCore.swiftdoc -emit-module-source-info-path /Users/admin/builder/spi-builder-workspace/.derivedData/Build/Intermediates.noindex/w3w-swift-core.build/Debug-appletvos/W3WSwiftCore.build/Objects-normal/arm64/W3WSwiftCore.swiftsourceinfo -emit-objc-header-path /Users/admin/builder/spi-builder-workspace/.derivedData/Build/Intermediates.noindex/w3w-swift-core.build/Debug-appletvos/W3WSwiftCore.build/Objects-normal/arm64/W3WSwiftCore-Swift.h -serialize-diagnostics-path /Users/admin/builder/spi-builder-workspace/.derivedData/Build/Intermediates.noindex/w3w-swift-core.build/Debug-appletvos/W3WSwiftCore.build/Objects-normal/arm64/W3WSwiftCore-primary-emit-module.dia -emit-dependencies-path /Users/admin/builder/spi-builder-workspace/.derivedData/Build/Intermediates.noindex/w3w-swift-core.build/Debug-appletvos/W3WSwiftCore.build/Objects-normal/arm64/W3WSwiftCore-primary-emit-module.d -o /Users/admin/builder/spi-builder-workspace/.derivedData/Build/Intermediates.noindex/w3w-swift-core.build/Debug-appletvos/W3WSwiftCore.build/Objects-normal/arm64/W3WSwiftCore.swiftmodule -emit-abi-descriptor-path /Users/admin/builder/spi-builder-workspace/.derivedData/Build/Intermediates.noindex/w3w-swift-core.build/Debug-appletvos/W3WSwiftCore.build/Objects-normal/arm64/W3WSwiftCore.abi.json
SwiftCompile normal arm64 Compiling\ W3WDebouncer.swift,\ W3WThread.swift,\ W3WBox.swift,\ W3WCircle.swift,\ W3WDistance.swift,\ W3WLine.swift,\ W3WPolygon.swift /Users/admin/builder/spi-builder-workspace/Sources/W3WSwiftCore/Threading/W3WDebouncer.swift /Users/admin/builder/spi-builder-workspace/Sources/W3WSwiftCore/Threading/W3WThread.swift /Users/admin/builder/spi-builder-workspace/Sources/W3WSwiftCore/Types/Geometry/W3WBox.swift /Users/admin/builder/spi-builder-workspace/Sources/W3WSwiftCore/Types/Geometry/W3WCircle.swift /Users/admin/builder/spi-builder-workspace/Sources/W3WSwiftCore/Types/Geometry/W3WDistance.swift /Users/admin/builder/spi-builder-workspace/Sources/W3WSwiftCore/Types/Geometry/W3WLine.swift /Users/admin/builder/spi-builder-workspace/Sources/W3WSwiftCore/Types/Geometry/W3WPolygon.swift (in target 'W3WSwiftCore' from project 'w3w-swift-core')
SwiftCompile normal arm64 /Users/admin/builder/spi-builder-workspace/Sources/W3WSwiftCore/Threading/W3WDebouncer.swift (in target 'W3WSwiftCore' from project 'w3w-swift-core')
    cd /Users/admin/builder/spi-builder-workspace/.swiftpm/xcode

SwiftCompile normal arm64 /Users/admin/builder/spi-builder-workspace/Sources/W3WSwiftCore/Threading/W3WThread.swift (in target 'W3WSwiftCore' from project 'w3w-swift-core')
    cd /Users/admin/builder/spi-builder-workspace/.swiftpm/xcode

SwiftCompile normal arm64 /Users/admin/builder/spi-builder-workspace/Sources/W3WSwiftCore/Types/Geometry/W3WBox.swift (in target 'W3WSwiftCore' from project 'w3w-swift-core')
    cd /Users/admin/builder/spi-builder-workspace/.swiftpm/xcode

SwiftCompile normal arm64 /Users/admin/builder/spi-builder-workspace/Sources/W3WSwiftCore/Types/Geometry/W3WCircle.swift (in target 'W3WSwiftCore' from project 'w3w-swift-core')
    cd /Users/admin/builder/spi-builder-workspace/.swiftpm/xcode

SwiftCompile normal arm64 /Users/admin/builder/spi-builder-workspace/Sources/W3WSwiftCore/Types/Geometry/W3WDistance.swift (in target 'W3WSwiftCore' from project 'w3w-swift-core')
    cd /Users/admin/builder/spi-builder-workspace/.swiftpm/xcode

SwiftCompile normal arm64 /Users/admin/builder/spi-builder-workspace/Sources/W3WSwiftCore/Types/Geometry/W3WLine.swift (in target 'W3WSwiftCore' from project 'w3w-swift-core')
    cd /Users/admin/builder/spi-builder-workspace/.swiftpm/xcode

SwiftCompile normal arm64 /Users/admin/builder/spi-builder-workspace/Sources/W3WSwiftCore/Types/Geometry/W3WPolygon.swift (in target 'W3WSwiftCore' from project 'w3w-swift-core')
    cd /Users/admin/builder/spi-builder-workspace/.swiftpm/xcode

SwiftCompile normal arm64 Compiling\ W3WStreetAddressKey.swift,\ W3WDuration.swift,\ ClosureDefinitions.swift,\ LanguageUtils.swift,\ W3WError+W3WSwiftCore.swift,\ W3WMeasurementSystem.swift /Users/admin/builder/spi-builder-workspace/Sources/W3WSwiftCore/Types/Street/W3WStreetAddressKey.swift /Users/admin/builder/spi-builder-workspace/Sources/W3WSwiftCore/Types/Time/W3WDuration.swift /Users/admin/builder/spi-builder-workspace/Sources/W3WSwiftCore/Types/Util/ClosureDefinitions.swift /Users/admin/builder/spi-builder-workspace/Sources/W3WSwiftCore/Types/Util/LanguageUtils.swift /Users/admin/builder/spi-builder-workspace/Sources/W3WSwiftCore/Types/Util/W3WError+W3WSwiftCore.swift /Users/admin/builder/spi-builder-workspace/Sources/W3WSwiftCore/Types/Util/W3WMeasurementSystem.swift (in target 'W3WSwiftCore' from project 'w3w-swift-core')
SwiftCompile normal arm64 /Users/admin/builder/spi-builder-workspace/Sources/W3WSwiftCore/Types/Street/W3WStreetAddressKey.swift (in target 'W3WSwiftCore' from project 'w3w-swift-core')
    cd /Users/admin/builder/spi-builder-workspace/.swiftpm/xcode

SwiftCompile normal arm64 /Users/admin/builder/spi-builder-workspace/Sources/W3WSwiftCore/Types/Time/W3WDuration.swift (in target 'W3WSwiftCore' from project 'w3w-swift-core')
    cd /Users/admin/builder/spi-builder-workspace/.swiftpm/xcode

SwiftCompile normal arm64 /Users/admin/builder/spi-builder-workspace/Sources/W3WSwiftCore/Types/Util/ClosureDefinitions.swift (in target 'W3WSwiftCore' from project 'w3w-swift-core')
    cd /Users/admin/builder/spi-builder-workspace/.swiftpm/xcode

SwiftCompile normal arm64 /Users/admin/builder/spi-builder-workspace/Sources/W3WSwiftCore/Types/Util/LanguageUtils.swift (in target 'W3WSwiftCore' from project 'w3w-swift-core')
    cd /Users/admin/builder/spi-builder-workspace/.swiftpm/xcode

SwiftCompile normal arm64 /Users/admin/builder/spi-builder-workspace/Sources/W3WSwiftCore/Types/Util/W3WError+W3WSwiftCore.swift (in target 'W3WSwiftCore' from project 'w3w-swift-core')
    cd /Users/admin/builder/spi-builder-workspace/.swiftpm/xcode

SwiftCompile normal arm64 /Users/admin/builder/spi-builder-workspace/Sources/W3WSwiftCore/Types/Util/W3WMeasurementSystem.swift (in target 'W3WSwiftCore' from project 'w3w-swift-core')
    cd /Users/admin/builder/spi-builder-workspace/.swiftpm/xcode

SwiftCompile normal arm64 Compiling\ W3WInputType.swift,\ W3WOption.swift,\ W3WOptionAcceptorProtocol.swift,\ W3WOptionProtocol.swift,\ W3WOptions.swift,\ W3WStreetAddress.swift /Users/admin/builder/spi-builder-workspace/Sources/W3WSwiftCore/Types/Options/W3WInputType.swift /Users/admin/builder/spi-builder-workspace/Sources/W3WSwiftCore/Types/Options/W3WOption.swift /Users/admin/builder/spi-builder-workspace/Sources/W3WSwiftCore/Types/Options/W3WOptionAcceptorProtocol.swift /Users/admin/builder/spi-builder-workspace/Sources/W3WSwiftCore/Types/Options/W3WOptionProtocol.swift /Users/admin/builder/spi-builder-workspace/Sources/W3WSwiftCore/Types/Options/W3WOptions.swift /Users/admin/builder/spi-builder-workspace/Sources/W3WSwiftCore/Types/Street/W3WStreetAddress.swift (in target 'W3WSwiftCore' from project 'w3w-swift-core')
SwiftCompile normal arm64 /Users/admin/builder/spi-builder-workspace/Sources/W3WSwiftCore/Types/Options/W3WInputType.swift (in target 'W3WSwiftCore' from project 'w3w-swift-core')
    cd /Users/admin/builder/spi-builder-workspace/.swiftpm/xcode

SwiftCompile normal arm64 /Users/admin/builder/spi-builder-workspace/Sources/W3WSwiftCore/Types/Options/W3WOption.swift (in target 'W3WSwiftCore' from project 'w3w-swift-core')
    cd /Users/admin/builder/spi-builder-workspace/.swiftpm/xcode

SwiftCompile normal arm64 /Users/admin/builder/spi-builder-workspace/Sources/W3WSwiftCore/Types/Options/W3WOptionAcceptorProtocol.swift (in target 'W3WSwiftCore' from project 'w3w-swift-core')
    cd /Users/admin/builder/spi-builder-workspace/.swiftpm/xcode

SwiftCompile normal arm64 /Users/admin/builder/spi-builder-workspace/Sources/W3WSwiftCore/Types/Options/W3WOptionProtocol.swift (in target 'W3WSwiftCore' from project 'w3w-swift-core')
    cd /Users/admin/builder/spi-builder-workspace/.swiftpm/xcode

SwiftCompile normal arm64 /Users/admin/builder/spi-builder-workspace/Sources/W3WSwiftCore/Types/Options/W3WOptions.swift (in target 'W3WSwiftCore' from project 'w3w-swift-core')
    cd /Users/admin/builder/spi-builder-workspace/.swiftpm/xcode

SwiftCompile normal arm64 /Users/admin/builder/spi-builder-workspace/Sources/W3WSwiftCore/Types/Street/W3WStreetAddress.swift (in target 'W3WSwiftCore' from project 'w3w-swift-core')
    cd /Users/admin/builder/spi-builder-workspace/.swiftpm/xcode

SwiftCompile normal arm64 Compiling\ W3WUtilitiesProtocol.swift,\ W3WWritingDirection.swift,\ W3WCountry.swift,\ W3WLanguage.swift,\ W3WRanked.swift,\ W3WSquare.swift /Users/admin/builder/spi-builder-workspace/Sources/W3WSwiftCore/Types/Util/W3WUtilitiesProtocol.swift /Users/admin/builder/spi-builder-workspace/Sources/W3WSwiftCore/Types/Util/W3WWritingDirection.swift /Users/admin/builder/spi-builder-workspace/Sources/W3WSwiftCore/Types/Values/W3WCountry.swift /Users/admin/builder/spi-builder-workspace/Sources/W3WSwiftCore/Types/Values/W3WLanguage.swift /Users/admin/builder/spi-builder-workspace/Sources/W3WSwiftCore/Types/Values/W3WRanked.swift /Users/admin/builder/spi-builder-workspace/Sources/W3WSwiftCore/Types/Values/W3WSquare.swift (in target 'W3WSwiftCore' from project 'w3w-swift-core')
SwiftCompile normal arm64 /Users/admin/builder/spi-builder-workspace/Sources/W3WSwiftCore/Types/Util/W3WUtilitiesProtocol.swift (in target 'W3WSwiftCore' from project 'w3w-swift-core')
    cd /Users/admin/builder/spi-builder-workspace/.swiftpm/xcode

SwiftCompile normal arm64 /Users/admin/builder/spi-builder-workspace/Sources/W3WSwiftCore/Types/Util/W3WWritingDirection.swift (in target 'W3WSwiftCore' from project 'w3w-swift-core')
    cd /Users/admin/builder/spi-builder-workspace/.swiftpm/xcode

SwiftCompile normal arm64 /Users/admin/builder/spi-builder-workspace/Sources/W3WSwiftCore/Types/Values/W3WCountry.swift (in target 'W3WSwiftCore' from project 'w3w-swift-core')
    cd /Users/admin/builder/spi-builder-workspace/.swiftpm/xcode

SwiftCompile normal arm64 /Users/admin/builder/spi-builder-workspace/Sources/W3WSwiftCore/Types/Values/W3WLanguage.swift (in target 'W3WSwiftCore' from project 'w3w-swift-core')
    cd /Users/admin/builder/spi-builder-workspace/.swiftpm/xcode

SwiftCompile normal arm64 /Users/admin/builder/spi-builder-workspace/Sources/W3WSwiftCore/Types/Values/W3WRanked.swift (in target 'W3WSwiftCore' from project 'w3w-swift-core')
    cd /Users/admin/builder/spi-builder-workspace/.swiftpm/xcode

SwiftCompile normal arm64 /Users/admin/builder/spi-builder-workspace/Sources/W3WSwiftCore/Types/Values/W3WSquare.swift (in target 'W3WSwiftCore' from project 'w3w-swift-core')
    cd /Users/admin/builder/spi-builder-workspace/.swiftpm/xcode

SwiftCompile normal arm64 Compiling\ W3WSuggestion.swift,\ W3WAudioStreamProtocol.swift,\ W3WVoiceListeningState.swift,\ W3WVoiceProtocol.swift,\ W3WVoiceSuggestion+W3WSwiftCore.swift,\ W3WSettings+W3WSwiftCore.swift /Users/admin/builder/spi-builder-workspace/Sources/W3WSwiftCore/Types/Values/W3WSuggestion.swift /Users/admin/builder/spi-builder-workspace/Sources/W3WSwiftCore/Voice/W3WAudioStreamProtocol.swift /Users/admin/builder/spi-builder-workspace/Sources/W3WSwiftCore/Voice/W3WVoiceListeningState.swift /Users/admin/builder/spi-builder-workspace/Sources/W3WSwiftCore/Voice/W3WVoiceProtocol.swift /Users/admin/builder/spi-builder-workspace/Sources/W3WSwiftCore/Voice/W3WVoiceSuggestion+W3WSwiftCore.swift /Users/admin/builder/spi-builder-workspace/Sources/W3WSwiftCore/W3WSettings+W3WSwiftCore.swift (in target 'W3WSwiftCore' from project 'w3w-swift-core')
SwiftCompile normal arm64 /Users/admin/builder/spi-builder-workspace/Sources/W3WSwiftCore/Types/Values/W3WSuggestion.swift (in target 'W3WSwiftCore' from project 'w3w-swift-core')
    cd /Users/admin/builder/spi-builder-workspace/.swiftpm/xcode

SwiftCompile normal arm64 /Users/admin/builder/spi-builder-workspace/Sources/W3WSwiftCore/Voice/W3WAudioStreamProtocol.swift (in target 'W3WSwiftCore' from project 'w3w-swift-core')
    cd /Users/admin/builder/spi-builder-workspace/.swiftpm/xcode

SwiftCompile normal arm64 /Users/admin/builder/spi-builder-workspace/Sources/W3WSwiftCore/Voice/W3WVoiceListeningState.swift (in target 'W3WSwiftCore' from project 'w3w-swift-core')
    cd /Users/admin/builder/spi-builder-workspace/.swiftpm/xcode

SwiftCompile normal arm64 /Users/admin/builder/spi-builder-workspace/Sources/W3WSwiftCore/Voice/W3WVoiceProtocol.swift (in target 'W3WSwiftCore' from project 'w3w-swift-core')
    cd /Users/admin/builder/spi-builder-workspace/.swiftpm/xcode

SwiftCompile normal arm64 /Users/admin/builder/spi-builder-workspace/Sources/W3WSwiftCore/Voice/W3WVoiceSuggestion+W3WSwiftCore.swift (in target 'W3WSwiftCore' from project 'w3w-swift-core')
    cd /Users/admin/builder/spi-builder-workspace/.swiftpm/xcode

SwiftCompile normal arm64 /Users/admin/builder/spi-builder-workspace/Sources/W3WSwiftCore/W3WSettings+W3WSwiftCore.swift (in target 'W3WSwiftCore' from project 'w3w-swift-core')
    cd /Users/admin/builder/spi-builder-workspace/.swiftpm/xcode

SwiftCompile normal arm64 Compiling\ W3WURLError.swift,\ W3WJson.swift,\ W3WRequest.swift,\ Combine+Extensions.swift,\ W3WEvent.swift,\ W3WEventSubscriberProtocol.swift,\ W3WEventsSubscriptions.swift /Users/admin/builder/spi-builder-workspace/Sources/W3WSwiftCore/Network/W3WAPI/W3WURLError.swift /Users/admin/builder/spi-builder-workspace/Sources/W3WSwiftCore/Network/W3WJson.swift /Users/admin/builder/spi-builder-workspace/Sources/W3WSwiftCore/Network/W3WRequest.swift /Users/admin/builder/spi-builder-workspace/Sources/W3WSwiftCore/Reactive/Combine+Extensions.swift /Users/admin/builder/spi-builder-workspace/Sources/W3WSwiftCore/Reactive/W3WEvent.swift /Users/admin/builder/spi-builder-workspace/Sources/W3WSwiftCore/Reactive/W3WEventSubscriberProtocol.swift /Users/admin/builder/spi-builder-workspace/Sources/W3WSwiftCore/Reactive/W3WEventsSubscriptions.swift (in target 'W3WSwiftCore' from project 'w3w-swift-core')
SwiftCompile normal arm64 /Users/admin/builder/spi-builder-workspace/Sources/W3WSwiftCore/Network/W3WAPI/W3WURLError.swift (in target 'W3WSwiftCore' from project 'w3w-swift-core')
    cd /Users/admin/builder/spi-builder-workspace/.swiftpm/xcode

SwiftCompile normal arm64 /Users/admin/builder/spi-builder-workspace/Sources/W3WSwiftCore/Network/W3WJson.swift (in target 'W3WSwiftCore' from project 'w3w-swift-core')
    cd /Users/admin/builder/spi-builder-workspace/.swiftpm/xcode

SwiftCompile normal arm64 /Users/admin/builder/spi-builder-workspace/Sources/W3WSwiftCore/Network/W3WRequest.swift (in target 'W3WSwiftCore' from project 'w3w-swift-core')
    cd /Users/admin/builder/spi-builder-workspace/.swiftpm/xcode

SwiftCompile normal arm64 /Users/admin/builder/spi-builder-workspace/Sources/W3WSwiftCore/Reactive/Combine+Extensions.swift (in target 'W3WSwiftCore' from project 'w3w-swift-core')
    cd /Users/admin/builder/spi-builder-workspace/.swiftpm/xcode

SwiftCompile normal arm64 /Users/admin/builder/spi-builder-workspace/Sources/W3WSwiftCore/Reactive/W3WEvent.swift (in target 'W3WSwiftCore' from project 'w3w-swift-core')
    cd /Users/admin/builder/spi-builder-workspace/.swiftpm/xcode

SwiftCompile normal arm64 /Users/admin/builder/spi-builder-workspace/Sources/W3WSwiftCore/Reactive/W3WEventSubscriberProtocol.swift (in target 'W3WSwiftCore' from project 'w3w-swift-core')
    cd /Users/admin/builder/spi-builder-workspace/.swiftpm/xcode

SwiftCompile normal arm64 /Users/admin/builder/spi-builder-workspace/Sources/W3WSwiftCore/Reactive/W3WEventsSubscriptions.swift (in target 'W3WSwiftCore' from project 'w3w-swift-core')
    cd /Users/admin/builder/spi-builder-workspace/.swiftpm/xcode

SwiftCompile normal arm64 Compiling\ W3WLive.swift,\ W3WRegex.swift,\ W3WRfcLanguage+W3WLanguage.swift,\ W3WRfcLanguage+W3WSdkLanguage.swift,\ W3WRfcLanguage.swift,\ W3WRfcLanguageProtocol.swift,\ W3WRfcLanguageProtocols.swift /Users/admin/builder/spi-builder-workspace/Sources/W3WSwiftCore/Reactive/W3WLive.swift /Users/admin/builder/spi-builder-workspace/Sources/W3WSwiftCore/Regex/W3WRegex.swift /Users/admin/builder/spi-builder-workspace/Sources/W3WSwiftCore/RfcLanguage/W3WRfcLanguage+W3WLanguage.swift /Users/admin/builder/spi-builder-workspace/Sources/W3WSwiftCore/RfcLanguage/W3WRfcLanguage+W3WSdkLanguage.swift /Users/admin/builder/spi-builder-workspace/Sources/W3WSwiftCore/RfcLanguage/W3WRfcLanguage.swift /Users/admin/builder/spi-builder-workspace/Sources/W3WSwiftCore/RfcLanguage/W3WRfcLanguageProtocol.swift /Users/admin/builder/spi-builder-workspace/Sources/W3WSwiftCore/RfcLanguage/W3WRfcLanguageProtocols.swift (in target 'W3WSwiftCore' from project 'w3w-swift-core')
SwiftCompile normal arm64 /Users/admin/builder/spi-builder-workspace/Sources/W3WSwiftCore/Reactive/W3WLive.swift (in target 'W3WSwiftCore' from project 'w3w-swift-core')
    cd /Users/admin/builder/spi-builder-workspace/.swiftpm/xcode

SwiftCompile normal arm64 /Users/admin/builder/spi-builder-workspace/Sources/W3WSwiftCore/Regex/W3WRegex.swift (in target 'W3WSwiftCore' from project 'w3w-swift-core')
    cd /Users/admin/builder/spi-builder-workspace/.swiftpm/xcode

SwiftCompile normal arm64 /Users/admin/builder/spi-builder-workspace/Sources/W3WSwiftCore/RfcLanguage/W3WRfcLanguage+W3WLanguage.swift (in target 'W3WSwiftCore' from project 'w3w-swift-core')
    cd /Users/admin/builder/spi-builder-workspace/.swiftpm/xcode

SwiftCompile normal arm64 /Users/admin/builder/spi-builder-workspace/Sources/W3WSwiftCore/RfcLanguage/W3WRfcLanguage+W3WSdkLanguage.swift (in target 'W3WSwiftCore' from project 'w3w-swift-core')
    cd /Users/admin/builder/spi-builder-workspace/.swiftpm/xcode

SwiftCompile normal arm64 /Users/admin/builder/spi-builder-workspace/Sources/W3WSwiftCore/RfcLanguage/W3WRfcLanguage.swift (in target 'W3WSwiftCore' from project 'w3w-swift-core')
    cd /Users/admin/builder/spi-builder-workspace/.swiftpm/xcode

SwiftCompile normal arm64 /Users/admin/builder/spi-builder-workspace/Sources/W3WSwiftCore/RfcLanguage/W3WRfcLanguageProtocol.swift (in target 'W3WSwiftCore' from project 'w3w-swift-core')
    cd /Users/admin/builder/spi-builder-workspace/.swiftpm/xcode

SwiftCompile normal arm64 /Users/admin/builder/spi-builder-workspace/Sources/W3WSwiftCore/RfcLanguage/W3WRfcLanguageProtocols.swift (in target 'W3WSwiftCore' from project 'w3w-swift-core')
    cd /Users/admin/builder/spi-builder-workspace/.swiftpm/xcode

SwiftCompile normal arm64 Compiling\ W3WUser.swift,\ W3WAudioRecorder.swift,\ W3WAudioRecording.swift,\ W3WAudioStream.swift,\ W3WEncoding.swift,\ W3WMicrophone.swift,\ ApiExtension.swift /Users/admin/builder/spi-builder-workspace/Sources/W3WSwiftCore/Accounts/W3WUser.swift /Users/admin/builder/spi-builder-workspace/Sources/W3WSwiftCore/Audio/W3WAudioRecorder.swift /Users/admin/builder/spi-builder-workspace/Sources/W3WSwiftCore/Audio/W3WAudioRecording.swift /Users/admin/builder/spi-builder-workspace/Sources/W3WSwiftCore/Audio/W3WAudioStream.swift /Users/admin/builder/spi-builder-workspace/Sources/W3WSwiftCore/Audio/W3WEncoding.swift /Users/admin/builder/spi-builder-workspace/Sources/W3WSwiftCore/Audio/W3WMicrophone.swift /Users/admin/builder/spi-builder-workspace/Sources/W3WSwiftCore/Bridges/ApiExtension.swift (in target 'W3WSwiftCore' from project 'w3w-swift-core')
SwiftCompile normal arm64 /Users/admin/builder/spi-builder-workspace/Sources/W3WSwiftCore/Accounts/W3WUser.swift (in target 'W3WSwiftCore' from project 'w3w-swift-core')
    cd /Users/admin/builder/spi-builder-workspace/.swiftpm/xcode

SwiftCompile normal arm64 /Users/admin/builder/spi-builder-workspace/Sources/W3WSwiftCore/Audio/W3WAudioRecorder.swift (in target 'W3WSwiftCore' from project 'w3w-swift-core')
    cd /Users/admin/builder/spi-builder-workspace/.swiftpm/xcode

SwiftCompile normal arm64 /Users/admin/builder/spi-builder-workspace/Sources/W3WSwiftCore/Audio/W3WAudioRecording.swift (in target 'W3WSwiftCore' from project 'w3w-swift-core')
    cd /Users/admin/builder/spi-builder-workspace/.swiftpm/xcode

SwiftCompile normal arm64 /Users/admin/builder/spi-builder-workspace/Sources/W3WSwiftCore/Audio/W3WAudioStream.swift (in target 'W3WSwiftCore' from project 'w3w-swift-core')
    cd /Users/admin/builder/spi-builder-workspace/.swiftpm/xcode

SwiftCompile normal arm64 /Users/admin/builder/spi-builder-workspace/Sources/W3WSwiftCore/Audio/W3WEncoding.swift (in target 'W3WSwiftCore' from project 'w3w-swift-core')
    cd /Users/admin/builder/spi-builder-workspace/.swiftpm/xcode

SwiftCompile normal arm64 /Users/admin/builder/spi-builder-workspace/Sources/W3WSwiftCore/Audio/W3WMicrophone.swift (in target 'W3WSwiftCore' from project 'w3w-swift-core')
    cd /Users/admin/builder/spi-builder-workspace/.swiftpm/xcode

SwiftCompile normal arm64 /Users/admin/builder/spi-builder-workspace/Sources/W3WSwiftCore/Bridges/ApiExtension.swift (in target 'W3WSwiftCore' from project 'w3w-swift-core')
    cd /Users/admin/builder/spi-builder-workspace/.swiftpm/xcode

SwiftCompile normal arm64 Compiling\ W3WMockTranslation.swift,\ W3WTranslate.swift,\ W3WTranslationsProtocol.swift,\ NetworkConnection.swift,\ W3WApi+Future.swift,\ W3WApi.swift,\ W3WApiEncoding.swift /Users/admin/builder/spi-builder-workspace/Sources/W3WSwiftCore/Localization/W3WMockTranslation.swift /Users/admin/builder/spi-builder-workspace/Sources/W3WSwiftCore/Localization/W3WTranslate.swift /Users/admin/builder/spi-builder-workspace/Sources/W3WSwiftCore/Localization/W3WTranslationsProtocol.swift /Users/admin/builder/spi-builder-workspace/Sources/W3WSwiftCore/Network/NetworkConnection.swift /Users/admin/builder/spi-builder-workspace/Sources/W3WSwiftCore/Network/W3WAPI/W3WApi+Future.swift /Users/admin/builder/spi-builder-workspace/Sources/W3WSwiftCore/Network/W3WAPI/W3WApi.swift /Users/admin/builder/spi-builder-workspace/Sources/W3WSwiftCore/Network/W3WAPI/W3WApiEncoding.swift (in target 'W3WSwiftCore' from project 'w3w-swift-core')
SwiftCompile normal arm64 /Users/admin/builder/spi-builder-workspace/Sources/W3WSwiftCore/Localization/W3WMockTranslation.swift (in target 'W3WSwiftCore' from project 'w3w-swift-core')
    cd /Users/admin/builder/spi-builder-workspace/.swiftpm/xcode

SwiftCompile normal arm64 /Users/admin/builder/spi-builder-workspace/Sources/W3WSwiftCore/Localization/W3WTranslate.swift (in target 'W3WSwiftCore' from project 'w3w-swift-core')
    cd /Users/admin/builder/spi-builder-workspace/.swiftpm/xcode

SwiftCompile normal arm64 /Users/admin/builder/spi-builder-workspace/Sources/W3WSwiftCore/Localization/W3WTranslationsProtocol.swift (in target 'W3WSwiftCore' from project 'w3w-swift-core')
    cd /Users/admin/builder/spi-builder-workspace/.swiftpm/xcode

SwiftCompile normal arm64 /Users/admin/builder/spi-builder-workspace/Sources/W3WSwiftCore/Network/NetworkConnection.swift (in target 'W3WSwiftCore' from project 'w3w-swift-core')
    cd /Users/admin/builder/spi-builder-workspace/.swiftpm/xcode

SwiftCompile normal arm64 /Users/admin/builder/spi-builder-workspace/Sources/W3WSwiftCore/Network/W3WAPI/W3WApi+Future.swift (in target 'W3WSwiftCore' from project 'w3w-swift-core')
    cd /Users/admin/builder/spi-builder-workspace/.swiftpm/xcode

SwiftCompile normal arm64 /Users/admin/builder/spi-builder-workspace/Sources/W3WSwiftCore/Network/W3WAPI/W3WApi.swift (in target 'W3WSwiftCore' from project 'w3w-swift-core')
    cd /Users/admin/builder/spi-builder-workspace/.swiftpm/xcode

SwiftCompile normal arm64 /Users/admin/builder/spi-builder-workspace/Sources/W3WSwiftCore/Network/W3WAPI/W3WApiEncoding.swift (in target 'W3WSwiftCore' from project 'w3w-swift-core')
    cd /Users/admin/builder/spi-builder-workspace/.swiftpm/xcode

SwiftCompile normal arm64 Compiling\ SdkExtension.swift,\ SdkTypes.swift,\ W3WGpsReading.swift,\ W3WGpsState.swift,\ W3WGpsStatus.swift,\ W3WProtocolV3.swift,\ W3WProtocolV4.swift /Users/admin/builder/spi-builder-workspace/Sources/W3WSwiftCore/Bridges/SdkExtension.swift /Users/admin/builder/spi-builder-workspace/Sources/W3WSwiftCore/Bridges/SdkTypes.swift /Users/admin/builder/spi-builder-workspace/Sources/W3WSwiftCore/Gps/W3WGpsReading.swift /Users/admin/builder/spi-builder-workspace/Sources/W3WSwiftCore/Gps/W3WGpsState.swift /Users/admin/builder/spi-builder-workspace/Sources/W3WSwiftCore/Gps/W3WGpsStatus.swift /Users/admin/builder/spi-builder-workspace/Sources/W3WSwiftCore/Interfaces/W3WProtocolV3.swift /Users/admin/builder/spi-builder-workspace/Sources/W3WSwiftCore/Interfaces/W3WProtocolV4.swift (in target 'W3WSwiftCore' from project 'w3w-swift-core')
2026-10-09 05:39:24.026 xcodebuild[665:4060] [MT] IDERunDestination: Supported platforms for the buildables in the current scheme is empty.
** BUILD FAILED **
The following build commands failed:
	EmitSwiftModule normal arm64 (in target 'W3WSwiftCore' from project 'w3w-swift-core')
	SwiftEmitModule normal arm64 Emitting\ module\ for\ W3WSwiftCore (in target 'W3WSwiftCore' from project 'w3w-swift-core')
	Building workspace spi-builder-workspace with scheme w3w-swift-core
(3 failures)
Command line invocation:
    /Applications/Xcode-26.5.0.app/Contents/Developer/usr/bin/xcodebuild -IDEClonedSourcePackagesDirPathOverride=/Users/admin/builder/spi-builder-workspace/.dependencies -resolvePackageDependencies
Resolve Package Graph
Resolved source packages:
  w3w-swift-core: /Users/admin/builder/spi-builder-workspace
resolved source packages: w3w-swift-core
2026-10-09 05:39:31.153 xcodebuild[764:4473] [MT] IDERunDestination: Supported platforms for the buildables in the current scheme is empty.
{
  "dependencies" : [
  ],
  "manifest_display_name" : "w3w-swift-core",
  "name" : "w3w-swift-core",
  "path" : "/Users/admin/builder/spi-builder-workspace",
  "platforms" : [
    {
      "name" : "macos",
      "version" : "10.15"
    },
    {
      "name" : "ios",
      "version" : "12.0"
    },
    {
      "name" : "tvos",
      "version" : "12.0"
    },
    {
      "name" : "watchos",
      "version" : "4.0"
    }
  ],
  "products" : [
    {
      "name" : "W3WSwiftCore",
      "targets" : [
        "W3WSwiftCore"
      ],
      "type" : {
        "library" : [
          "automatic"
        ]
      }
    }
  ],
  "swift_languages_versions" : [
    "5"
  ],
  "targets" : [
    {
      "c99name" : "w3w_swift_typesTests",
      "module_type" : "SwiftTarget",
      "name" : "w3w-swift-typesTests",
      "path" : "Tests/w3w-swift-typesTests",
      "sources" : [
        "w3w_swift_typesTests.swift"
      ],
      "target_dependencies" : [
        "W3WSwiftCore"
      ],
      "type" : "test"
    },
    {
      "c99name" : "w3w_swift_Tests",
      "module_type" : "SwiftTarget",
      "name" : "w3w-swift-Tests",
      "path" : "Tests/w3w-swift-Tests",
      "sources" : [
        "IsValid3waTests.swift"
      ],
      "target_dependencies" : [
        "W3WSwiftCore"
      ],
      "type" : "test"
    },
    {
      "c99name" : "languages_Tests",
      "module_type" : "SwiftTarget",
      "name" : "languages-Tests",
      "path" : "Tests/languages-Tests",
      "sources" : [
        "W3wRfcLanguage_w3wLanguage_tests.swift",
        "W3wRfcLanguage_w3wSdkLanguage_tests.swift",
        "w3wRfcLanguage_tests.swift"
      ],
      "target_dependencies" : [
        "W3WSwiftCore"
      ],
      "type" : "test"
    },
    {
      "c99name" : "W3WSwiftCore",
      "module_type" : "SwiftTarget",
      "name" : "W3WSwiftCore",
      "path" : "Sources/W3WSwiftCore",
      "product_memberships" : [
        "W3WSwiftCore"
      ],
      "sources" : [
        "Accounts/W3WUser.swift",
        "Audio/W3WAudioRecorder.swift",
        "Audio/W3WAudioRecording.swift",
        "Audio/W3WAudioStream.swift",
        "Audio/W3WEncoding.swift",
        "Audio/W3WMicrophone.swift",
        "Bridges/ApiExtension.swift",
        "Bridges/SdkExtension.swift",
        "Bridges/SdkTypes.swift",
        "Gps/W3WGpsReading.swift",
        "Gps/W3WGpsState.swift",
        "Gps/W3WGpsStatus.swift",
        "Interfaces/W3WProtocolV3.swift",
        "Interfaces/W3WProtocolV4.swift",
        "Localization/W3WMockTranslation.swift",
        "Localization/W3WTranslate.swift",
        "Localization/W3WTranslationsProtocol.swift",
        "Network/NetworkConnection.swift",
        "Network/W3WAPI/W3WApi+Future.swift",
        "Network/W3WAPI/W3WApi.swift",
        "Network/W3WAPI/W3WApiEncoding.swift",
        "Network/W3WAPI/W3WURLError.swift",
        "Network/W3WJson.swift",
        "Network/W3WRequest.swift",
        "Reactive/Combine+Extensions.swift",
        "Reactive/W3WEvent.swift",
        "Reactive/W3WEventSubscriberProtocol.swift",
        "Reactive/W3WEventsSubscriptions.swift",
        "Reactive/W3WLive.swift",
        "Regex/W3WRegex.swift",
        "RfcLanguage/W3WRfcLanguage+W3WLanguage.swift",
        "RfcLanguage/W3WRfcLanguage+W3WSdkLanguage.swift",
        "RfcLanguage/W3WRfcLanguage.swift",
        "RfcLanguage/W3WRfcLanguageProtocol.swift",
        "RfcLanguage/W3WRfcLanguageProtocols.swift",
        "Threading/W3WDebouncer.swift",
        "Threading/W3WThread.swift",
        "Types/Geometry/W3WBox.swift",
        "Types/Geometry/W3WCircle.swift",
        "Types/Geometry/W3WDistance.swift",
        "Types/Geometry/W3WLine.swift",
        "Types/Geometry/W3WPolygon.swift",
        "Types/Options/W3WInputType.swift",
        "Types/Options/W3WOption.swift",
        "Types/Options/W3WOptionAcceptorProtocol.swift",
        "Types/Options/W3WOptionProtocol.swift",
        "Types/Options/W3WOptions.swift",
        "Types/Street/W3WStreetAddress.swift",
        "Types/Street/W3WStreetAddressKey.swift",
        "Types/Time/W3WDuration.swift",
        "Types/Util/ClosureDefinitions.swift",
        "Types/Util/LanguageUtils.swift",
        "Types/Util/W3WError+W3WSwiftCore.swift",
        "Types/Util/W3WMeasurementSystem.swift",
        "Types/Util/W3WUtilitiesProtocol.swift",
        "Types/Util/W3WWritingDirection.swift",
        "Types/Values/W3WCountry.swift",
        "Types/Values/W3WLanguage.swift",
        "Types/Values/W3WRanked.swift",
        "Types/Values/W3WSquare.swift",
        "Types/Values/W3WSuggestion.swift",
        "Voice/W3WAudioStreamProtocol.swift",
        "Voice/W3WVoiceListeningState.swift",
        "Voice/W3WVoiceProtocol.swift",
        "Voice/W3WVoiceSuggestion+W3WSwiftCore.swift",
        "W3WSettings+W3WSwiftCore.swift"
      ],
      "type" : "library"
    }
  ],
  "tools_version" : "6.0"
}
{
  "workspace" : {
    "name" : "spi-builder-workspace",
    "schemes" : [
      "w3w-swift-core"
    ]
  }
}
2026-10-09 05:39:32.320 xcodebuild[794:4713] [MT] IDERunDestination: Supported platforms for the buildables in the current scheme is empty.
Running build ...
env DEVELOPER_DIR=/Applications/Xcode-26.5.0.app xcrun xcodebuild -IDEClonedSourcePackagesDirPathOverride=$PWD/.dependencies -skipMacroValidation -skipPackagePluginValidation -derivedDataPath $PWD/.derivedData build -scheme w3w-swift-core -destination generic/platform=tvOS
Command line invocation:
    /Applications/Xcode-26.5.0.app/Contents/Developer/usr/bin/xcodebuild -IDEClonedSourcePackagesDirPathOverride=/Users/admin/builder/spi-builder-workspace/.dependencies -skipMacroValidation -skipPackagePluginValidation -derivedDataPath /Users/admin/builder/spi-builder-workspace/.derivedData build -scheme w3w-swift-core -destination generic/platform=tvOS
Resolve Package Graph
Resolved source packages:
  w3w-swift-core: /Users/admin/builder/spi-builder-workspace
ComputePackagePrebuildTargetDependencyGraph
Prepare packages
CreateBuildRequest
SendProjectDescription
CreateBuildOperation
ComputeTargetDependencyGraph
note: Building targets in dependency order
note: Target dependency graph (2 targets)
    Target 'W3WSwiftCore' in project 'w3w-swift-core'
        ➜ Explicit dependency on target 'W3WSwiftCore' in project 'w3w-swift-core'
    Target 'W3WSwiftCore' in project 'w3w-swift-core' (no dependencies)
GatherProvisioningInputs
CreateBuildDescription
ClangStatCache /Applications/Xcode-26.5.0.app/Contents/Developer/Toolchains/XcodeDefault.xctoolchain/usr/bin/clang-stat-cache /Applications/Xcode-26.5.0.app/Contents/Developer/Platforms/AppleTVOS.platform/Developer/SDKs/AppleTVOS26.5.sdk /Users/admin/builder/spi-builder-workspace/.derivedData/SDKStatCaches.noindex/appletvos26.5-23L470-688ef53f1462e2c8f657fdc38a81448fa2efe9286588b677106490127979b81c.sdkstatcache
    cd /Users/admin/builder/spi-builder-workspace/.swiftpm/xcode
    /Applications/Xcode-26.5.0.app/Contents/Developer/Toolchains/XcodeDefault.xctoolchain/usr/bin/clang-stat-cache /Applications/Xcode-26.5.0.app/Contents/Developer/Platforms/AppleTVOS.platform/Developer/SDKs/AppleTVOS26.5.sdk -o /Users/admin/builder/spi-builder-workspace/.derivedData/SDKStatCaches.noindex/appletvos26.5-23L470-688ef53f1462e2c8f657fdc38a81448fa2efe9286588b677106490127979b81c.sdkstatcache
SwiftDriver W3WSwiftCore normal arm64 com.apple.xcode.tools.swift.compiler (in target 'W3WSwiftCore' from project 'w3w-swift-core')
    cd /Users/admin/builder/spi-builder-workspace/.swiftpm/xcode
    builtin-SwiftDriver -- /Applications/Xcode-26.5.0.app/Contents/Developer/Toolchains/XcodeDefault.xctoolchain/usr/bin/swiftc -module-name W3WSwiftCore -Onone @/Users/admin/builder/spi-builder-workspace/.derivedData/Build/Intermediates.noindex/w3w-swift-core.build/Debug-appletvos/W3WSwiftCore.build/Objects-normal/arm64/W3WSwiftCore.SwiftFileList -DSWIFT_PACKAGE -DDEBUG -DSWIFT_MODULE_RESOURCE_BUNDLE_UNAVAILABLE -DXcode -plugin-path /Applications/Xcode-26.5.0.app/Contents/Developer/Toolchains/XcodeDefault.xctoolchain/usr/lib/swift/host/plugins/testing -enable-experimental-feature DebugDescriptionMacro -sdk /Applications/Xcode-26.5.0.app/Contents/Developer/Platforms/AppleTVOS.platform/Developer/SDKs/AppleTVOS26.5.sdk -target arm64-apple-tvos12.0 -g -module-cache-path /Users/admin/builder/spi-builder-workspace/.derivedData/ModuleCache.noindex -Xfrontend -serialize-debugging-options -profile-coverage-mapping -profile-generate -enable-testing -index-store-path /Users/admin/builder/spi-builder-workspace/.derivedData/Index.noindex/DataStore -Xcc -D_LIBCPP_HARDENING_MODE\=_LIBCPP_HARDENING_MODE_DEBUG -swift-version 5 -I /Users/admin/builder/spi-builder-workspace/.derivedData/Build/Products/Debug-appletvos -Isystem /Applications/Xcode-26.5.0.app/Contents/Developer/Platforms/AppleTVOS.platform/Developer/usr/lib -F /Users/admin/builder/spi-builder-workspace/.derivedData/Build/Products/Debug-appletvos -F /Applications/Xcode-26.5.0.app/Contents/Developer/Platforms/AppleTVOS.platform/Developer/Library/Frameworks -F /Applications/Xcode-26.5.0.app/Contents/Developer/Platforms/AppleTVOS.platform/Developer/SDKs/AppleTVOS26.5.sdk/Developer/Library/Frameworks -c -j10 -enable-batch-mode -incremental -Xcc -ivfsstatcache -Xcc /Users/admin/builder/spi-builder-workspace/.derivedData/SDKStatCaches.noindex/appletvos26.5-23L470-688ef53f1462e2c8f657fdc38a81448fa2efe9286588b677106490127979b81c.sdkstatcache -output-file-map /Users/admin/builder/spi-builder-workspace/.derivedData/Build/Intermediates.noindex/w3w-swift-core.build/Debug-appletvos/W3WSwiftCore.build/Objects-normal/arm64/W3WSwiftCore-OutputFileMap.json -use-frontend-parseable-output -save-temps -no-color-diagnostics -explicit-module-build -module-cache-path /Users/admin/builder/spi-builder-workspace/.derivedData/Build/Intermediates.noindex/SwiftExplicitPrecompiledModules -clang-scanner-module-cache-path /Users/admin/builder/spi-builder-workspace/.derivedData/ModuleCache.noindex -sdk-module-cache-path /Users/admin/builder/spi-builder-workspace/.derivedData/ModuleCache.noindex -serialize-diagnostics -emit-dependencies -emit-module -emit-module-path /Users/admin/builder/spi-builder-workspace/.derivedData/Build/Intermediates.noindex/w3w-swift-core.build/Debug-appletvos/W3WSwiftCore.build/Objects-normal/arm64/W3WSwiftCore.swiftmodule -validate-clang-modules-once -clang-build-session-file /Users/admin/builder/spi-builder-workspace/.derivedData/ModuleCache.noindex/Session.modulevalidation -package-name spi_builder_workspace -Xcc -I/Users/admin/builder/spi-builder-workspace/.derivedData/Build/Intermediates.noindex/w3w-swift-core.build/Debug-appletvos/W3WSwiftCore.build/swift-overrides.hmap -emit-const-values -Xfrontend -const-gather-protocols-file -Xfrontend /Users/admin/builder/spi-builder-workspace/.derivedData/Build/Intermediates.noindex/w3w-swift-core.build/Debug-appletvos/W3WSwiftCore.build/Objects-normal/arm64/W3WSwiftCore_const_extract_protocols.json -Xcc -I/Users/admin/builder/spi-builder-workspace/.derivedData/Build/Products/Debug-appletvos/include -Xcc -I/Users/admin/builder/spi-builder-workspace/.derivedData/Build/Intermediates.noindex/w3w-swift-core.build/Debug-appletvos/W3WSwiftCore.build/DerivedSources-normal/arm64 -Xcc -I/Users/admin/builder/spi-builder-workspace/.derivedData/Build/Intermediates.noindex/w3w-swift-core.build/Debug-appletvos/W3WSwiftCore.build/DerivedSources/arm64 -Xcc -I/Users/admin/builder/spi-builder-workspace/.derivedData/Build/Intermediates.noindex/w3w-swift-core.build/Debug-appletvos/W3WSwiftCore.build/DerivedSources -Xcc -DSWIFT_PACKAGE -Xcc -DDEBUG\=1 -emit-objc-header -emit-objc-header-path /Users/admin/builder/spi-builder-workspace/.derivedData/Build/Intermediates.noindex/w3w-swift-core.build/Debug-appletvos/W3WSwiftCore.build/Objects-normal/arm64/W3WSwiftCore-Swift.h -working-directory /Users/admin/builder/spi-builder-workspace/.swiftpm/xcode -experimental-emit-module-separately -disable-cmo
SwiftCompile normal arm64 Compiling\ SdkExtension.swift,\ SdkTypes.swift,\ W3WGpsReading.swift,\ W3WGpsState.swift,\ W3WGpsStatus.swift,\ W3WProtocolV3.swift,\ W3WProtocolV4.swift /Users/admin/builder/spi-builder-workspace/Sources/W3WSwiftCore/Bridges/SdkExtension.swift /Users/admin/builder/spi-builder-workspace/Sources/W3WSwiftCore/Bridges/SdkTypes.swift /Users/admin/builder/spi-builder-workspace/Sources/W3WSwiftCore/Gps/W3WGpsReading.swift /Users/admin/builder/spi-builder-workspace/Sources/W3WSwiftCore/Gps/W3WGpsState.swift /Users/admin/builder/spi-builder-workspace/Sources/W3WSwiftCore/Gps/W3WGpsStatus.swift /Users/admin/builder/spi-builder-workspace/Sources/W3WSwiftCore/Interfaces/W3WProtocolV3.swift /Users/admin/builder/spi-builder-workspace/Sources/W3WSwiftCore/Interfaces/W3WProtocolV4.swift (in target 'W3WSwiftCore' from project 'w3w-swift-core')
SwiftCompile normal arm64 /Users/admin/builder/spi-builder-workspace/Sources/W3WSwiftCore/Bridges/SdkExtension.swift (in target 'W3WSwiftCore' from project 'w3w-swift-core')
    cd /Users/admin/builder/spi-builder-workspace/.swiftpm/xcode

SwiftCompile normal arm64 /Users/admin/builder/spi-builder-workspace/Sources/W3WSwiftCore/Bridges/SdkTypes.swift (in target 'W3WSwiftCore' from project 'w3w-swift-core')
    cd /Users/admin/builder/spi-builder-workspace/.swiftpm/xcode

SwiftCompile normal arm64 /Users/admin/builder/spi-builder-workspace/Sources/W3WSwiftCore/Gps/W3WGpsReading.swift (in target 'W3WSwiftCore' from project 'w3w-swift-core')
    cd /Users/admin/builder/spi-builder-workspace/.swiftpm/xcode

SwiftCompile normal arm64 /Users/admin/builder/spi-builder-workspace/Sources/W3WSwiftCore/Gps/W3WGpsState.swift (in target 'W3WSwiftCore' from project 'w3w-swift-core')
    cd /Users/admin/builder/spi-builder-workspace/.swiftpm/xcode

SwiftCompile normal arm64 /Users/admin/builder/spi-builder-workspace/Sources/W3WSwiftCore/Gps/W3WGpsStatus.swift (in target 'W3WSwiftCore' from project 'w3w-swift-core')
    cd /Users/admin/builder/spi-builder-workspace/.swiftpm/xcode

SwiftCompile normal arm64 /Users/admin/builder/spi-builder-workspace/Sources/W3WSwiftCore/Interfaces/W3WProtocolV3.swift (in target 'W3WSwiftCore' from project 'w3w-swift-core')
    cd /Users/admin/builder/spi-builder-workspace/.swiftpm/xcode

SwiftCompile normal arm64 /Users/admin/builder/spi-builder-workspace/Sources/W3WSwiftCore/Interfaces/W3WProtocolV4.swift (in target 'W3WSwiftCore' from project 'w3w-swift-core')
    cd /Users/admin/builder/spi-builder-workspace/.swiftpm/xcode

SwiftCompile normal arm64 Compiling\ W3WUser.swift,\ W3WAudioRecorder.swift,\ W3WAudioRecording.swift,\ W3WAudioStream.swift,\ W3WEncoding.swift,\ W3WMicrophone.swift,\ ApiExtension.swift /Users/admin/builder/spi-builder-workspace/Sources/W3WSwiftCore/Accounts/W3WUser.swift /Users/admin/builder/spi-builder-workspace/Sources/W3WSwiftCore/Audio/W3WAudioRecorder.swift /Users/admin/builder/spi-builder-workspace/Sources/W3WSwiftCore/Audio/W3WAudioRecording.swift /Users/admin/builder/spi-builder-workspace/Sources/W3WSwiftCore/Audio/W3WAudioStream.swift /Users/admin/builder/spi-builder-workspace/Sources/W3WSwiftCore/Audio/W3WEncoding.swift /Users/admin/builder/spi-builder-workspace/Sources/W3WSwiftCore/Audio/W3WMicrophone.swift /Users/admin/builder/spi-builder-workspace/Sources/W3WSwiftCore/Bridges/ApiExtension.swift (in target 'W3WSwiftCore' from project 'w3w-swift-core')
SwiftCompile normal arm64 /Users/admin/builder/spi-builder-workspace/Sources/W3WSwiftCore/Accounts/W3WUser.swift (in target 'W3WSwiftCore' from project 'w3w-swift-core')
    cd /Users/admin/builder/spi-builder-workspace/.swiftpm/xcode

SwiftCompile normal arm64 /Users/admin/builder/spi-builder-workspace/Sources/W3WSwiftCore/Audio/W3WAudioRecorder.swift (in target 'W3WSwiftCore' from project 'w3w-swift-core')
    cd /Users/admin/builder/spi-builder-workspace/.swiftpm/xcode

SwiftCompile normal arm64 /Users/admin/builder/spi-builder-workspace/Sources/W3WSwiftCore/Audio/W3WAudioRecording.swift (in target 'W3WSwiftCore' from project 'w3w-swift-core')
    cd /Users/admin/builder/spi-builder-workspace/.swiftpm/xcode

SwiftCompile normal arm64 /Users/admin/builder/spi-builder-workspace/Sources/W3WSwiftCore/Audio/W3WAudioStream.swift (in target 'W3WSwiftCore' from project 'w3w-swift-core')
    cd /Users/admin/builder/spi-builder-workspace/.swiftpm/xcode

SwiftCompile normal arm64 /Users/admin/builder/spi-builder-workspace/Sources/W3WSwiftCore/Audio/W3WEncoding.swift (in target 'W3WSwiftCore' from project 'w3w-swift-core')
    cd /Users/admin/builder/spi-builder-workspace/.swiftpm/xcode

SwiftCompile normal arm64 /Users/admin/builder/spi-builder-workspace/Sources/W3WSwiftCore/Audio/W3WMicrophone.swift (in target 'W3WSwiftCore' from project 'w3w-swift-core')
    cd /Users/admin/builder/spi-builder-workspace/.swiftpm/xcode

SwiftCompile normal arm64 /Users/admin/builder/spi-builder-workspace/Sources/W3WSwiftCore/Bridges/ApiExtension.swift (in target 'W3WSwiftCore' from project 'w3w-swift-core')
    cd /Users/admin/builder/spi-builder-workspace/.swiftpm/xcode

SwiftCompile normal arm64 Compiling\ W3WInputType.swift,\ W3WOption.swift,\ W3WOptionAcceptorProtocol.swift,\ W3WOptionProtocol.swift,\ W3WOptions.swift,\ W3WStreetAddress.swift /Users/admin/builder/spi-builder-workspace/Sources/W3WSwiftCore/Types/Options/W3WInputType.swift /Users/admin/builder/spi-builder-workspace/Sources/W3WSwiftCore/Types/Options/W3WOption.swift /Users/admin/builder/spi-builder-workspace/Sources/W3WSwiftCore/Types/Options/W3WOptionAcceptorProtocol.swift /Users/admin/builder/spi-builder-workspace/Sources/W3WSwiftCore/Types/Options/W3WOptionProtocol.swift /Users/admin/builder/spi-builder-workspace/Sources/W3WSwiftCore/Types/Options/W3WOptions.swift /Users/admin/builder/spi-builder-workspace/Sources/W3WSwiftCore/Types/Street/W3WStreetAddress.swift (in target 'W3WSwiftCore' from project 'w3w-swift-core')
SwiftCompile normal arm64 /Users/admin/builder/spi-builder-workspace/Sources/W3WSwiftCore/Types/Options/W3WInputType.swift (in target 'W3WSwiftCore' from project 'w3w-swift-core')
    cd /Users/admin/builder/spi-builder-workspace/.swiftpm/xcode

SwiftCompile normal arm64 /Users/admin/builder/spi-builder-workspace/Sources/W3WSwiftCore/Types/Options/W3WOption.swift (in target 'W3WSwiftCore' from project 'w3w-swift-core')
    cd /Users/admin/builder/spi-builder-workspace/.swiftpm/xcode

SwiftCompile normal arm64 /Users/admin/builder/spi-builder-workspace/Sources/W3WSwiftCore/Types/Options/W3WOptionAcceptorProtocol.swift (in target 'W3WSwiftCore' from project 'w3w-swift-core')
    cd /Users/admin/builder/spi-builder-workspace/.swiftpm/xcode

SwiftCompile normal arm64 /Users/admin/builder/spi-builder-workspace/Sources/W3WSwiftCore/Types/Options/W3WOptionProtocol.swift (in target 'W3WSwiftCore' from project 'w3w-swift-core')
    cd /Users/admin/builder/spi-builder-workspace/.swiftpm/xcode

SwiftCompile normal arm64 /Users/admin/builder/spi-builder-workspace/Sources/W3WSwiftCore/Types/Options/W3WOptions.swift (in target 'W3WSwiftCore' from project 'w3w-swift-core')
    cd /Users/admin/builder/spi-builder-workspace/.swiftpm/xcode

SwiftCompile normal arm64 /Users/admin/builder/spi-builder-workspace/Sources/W3WSwiftCore/Types/Street/W3WStreetAddress.swift (in target 'W3WSwiftCore' from project 'w3w-swift-core')
    cd /Users/admin/builder/spi-builder-workspace/.swiftpm/xcode

SwiftCompile normal arm64 Compiling\ W3WStreetAddressKey.swift,\ W3WDuration.swift,\ ClosureDefinitions.swift,\ LanguageUtils.swift,\ W3WError+W3WSwiftCore.swift,\ W3WMeasurementSystem.swift /Users/admin/builder/spi-builder-workspace/Sources/W3WSwiftCore/Types/Street/W3WStreetAddressKey.swift /Users/admin/builder/spi-builder-workspace/Sources/W3WSwiftCore/Types/Time/W3WDuration.swift /Users/admin/builder/spi-builder-workspace/Sources/W3WSwiftCore/Types/Util/ClosureDefinitions.swift /Users/admin/builder/spi-builder-workspace/Sources/W3WSwiftCore/Types/Util/LanguageUtils.swift /Users/admin/builder/spi-builder-workspace/Sources/W3WSwiftCore/Types/Util/W3WError+W3WSwiftCore.swift /Users/admin/builder/spi-builder-workspace/Sources/W3WSwiftCore/Types/Util/W3WMeasurementSystem.swift (in target 'W3WSwiftCore' from project 'w3w-swift-core')
SwiftCompile normal arm64 /Users/admin/builder/spi-builder-workspace/Sources/W3WSwiftCore/Types/Street/W3WStreetAddressKey.swift (in target 'W3WSwiftCore' from project 'w3w-swift-core')
    cd /Users/admin/builder/spi-builder-workspace/.swiftpm/xcode

SwiftCompile normal arm64 /Users/admin/builder/spi-builder-workspace/Sources/W3WSwiftCore/Types/Time/W3WDuration.swift (in target 'W3WSwiftCore' from project 'w3w-swift-core')
    cd /Users/admin/builder/spi-builder-workspace/.swiftpm/xcode

SwiftCompile normal arm64 /Users/admin/builder/spi-builder-workspace/Sources/W3WSwiftCore/Types/Util/ClosureDefinitions.swift (in target 'W3WSwiftCore' from project 'w3w-swift-core')
    cd /Users/admin/builder/spi-builder-workspace/.swiftpm/xcode

SwiftCompile normal arm64 /Users/admin/builder/spi-builder-workspace/Sources/W3WSwiftCore/Types/Util/LanguageUtils.swift (in target 'W3WSwiftCore' from project 'w3w-swift-core')
    cd /Users/admin/builder/spi-builder-workspace/.swiftpm/xcode

SwiftCompile normal arm64 /Users/admin/builder/spi-builder-workspace/Sources/W3WSwiftCore/Types/Util/W3WError+W3WSwiftCore.swift (in target 'W3WSwiftCore' from project 'w3w-swift-core')
    cd /Users/admin/builder/spi-builder-workspace/.swiftpm/xcode

SwiftCompile normal arm64 /Users/admin/builder/spi-builder-workspace/Sources/W3WSwiftCore/Types/Util/W3WMeasurementSystem.swift (in target 'W3WSwiftCore' from project 'w3w-swift-core')
    cd /Users/admin/builder/spi-builder-workspace/.swiftpm/xcode

SwiftCompile normal arm64 Compiling\ W3WDebouncer.swift,\ W3WThread.swift,\ W3WBox.swift,\ W3WCircle.swift,\ W3WDistance.swift,\ W3WLine.swift,\ W3WPolygon.swift /Users/admin/builder/spi-builder-workspace/Sources/W3WSwiftCore/Threading/W3WDebouncer.swift /Users/admin/builder/spi-builder-workspace/Sources/W3WSwiftCore/Threading/W3WThread.swift /Users/admin/builder/spi-builder-workspace/Sources/W3WSwiftCore/Types/Geometry/W3WBox.swift /Users/admin/builder/spi-builder-workspace/Sources/W3WSwiftCore/Types/Geometry/W3WCircle.swift /Users/admin/builder/spi-builder-workspace/Sources/W3WSwiftCore/Types/Geometry/W3WDistance.swift /Users/admin/builder/spi-builder-workspace/Sources/W3WSwiftCore/Types/Geometry/W3WLine.swift /Users/admin/builder/spi-builder-workspace/Sources/W3WSwiftCore/Types/Geometry/W3WPolygon.swift (in target 'W3WSwiftCore' from project 'w3w-swift-core')
SwiftCompile normal arm64 /Users/admin/builder/spi-builder-workspace/Sources/W3WSwiftCore/Threading/W3WDebouncer.swift (in target 'W3WSwiftCore' from project 'w3w-swift-core')
    cd /Users/admin/builder/spi-builder-workspace/.swiftpm/xcode

SwiftCompile normal arm64 /Users/admin/builder/spi-builder-workspace/Sources/W3WSwiftCore/Threading/W3WThread.swift (in target 'W3WSwiftCore' from project 'w3w-swift-core')
    cd /Users/admin/builder/spi-builder-workspace/.swiftpm/xcode

SwiftCompile normal arm64 /Users/admin/builder/spi-builder-workspace/Sources/W3WSwiftCore/Types/Geometry/W3WBox.swift (in target 'W3WSwiftCore' from project 'w3w-swift-core')
    cd /Users/admin/builder/spi-builder-workspace/.swiftpm/xcode

SwiftCompile normal arm64 /Users/admin/builder/spi-builder-workspace/Sources/W3WSwiftCore/Types/Geometry/W3WCircle.swift (in target 'W3WSwiftCore' from project 'w3w-swift-core')
    cd /Users/admin/builder/spi-builder-workspace/.swiftpm/xcode

SwiftCompile normal arm64 /Users/admin/builder/spi-builder-workspace/Sources/W3WSwiftCore/Types/Geometry/W3WDistance.swift (in target 'W3WSwiftCore' from project 'w3w-swift-core')
    cd /Users/admin/builder/spi-builder-workspace/.swiftpm/xcode

SwiftCompile normal arm64 /Users/admin/builder/spi-builder-workspace/Sources/W3WSwiftCore/Types/Geometry/W3WLine.swift (in target 'W3WSwiftCore' from project 'w3w-swift-core')
    cd /Users/admin/builder/spi-builder-workspace/.swiftpm/xcode

SwiftCompile normal arm64 /Users/admin/builder/spi-builder-workspace/Sources/W3WSwiftCore/Types/Geometry/W3WPolygon.swift (in target 'W3WSwiftCore' from project 'w3w-swift-core')
    cd /Users/admin/builder/spi-builder-workspace/.swiftpm/xcode

SwiftCompile normal arm64 Compiling\ W3WUtilitiesProtocol.swift,\ W3WWritingDirection.swift,\ W3WCountry.swift,\ W3WLanguage.swift,\ W3WRanked.swift,\ W3WSquare.swift /Users/admin/builder/spi-builder-workspace/Sources/W3WSwiftCore/Types/Util/W3WUtilitiesProtocol.swift /Users/admin/builder/spi-builder-workspace/Sources/W3WSwiftCore/Types/Util/W3WWritingDirection.swift /Users/admin/builder/spi-builder-workspace/Sources/W3WSwiftCore/Types/Values/W3WCountry.swift /Users/admin/builder/spi-builder-workspace/Sources/W3WSwiftCore/Types/Values/W3WLanguage.swift /Users/admin/builder/spi-builder-workspace/Sources/W3WSwiftCore/Types/Values/W3WRanked.swift /Users/admin/builder/spi-builder-workspace/Sources/W3WSwiftCore/Types/Values/W3WSquare.swift (in target 'W3WSwiftCore' from project 'w3w-swift-core')
SwiftCompile normal arm64 /Users/admin/builder/spi-builder-workspace/Sources/W3WSwiftCore/Types/Util/W3WUtilitiesProtocol.swift (in target 'W3WSwiftCore' from project 'w3w-swift-core')
    cd /Users/admin/builder/spi-builder-workspace/.swiftpm/xcode

SwiftCompile normal arm64 /Users/admin/builder/spi-builder-workspace/Sources/W3WSwiftCore/Types/Util/W3WWritingDirection.swift (in target 'W3WSwiftCore' from project 'w3w-swift-core')
    cd /Users/admin/builder/spi-builder-workspace/.swiftpm/xcode

SwiftCompile normal arm64 /Users/admin/builder/spi-builder-workspace/Sources/W3WSwiftCore/Types/Values/W3WCountry.swift (in target 'W3WSwiftCore' from project 'w3w-swift-core')
    cd /Users/admin/builder/spi-builder-workspace/.swiftpm/xcode

SwiftCompile normal arm64 /Users/admin/builder/spi-builder-workspace/Sources/W3WSwiftCore/Types/Values/W3WLanguage.swift (in target 'W3WSwiftCore' from project 'w3w-swift-core')
    cd /Users/admin/builder/spi-builder-workspace/.swiftpm/xcode

SwiftCompile normal arm64 /Users/admin/builder/spi-builder-workspace/Sources/W3WSwiftCore/Types/Values/W3WRanked.swift (in target 'W3WSwiftCore' from project 'w3w-swift-core')
    cd /Users/admin/builder/spi-builder-workspace/.swiftpm/xcode

SwiftCompile normal arm64 /Users/admin/builder/spi-builder-workspace/Sources/W3WSwiftCore/Types/Values/W3WSquare.swift (in target 'W3WSwiftCore' from project 'w3w-swift-core')
    cd /Users/admin/builder/spi-builder-workspace/.swiftpm/xcode

SwiftCompile normal arm64 Compiling\ W3WSuggestion.swift,\ W3WAudioStreamProtocol.swift,\ W3WVoiceListeningState.swift,\ W3WVoiceProtocol.swift,\ W3WVoiceSuggestion+W3WSwiftCore.swift,\ W3WSettings+W3WSwiftCore.swift /Users/admin/builder/spi-builder-workspace/Sources/W3WSwiftCore/Types/Values/W3WSuggestion.swift /Users/admin/builder/spi-builder-workspace/Sources/W3WSwiftCore/Voice/W3WAudioStreamProtocol.swift /Users/admin/builder/spi-builder-workspace/Sources/W3WSwiftCore/Voice/W3WVoiceListeningState.swift /Users/admin/builder/spi-builder-workspace/Sources/W3WSwiftCore/Voice/W3WVoiceProtocol.swift /Users/admin/builder/spi-builder-workspace/Sources/W3WSwiftCore/Voice/W3WVoiceSuggestion+W3WSwiftCore.swift /Users/admin/builder/spi-builder-workspace/Sources/W3WSwiftCore/W3WSettings+W3WSwiftCore.swift (in target 'W3WSwiftCore' from project 'w3w-swift-core')
SwiftCompile normal arm64 /Users/admin/builder/spi-builder-workspace/Sources/W3WSwiftCore/Types/Values/W3WSuggestion.swift (in target 'W3WSwiftCore' from project 'w3w-swift-core')
    cd /Users/admin/builder/spi-builder-workspace/.swiftpm/xcode

SwiftCompile normal arm64 /Users/admin/builder/spi-builder-workspace/Sources/W3WSwiftCore/Voice/W3WAudioStreamProtocol.swift (in target 'W3WSwiftCore' from project 'w3w-swift-core')
    cd /Users/admin/builder/spi-builder-workspace/.swiftpm/xcode

SwiftCompile normal arm64 /Users/admin/builder/spi-builder-workspace/Sources/W3WSwiftCore/Voice/W3WVoiceListeningState.swift (in target 'W3WSwiftCore' from project 'w3w-swift-core')
    cd /Users/admin/builder/spi-builder-workspace/.swiftpm/xcode

SwiftCompile normal arm64 /Users/admin/builder/spi-builder-workspace/Sources/W3WSwiftCore/Voice/W3WVoiceProtocol.swift (in target 'W3WSwiftCore' from project 'w3w-swift-core')
    cd /Users/admin/builder/spi-builder-workspace/.swiftpm/xcode

SwiftCompile normal arm64 /Users/admin/builder/spi-builder-workspace/Sources/W3WSwiftCore/Voice/W3WVoiceSuggestion+W3WSwiftCore.swift (in target 'W3WSwiftCore' from project 'w3w-swift-core')
    cd /Users/admin/builder/spi-builder-workspace/.swiftpm/xcode

SwiftCompile normal arm64 /Users/admin/builder/spi-builder-workspace/Sources/W3WSwiftCore/W3WSettings+W3WSwiftCore.swift (in target 'W3WSwiftCore' from project 'w3w-swift-core')
    cd /Users/admin/builder/spi-builder-workspace/.swiftpm/xcode

SwiftCompile normal arm64 Compiling\ W3WLive.swift,\ W3WRegex.swift,\ W3WRfcLanguage+W3WLanguage.swift,\ W3WRfcLanguage+W3WSdkLanguage.swift,\ W3WRfcLanguage.swift,\ W3WRfcLanguageProtocol.swift,\ W3WRfcLanguageProtocols.swift /Users/admin/builder/spi-builder-workspace/Sources/W3WSwiftCore/Reactive/W3WLive.swift /Users/admin/builder/spi-builder-workspace/Sources/W3WSwiftCore/Regex/W3WRegex.swift /Users/admin/builder/spi-builder-workspace/Sources/W3WSwiftCore/RfcLanguage/W3WRfcLanguage+W3WLanguage.swift /Users/admin/builder/spi-builder-workspace/Sources/W3WSwiftCore/RfcLanguage/W3WRfcLanguage+W3WSdkLanguage.swift /Users/admin/builder/spi-builder-workspace/Sources/W3WSwiftCore/RfcLanguage/W3WRfcLanguage.swift /Users/admin/builder/spi-builder-workspace/Sources/W3WSwiftCore/RfcLanguage/W3WRfcLanguageProtocol.swift /Users/admin/builder/spi-builder-workspace/Sources/W3WSwiftCore/RfcLanguage/W3WRfcLanguageProtocols.swift (in target 'W3WSwiftCore' from project 'w3w-swift-core')
SwiftCompile normal arm64 /Users/admin/builder/spi-builder-workspace/Sources/W3WSwiftCore/Reactive/W3WLive.swift (in target 'W3WSwiftCore' from project 'w3w-swift-core')
    cd /Users/admin/builder/spi-builder-workspace/.swiftpm/xcode

SwiftCompile normal arm64 /Users/admin/builder/spi-builder-workspace/Sources/W3WSwiftCore/Regex/W3WRegex.swift (in target 'W3WSwiftCore' from project 'w3w-swift-core')
    cd /Users/admin/builder/spi-builder-workspace/.swiftpm/xcode

SwiftCompile normal arm64 /Users/admin/builder/spi-builder-workspace/Sources/W3WSwiftCore/RfcLanguage/W3WRfcLanguage+W3WLanguage.swift (in target 'W3WSwiftCore' from project 'w3w-swift-core')
    cd /Users/admin/builder/spi-builder-workspace/.swiftpm/xcode

SwiftCompile normal arm64 /Users/admin/builder/spi-builder-workspace/Sources/W3WSwiftCore/RfcLanguage/W3WRfcLanguage+W3WSdkLanguage.swift (in target 'W3WSwiftCore' from project 'w3w-swift-core')
    cd /Users/admin/builder/spi-builder-workspace/.swiftpm/xcode

SwiftCompile normal arm64 /Users/admin/builder/spi-builder-workspace/Sources/W3WSwiftCore/RfcLanguage/W3WRfcLanguage.swift (in target 'W3WSwiftCore' from project 'w3w-swift-core')
    cd /Users/admin/builder/spi-builder-workspace/.swiftpm/xcode

SwiftCompile normal arm64 /Users/admin/builder/spi-builder-workspace/Sources/W3WSwiftCore/RfcLanguage/W3WRfcLanguageProtocol.swift (in target 'W3WSwiftCore' from project 'w3w-swift-core')
    cd /Users/admin/builder/spi-builder-workspace/.swiftpm/xcode

SwiftCompile normal arm64 /Users/admin/builder/spi-builder-workspace/Sources/W3WSwiftCore/RfcLanguage/W3WRfcLanguageProtocols.swift (in target 'W3WSwiftCore' from project 'w3w-swift-core')
    cd /Users/admin/builder/spi-builder-workspace/.swiftpm/xcode

SwiftCompile normal arm64 Compiling\ W3WURLError.swift,\ W3WJson.swift,\ W3WRequest.swift,\ Combine+Extensions.swift,\ W3WEvent.swift,\ W3WEventSubscriberProtocol.swift,\ W3WEventsSubscriptions.swift /Users/admin/builder/spi-builder-workspace/Sources/W3WSwiftCore/Network/W3WAPI/W3WURLError.swift /Users/admin/builder/spi-builder-workspace/Sources/W3WSwiftCore/Network/W3WJson.swift /Users/admin/builder/spi-builder-workspace/Sources/W3WSwiftCore/Network/W3WRequest.swift /Users/admin/builder/spi-builder-workspace/Sources/W3WSwiftCore/Reactive/Combine+Extensions.swift /Users/admin/builder/spi-builder-workspace/Sources/W3WSwiftCore/Reactive/W3WEvent.swift /Users/admin/builder/spi-builder-workspace/Sources/W3WSwiftCore/Reactive/W3WEventSubscriberProtocol.swift /Users/admin/builder/spi-builder-workspace/Sources/W3WSwiftCore/Reactive/W3WEventsSubscriptions.swift (in target 'W3WSwiftCore' from project 'w3w-swift-core')
SwiftCompile normal arm64 /Users/admin/builder/spi-builder-workspace/Sources/W3WSwiftCore/Network/W3WAPI/W3WURLError.swift (in target 'W3WSwiftCore' from project 'w3w-swift-core')
    cd /Users/admin/builder/spi-builder-workspace/.swiftpm/xcode

SwiftCompile normal arm64 /Users/admin/builder/spi-builder-workspace/Sources/W3WSwiftCore/Network/W3WJson.swift (in target 'W3WSwiftCore' from project 'w3w-swift-core')
    cd /Users/admin/builder/spi-builder-workspace/.swiftpm/xcode

SwiftCompile normal arm64 /Users/admin/builder/spi-builder-workspace/Sources/W3WSwiftCore/Network/W3WRequest.swift (in target 'W3WSwiftCore' from project 'w3w-swift-core')
    cd /Users/admin/builder/spi-builder-workspace/.swiftpm/xcode

SwiftCompile normal arm64 /Users/admin/builder/spi-builder-workspace/Sources/W3WSwiftCore/Reactive/Combine+Extensions.swift (in target 'W3WSwiftCore' from project 'w3w-swift-core')
    cd /Users/admin/builder/spi-builder-workspace/.swiftpm/xcode

SwiftCompile normal arm64 /Users/admin/builder/spi-builder-workspace/Sources/W3WSwiftCore/Reactive/W3WEvent.swift (in target 'W3WSwiftCore' from project 'w3w-swift-core')
    cd /Users/admin/builder/spi-builder-workspace/.swiftpm/xcode

SwiftCompile normal arm64 /Users/admin/builder/spi-builder-workspace/Sources/W3WSwiftCore/Reactive/W3WEventSubscriberProtocol.swift (in target 'W3WSwiftCore' from project 'w3w-swift-core')
    cd /Users/admin/builder/spi-builder-workspace/.swiftpm/xcode

SwiftCompile normal arm64 /Users/admin/builder/spi-builder-workspace/Sources/W3WSwiftCore/Reactive/W3WEventsSubscriptions.swift (in target 'W3WSwiftCore' from project 'w3w-swift-core')
    cd /Users/admin/builder/spi-builder-workspace/.swiftpm/xcode

SwiftEmitModule normal arm64 Emitting\ module\ for\ W3WSwiftCore (in target 'W3WSwiftCore' from project 'w3w-swift-core')
Failed frontend command:
/Applications/Xcode-26.5.0.app/Contents/Developer/Toolchains/XcodeDefault.xctoolchain/usr/bin/swift-frontend -frontend -emit-module -experimental-skip-non-inlinable-function-bodies-without-types /Users/admin/builder/spi-builder-workspace/Sources/W3WSwiftCore/Accounts/W3WUser.swift /Users/admin/builder/spi-builder-workspace/Sources/W3WSwiftCore/Audio/W3WAudioRecorder.swift /Users/admin/builder/spi-builder-workspace/Sources/W3WSwiftCore/Audio/W3WAudioRecording.swift /Users/admin/builder/spi-builder-workspace/Sources/W3WSwiftCore/Audio/W3WAudioStream.swift /Users/admin/builder/spi-builder-workspace/Sources/W3WSwiftCore/Audio/W3WEncoding.swift /Users/admin/builder/spi-builder-workspace/Sources/W3WSwiftCore/Audio/W3WMicrophone.swift /Users/admin/builder/spi-builder-workspace/Sources/W3WSwiftCore/Bridges/ApiExtension.swift /Users/admin/builder/spi-builder-workspace/Sources/W3WSwiftCore/Bridges/SdkExtension.swift /Users/admin/builder/spi-builder-workspace/Sources/W3WSwiftCore/Bridges/SdkTypes.swift /Users/admin/builder/spi-builder-workspace/Sources/W3WSwiftCore/Gps/W3WGpsReading.swift /Users/admin/builder/spi-builder-workspace/Sources/W3WSwiftCore/Gps/W3WGpsState.swift /Users/admin/builder/spi-builder-workspace/Sources/W3WSwiftCore/Gps/W3WGpsStatus.swift /Users/admin/builder/spi-builder-workspace/Sources/W3WSwiftCore/Interfaces/W3WProtocolV3.swift /Users/admin/builder/spi-builder-workspace/Sources/W3WSwiftCore/Interfaces/W3WProtocolV4.swift /Users/admin/builder/spi-builder-workspace/Sources/W3WSwiftCore/Localization/W3WMockTranslation.swift /Users/admin/builder/spi-builder-workspace/Sources/W3WSwiftCore/Localization/W3WTranslate.swift /Users/admin/builder/spi-builder-workspace/Sources/W3WSwiftCore/Localization/W3WTranslationsProtocol.swift /Users/admin/builder/spi-builder-workspace/Sources/W3WSwiftCore/Network/NetworkConnection.swift /Users/admin/builder/spi-builder-workspace/Sources/W3WSwiftCore/Network/W3WAPI/W3WApi+Future.swift /Users/admin/builder/spi-builder-workspace/Sources/W3WSwiftCore/Network/W3WAPI/W3WApi.swift /Users/admin/builder/spi-builder-workspace/Sources/W3WSwiftCore/Network/W3WAPI/W3WApiEncoding.swift /Users/admin/builder/spi-builder-workspace/Sources/W3WSwiftCore/Network/W3WAPI/W3WURLError.swift /Users/admin/builder/spi-builder-workspace/Sources/W3WSwiftCore/Network/W3WJson.swift /Users/admin/builder/spi-builder-workspace/Sources/W3WSwiftCore/Network/W3WRequest.swift /Users/admin/builder/spi-builder-workspace/Sources/W3WSwiftCore/Reactive/Combine+Extensions.swift /Users/admin/builder/spi-builder-workspace/Sources/W3WSwiftCore/Reactive/W3WEvent.swift /Users/admin/builder/spi-builder-workspace/Sources/W3WSwiftCore/Reactive/W3WEventSubscriberProtocol.swift /Users/admin/builder/spi-builder-workspace/Sources/W3WSwiftCore/Reactive/W3WEventsSubscriptions.swift /Users/admin/builder/spi-builder-workspace/Sources/W3WSwiftCore/Reactive/W3WLive.swift /Users/admin/builder/spi-builder-workspace/Sources/W3WSwiftCore/Regex/W3WRegex.swift /Users/admin/builder/spi-builder-workspace/Sources/W3WSwiftCore/RfcLanguage/W3WRfcLanguage+W3WLanguage.swift /Users/admin/builder/spi-builder-workspace/Sources/W3WSwiftCore/RfcLanguage/W3WRfcLanguage+W3WSdkLanguage.swift /Users/admin/builder/spi-builder-workspace/Sources/W3WSwiftCore/RfcLanguage/W3WRfcLanguage.swift /Users/admin/builder/spi-builder-workspace/Sources/W3WSwiftCore/RfcLanguage/W3WRfcLanguageProtocol.swift /Users/admin/builder/spi-builder-workspace/Sources/W3WSwiftCore/RfcLanguage/W3WRfcLanguageProtocols.swift /Users/admin/builder/spi-builder-workspace/Sources/W3WSwiftCore/Threading/W3WDebouncer.swift /Users/admin/builder/spi-builder-workspace/Sources/W3WSwiftCore/Threading/W3WThread.swift /Users/admin/builder/spi-builder-workspace/Sources/W3WSwiftCore/Types/Geometry/W3WBox.swift /Users/admin/builder/spi-builder-workspace/Sources/W3WSwiftCore/Types/Geometry/W3WCircle.swift /Users/admin/builder/spi-builder-workspace/Sources/W3WSwiftCore/Types/Geometry/W3WDistance.swift /Users/admin/builder/spi-builder-workspace/Sources/W3WSwiftCore/Types/Geometry/W3WLine.swift /Users/admin/builder/spi-builder-workspace/Sources/W3WSwiftCore/Types/Geometry/W3WPolygon.swift /Users/admin/builder/spi-builder-workspace/Sources/W3WSwiftCore/Types/Options/W3WInputType.swift /Users/admin/builder/spi-builder-workspace/Sources/W3WSwiftCore/Types/Options/W3WOption.swift /Users/admin/builder/spi-builder-workspace/Sources/W3WSwiftCore/Types/Options/W3WOptionAcceptorProtocol.swift /Users/admin/builder/spi-builder-workspace/Sources/W3WSwiftCore/Types/Options/W3WOptionProtocol.swift /Users/admin/builder/spi-builder-workspace/Sources/W3WSwiftCore/Types/Options/W3WOptions.swift /Users/admin/builder/spi-builder-workspace/Sources/W3WSwiftCore/Types/Street/W3WStreetAddress.swift /Users/admin/builder/spi-builder-workspace/Sources/W3WSwiftCore/Types/Street/W3WStreetAddressKey.swift /Users/admin/builder/spi-builder-workspace/Sources/W3WSwiftCore/Types/Time/W3WDuration.swift /Users/admin/builder/spi-builder-workspace/Sources/W3WSwiftCore/Types/Util/ClosureDefinitions.swift /Users/admin/builder/spi-builder-workspace/Sources/W3WSwiftCore/Types/Util/LanguageUtils.swift /Users/admin/builder/spi-builder-workspace/Sources/W3WSwiftCore/Types/Util/W3WError+W3WSwiftCore.swift /Users/admin/builder/spi-builder-workspace/Sources/W3WSwiftCore/Types/Util/W3WMeasurementSystem.swift /Users/admin/builder/spi-builder-workspace/Sources/W3WSwiftCore/Types/Util/W3WUtilitiesProtocol.swift /Users/admin/builder/spi-builder-workspace/Sources/W3WSwiftCore/Types/Util/W3WWritingDirection.swift /Users/admin/builder/spi-builder-workspace/Sources/W3WSwiftCore/Types/Values/W3WCountry.swift /Users/admin/builder/spi-builder-workspace/Sources/W3WSwiftCore/Types/Values/W3WLanguage.swift /Users/admin/builder/spi-builder-workspace/Sources/W3WSwiftCore/Types/Values/W3WRanked.swift /Users/admin/builder/spi-builder-workspace/Sources/W3WSwiftCore/Types/Values/W3WSquare.swift /Users/admin/builder/spi-builder-workspace/Sources/W3WSwiftCore/Types/Values/W3WSuggestion.swift /Users/admin/builder/spi-builder-workspace/Sources/W3WSwiftCore/Voice/W3WAudioStreamProtocol.swift /Users/admin/builder/spi-builder-workspace/Sources/W3WSwiftCore/Voice/W3WVoiceListeningState.swift /Users/admin/builder/spi-builder-workspace/Sources/W3WSwiftCore/Voice/W3WVoiceProtocol.swift /Users/admin/builder/spi-builder-workspace/Sources/W3WSwiftCore/Voice/W3WVoiceSuggestion+W3WSwiftCore.swift /Users/admin/builder/spi-builder-workspace/Sources/W3WSwiftCore/W3WSettings+W3WSwiftCore.swift -target arm64-apple-tvos12.0 -module-can-import-version Combine 3023 0 -module-can-import-version UIKit 9126.5.5 9126.5.5 -load-resolved-plugin /Applications/Xcode-26.5.0.app/Contents/Developer/Platforms/AppleTVOS.platform/Developer/usr/lib/swift/host/plugins/libFoundationMacros.dylib\#/Applications/Xcode-26.5.0.app/Contents/Developer/Platforms/AppleTVOS.platform/Developer/usr/bin/swift-plugin-server\#FoundationMacros -load-resolved-plugin /Applications/Xcode-26.5.0.app/Contents/Developer/Platforms/AppleTVOS.platform/Developer/usr/lib/swift/host/plugins/libObservationMacros.dylib\#/Applications/Xcode-26.5.0.app/Contents/Developer/Platforms/AppleTVOS.platform/Developer/usr/bin/swift-plugin-server\#ObservationMacros -load-resolved-plugin /Applications/Xcode-26.5.0.app/Contents/Developer/Platforms/AppleTVOS.platform/Developer/usr/lib/swift/host/plugins/libPreviewsMacros.dylib\#/Applications/Xcode-26.5.0.app/Contents/Developer/Platforms/AppleTVOS.platform/Developer/usr/bin/swift-plugin-server\#PreviewsMacros -load-resolved-plugin /Applications/Xcode-26.5.0.app/Contents/Developer/Platforms/AppleTVOS.platform/Developer/usr/lib/swift/host/plugins/libSwiftMacros.dylib\#/Applications/Xcode-26.5.0.app/Contents/Developer/Platforms/AppleTVOS.platform/Developer/usr/bin/swift-plugin-server\#SwiftMacros -load-resolved-plugin /Applications/Xcode-26.5.0.app/Contents/Developer/Platforms/AppleTVOS.platform/Developer/usr/lib/swift/host/plugins/libSwiftUIMacros.dylib\#/Applications/Xcode-26.5.0.app/Contents/Developer/Platforms/AppleTVOS.platform/Developer/usr/bin/swift-plugin-server\#SwiftUIMacros -load-resolved-plugin /Applications/Xcode-26.5.0.app/Contents/Developer/Platforms/AppleTVOS.platform/Developer/usr/lib/swift/host/plugins/libTipKitMacros.dylib\#/Applications/Xcode-26.5.0.app/Contents/Developer/Platforms/AppleTVOS.platform/Developer/usr/bin/swift-plugin-server\#TipKitMacros -disable-implicit-swift-modules -Xcc -fno-implicit-modules -Xcc -fno-implicit-module-maps -explicit-swift-module-map-file /Users/admin/builder/spi-builder-workspace/.derivedData/Build/Intermediates.noindex/w3w-swift-core.build/Debug-appletvos/W3WSwiftCore.build/Objects-normal/arm64/W3WSwiftCore-dependencies-1.json -Xllvm -aarch64-use-tbi -enable-objc-interop -sdk /Applications/Xcode-26.5.0.app/Contents/Developer/Platforms/AppleTVOS.platform/Developer/SDKs/AppleTVOS26.5.sdk -I /Users/admin/builder/spi-builder-workspace/.derivedData/Build/Products/Debug-appletvos -Isystem /Applications/Xcode-26.5.0.app/Contents/Developer/Platforms/AppleTVOS.platform/Developer/usr/lib -F /Users/admin/builder/spi-builder-workspace/.derivedData/Build/Products/Debug-appletvos -F /Applications/Xcode-26.5.0.app/Contents/Developer/Platforms/AppleTVOS.platform/Developer/Library/Frameworks -F /Applications/Xcode-26.5.0.app/Contents/Developer/Platforms/AppleTVOS.platform/Developer/SDKs/AppleTVOS26.5.sdk/Developer/Library/Frameworks -no-color-diagnostics -Xcc -fno-color-diagnostics -enable-testing -g -debug-info-format\=dwarf -dwarf-version\=4 -module-cache-path /Users/admin/builder/spi-builder-workspace/.derivedData/Build/Intermediates.noindex/SwiftExplicitPrecompiledModules -profile-generate -profile-coverage-mapping -swift-version 5 -Onone -D SWIFT_PACKAGE -D DEBUG -D SWIFT_MODULE_RESOURCE_BUNDLE_UNAVAILABLE -D Xcode -serialize-debugging-options -const-gather-protocols-file /Users/admin/builder/spi-builder-workspace/.derivedData/Build/Intermediates.noindex/w3w-swift-core.build/Debug-appletvos/W3WSwiftCore.build/Objects-normal/arm64/W3WSwiftCore_const_extract_protocols.json -enable-experimental-feature DebugDescriptionMacro -empty-abi-descriptor -validate-clang-modules-once -clang-build-session-file /Users/admin/builder/spi-builder-workspace/.derivedData/ModuleCache.noindex/Session.modulevalidation -Xcc -working-directory -Xcc /Users/admin/builder/spi-builder-workspace/.swiftpm/xcode -enable-anonymous-context-mangled-names -file-compilation-dir /Users/admin/builder/spi-builder-workspace/.swiftpm/xcode -Xcc -D_LIBCPP_HARDENING_MODE\=_LIBCPP_HARDENING_MODE_DEBUG -Xcc -ivfsstatcache -Xcc /Users/admin/builder/spi-builder-workspace/.derivedData/SDKStatCaches.noindex/appletvos26.5-23L470-688ef53f1462e2c8f657fdc38a81448fa2efe9286588b677106490127979b81c.sdkstatcache -Xcc -I/Users/admin/builder/spi-builder-workspace/.derivedData/Build/Intermediates.noindex/w3w-swift-core.build/Debug-appletvos/W3WSwiftCore.build/swift-overrides.hmap -Xcc -I/Users/admin/builder/spi-builder-workspace/.derivedData/Build/Products/Debug-appletvos/include -Xcc -I/Users/admin/builder/spi-builder-workspace/.derivedData/Build/Intermediates.noindex/w3w-swift-core.build/Debug-appletvos/W3WSwiftCore.build/DerivedSources-normal/arm64 -Xcc -I/Users/admin/builder/spi-builder-workspace/.derivedData/Build/Intermediates.noindex/w3w-swift-core.build/Debug-appletvos/W3WSwiftCore.build/DerivedSources/arm64 -Xcc -I/Users/admin/builder/spi-builder-workspace/.derivedData/Build/Intermediates.noindex/w3w-swift-core.build/Debug-appletvos/W3WSwiftCore.build/DerivedSources -Xcc -DSWIFT_PACKAGE -Xcc -DDEBUG\=1 -no-auto-bridging-header-chaining -module-name W3WSwiftCore -package-name spi_builder_workspace -frontend-parseable-output -disable-clang-spi -clang-target arm64-apple-tvos26.5 -target-sdk-version 26.5 -target-sdk-name appletvos26.5 -in-process-plugin-server-path /Applications/Xcode-26.5.0.app/Contents/Developer/Toolchains/XcodeDefault.xctoolchain/usr/lib/swift/host/libSwiftInProcPluginServer.dylib -emit-module-doc-path /Users/admin/builder/spi-builder-workspace/.derivedData/Build/Intermediates.noindex/w3w-swift-core.build/Debug-appletvos/W3WSwiftCore.build/Objects-normal/arm64/W3WSwiftCore.swiftdoc -emit-module-source-info-path /Users/admin/builder/spi-builder-workspace/.derivedData/Build/Intermediates.noindex/w3w-swift-core.build/Debug-appletvos/W3WSwiftCore.build/Objects-normal/arm64/W3WSwiftCore.swiftsourceinfo -emit-objc-header-path /Users/admin/builder/spi-builder-workspace/.derivedData/Build/Intermediates.noindex/w3w-swift-core.build/Debug-appletvos/W3WSwiftCore.build/Objects-normal/arm64/W3WSwiftCore-Swift.h -serialize-diagnostics-path /Users/admin/builder/spi-builder-workspace/.derivedData/Build/Intermediates.noindex/w3w-swift-core.build/Debug-appletvos/W3WSwiftCore.build/Objects-normal/arm64/W3WSwiftCore-primary-emit-module.dia -emit-dependencies-path /Users/admin/builder/spi-builder-workspace/.derivedData/Build/Intermediates.noindex/w3w-swift-core.build/Debug-appletvos/W3WSwiftCore.build/Objects-normal/arm64/W3WSwiftCore-primary-emit-module.d -o /Users/admin/builder/spi-builder-workspace/.derivedData/Build/Intermediates.noindex/w3w-swift-core.build/Debug-appletvos/W3WSwiftCore.build/Objects-normal/arm64/W3WSwiftCore.swiftmodule -emit-abi-descriptor-path /Users/admin/builder/spi-builder-workspace/.derivedData/Build/Intermediates.noindex/w3w-swift-core.build/Debug-appletvos/W3WSwiftCore.build/Objects-normal/arm64/W3WSwiftCore.abi.json
EmitSwiftModule normal arm64 (in target 'W3WSwiftCore' from project 'w3w-swift-core')
    cd /Users/admin/builder/spi-builder-workspace/.swiftpm/xcode

/Users/admin/builder/spi-builder-workspace/Sources/W3WSwiftCore/Network/W3WRequest.swift:149:171: error: concurrency is only available in tvOS 13.0.0 or newer
  public func call<T: Codable>(path: String, params: [String:String]? = nil, json: [String:Any]? = nil, postVars: [String:String] = [:], method: W3WRequestMethod = .get) async throws -> T {
                                                                                                                                                                          ^
/Users/admin/builder/spi-builder-workspace/Sources/W3WSwiftCore/Network/W3WRequest.swift:149:15: note: add '@available' attribute to enclosing instance method
  public func call<T: Codable>(path: String, params: [String:String]? = nil, json: [String:Any]? = nil, postVars: [String:String] = [:], method: W3WRequestMethod = .get) async throws -> T {
              ^
/Users/admin/builder/spi-builder-workspace/Sources/W3WSwiftCore/Network/W3WRequest.swift:33:12: note: add '@available' attribute to enclosing class
open class W3WRequest {
           ^
/Users/admin/builder/spi-builder-workspace/Sources/W3WSwiftCore/Network/W3WRequest.swift:200:159: error: concurrency is only available in tvOS 13.0.0 or newer
  public func call(path: String, params: [String:String]? = nil, json: [String:Any]? = nil, postVars: [String:String] = [:], method: W3WRequestMethod = .get) async throws {
                                                                                                                                                              ^
/Users/admin/builder/spi-builder-workspace/Sources/W3WSwiftCore/Network/W3WRequest.swift:200:15: note: add '@available' attribute to enclosing instance method
  public func call(path: String, params: [String:String]? = nil, json: [String:Any]? = nil, postVars: [String:String] = [:], method: W3WRequestMethod = .get) async throws {
              ^
/Users/admin/builder/spi-builder-workspace/Sources/W3WSwiftCore/Network/W3WRequest.swift:33:12: note: add '@available' attribute to enclosing class
open class W3WRequest {
           ^
/Users/admin/builder/spi-builder-workspace/Sources/W3WSwiftCore/Network/W3WRequest.swift:207:54: error: concurrency is only available in tvOS 13.0.0 or newer
  private func dataFallback(for request: URLRequest) async throws -> (Data, URLResponse) {
                                                     ^
/Users/admin/builder/spi-builder-workspace/Sources/W3WSwiftCore/Network/W3WRequest.swift:207:16: note: add '@available' attribute to enclosing instance method
  private func dataFallback(for request: URLRequest) async throws -> (Data, URLResponse) {
               ^
/Users/admin/builder/spi-builder-workspace/Sources/W3WSwiftCore/Network/W3WRequest.swift:33:12: note: add '@available' attribute to enclosing class
open class W3WRequest {
           ^
/Users/admin/builder/spi-builder-workspace/Sources/W3WSwiftCore/RfcLanguage/W3WRfcLanguage+W3WLanguage.swift:24:34: error: 'some' return types are only available in tvOS 13.0.0 or newer
  public func toRfcLanguage() -> some W3WRfcLanguageProtocol {
                                 ^
/Users/admin/builder/spi-builder-workspace/Sources/W3WSwiftCore/RfcLanguage/W3WRfcLanguage+W3WLanguage.swift:24:15: note: add '@available' attribute to enclosing instance method
  public func toRfcLanguage() -> some W3WRfcLanguageProtocol {
              ^
/Users/admin/builder/spi-builder-workspace/Sources/W3WSwiftCore/RfcLanguage/W3WRfcLanguage+W3WLanguage.swift:22:1: note: add '@available' attribute to enclosing extension
extension W3WBaseLanguage: W3WRfcLanguageConvertable {
^
/Users/admin/builder/spi-builder-workspace/Sources/W3WSwiftCore/RfcLanguage/W3WRfcLanguage.swift:66:37: error: 'Language' is only available in tvOS 16 or newer
  public init(from language: Locale.Language) {
                                    ^
/Users/admin/builder/spi-builder-workspace/Sources/W3WSwiftCore/RfcLanguage/W3WRfcLanguage.swift:66:10: note: add '@available' attribute to enclosing initializer
  public init(from language: Locale.Language) {
         ^
/Users/admin/builder/spi-builder-workspace/Sources/W3WSwiftCore/RfcLanguage/W3WRfcLanguage.swift:16:15: note: add '@available' attribute to enclosing struct
public struct W3WRfcLanguage: W3WRfcLanguageProtocol {
              ^
/Users/admin/builder/spi-builder-workspace/Sources/W3WSwiftCore/RfcLanguage/W3WRfcLanguage.swift:130:18: error: 'Language' is only available in tvOS 16 or newer
extension Locale.Language : W3WRfcLanguageProtocol {
                 ^
/Users/admin/builder/spi-builder-workspace/Sources/W3WSwiftCore/RfcLanguage/W3WRfcLanguage.swift:130:1: note: add '@available' attribute to enclosing extension
extension Locale.Language : W3WRfcLanguageProtocol {
^
SwiftCompile normal arm64 Compiling\ W3WMockTranslation.swift,\ W3WTranslate.swift,\ W3WTranslationsProtocol.swift,\ NetworkConnection.swift,\ W3WApi+Future.swift,\ W3WApi.swift,\ W3WApiEncoding.swift /Users/admin/builder/spi-builder-workspace/Sources/W3WSwiftCore/Localization/W3WMockTranslation.swift /Users/admin/builder/spi-builder-workspace/Sources/W3WSwiftCore/Localization/W3WTranslate.swift /Users/admin/builder/spi-builder-workspace/Sources/W3WSwiftCore/Localization/W3WTranslationsProtocol.swift /Users/admin/builder/spi-builder-workspace/Sources/W3WSwiftCore/Network/NetworkConnection.swift /Users/admin/builder/spi-builder-workspace/Sources/W3WSwiftCore/Network/W3WAPI/W3WApi+Future.swift /Users/admin/builder/spi-builder-workspace/Sources/W3WSwiftCore/Network/W3WAPI/W3WApi.swift /Users/admin/builder/spi-builder-workspace/Sources/W3WSwiftCore/Network/W3WAPI/W3WApiEncoding.swift (in target 'W3WSwiftCore' from project 'w3w-swift-core')
2026-10-09 05:39:33.209 xcodebuild[797:4745] [MT] IDERunDestination: Supported platforms for the buildables in the current scheme is empty.
** BUILD FAILED **
The following build commands failed:
	SwiftEmitModule normal arm64 Emitting\ module\ for\ W3WSwiftCore (in target 'W3WSwiftCore' from project 'w3w-swift-core')
	EmitSwiftModule normal arm64 (in target 'W3WSwiftCore' from project 'w3w-swift-core')
	Building workspace spi-builder-workspace with scheme w3w-swift-core
(3 failures)
BUILD FAILURE 6.3 tvOS