The Swift Package Index logo.Swift Package Index

Build Information

Failed to build package-latency-tools, reference 1.0.0 (93d2be), with Swift 6.4 for Wasm on 19 Sep 2026 00:45:14 UTC.

Build Command

bash -c docker run --pull=always --rm -v "checkouts-54344844-0":/host -w "$PWD" -e JAVA_HOME="/root/.sdkman/candidates/java/current" -e SPI_BUILD="1" -e SPI_PROCESSING="1" registry.gitlab.com/saguaro1/spi-images:wasm-6.4-latest swift build --swift-sdk swift-6.4.x-DEVELOPMENT-SNAPSHOT-2026-09-04-a_wasm 2>&1

Build Log

========================================
RunAll
========================================
Builder version: 5.1.0
Interrupt handler set up.
========================================
Checkout
========================================
Clone URL: https://github.com/ordo-one/package-latency-tools.git
Reference: 1.0.0
Initialized empty Git repository in /host/spi-builder-workspace/.git/
hint: Using 'master' as the name for the initial branch. This default branch name
hint: is subject to change. To configure the initial branch name to use in all
hint: of your new repositories, which will suppress this warning, call:
hint:
hint: 	git config --global init.defaultBranch <name>
hint:
hint: Names commonly chosen instead of 'master' are 'main', 'trunk' and
hint: 'development'. The just-created branch can be renamed via this command:
hint:
hint: 	git branch -m <name>
From https://github.com/ordo-one/package-latency-tools
 * tag               1.0.0      -> FETCH_HEAD
HEAD is now at 93d2be6 build(major): add semantic release [sc-1274]
Cloned https://github.com/ordo-one/package-latency-tools.git
Revision (git rev-parse @):
93d2be69c484bebb28c5192249d7e1da15236d34
SUCCESS checkout https://github.com/ordo-one/package-latency-tools.git at 1.0.0
========================================
Build
========================================
Selected platform:         wasm
Swift version:             6.4
Building package at path:  $PWD
https://github.com/ordo-one/package-latency-tools.git
Running build ...
bash -c docker run --pull=always --rm -v "checkouts-54344844-0":/host -w "$PWD" -e JAVA_HOME="/root/.sdkman/candidates/java/current" -e SPI_BUILD="1" -e SPI_PROCESSING="1" registry.gitlab.com/saguaro1/spi-images:wasm-6.4-latest swift build --swift-sdk swift-6.4.x-DEVELOPMENT-SNAPSHOT-2026-09-04-a_wasm 2>&1
wasm-6.4-latest: Pulling from saguaro1/spi-images
Digest: sha256:4328fdb43c680d205c1d6761b1e3267aa38277eefdda9ddfb17b6a0f1a77857a
Status: Image is up to date for registry.gitlab.com/saguaro1/spi-images:wasm-6.4-latest
Fetching https://github.com/apple/swift-numerics
[1/6636] Fetching swift-numerics
Fetched https://github.com/apple/swift-numerics (0.92s)
Computing version for https://github.com/apple/swift-numerics
Computed https://github.com/apple/swift-numerics at 1.1.1 (1.09s)
Creating working copy for https://github.com/apple/swift-numerics
Working copy of https://github.com/apple/swift-numerics resolved at 1.1.1
Building for debugging...
[Computing dependencies]
[Pre-planning 1 / 271]
[Planning deferred tasks]
[36 / 85] LatencyStatisticsCLI-product
error: SwiftCompile normal wasm32 failed with a nonzero exit code. Command line:     cd /host

/host/spi-builder-workspace/Sources/LatencyTimer/LatencyTimer.swift:6:8: error: Unsupported Platform
 4 | import Glibc
 5 | #else
 6 | #error("Unsupported Platform")
   |        `- error: Unsupported Platform
 7 | #endif
 8 |
/host/spi-builder-workspace/Sources/LatencyTimer/LatencyTimer.swift:30:18: error: cannot find 'timespec' in scope
28 |     @inline(__always)
29 |     public static func getTimestamp() -> UInt64 {
30 |         var ts = timespec()
   |                  `- error: cannot find 'timespec' in scope
31 |         let result = clock_gettime(CLOCK_REALTIME, &ts)
32 |
/host/spi-builder-workspace/Sources/LatencyTimer/LatencyTimer.swift:31:22: error: cannot find 'clock_gettime' in scope
29 |     public static func getTimestamp() -> UInt64 {
30 |         var ts = timespec()
31 |         let result = clock_gettime(CLOCK_REALTIME, &ts)
   |                      `- error: cannot find 'clock_gettime' in scope
32 |
33 |         guard result == 0 else {
/host/spi-builder-workspace/Sources/LatencyTimer/LatencyTimer.swift:31:36: error: cannot find 'CLOCK_REALTIME' in scope
29 |     public static func getTimestamp() -> UInt64 {
30 |         var ts = timespec()
31 |         let result = clock_gettime(CLOCK_REALTIME, &ts)
   |                                    `- error: cannot find 'CLOCK_REALTIME' in scope
32 |
33 |         guard result == 0 else {
/host/spi-builder-workspace/Sources/LatencyTimer/LatencyTimer.swift:34:82: error: cannot find 'errno' in scope
32 |
33 |         guard result == 0 else {
34 |             fatalError("Failed to get current time in clock_gettime(), errno = \(errno)")
   |                                                                                  `- error: cannot find 'errno' in scope
35 |         }
36 |
Failed frontend command:
/usr/bin/swift-frontend -frontend -emit-module -experimental-skip-non-inlinable-function-bodies-without-types /host/spi-builder-workspace/Sources/LatencyTimer/LatencyTimer.swift -target wasm32-unknown-wasip1 -disable-objc-interop -sdk /root/.swiftpm/swift-sdks/swift-6.4.x-DEVELOPMENT-SNAPSHOT-2026-09-04-a_wasm.artifactbundle/swift-6.4.x-DEVELOPMENT-SNAPSHOT-2026-09-04-a_wasm/wasm32-unknown-wasip1/WASI.sdk -sysroot /root/.swiftpm/swift-sdks/swift-6.4.x-DEVELOPMENT-SNAPSHOT-2026-09-04-a_wasm.artifactbundle/swift-6.4.x-DEVELOPMENT-SNAPSHOT-2026-09-04-a_wasm/wasm32-unknown-wasip1/WASI.sdk -I /host/spi-builder-workspace/.build/out/Products/Debug-webassembly-wasm32 -module-cache-path /host/spi-builder-workspace/.build/out/ModuleCache.noindex -color-diagnostics -Xcc -fcolor-diagnostics -enable-testing -g -debug-info-format\=dwarf -dwarf-version\=4 -swift-version 5 -Onone -D SWIFT_PACKAGE -D DEBUG -D SWIFT_MODULE_RESOURCE_BUNDLE_UNAVAILABLE -D Xcode -serialize-debugging-options -enable-experimental-feature DebugDescriptionMacro -empty-abi-descriptor -external-plugin-path /usr/lib/swift/host/plugins/testing\#/usr/bin/swift-plugin-server -validate-clang-modules-once -clang-build-session-file /host/spi-builder-workspace/.build/out/ModuleCache.noindex/Session.modulevalidation -Xcc -working-directory -Xcc /host -resource-dir /root/.swiftpm/swift-sdks/swift-6.4.x-DEVELOPMENT-SNAPSHOT-2026-09-04-a_wasm.artifactbundle/swift-6.4.x-DEVELOPMENT-SNAPSHOT-2026-09-04-a_wasm/wasm32-unknown-wasip1/swift.xctoolchain/usr/lib/swift_static -use-static-resource-dir -enable-anonymous-context-mangled-names -file-compilation-dir /host -Xcc -resource-dir -Xcc /root/.swiftpm/swift-sdks/swift-6.4.x-DEVELOPMENT-SNAPSHOT-2026-09-04-a_wasm.artifactbundle/swift-6.4.x-DEVELOPMENT-SNAPSHOT-2026-09-04-a_wasm/wasm32-unknown-wasip1/swift.xctoolchain/usr/lib/swift_static/clang -Xcc -D_LIBCPP_HARDENING_MODE\=_LIBCPP_HARDENING_MODE_DEBUG -Xcc -fmodules-prune-interval\=86400 -Xcc -fmodules-prune-after\=345600 -Xcc -I/host/spi-builder-workspace/.build/out/Products/Debug-webassembly-wasm32/include -Xcc -I/host/spi-builder-workspace/.build/out/Intermediates.noindex/package-latency-tools.build/Debug-webassembly-wasm32/LatencyTimer-t.build/DerivedSources-normal/wasm32 -Xcc -I/host/spi-builder-workspace/.build/out/Intermediates.noindex/package-latency-tools.build/Debug-webassembly-wasm32/LatencyTimer-t.build/DerivedSources/wasm32 -Xcc -I/host/spi-builder-workspace/.build/out/Intermediates.noindex/package-latency-tools.build/Debug-webassembly-wasm32/LatencyTimer-t.build/DerivedSources -Xcc -DSWIFT_PACKAGE -Xcc -DDEBUG\=1 -no-auto-bridging-header-chaining -module-name LatencyTimer -const-gather-protocols-file /host/spi-builder-workspace/.build/out/Intermediates.noindex/package-latency-tools.build/Debug-webassembly-wasm32/LatencyTimer-t.build/Objects-normal/wasm32/LatencyTimer_const_extract_protocols.json -in-process-plugin-server-path /usr/lib/swift/host/libSwiftInProcPluginServer.so -plugin-path /usr/lib/swift/host/plugins -plugin-path /usr/local/lib/swift/host/plugins -emit-module-doc-path /host/spi-builder-workspace/.build/out/Intermediates.noindex/package-latency-tools.build/Debug-webassembly-wasm32/LatencyTimer-t.build/Objects-normal/wasm32/Modules/LatencyTimer.swiftdoc -emit-module-source-info-path /host/spi-builder-workspace/.build/out/Intermediates.noindex/package-latency-tools.build/Debug-webassembly-wasm32/LatencyTimer-t.build/Objects-normal/wasm32/Modules/LatencyTimer.swiftsourceinfo -emit-objc-header-path /host/spi-builder-workspace/.build/out/Intermediates.noindex/package-latency-tools.build/Debug-webassembly-wasm32/LatencyTimer-t.build/Objects-normal/wasm32/LatencyTimer-Swift.h -serialize-diagnostics-path /host/spi-builder-workspace/.build/out/Intermediates.noindex/package-latency-tools.build/Debug-webassembly-wasm32/LatencyTimer-t.build/Objects-normal/wasm32/LatencyTimer-primary-emit-module.dia -emit-dependencies-path /host/spi-builder-workspace/.build/out/Intermediates.noindex/package-latency-tools.build/Debug-webassembly-wasm32/LatencyTimer-t.build/Objects-normal/wasm32/LatencyTimer-primary-emit-module.d -parse-as-library -o /host/spi-builder-workspace/.build/out/Intermediates.noindex/package-latency-tools.build/Debug-webassembly-wasm32/LatencyTimer-t.build/Objects-normal/wasm32/Modules/LatencyTimer.swiftmodule
error: Build failed
BUILD FAILURE 6.4 wasm