Build Information
Failed to build LaunchDarkly, reference v11 (cadbf3), with Swift 6.3 for Linux on 10 Oct 2026 18:57:42 UTC.
Build Command
bash -c docker run --pull=always --rm -v "checkouts-54344849-2":/host -w "$PWD" -e JAVA_HOME="/root/.sdkman/candidates/java/current" -e SPI_BUILD="1" -e SPI_PROCESSING="1" registry.gitlab.com/saguaro1/spi-images:basic-6.3-latest swift build --triple x86_64-unknown-linux-gnu 2>&1Build Log
========================================
RunAll
========================================
Builder version: 5.1.1
Interrupt handler set up.
========================================
Checkout
========================================
Clone URL: https://github.com/launchdarkly/ios-client-sdk.git
Reference: v11
Initialized empty Git repository in /host/spi-builder-workspace/.git/
hint: Using 'master' as the name for the initial branch. This default branch name
hint: is subject to change. To configure the initial branch name to use in all
hint: of your new repositories, which will suppress this warning, call:
hint:
hint: git config --global init.defaultBranch <name>
hint:
hint: Names commonly chosen instead of 'master' are 'main', 'trunk' and
hint: 'development'. The just-created branch can be renamed via this command:
hint:
hint: git branch -m <name>
From https://github.com/launchdarkly/ios-client-sdk
* branch v11 -> FETCH_HEAD
* [new branch] v11 -> origin/v11
HEAD is now at cadbf32 refactor(client): Build each service once in the initializer (#537)
Cloned https://github.com/launchdarkly/ios-client-sdk.git
Revision (git rev-parse @):
cadbf329239a6cbff58bbc183b40622420acd2b4
SUCCESS checkout https://github.com/launchdarkly/ios-client-sdk.git at v11
========================================
Build
========================================
Selected platform: linux
Swift version: 6.3
Building package at path: $PWD
https://github.com/launchdarkly/ios-client-sdk.git
Running build ...
bash -c docker run --pull=always --rm -v "checkouts-54344849-2":/host -w "$PWD" -e JAVA_HOME="/root/.sdkman/candidates/java/current" -e SPI_BUILD="1" -e SPI_PROCESSING="1" registry.gitlab.com/saguaro1/spi-images:basic-6.3-latest swift build --triple x86_64-unknown-linux-gnu 2>&1
basic-6.3-latest: Pulling from saguaro1/spi-images
Digest: sha256:3ca70b9b8664d81efdd98fa96053b1e7cad14580e7715018d5ab4380e807ba72
Status: Image is up to date for registry.gitlab.com/saguaro1/spi-images:basic-6.3-latest
Fetching https://github.com/mattgallagher/CwlPreconditionTesting
Fetching https://github.com/LaunchDarkly/swift-eventsource.git
Fetching https://github.com/Quick/Nimble.git
Fetching https://github.com/Quick/Quick.git
Fetching https://github.com/AliSoftware/OHHTTPStubs.git
[1/1257] Fetching cwlpreconditiontesting
[291/3334] Fetching cwlpreconditiontesting, swift-eventsource
[961/11234] Fetching cwlpreconditiontesting, swift-eventsource, ohhttpstubs
Fetched https://github.com/mattgallagher/CwlPreconditionTesting from cache (0.36s)
[491/9977] Fetching swift-eventsource, ohhttpstubs
[2631/24902] Fetching swift-eventsource, ohhttpstubs, quick
[23481/44888] Fetching swift-eventsource, ohhttpstubs, quick, nimble
Fetched https://github.com/AliSoftware/OHHTTPStubs.git from cache (1.18s)
Fetched https://github.com/LaunchDarkly/swift-eventsource.git from cache (1.18s)
Fetched https://github.com/Quick/Quick.git from cache (1.18s)
Fetched https://github.com/Quick/Nimble.git from cache (1.19s)
Computing version for https://github.com/LaunchDarkly/swift-eventsource.git
Computed https://github.com/LaunchDarkly/swift-eventsource.git at 3.4.0 (1.37s)
Computing version for https://github.com/mattgallagher/CwlPreconditionTesting
Computed https://github.com/mattgallagher/CwlPreconditionTesting at 2.1.2 (0.17s)
Fetching https://github.com/mattgallagher/CwlCatchException.git
[1/460] Fetching cwlcatchexception
Fetched https://github.com/mattgallagher/CwlCatchException.git from cache (0.33s)
Computing version for https://github.com/Quick/Nimble.git
Computed https://github.com/Quick/Nimble.git at 9.2.1 (0.53s)
Computing version for https://github.com/Quick/Quick.git
Computed https://github.com/Quick/Quick.git at 4.0.0 (0.19s)
Computing version for https://github.com/AliSoftware/OHHTTPStubs.git
Computed https://github.com/AliSoftware/OHHTTPStubs.git at 9.1.0 (0.18s)
Computing version for https://github.com/mattgallagher/CwlCatchException.git
Computed https://github.com/mattgallagher/CwlCatchException.git at 2.2.1 (0.21s)
Creating working copy for https://github.com/Quick/Nimble.git
Working copy of https://github.com/Quick/Nimble.git resolved at 9.2.1
Creating working copy for https://github.com/Quick/Quick.git
Working copy of https://github.com/Quick/Quick.git resolved at 4.0.0
Creating working copy for https://github.com/LaunchDarkly/swift-eventsource.git
Working copy of https://github.com/LaunchDarkly/swift-eventsource.git resolved at 3.4.0
Creating working copy for https://github.com/mattgallagher/CwlCatchException.git
Working copy of https://github.com/mattgallagher/CwlCatchException.git resolved at 2.2.1
Creating working copy for https://github.com/mattgallagher/CwlPreconditionTesting
Working copy of https://github.com/mattgallagher/CwlPreconditionTesting resolved at 2.1.2
Creating working copy for https://github.com/AliSoftware/OHHTTPStubs.git
Working copy of https://github.com/AliSoftware/OHHTTPStubs.git resolved at 9.1.0
Building for debugging...
[0/4] Copying PrivacyInfo.xcprivacy
[1/4] Write sources
[3/4] Write swift-version-24593BA9C3E375BF.txt
[5/10] Compiling LDSwiftEventSource Logs.swift
[6/10] Compiling LDSwiftEventSource Types.swift
[7/10] Compiling LDSwiftEventSource UTF8LineParser.swift
[8/10] Compiling LDSwiftEventSource EventParser.swift
[9/10] Emitting module LDSwiftEventSource
[10/10] Compiling LDSwiftEventSource LDSwiftEventSource.swift
[12/87] Compiling LaunchDarkly ObjcLDChangedFlag.swift
/host/spi-builder-workspace/LaunchDarkly/LaunchDarkly/Extensions/Data+Compression.swift:29:8: error: no such module 'Compression'
27 |
28 | import Foundation
29 | import Compression
| `- error: no such module 'Compression'
30 |
31 | public extension Data {
[13/87] Compiling LaunchDarkly ObjcLDClient.swift
/host/spi-builder-workspace/LaunchDarkly/LaunchDarkly/Extensions/Data+Compression.swift:29:8: error: no such module 'Compression'
27 |
28 | import Foundation
29 | import Compression
| `- error: no such module 'Compression'
30 |
31 | public extension Data {
[14/87] Compiling LaunchDarkly ObjcLDConfig.swift
/host/spi-builder-workspace/LaunchDarkly/LaunchDarkly/Extensions/Data+Compression.swift:29:8: error: no such module 'Compression'
27 |
28 | import Foundation
29 | import Compression
| `- error: no such module 'Compression'
30 |
31 | public extension Data {
[15/87] Compiling LaunchDarkly ObjcLDContext.swift
/host/spi-builder-workspace/LaunchDarkly/LaunchDarkly/Extensions/Data+Compression.swift:29:8: error: no such module 'Compression'
27 |
28 | import Foundation
29 | import Compression
| `- error: no such module 'Compression'
30 |
31 | public extension Data {
[16/87] Compiling LaunchDarkly ObjcLDEvaluationDetail.swift
/host/spi-builder-workspace/LaunchDarkly/LaunchDarkly/Extensions/Data+Compression.swift:29:8: error: no such module 'Compression'
27 |
28 | import Foundation
29 | import Compression
| `- error: no such module 'Compression'
30 |
31 | public extension Data {
[17/87] Compiling LaunchDarkly ObjcLDReference.swift
/host/spi-builder-workspace/LaunchDarkly/LaunchDarkly/Extensions/Data+Compression.swift:29:8: error: no such module 'Compression'
27 |
28 | import Foundation
29 | import Compression
| `- error: no such module 'Compression'
30 |
31 | public extension Data {
[18/87] Compiling LaunchDarkly ObjcLDValue.swift
/host/spi-builder-workspace/LaunchDarkly/LaunchDarkly/Extensions/Data+Compression.swift:29:8: error: no such module 'Compression'
27 |
28 | import Foundation
29 | import Compression
| `- error: no such module 'Compression'
30 |
31 | public extension Data {
[19/87] Compiling LaunchDarkly CacheConverter.swift
/host/spi-builder-workspace/LaunchDarkly/LaunchDarkly/Extensions/Data+Compression.swift:29:8: error: no such module 'Compression'
27 |
28 | import Foundation
29 | import Compression
| `- error: no such module 'Compression'
30 |
31 | public extension Data {
[20/87] Compiling LaunchDarkly ConnectionInformationStore.swift
/host/spi-builder-workspace/LaunchDarkly/LaunchDarkly/Extensions/Data+Compression.swift:29:8: error: no such module 'Compression'
27 |
28 | import Foundation
29 | import Compression
| `- error: no such module 'Compression'
30 |
31 | public extension Data {
[21/87] Compiling LaunchDarkly DiagnosticCache.swift
/host/spi-builder-workspace/LaunchDarkly/LaunchDarkly/Extensions/Data+Compression.swift:29:8: error: no such module 'Compression'
27 |
28 | import Foundation
29 | import Compression
| `- error: no such module 'Compression'
30 |
31 | public extension Data {
[22/87] Compiling LaunchDarkly FeatureFlagCache.swift
/host/spi-builder-workspace/LaunchDarkly/LaunchDarkly/Extensions/Data+Compression.swift:29:8: error: no such module 'Compression'
27 |
28 | import Foundation
29 | import Compression
| `- error: no such module 'Compression'
30 |
31 | public extension Data {
[23/97] Compiling LaunchDarkly LDConfig.swift
/host/spi-builder-workspace/LaunchDarkly/LaunchDarkly/Extensions/Data+Compression.swift:29:8: error: no such module 'Compression'
27 |
28 | import Foundation
29 | import Compression
| `- error: no such module 'Compression'
30 |
31 | public extension Data {
[24/97] Compiling LaunchDarkly EnvironmentMetadata.swift
/host/spi-builder-workspace/LaunchDarkly/LaunchDarkly/Extensions/Data+Compression.swift:29:8: error: no such module 'Compression'
27 |
28 | import Foundation
29 | import Compression
| `- error: no such module 'Compression'
30 |
31 | public extension Data {
[25/97] Compiling LaunchDarkly Plugin.swift
/host/spi-builder-workspace/LaunchDarkly/LaunchDarkly/Extensions/Data+Compression.swift:29:8: error: no such module 'Compression'
27 |
28 | import Foundation
29 | import Compression
| `- error: no such module 'Compression'
30 |
31 | public extension Data {
[26/97] Compiling LaunchDarkly PluginMetadata.swift
/host/spi-builder-workspace/LaunchDarkly/LaunchDarkly/Extensions/Data+Compression.swift:29:8: error: no such module 'Compression'
27 |
28 | import Foundation
29 | import Compression
| `- error: no such module 'Compression'
30 |
31 | public extension Data {
[27/97] Compiling LaunchDarkly SdkMetadata.swift
/host/spi-builder-workspace/LaunchDarkly/LaunchDarkly/Extensions/Data+Compression.swift:29:8: error: no such module 'Compression'
27 |
28 | import Foundation
29 | import Compression
| `- error: no such module 'Compression'
30 |
31 | public extension Data {
[28/97] Compiling LaunchDarkly DarklyService.swift
/host/spi-builder-workspace/LaunchDarkly/LaunchDarkly/Extensions/Data+Compression.swift:29:8: error: no such module 'Compression'
27 |
28 | import Foundation
29 | import Compression
| `- error: no such module 'Compression'
30 |
31 | public extension Data {
[29/97] Compiling LaunchDarkly HTTPHeaders.swift
/host/spi-builder-workspace/LaunchDarkly/LaunchDarkly/Extensions/Data+Compression.swift:29:8: error: no such module 'Compression'
27 |
28 | import Foundation
29 | import Compression
| `- error: no such module 'Compression'
30 |
31 | public extension Data {
[30/97] Compiling LaunchDarkly HTTPURLRequest.swift
/host/spi-builder-workspace/LaunchDarkly/LaunchDarkly/Extensions/Data+Compression.swift:29:8: error: no such module 'Compression'
27 |
28 | import Foundation
29 | import Compression
| `- error: no such module 'Compression'
30 |
31 | public extension Data {
[31/97] Compiling LaunchDarkly HTTPURLResponse.swift
/host/spi-builder-workspace/LaunchDarkly/LaunchDarkly/Extensions/Data+Compression.swift:29:8: error: no such module 'Compression'
27 |
28 | import Foundation
29 | import Compression
| `- error: no such module 'Compression'
30 |
31 | public extension Data {
[32/97] Compiling LaunchDarkly URLResponse.swift
/host/spi-builder-workspace/LaunchDarkly/LaunchDarkly/Extensions/Data+Compression.swift:29:8: error: no such module 'Compression'
27 |
28 | import Foundation
29 | import Compression
| `- error: no such module 'Compression'
30 |
31 | public extension Data {
[33/97] Compiling LaunchDarkly ObjcLDApplicationInfo.swift
/host/spi-builder-workspace/LaunchDarkly/LaunchDarkly/Extensions/Data+Compression.swift:29:8: error: no such module 'Compression'
27 |
28 | import Foundation
29 | import Compression
| `- error: no such module 'Compression'
30 |
31 | public extension Data {
[34/97] Compiling LaunchDarkly KeyedValueCache.swift
/host/spi-builder-workspace/LaunchDarkly/LaunchDarkly/Extensions/Data+Compression.swift:29:8: error: no such module 'Compression'
27 |
28 | import Foundation
29 | import Compression
| `- error: no such module 'Compression'
30 |
31 | public extension Data {
[35/97] Compiling LaunchDarkly ClientServiceFactory.swift
/host/spi-builder-workspace/LaunchDarkly/LaunchDarkly/Extensions/Data+Compression.swift:29:8: error: no such module 'Compression'
27 |
28 | import Foundation
29 | import Compression
| `- error: no such module 'Compression'
30 |
31 | public extension Data {
[36/97] Compiling LaunchDarkly ContextSummarizer.swift
/host/spi-builder-workspace/LaunchDarkly/LaunchDarkly/Extensions/Data+Compression.swift:29:8: error: no such module 'Compression'
27 |
28 | import Foundation
29 | import Compression
| `- error: no such module 'Compression'
30 |
31 | public extension Data {
[37/97] Compiling LaunchDarkly CwlSysctl.swift
/host/spi-builder-workspace/LaunchDarkly/LaunchDarkly/Extensions/Data+Compression.swift:29:8: error: no such module 'Compression'
27 |
28 | import Foundation
29 | import Compression
| `- error: no such module 'Compression'
30 |
31 | public extension Data {
[38/97] Compiling LaunchDarkly DiagnosticReporter.swift
/host/spi-builder-workspace/LaunchDarkly/LaunchDarkly/Extensions/Data+Compression.swift:29:8: error: no such module 'Compression'
27 |
28 | import Foundation
29 | import Compression
| `- error: no such module 'Compression'
30 |
31 | public extension Data {
[39/97] Compiling LaunchDarkly EnvironmentReporter.swift
/host/spi-builder-workspace/LaunchDarkly/LaunchDarkly/Extensions/Data+Compression.swift:29:8: error: no such module 'Compression'
27 |
28 | import Foundation
29 | import Compression
| `- error: no such module 'Compression'
30 |
31 | public extension Data {
[40/97] Compiling LaunchDarkly ApplicationInfoEnvironmentReporter.swift
/host/spi-builder-workspace/LaunchDarkly/LaunchDarkly/Extensions/Data+Compression.swift:29:8: error: no such module 'Compression'
27 |
28 | import Foundation
29 | import Compression
| `- error: no such module 'Compression'
30 |
31 | public extension Data {
[41/97] Compiling LaunchDarkly EnvironmentReporterBuilder.swift
/host/spi-builder-workspace/LaunchDarkly/LaunchDarkly/Extensions/Data+Compression.swift:29:8: error: no such module 'Compression'
27 |
28 | import Foundation
29 | import Compression
| `- error: no such module 'Compression'
30 |
31 | public extension Data {
[42/97] Compiling LaunchDarkly EnvironmentReporterChainBase.swift
/host/spi-builder-workspace/LaunchDarkly/LaunchDarkly/Extensions/Data+Compression.swift:29:8: error: no such module 'Compression'
27 |
28 | import Foundation
29 | import Compression
| `- error: no such module 'Compression'
30 |
31 | public extension Data {
[43/97] Compiling LaunchDarkly IOSEnvironmentReporter.swift
/host/spi-builder-workspace/LaunchDarkly/LaunchDarkly/Extensions/Data+Compression.swift:29:8: error: no such module 'Compression'
27 |
28 | import Foundation
29 | import Compression
| `- error: no such module 'Compression'
30 |
31 | public extension Data {
error: emit-module command failed with exit code 1 (use -v to see invocation)
[44/97] Emitting module LaunchDarkly
/host/spi-builder-workspace/LaunchDarkly/LaunchDarkly/Extensions/Data+Compression.swift:29:8: error: no such module 'Compression'
27 |
28 | import Foundation
29 | import Compression
| `- error: no such module 'Compression'
30 |
31 | public extension Data {
[45/97] Compiling LaunchDarkly MacOSEnvironmentReporter.swift
/host/spi-builder-workspace/LaunchDarkly/LaunchDarkly/Extensions/Data+Compression.swift:29:8: error: no such module 'Compression'
27 |
28 | import Foundation
29 | import Compression
| `- error: no such module 'Compression'
30 |
31 | public extension Data {
[46/97] Compiling LaunchDarkly ReportingConsts.swift
/host/spi-builder-workspace/LaunchDarkly/LaunchDarkly/Extensions/Data+Compression.swift:29:8: error: no such module 'Compression'
27 |
28 | import Foundation
29 | import Compression
| `- error: no such module 'Compression'
30 |
31 | public extension Data {
[47/97] Compiling LaunchDarkly SDKEnvironmentReporter.swift
/host/spi-builder-workspace/LaunchDarkly/LaunchDarkly/Extensions/Data+Compression.swift:29:8: error: no such module 'Compression'
27 |
28 | import Foundation
29 | import Compression
| `- error: no such module 'Compression'
30 |
31 | public extension Data {
[48/97] Compiling LaunchDarkly SystemCapabilities.swift
/host/spi-builder-workspace/LaunchDarkly/LaunchDarkly/Extensions/Data+Compression.swift:29:8: error: no such module 'Compression'
27 |
28 | import Foundation
29 | import Compression
| `- error: no such module 'Compression'
30 |
31 | public extension Data {
[49/97] Compiling LaunchDarkly TVOSEnvironmentReporter.swift
/host/spi-builder-workspace/LaunchDarkly/LaunchDarkly/Extensions/Data+Compression.swift:29:8: error: no such module 'Compression'
27 |
28 | import Foundation
29 | import Compression
| `- error: no such module 'Compression'
30 |
31 | public extension Data {
[50/97] Compiling LaunchDarkly WatchOSEnvironmentReporter.swift
/host/spi-builder-workspace/LaunchDarkly/LaunchDarkly/Extensions/Data+Compression.swift:29:8: error: no such module 'Compression'
27 |
28 | import Foundation
29 | import Compression
| `- error: no such module 'Compression'
30 |
31 | public extension Data {
[51/97] Compiling LaunchDarkly EventReporter.swift
/host/spi-builder-workspace/LaunchDarkly/LaunchDarkly/Extensions/Data+Compression.swift:29:8: error: no such module 'Compression'
27 |
28 | import Foundation
29 | import Compression
| `- error: no such module 'Compression'
30 |
31 | public extension Data {
[52/97] Compiling LaunchDarkly FlagChangeNotifier.swift
/host/spi-builder-workspace/LaunchDarkly/LaunchDarkly/Extensions/Data+Compression.swift:29:8: error: no such module 'Compression'
27 |
28 | import Foundation
29 | import Compression
| `- error: no such module 'Compression'
30 |
31 | public extension Data {
[53/97] Compiling LaunchDarkly FlagStore.swift
/host/spi-builder-workspace/LaunchDarkly/LaunchDarkly/Extensions/Data+Compression.swift:29:8: error: no such module 'Compression'
27 |
28 | import Foundation
29 | import Compression
| `- error: no such module 'Compression'
30 |
31 | public extension Data {
[54/97] Compiling LaunchDarkly FlagSynchronizer.swift
/host/spi-builder-workspace/LaunchDarkly/LaunchDarkly/Extensions/Data+Compression.swift:29:8: error: no such module 'Compression'
27 |
28 | import Foundation
29 | import Compression
| `- error: no such module 'Compression'
30 |
31 | public extension Data {
[55/97] Compiling LaunchDarkly Kind.swift
/host/spi-builder-workspace/LaunchDarkly/LaunchDarkly/Extensions/Data+Compression.swift:29:8: error: no such module 'Compression'
27 |
28 | import Foundation
29 | import Compression
| `- error: no such module 'Compression'
30 |
31 | public extension Data {
[56/97] Compiling LaunchDarkly LDContext.swift
/host/spi-builder-workspace/LaunchDarkly/LaunchDarkly/Extensions/Data+Compression.swift:29:8: error: no such module 'Compression'
27 |
28 | import Foundation
29 | import Compression
| `- error: no such module 'Compression'
30 |
31 | public extension Data {
[57/97] Compiling LaunchDarkly Modifier.swift
/host/spi-builder-workspace/LaunchDarkly/LaunchDarkly/Extensions/Data+Compression.swift:29:8: error: no such module 'Compression'
27 |
28 | import Foundation
29 | import Compression
| `- error: no such module 'Compression'
30 |
31 | public extension Data {
[58/97] Compiling LaunchDarkly Reference.swift
/host/spi-builder-workspace/LaunchDarkly/LaunchDarkly/Extensions/Data+Compression.swift:29:8: error: no such module 'Compression'
27 |
28 | import Foundation
29 | import Compression
| `- error: no such module 'Compression'
30 |
31 | public extension Data {
[59/97] Compiling LaunchDarkly DiagnosticEvent.swift
/host/spi-builder-workspace/LaunchDarkly/LaunchDarkly/Extensions/Data+Compression.swift:29:8: error: no such module 'Compression'
27 |
28 | import Foundation
29 | import Compression
| `- error: no such module 'Compression'
30 |
31 | public extension Data {
[60/97] Compiling LaunchDarkly Event.swift
/host/spi-builder-workspace/LaunchDarkly/LaunchDarkly/Extensions/Data+Compression.swift:29:8: error: no such module 'Compression'
27 |
28 | import Foundation
29 | import Compression
| `- error: no such module 'Compression'
30 |
31 | public extension Data {
[61/97] Compiling LaunchDarkly FeatureFlag.swift
/host/spi-builder-workspace/LaunchDarkly/LaunchDarkly/Extensions/Data+Compression.swift:29:8: error: no such module 'Compression'
27 |
28 | import Foundation
29 | import Compression
| `- error: no such module 'Compression'
30 |
31 | public extension Data {
[62/97] Compiling LaunchDarkly ConnectionModeChangeObserver.swift
/host/spi-builder-workspace/LaunchDarkly/LaunchDarkly/Extensions/Data+Compression.swift:29:8: error: no such module 'Compression'
27 |
28 | import Foundation
29 | import Compression
| `- error: no such module 'Compression'
30 |
31 | public extension Data {
[63/97] Compiling LaunchDarkly FlagChangeObserver.swift
/host/spi-builder-workspace/LaunchDarkly/LaunchDarkly/Extensions/Data+Compression.swift:29:8: error: no such module 'Compression'
27 |
28 | import Foundation
29 | import Compression
| `- error: no such module 'Compression'
30 |
31 | public extension Data {
[64/97] Compiling LaunchDarkly FlagsUnchangedObserver.swift
/host/spi-builder-workspace/LaunchDarkly/LaunchDarkly/Extensions/Data+Compression.swift:29:8: error: no such module 'Compression'
27 |
28 | import Foundation
29 | import Compression
| `- error: no such module 'Compression'
30 |
31 | public extension Data {
[65/97] Compiling LaunchDarkly LDChangedFlag.swift
/host/spi-builder-workspace/LaunchDarkly/LaunchDarkly/Extensions/Data+Compression.swift:29:8: error: no such module 'Compression'
27 |
28 | import Foundation
29 | import Compression
| `- error: no such module 'Compression'
30 |
31 | public extension Data {
[66/97] Compiling LaunchDarkly LDTimer.swift
/host/spi-builder-workspace/LaunchDarkly/LaunchDarkly/Extensions/Data+Compression.swift:29:8: error: no such module 'Compression'
27 |
28 | import Foundation
29 | import Compression
| `- error: no such module 'Compression'
30 |
31 | public extension Data {
[67/97] Compiling LaunchDarkly Log.swift
/host/spi-builder-workspace/LaunchDarkly/LaunchDarkly/Extensions/Data+Compression.swift:29:8: error: no such module 'Compression'
27 |
28 | import Foundation
29 | import Compression
| `- error: no such module 'Compression'
30 |
31 | public extension Data {
[68/97] Compiling LaunchDarkly NetworkReporter.swift
/host/spi-builder-workspace/LaunchDarkly/LaunchDarkly/Extensions/Data+Compression.swift:29:8: error: no such module 'Compression'
27 |
28 | import Foundation
29 | import Compression
| `- error: no such module 'Compression'
30 |
31 | public extension Data {
[69/97] Compiling LaunchDarkly RetryState.swift
/host/spi-builder-workspace/LaunchDarkly/LaunchDarkly/Extensions/Data+Compression.swift:29:8: error: no such module 'Compression'
27 |
28 | import Foundation
29 | import Compression
| `- error: no such module 'Compression'
30 |
31 | public extension Data {
[70/97] Compiling LaunchDarkly SheddingQueue.swift
/host/spi-builder-workspace/LaunchDarkly/LaunchDarkly/Extensions/Data+Compression.swift:29:8: error: no such module 'Compression'
27 |
28 | import Foundation
29 | import Compression
| `- error: no such module 'Compression'
30 |
31 | public extension Data {
[71/97] Compiling LaunchDarkly Throttler.swift
/host/spi-builder-workspace/LaunchDarkly/LaunchDarkly/Extensions/Data+Compression.swift:29:8: error: no such module 'Compression'
27 |
28 | import Foundation
29 | import Compression
| `- error: no such module 'Compression'
30 |
31 | public extension Data {
[72/97] Compiling LaunchDarkly TimeoutExecutor.swift
/host/spi-builder-workspace/LaunchDarkly/LaunchDarkly/Extensions/Data+Compression.swift:29:8: error: no such module 'Compression'
27 |
28 | import Foundation
29 | import Compression
| `- error: no such module 'Compression'
30 |
31 | public extension Data {
[73/97] Compiling LaunchDarkly UnfairLock.swift
/host/spi-builder-workspace/LaunchDarkly/LaunchDarkly/Extensions/Data+Compression.swift:29:8: error: no such module 'Compression'
27 |
28 | import Foundation
29 | import Compression
| `- error: no such module 'Compression'
30 |
31 | public extension Data {
[74/97] Compiling LaunchDarkly Util.swift
/host/spi-builder-workspace/LaunchDarkly/LaunchDarkly/Extensions/Data+Compression.swift:29:8: error: no such module 'Compression'
27 |
28 | import Foundation
29 | import Compression
| `- error: no such module 'Compression'
30 |
31 | public extension Data {
[75/97] Compiling LaunchDarkly resource_bundle_accessor.swift
/host/spi-builder-workspace/LaunchDarkly/LaunchDarkly/Extensions/Data+Compression.swift:29:8: error: no such module 'Compression'
27 |
28 | import Foundation
29 | import Compression
| `- error: no such module 'Compression'
30 |
31 | public extension Data {
[76/97] Compiling LaunchDarkly FlagRequestTracker.swift
/host/spi-builder-workspace/LaunchDarkly/LaunchDarkly/Extensions/Data+Compression.swift:29:8: error: no such module 'Compression'
27 |
28 | import Foundation
29 | import Compression
| `- error: no such module 'Compression'
30 |
31 | public extension Data {
[77/97] Compiling LaunchDarkly LDEvaluationDetail.swift
/host/spi-builder-workspace/LaunchDarkly/LaunchDarkly/Extensions/Data+Compression.swift:29:8: error: no such module 'Compression'
27 |
28 | import Foundation
29 | import Compression
| `- error: no such module 'Compression'
30 |
31 | public extension Data {
[78/97] Compiling LaunchDarkly DedupingHook.swift
/host/spi-builder-workspace/LaunchDarkly/LaunchDarkly/Extensions/Data+Compression.swift:29:8: error: no such module 'Compression'
27 |
28 | import Foundation
29 | import Compression
| `- error: no such module 'Compression'
30 |
31 | public extension Data {
[79/97] Compiling LaunchDarkly EvaluationExposureDeduper.swift
/host/spi-builder-workspace/LaunchDarkly/LaunchDarkly/Extensions/Data+Compression.swift:29:8: error: no such module 'Compression'
27 |
28 | import Foundation
29 | import Compression
| `- error: no such module 'Compression'
30 |
31 | public extension Data {
[80/97] Compiling LaunchDarkly EvaluationSeriesContext.swift
/host/spi-builder-workspace/LaunchDarkly/LaunchDarkly/Extensions/Data+Compression.swift:29:8: error: no such module 'Compression'
27 |
28 | import Foundation
29 | import Compression
| `- error: no such module 'Compression'
30 |
31 | public extension Data {
[81/97] Compiling LaunchDarkly Hook.swift
/host/spi-builder-workspace/LaunchDarkly/LaunchDarkly/Extensions/Data+Compression.swift:29:8: error: no such module 'Compression'
27 |
28 | import Foundation
29 | import Compression
| `- error: no such module 'Compression'
30 |
31 | public extension Data {
[82/97] Compiling LaunchDarkly HookDecorator.swift
/host/spi-builder-workspace/LaunchDarkly/LaunchDarkly/Extensions/Data+Compression.swift:29:8: error: no such module 'Compression'
27 |
28 | import Foundation
29 | import Compression
| `- error: no such module 'Compression'
30 |
31 | public extension Data {
[83/97] Compiling LaunchDarkly IdentifySeriesContext.swift
/host/spi-builder-workspace/LaunchDarkly/LaunchDarkly/Extensions/Data+Compression.swift:29:8: error: no such module 'Compression'
27 |
28 | import Foundation
29 | import Compression
| `- error: no such module 'Compression'
30 |
31 | public extension Data {
[84/97] Compiling LaunchDarkly Metadata.swift
/host/spi-builder-workspace/LaunchDarkly/LaunchDarkly/Extensions/Data+Compression.swift:29:8: error: no such module 'Compression'
27 |
28 | import Foundation
29 | import Compression
| `- error: no such module 'Compression'
30 |
31 | public extension Data {
[85/97] Compiling LaunchDarkly TrackSeriesContext.swift
/host/spi-builder-workspace/LaunchDarkly/LaunchDarkly/Extensions/Data+Compression.swift:29:8: error: no such module 'Compression'
27 |
28 | import Foundation
29 | import Compression
| `- error: no such module 'Compression'
30 |
31 | public extension Data {
[86/97] Compiling LaunchDarkly IdentifyTypes.swift
/host/spi-builder-workspace/LaunchDarkly/LaunchDarkly/Extensions/Data+Compression.swift:29:8: error: no such module 'Compression'
27 |
28 | import Foundation
29 | import Compression
| `- error: no such module 'Compression'
30 |
31 | public extension Data {
[87/97] Compiling LaunchDarkly Data+Compression.swift
/host/spi-builder-workspace/LaunchDarkly/LaunchDarkly/Extensions/Data+Compression.swift:29:8: error: no such module 'Compression'
27 |
28 | import Foundation
29 | import Compression
| `- error: no such module 'Compression'
30 |
31 | public extension Data {
[88/97] Compiling LaunchDarkly Data.swift
/host/spi-builder-workspace/LaunchDarkly/LaunchDarkly/Extensions/Data+Compression.swift:29:8: error: no such module 'Compression'
27 |
28 | import Foundation
29 | import Compression
| `- error: no such module 'Compression'
30 |
31 | public extension Data {
[89/97] Compiling LaunchDarkly Date.swift
/host/spi-builder-workspace/LaunchDarkly/LaunchDarkly/Extensions/Data+Compression.swift:29:8: error: no such module 'Compression'
27 |
28 | import Foundation
29 | import Compression
| `- error: no such module 'Compression'
30 |
31 | public extension Data {
[90/97] Compiling LaunchDarkly DateFormatter.swift
/host/spi-builder-workspace/LaunchDarkly/LaunchDarkly/Extensions/Data+Compression.swift:29:8: error: no such module 'Compression'
27 |
28 | import Foundation
29 | import Compression
| `- error: no such module 'Compression'
30 |
31 | public extension Data {
[91/97] Compiling LaunchDarkly Thread.swift
/host/spi-builder-workspace/LaunchDarkly/LaunchDarkly/Extensions/Data+Compression.swift:29:8: error: no such module 'Compression'
27 |
28 | import Foundation
29 | import Compression
| `- error: no such module 'Compression'
30 |
31 | public extension Data {
[92/97] Compiling LaunchDarkly LDClient.swift
/host/spi-builder-workspace/LaunchDarkly/LaunchDarkly/Extensions/Data+Compression.swift:29:8: error: no such module 'Compression'
27 |
28 | import Foundation
29 | import Compression
| `- error: no such module 'Compression'
30 |
31 | public extension Data {
[93/97] Compiling LaunchDarkly LDClientIdentifyHook.swift
/host/spi-builder-workspace/LaunchDarkly/LaunchDarkly/Extensions/Data+Compression.swift:29:8: error: no such module 'Compression'
27 |
28 | import Foundation
29 | import Compression
| `- error: no such module 'Compression'
30 |
31 | public extension Data {
[94/97] Compiling LaunchDarkly LDClientVariation.swift
/host/spi-builder-workspace/LaunchDarkly/LaunchDarkly/Extensions/Data+Compression.swift:29:8: error: no such module 'Compression'
27 |
28 | import Foundation
29 | import Compression
| `- error: no such module 'Compression'
30 |
31 | public extension Data {
[95/97] Compiling LaunchDarkly LDCommon.swift
/host/spi-builder-workspace/LaunchDarkly/LaunchDarkly/Extensions/Data+Compression.swift:29:8: error: no such module 'Compression'
27 |
28 | import Foundation
29 | import Compression
| `- error: no such module 'Compression'
30 |
31 | public extension Data {
[96/97] Compiling LaunchDarkly LDValueDecoder.swift
/host/spi-builder-workspace/LaunchDarkly/LaunchDarkly/Extensions/Data+Compression.swift:29:8: error: no such module 'Compression'
27 |
28 | import Foundation
29 | import Compression
| `- error: no such module 'Compression'
30 |
31 | public extension Data {
[97/97] Compiling LaunchDarkly ConnectionInformation.swift
/host/spi-builder-workspace/LaunchDarkly/LaunchDarkly/Extensions/Data+Compression.swift:29:8: error: no such module 'Compression'
27 |
28 | import Foundation
29 | import Compression
| `- error: no such module 'Compression'
30 |
31 | public extension Data {
BUILD FAILURE 6.3 linux