Build Information
Failed to build UniversalGlass, reference 1.1.1 (58c094), with Swift 6.2 for macOS (SPM) on 13 Oct 2026 16:24:57 UTC.
Build Command
env DEVELOPER_DIR=/Applications/Xcode-26.3.0.app xcrun swift build --arch arm64Build Log
========================================
RunAll
========================================
Builder version: 5.1.2
Interrupt handler set up.
========================================
Checkout
========================================
Clone URL: https://github.com/Aeastr/UniversalGlass.git
Reference: 1.1.1
Initialized empty Git repository in /Users/admin/builder/spi-builder-workspace/.git/
From https://github.com/Aeastr/UniversalGlass
* tag 1.1.1 -> FETCH_HEAD
HEAD is now at 58c094f chore: refresh package icon
Cloned https://github.com/Aeastr/UniversalGlass.git
Revision (git rev-parse @):
58c094f1061f2af342c5ac45bb8d682d0142c851
SUCCESS checkout https://github.com/Aeastr/UniversalGlass.git at 1.1.1
========================================
Build
========================================
Selected platform: macosSpm
Swift version: 6.2
Building package at path: $PWD
https://github.com/Aeastr/UniversalGlass.git
Running build ...
env DEVELOPER_DIR=/Applications/Xcode-26.3.0.app xcrun swift build --arch arm64
Building for debugging...
[0/3] Write sources
[2/3] Write swift-version--3CB7CFEC50E0D141.txt
[4/10] Compiling UniversalGlass UniversalGlassContainers.swift
/Users/admin/builder/spi-builder-workspace/Sources/UniversalGlass/ButtonStyles/UniversalGlassPrimitiveButtonStyle.swift:145:34: error: type 'Bundle?' has no member 'module'
143 |
144 | .background(
145 | Image("tulips", bundle: .module)
| `- error: type 'Bundle?' has no member 'module'
146 | .resizable()
147 | .ignoresSafeArea()
/Users/admin/builder/spi-builder-workspace/Sources/UniversalGlass/GlassEffects/UniversalGlassEffect.swift:379:34: error: type 'Bundle?' has no member 'module'
377 | .frame(maxWidth: .infinity, maxHeight: .infinity)
378 | .background(
379 | Image("tulips", bundle: .module)
| `- error: type 'Bundle?' has no member 'module'
380 | .resizable()
381 | .ignoresSafeArea()
/Users/admin/builder/spi-builder-workspace/Sources/UniversalGlass/UniversalGlassContainers.swift:533:38: error: type 'Bundle?' has no member 'module'
531 |
532 | .background(
533 | Image("tulips", bundle: .module)
| `- error: type 'Bundle?' has no member 'module'
534 | .resizable()
535 | .ignoresSafeArea()
/Users/admin/builder/spi-builder-workspace/Sources/UniversalGlass/UniversalGlassContainers.swift:622:38: error: type 'Bundle?' has no member 'module'
620 |
621 | .background(
622 | Image("tulips", bundle: .module)
| `- error: type 'Bundle?' has no member 'module'
623 | .resizable()
624 | .ignoresSafeArea()
error: emit-module command failed with exit code 1 (use -v to see invocation)
[5/10] Compiling UniversalGlass BlurTransition.swift
[6/10] Compiling UniversalGlass UniversalGlassConfiguration.swift
[7/10] Emitting module UniversalGlass
/Users/admin/builder/spi-builder-workspace/Sources/UniversalGlass/ButtonStyles/UniversalGlassPrimitiveButtonStyle.swift:145:34: error: type 'Bundle?' has no member 'module'
143 |
144 | .background(
145 | Image("tulips", bundle: .module)
| `- error: type 'Bundle?' has no member 'module'
146 | .resizable()
147 | .ignoresSafeArea()
/Users/admin/builder/spi-builder-workspace/Sources/UniversalGlass/GlassEffects/UniversalGlassEffect.swift:379:34: error: type 'Bundle?' has no member 'module'
377 | .frame(maxWidth: .infinity, maxHeight: .infinity)
378 | .background(
379 | Image("tulips", bundle: .module)
| `- error: type 'Bundle?' has no member 'module'
380 | .resizable()
381 | .ignoresSafeArea()
[8/10] Compiling UniversalGlass UniversalGlassPrimitiveButtonStyle.swift
/Users/admin/builder/spi-builder-workspace/Sources/UniversalGlass/ButtonStyles/UniversalGlassPrimitiveButtonStyle.swift:145:34: error: type 'Bundle?' has no member 'module'
143 |
144 | .background(
145 | Image("tulips", bundle: .module)
| `- error: type 'Bundle?' has no member 'module'
146 | .resizable()
147 | .ignoresSafeArea()
[9/10] Compiling UniversalGlass UniversalGlassButtonModifiers.swift
/Users/admin/builder/spi-builder-workspace/Sources/UniversalGlass/ButtonStyles/UniversalGlassPrimitiveButtonStyle.swift:145:34: error: type 'Bundle?' has no member 'module'
143 |
144 | .background(
145 | Image("tulips", bundle: .module)
| `- error: type 'Bundle?' has no member 'module'
146 | .resizable()
147 | .ignoresSafeArea()
/Users/admin/builder/spi-builder-workspace/Sources/UniversalGlass/GlassEffects/UniversalGlassEffect.swift:379:34: error: type 'Bundle?' has no member 'module'
377 | .frame(maxWidth: .infinity, maxHeight: .infinity)
378 | .background(
379 | Image("tulips", bundle: .module)
| `- error: type 'Bundle?' has no member 'module'
380 | .resizable()
381 | .ignoresSafeArea()
[10/10] Compiling UniversalGlass UniversalGlassEffect.swift
/Users/admin/builder/spi-builder-workspace/Sources/UniversalGlass/GlassEffects/UniversalGlassEffect.swift:379:34: error: type 'Bundle?' has no member 'module'
377 | .frame(maxWidth: .infinity, maxHeight: .infinity)
378 | .background(
379 | Image("tulips", bundle: .module)
| `- error: type 'Bundle?' has no member 'module'
380 | .resizable()
381 | .ignoresSafeArea()
warning: 'spi-builder-workspace': found 1 file(s) which are unhandled; explicitly declare them as resources or exclude from the target
/Users/admin/builder/spi-builder-workspace/Sources/UniversalGlass/Media.xcassets
BUILD FAILURE 6.2 macosSpm