Build Information
Failed to build MarkdownEngine, reference main (a832dd), with Swift 6.3 for Android on 13 Oct 2026 22:28:58 UTC.
Build Command
bash -c docker run --pull=always --rm -v "checkouts-54344845-1":/host -w "$PWD" -e JAVA_HOME="/root/.sdkman/candidates/java/current" -e SPI_BUILD="1" -e SPI_PROCESSING="1" registry.gitlab.com/saguaro1/spi-images:android-6.3-latest swift build --swift-sdk aarch64-unknown-linux-android28 2>&1Build Log
========================================
RunAll
========================================
Builder version: 5.1.2
Interrupt handler set up.
========================================
Checkout
========================================
Clone URL: https://github.com/nodes-app/swift-markdown-engine.git
Reference: main
Initialized empty Git repository in /host/spi-builder-workspace/.git/
hint: Using 'master' as the name for the initial branch. This default branch name
hint: is subject to change. To configure the initial branch name to use in all
hint: of your new repositories, which will suppress this warning, call:
hint:
hint: git config --global init.defaultBranch <name>
hint:
hint: Names commonly chosen instead of 'master' are 'main', 'trunk' and
hint: 'development'. The just-created branch can be renamed via this command:
hint:
hint: git branch -m <name>
From https://github.com/nodes-app/swift-markdown-engine
* branch main -> FETCH_HEAD
* [new branch] main -> origin/main
HEAD is now at a832ddc Run the tests serially in CI (#201)
Cloned https://github.com/nodes-app/swift-markdown-engine.git
Revision (git rev-parse @):
a832ddc5a1d72aa1c0d11dc2d4dc97ac6c5ecddb
SPI manifest file found: $PWD/.spi.yml
SUCCESS checkout https://github.com/nodes-app/swift-markdown-engine.git at main
========================================
Build
========================================
Selected platform: android
Swift version: 6.3
Building package at path: $PWD
https://github.com/nodes-app/swift-markdown-engine.git
Running build ...
bash -c docker run --pull=always --rm -v "checkouts-54344845-1":/host -w "$PWD" -e JAVA_HOME="/root/.sdkman/candidates/java/current" -e SPI_BUILD="1" -e SPI_PROCESSING="1" registry.gitlab.com/saguaro1/spi-images:android-6.3-latest swift build --swift-sdk aarch64-unknown-linux-android28 2>&1
android-6.3-latest: Pulling from saguaro1/spi-images
Digest: sha256:a57e63703100e13e1ecb61b565870501ccb169d7515bc7af7f0994f211e1b1f6
Status: Image is up to date for registry.gitlab.com/saguaro1/spi-images:android-6.3-latest
Fetching https://github.com/smittytone/HighlighterSwift
Fetching https://github.com/mgriebling/SwiftMath
[1/2369] Fetching swiftmath
[2370/3746] Fetching swiftmath, highlighterswift
Fetched https://github.com/smittytone/HighlighterSwift from cache (0.64s)
Fetched https://github.com/mgriebling/SwiftMath from cache (0.64s)
Computing version for https://github.com/mgriebling/SwiftMath
Computed https://github.com/mgriebling/SwiftMath at 1.7.3 (1.56s)
Computing version for https://github.com/smittytone/HighlighterSwift
Computed https://github.com/smittytone/HighlighterSwift at 3.1.0 (0.18s)
Creating working copy for https://github.com/mgriebling/SwiftMath
Working copy of https://github.com/mgriebling/SwiftMath resolved at 1.7.3
Creating working copy for https://github.com/smittytone/HighlighterSwift
Working copy of https://github.com/smittytone/HighlighterSwift resolved at 3.1.0
Building for debugging...
[0/258] Copying black-metal-venom.css
[0/258] Copying tomorrow-night-bright.css
[0/258] Copying Info.plist
[0/258] Copying zenburn.css
[0/258] Copying xt256.css
[5/258] Copying xcode.css
[5/258] Copying xcode-dusk.css
[5/258] Copying woodland.css
[6/258] Copying windows-nt.css
[9/258] Copying windows-nt-light.css
[9/258] Copying windows-high-contrast.css
[9/258] Copying windows-high-contrast-light.css
[9/258] Copying windows-95.css
[11/258] Copying windows-95-light.css
[12/258] Copying windows-10.css
[14/258] Copying windows-10-light.css
[16/258] Copying highlight.min.js
[16/258] Copying vs2015.css
[18/258] Copying vulcan.css
[19/258] Copying vs-dark.css
[20/258] Copying vs-light.css
[21/258] Copying unikitty-light.css
[22/258] Copying twilight.css
[23/258] Copying unikitty-dark.css
[23/258] Copying tomorrow.css
[25/258] Copying tomorrow-night.css
[26/258] Write sources
[28/258] Copying tomorrow-night-eighties.css
[29/258] Copying tokyo-night-dark.css
[29/258] Copying tomorrow-night-blue.css
[31/258] Copying tokyo-night-light.css
[31/258] Copying synth-midnight-terminal-light.css
[31/258] Copying tender.css
[31/258] Copying synth-midnight-terminal-dark.css
[31/258] Copying summerfruit-light.css
[31/258] Copying summercamp.css
[31/258] Write sources
[31/258] Copying summerfruit-dark.css
[31/258] Write sources
[31/258] Copying stackoverflow-light.css
[31/258] Copying srcery.css
[31/258] Copying solarized-light.css
[31/258] Copying spacemacs.css
[31/258] Copying solar-flare.css
[31/258] Copying solar-flare-light.css
[31/258] Copying snazzy.css
[31/258] Copying silk-light.css
[48/258] Copying solarized-dark.css
[49/258] Copying silk-dark.css
[49/258] Copying shades-of-purple.css
[51/258] Copying sunburst.css
[51/258] Copying sandcastle.css
[52/258] Copying shapeshifter.css
[52/258] Copying stackoverflow-dark.css
[54/258] Copying sagelight.css
[56/258] Copying rose-pine.css
[57/258] Copying routeros.css
[58/258] Copying rose-pine-dawn.css
[59/258] Copying rainbow.css
[60/258] Copying railscasts.css
[61/258] Copying qualia.css
[62/258] Copying qtcreator_light.css
[63/258] Copying qtcreator_dark.css
[64/258] Copying purebasic.css
[65/258] Copying porple.css
[66/258] Copying pop.css
[67/258] Copying pojoaque.css
[68/258] Copying pico.css
[69/258] Copying phd.css
[70/258] Copying pasque.css
[71/258] Copying paraiso-light.css
[72/258] Copying paraiso-dark.css
[73/258] Copying tango.css
[73/258] Copying papercolor-light.css
[73/258] Copying papercolor-dark.css
[73/258] Copying rose-pine-moon.css
[73/258] Copying panda-syntax-light.css
[73/258] Copying school-book.css
[79/258] Copying outrun-dark.css
[80/258] Copying onedark.css
[81/258] Copying one-light.css
[82/258] Copying oceanicnext.css
[82/258] Copying ocean.css
[84/258] Copying panda-syntax-dark.css
[84/258] Copying nord.css
[85/258] Copying rebecca.css
[87/258] Copying nnfx-dark.css
[88/258] Copying night-owl.css
[89/258] Copying nebula.css
[89/258] Copying monokai.css
[91/258] Copying obsidian.css
[92/258] Copying nova.css
[92/258] Copying mexico-light.css
[92/258] Copying mono-blue.css
[95/258] Copying mellow-purple.css
[95/258] Copying material.css
[95/258] Copying seti-ui.css
[95/258] Copying material-vivid.css
[95/258] Copying material-palenight.css
[95/258] Copying material-lighter.css
[95/258] Copying material-darker.css
[95/258] Copying materia.css
[95/258] Copying marrakesh.css
[95/258] Copying magula.css
[105/258] Copying macintosh.css
[106/258] Copying monokai-sublime.css
[106/258] Copying lioshi.css
[106/258] Copying lightfair.css
[109/258] Copying london-tube.css
[110/258] Copying nnfx-light.css
[111/258] Copying mocha.css
[112/258] Copying kimber.css
[112/258] Copying isbl-editor-light.css
[112/258] Copying kimbie-light.css
[112/258] Copying isotope.css
[112/258] Copying isbl-editor-dark.css
[117/258] Copying kimbie-dark.css
[118/258] Copying ir-black.css
[119/258] Copying intellij-light.css
[119/258] Copying hybrid.css
[119/258] Copying idea.css
[119/258] Copying ia-dark.css
[123/258] Copying humanoid-dark.css
[124/258] Copying horizon-light.css
[124/258] Copying horizon-dark.css
[126/258] Copying helios.css
[126/258] Copying heetch-light.css
[128/258] Copying heetch-dark.css
[128/258] Copying harmonic16-light.css
[128/258] Copying mathFonts.bundle
[128/258] Copying harmonic16-dark.css
[128/258] Copying hardcore.css
[133/258] Copying gruvbox-light-soft.css
[134/258] Copying ia-light.css
[135/258] Copying icy-dark.css
[135/258] Copying gruvbox-light-medium.css
[135/258] Copying gruvbox-dark.css
[135/258] Copying gruvbox-light.css
[135/258] Copying gruvbox-dark-soft.css
[135/258] Copying gruvbox-dark-pale.css
[136/258] Copying gruvbox-dark-medium.css
[137/258] Copying green-screen.css
[137/258] Copying grayscale-dark.css
[141/258] Copying gradient-dark.css
[142/258] Copying google-light.css
[143/258] Copying googlecode.css
[147/258] Copying google-dark.css
[147/258] Copying gml.css
[147/258] Copying github.css
[149/258] Copying github-gist.css
[150/258] Copying github-dark.css
[152/258] Copying github-dark-dimmed.css
[153/258] Copying gigavolt.css
[153/258] Copying fruit-soda.css
[155/258] Copying humanoid-light.css
[156/258] Copying hopscotch.css
[157/258] Copying flat.css
[157/258] Copying felipec.css
[158/258] Copying far.css
[158/258] Copying gradient-light.css
[160/258] Copying framer.css
[161/258] Copying grayscale-light.css
[163/258] Copying foundation.css
[164/258] Copying espresso.css
[165/258] Copying equilibrium-light.css
[165/258] Copying equilibrium-gray-dark.css
[167/258] Copying equilibrium-dark.css
[168/258] Copying embers.css
[169/258] Copying edge-dark.css
[170/258] Copying dracula.css
[171/258] Copying eva.css
[172/258] Copying docco.css
[173/258] Copying equilibrium-gray-light.css
[173/258] Copying dirtysea.css
[174/258] Copying eva-dim.css
[176/258] Copying eighties.css
[177/258] Copying default-dark.css
[178/258] Copying edge-light.css
[179/258] Copying darkmoss.css
[180/258] Copying decaf.css
[181/258] Copying dark.css
[182/258] Copying darcula.css
[182/258] Copying danqing.css
[184/258] Copying devibeans.css
[185/258] Copying default-light.css
[186/258] Copying cybertopia-saturated.css
[187/258] Copying cybertopia-cherry.css
[188/258] Copying cupcake.css
[189/258] Copying darktooth.css
[190/258] Copying colors.css
[191/258] Copying color-brewer.css
[192/258] Copying codeschool.css
[193/258] Copying classic-light.css
[194/258] Copying classic-dark.css
[195/258] Copying circus.css
[196/258] Copying chalk.css
[197/258] Copying brush-trees-dark.css
[198/258] Copying cupertino.css
[198/258] Copying brown-paper.css
[199/258] Copying dark-violet.css
[201/258] Copying bright.css
[202/258] Copying brewer.css
[203/258] Copying black-metal-nile.css
[203/258] Copying cybertopia-dimmer.css
[204/258] Copying cybertopia-icecap.css
[204/258] Copying codepen-embed.css
[207/258] Copying black-metal-marduk.css
[208/258] Copying brush-trees-light.css
[209/258] Copying black-metal.css
[210/258] Copying black-metal-gorgoroth.css
[211/258] Copying black-metal-dark-funeral.css
[212/258] Copying black-metal-burzum.css
[212/258] Copying black-metal-bathory.css
[214/258] Copying bespin.css
[215/258] Copying atom-one-dark.css
[216/258] Copying atom-one-dark-reasonable.css
[217/258] Copying atlas.css
[218/258] Copying atelier-sulphurpool-light.css
[219/258] Copying atelier-sulphurpool-dark.css
[220/258] Copying atelier-seaside-light.css
[221/258] Copying atelier-seaside-dark.css
[222/258] Copying atelier-savanna-light.css
[223/258] Copying black-metal-mayhem.css
[223/258] Copying brogrammer.css
[223/258] Copying atelier-plateau-light.css
[223/258] Copying atom-one-light.css
[223/258] Copying atelier-plateau-dark.css
[223/258] Copying atelier-lakeside-dark.css
[224/258] Copying black-metal-immortal.css
[230/258] Copying atelier-forest-light.css
[230/258] Copying atelier-forest-dark.css
[232/258] Copying atelier-estuary-light.css
[232/258] Copying atelier-estuary-dark.css
[234/258] Copying atelier-heath-light.css
[235/258] Copying atelier-dune-light.css
[235/258] Copying atelier-dune-dark.css
[237/258] Copying atelier-savanna-dark.css
[238/258] Copying atelier-cave-light.css
[238/258] Copying atelier-cave-dark.css
[238/258] Copying ascetic.css
[239/258] Copying arduino-light.css
[239/258] Copying apprentice.css
[239/258] Copying apathy.css
[239/258] Copying arta.css
[239/258] Copying androidstudio.css
[239/258] Copying an-old-hope.css
[243/258] Copying a11y-light.css
[246/258] Copying a11y-dark.css
[249/258] Copying 3024.css
[250/258] Copying 1c-light.css
[251/258] Copying black-metal-khold.css
[252/258] Copying agate.css
[252/258] Copying atelier-heath-dark.css
[254/258] Copying ashes.css
[255/258] Copying atelier-lakeside-light.css
[256/258] Write sources
[257/258] Write swift-version-272D24FF697CF451.txt
error: emit-module command failed with exit code 1 (use -v to see invocation)
[259/361] Emitting module MarkdownEngine
/host/spi-builder-workspace/Sources/MarkdownEngine/Configuration/MarkdownEditorConfiguration.swift:16:8: error: no such module 'AppKit'
14 | //
15 |
16 | import AppKit
| `- error: no such module 'AppKit'
17 | import Foundation
18 |
error: emit-module command failed with exit code 1 (use -v to see invocation)
[260/371] Emitting module SwiftMath
/host/spi-builder-workspace/.build/checkouts/SwiftMath/Sources/SwiftMath/MathBundle/MTFontMathTableV2.swift:9:8: error: no such module 'CoreGraphics'
7 |
8 | import Foundation
9 | import CoreGraphics
| `- error: no such module 'CoreGraphics'
10 | import CoreText
11 |
[261/373] Compiling MarkdownEngine MarkdownExtension.swift
/host/spi-builder-workspace/Sources/MarkdownEngine/Configuration/MarkdownEditorConfiguration.swift:16:8: error: no such module 'AppKit'
14 | //
15 |
16 | import AppKit
| `- error: no such module 'AppKit'
17 | import Foundation
18 |
[262/373] Compiling MarkdownEngine StrikethroughExtension.swift
/host/spi-builder-workspace/Sources/MarkdownEngine/Configuration/MarkdownEditorConfiguration.swift:16:8: error: no such module 'AppKit'
14 | //
15 |
16 | import AppKit
| `- error: no such module 'AppKit'
17 | import Foundation
18 |
[263/373] Compiling MarkdownEngine MarkdownInputHandler.swift
/host/spi-builder-workspace/Sources/MarkdownEngine/Configuration/MarkdownEditorConfiguration.swift:16:8: error: no such module 'AppKit'
14 | //
15 |
16 | import AppKit
| `- error: no such module 'AppKit'
17 | import Foundation
18 |
[264/373] Compiling MarkdownEngine MarkdownListHandler.swift
/host/spi-builder-workspace/Sources/MarkdownEngine/Configuration/MarkdownEditorConfiguration.swift:16:8: error: no such module 'AppKit'
14 | //
15 |
16 | import AppKit
| `- error: no such module 'AppKit'
17 | import Foundation
18 |
[265/373] Compiling MarkdownEngine BlockLevelTokenizer.swift
/host/spi-builder-workspace/Sources/MarkdownEngine/Configuration/MarkdownEditorConfiguration.swift:16:8: error: no such module 'AppKit'
14 | //
15 |
16 | import AppKit
| `- error: no such module 'AppKit'
17 | import Foundation
18 |
[266/373] Compiling MarkdownEngine BlockParser.swift
/host/spi-builder-workspace/Sources/MarkdownEngine/Configuration/MarkdownEditorConfiguration.swift:16:8: error: no such module 'AppKit'
14 | //
15 |
16 | import AppKit
| `- error: no such module 'AppKit'
17 | import Foundation
18 |
[267/373] Compiling MarkdownEngine BlockScopedTokenizer.swift
/host/spi-builder-workspace/Sources/MarkdownEngine/Configuration/MarkdownEditorConfiguration.swift:16:8: error: no such module 'AppKit'
14 | //
15 |
16 | import AppKit
| `- error: no such module 'AppKit'
17 | import Foundation
18 |
[268/373] Compiling MarkdownEngine DocumentParseState.swift
/host/spi-builder-workspace/Sources/MarkdownEngine/Configuration/MarkdownEditorConfiguration.swift:16:8: error: no such module 'AppKit'
14 | //
15 |
16 | import AppKit
| `- error: no such module 'AppKit'
17 | import Foundation
18 |
[269/373] Compiling MarkdownEngine InlineASTAdapter.swift
/host/spi-builder-workspace/Sources/MarkdownEngine/Configuration/MarkdownEditorConfiguration.swift:16:8: error: no such module 'AppKit'
14 | //
15 |
16 | import AppKit
| `- error: no such module 'AppKit'
17 | import Foundation
18 |
[270/373] Compiling MarkdownEngine InlineParser.swift
/host/spi-builder-workspace/Sources/MarkdownEngine/Configuration/MarkdownEditorConfiguration.swift:16:8: error: no such module 'AppKit'
14 | //
15 |
16 | import AppKit
| `- error: no such module 'AppKit'
17 | import Foundation
18 |
[271/373] Compiling MarkdownEngine MarkdownAST.swift
/host/spi-builder-workspace/Sources/MarkdownEngine/Configuration/MarkdownEditorConfiguration.swift:16:8: error: no such module 'AppKit'
14 | //
15 |
16 | import AppKit
| `- error: no such module 'AppKit'
17 | import Foundation
18 |
/host/spi-builder-workspace/.build/checkouts/SwiftMath/Sources/SwiftMath/MathBundle/MTFontMathTableV2.swift:9:8: error: no such module 'CoreGraphics'
7 |
8 | import Foundation
9 | import CoreGraphics
| `- error: no such module 'CoreGraphics'
10 | import CoreText
11 |
/host/spi-builder-workspace/.build/checkouts/SwiftMath/Sources/SwiftMath/MathBundle/MTFontMathTableV2.swift:9:8: error: no such module 'CoreGraphics'
7 |
8 | import Foundation
9 | import CoreGraphics
| `- error: no such module 'CoreGraphics'
10 | import CoreText
11 |
[274/373] Compiling MarkdownEngine MarkdownDetection.swift
/host/spi-builder-workspace/.build/checkouts/SwiftMath/Sources/SwiftMath/MathBundle/MTFontMathTableV2.swift:9:8: error: no such module 'CoreGraphics'
7 |
8 | import Foundation
9 | import CoreGraphics
| `- error: no such module 'CoreGraphics'
10 | import CoreText
11 |
[275/373] Compiling Highlighter resource_bundle_accessor.swift
/host/spi-builder-workspace/.build/checkouts/HighlighterSwift/Sources/Highlighter/Highlighter.swift:9:8: error: no such module 'JavaScriptCore'
7 | */
8 |
9 | import JavaScriptCore
| `- error: no such module 'JavaScriptCore'
10 | #if os(OSX)
11 | import AppKit
[276/373] Compiling MarkdownEngine MarkdownEditorConfiguration.swift
/host/spi-builder-workspace/Sources/MarkdownEngine/Configuration/MarkdownEditorConfiguration.swift:16:8: error: no such module 'AppKit'
14 | //
15 |
16 | import AppKit
| `- error: no such module 'AppKit'
17 | import Foundation
18 |
[277/373] Compiling MarkdownEngine MarkdownEditorTheme.swift
/host/spi-builder-workspace/Sources/MarkdownEngine/Configuration/MarkdownEditorConfiguration.swift:16:8: error: no such module 'AppKit'
14 | //
15 |
16 | import AppKit
| `- error: no such module 'AppKit'
17 | import Foundation
18 |
[278/373] Compiling MarkdownEngine PerfTrace.swift
/host/spi-builder-workspace/Sources/MarkdownEngine/Configuration/MarkdownEditorConfiguration.swift:16:8: error: no such module 'AppKit'
14 | //
15 |
16 | import AppKit
| `- error: no such module 'AppKit'
17 | import Foundation
18 |
[279/373] Compiling MarkdownEngine BuiltinDirectives.swift
/host/spi-builder-workspace/Sources/MarkdownEngine/Configuration/MarkdownEditorConfiguration.swift:16:8: error: no such module 'AppKit'
14 | //
15 |
16 | import AppKit
| `- error: no such module 'AppKit'
17 | import Foundation
18 |
[280/373] Compiling MarkdownEngine DirectiveArguments.swift
/host/spi-builder-workspace/Sources/MarkdownEngine/Configuration/MarkdownEditorConfiguration.swift:16:8: error: no such module 'AppKit'
14 | //
15 |
16 | import AppKit
| `- error: no such module 'AppKit'
17 | import Foundation
18 |
[281/373] Compiling MarkdownEngine DirectiveCompletionScanner.swift
/host/spi-builder-workspace/Sources/MarkdownEngine/Configuration/MarkdownEditorConfiguration.swift:16:8: error: no such module 'AppKit'
14 | //
15 |
16 | import AppKit
| `- error: no such module 'AppKit'
17 | import Foundation
18 |
[282/373] Compiling MarkdownEngine DirectiveRegistry.swift
/host/spi-builder-workspace/Sources/MarkdownEngine/Configuration/MarkdownEditorConfiguration.swift:16:8: error: no such module 'AppKit'
14 | //
15 |
16 | import AppKit
| `- error: no such module 'AppKit'
17 | import Foundation
18 |
[283/373] Compiling MarkdownEngine DirectiveScanner.swift
/host/spi-builder-workspace/Sources/MarkdownEngine/Configuration/MarkdownEditorConfiguration.swift:16:8: error: no such module 'AppKit'
14 | //
15 |
16 | import AppKit
| `- error: no such module 'AppKit'
17 | import Foundation
18 |
[284/373] Compiling MarkdownEngine MarkdownDirective.swift
/host/spi-builder-workspace/Sources/MarkdownEngine/Configuration/MarkdownEditorConfiguration.swift:16:8: error: no such module 'AppKit'
14 | //
15 |
16 | import AppKit
| `- error: no such module 'AppKit'
17 | import Foundation
18 |
[285/373] Compiling MarkdownEngine ContainerExtension.swift
/host/spi-builder-workspace/Sources/MarkdownEngine/Configuration/MarkdownEditorConfiguration.swift:16:8: error: no such module 'AppKit'
14 | //
15 |
16 | import AppKit
| `- error: no such module 'AppKit'
17 | import Foundation
18 |
[286/373] Compiling MarkdownEngine HighlightExtension.swift
/host/spi-builder-workspace/Sources/MarkdownEngine/Configuration/MarkdownEditorConfiguration.swift:16:8: error: no such module 'AppKit'
14 | //
15 |
16 | import AppKit
| `- error: no such module 'AppKit'
17 | import Foundation
18 |
[287/373] Compiling MarkdownEngine MarkdownToken.swift
/host/spi-builder-workspace/.build/checkouts/SwiftMath/Sources/SwiftMath/MathBundle/MTFontMathTableV2.swift:9:8: error: no such module 'CoreGraphics'
7 |
8 | import Foundation
9 | import CoreGraphics
| `- error: no such module 'CoreGraphics'
10 | import CoreText
11 |
[288/373] Compiling MarkdownEngine MarkdownTokenizer.swift
/host/spi-builder-workspace/.build/checkouts/SwiftMath/Sources/SwiftMath/MathBundle/MTFontMathTableV2.swift:9:8: error: no such module 'CoreGraphics'
7 |
8 | import Foundation
9 | import CoreGraphics
| `- error: no such module 'CoreGraphics'
10 | import CoreText
11 |
[289/373] Compiling MarkdownEngine EmbeddedImageCache.swift
/host/spi-builder-workspace/.build/checkouts/SwiftMath/Sources/SwiftMath/MathBundle/MTFontMathTableV2.swift:9:8: error: no such module 'CoreGraphics'
7 |
8 | import Foundation
9 | import CoreGraphics
| `- error: no such module 'CoreGraphics'
10 | import CoreText
11 |
/host/spi-builder-workspace/.build/checkouts/SwiftMath/Sources/SwiftMath/MathBundle/MTFontMathTableV2.swift:9:8: error: no such module 'CoreGraphics'
7 |
8 | import Foundation
9 | import CoreGraphics
| `- error: no such module 'CoreGraphics'
10 | import CoreText
11 |
/host/spi-builder-workspace/.build/checkouts/SwiftMath/Sources/SwiftMath/MathBundle/MTFontMathTableV2.swift:9:8: error: no such module 'CoreGraphics'
7 |
8 | import Foundation
9 | import CoreGraphics
| `- error: no such module 'CoreGraphics'
10 | import CoreText
11 |
/host/spi-builder-workspace/.build/checkouts/SwiftMath/Sources/SwiftMath/MathBundle/MTFontMathTableV2.swift:9:8: error: no such module 'CoreGraphics'
7 |
8 | import Foundation
9 | import CoreGraphics
| `- error: no such module 'CoreGraphics'
10 | import CoreText
11 |
[293/373] Compiling MarkdownEngine NativeTextView+Placeholder.swift
/host/spi-builder-workspace/Sources/MarkdownEngine/Configuration/MarkdownEditorConfiguration.swift:16:8: error: no such module 'AppKit'
14 | //
15 |
16 | import AppKit
| `- error: no such module 'AppKit'
17 | import Foundation
18 |
[294/373] Compiling MarkdownEngine NativeTextView+SpellingPolicy.swift
/host/spi-builder-workspace/Sources/MarkdownEngine/Configuration/MarkdownEditorConfiguration.swift:16:8: error: no such module 'AppKit'
14 | //
15 |
16 | import AppKit
| `- error: no such module 'AppKit'
17 | import Foundation
18 |
[295/373] Compiling MarkdownEngine NativeTextView+SpellingToggles.swift
/host/spi-builder-workspace/Sources/MarkdownEngine/Configuration/MarkdownEditorConfiguration.swift:16:8: error: no such module 'AppKit'
14 | //
15 |
16 | import AppKit
| `- error: no such module 'AppKit'
17 | import Foundation
18 |
[296/373] Compiling MarkdownEngine NativeTextView+TaskCheckbox.swift
/host/spi-builder-workspace/Sources/MarkdownEngine/Configuration/MarkdownEditorConfiguration.swift:16:8: error: no such module 'AppKit'
14 | //
15 |
16 | import AppKit
| `- error: no such module 'AppKit'
17 | import Foundation
18 |
[297/373] Compiling MarkdownEngine NativeTextView.swift
/host/spi-builder-workspace/Sources/MarkdownEngine/Configuration/MarkdownEditorConfiguration.swift:16:8: error: no such module 'AppKit'
14 | //
15 |
16 | import AppKit
| `- error: no such module 'AppKit'
17 | import Foundation
18 |
[298/373] Compiling MarkdownEngine NativeTextViewContainer.swift
/host/spi-builder-workspace/Sources/MarkdownEngine/Configuration/MarkdownEditorConfiguration.swift:16:8: error: no such module 'AppKit'
14 | //
15 |
16 | import AppKit
| `- error: no such module 'AppKit'
17 | import Foundation
18 |
[299/373] Compiling MarkdownEngine NativeTextViewSelectionTypes.swift
/host/spi-builder-workspace/Sources/MarkdownEngine/Configuration/MarkdownEditorConfiguration.swift:16:8: error: no such module 'AppKit'
14 | //
15 |
16 | import AppKit
| `- error: no such module 'AppKit'
17 | import Foundation
18 |
[300/373] Compiling MarkdownEngine NativeTextViewWrapper.swift
/host/spi-builder-workspace/Sources/MarkdownEngine/Configuration/MarkdownEditorConfiguration.swift:16:8: error: no such module 'AppKit'
14 | //
15 |
16 | import AppKit
| `- error: no such module 'AppKit'
17 | import Foundation
18 |
[301/373] Compiling MarkdownEngine PasteboardImageReader.swift
/host/spi-builder-workspace/Sources/MarkdownEngine/Configuration/MarkdownEditorConfiguration.swift:16:8: error: no such module 'AppKit'
14 | //
15 |
16 | import AppKit
| `- error: no such module 'AppKit'
17 | import Foundation
18 |
[302/373] Compiling MarkdownEngine ScrollingHeaderController.swift
/host/spi-builder-workspace/Sources/MarkdownEngine/Configuration/MarkdownEditorConfiguration.swift:16:8: error: no such module 'AppKit'
14 | //
15 |
16 | import AppKit
| `- error: no such module 'AppKit'
17 | import Foundation
18 |
[303/373] Compiling MarkdownEngine TextStylingService.swift
/host/spi-builder-workspace/Sources/MarkdownEngine/Configuration/MarkdownEditorConfiguration.swift:16:8: error: no such module 'AppKit'
14 | //
15 |
16 | import AppKit
| `- error: no such module 'AppKit'
17 | import Foundation
18 |
[304/373] Compiling MarkdownEngine BottomOverscrollPolicy.swift
/host/spi-builder-workspace/Sources/MarkdownEngine/Configuration/MarkdownEditorConfiguration.swift:16:8: error: no such module 'AppKit'
14 | //
15 |
16 | import AppKit
| `- error: no such module 'AppKit'
17 | import Foundation
18 |
[305/373] Compiling MarkdownEngine ClampedScrollView.swift
/host/spi-builder-workspace/Sources/MarkdownEngine/Configuration/MarkdownEditorConfiguration.swift:16:8: error: no such module 'AppKit'
14 | //
15 |
16 | import AppKit
| `- error: no such module 'AppKit'
17 | import Foundation
18 |
[306/373] Compiling MarkdownEngine CodeBlockButton.swift
/host/spi-builder-workspace/Sources/MarkdownEngine/Configuration/MarkdownEditorConfiguration.swift:16:8: error: no such module 'AppKit'
14 | //
15 |
16 | import AppKit
| `- error: no such module 'AppKit'
17 | import Foundation
18 |
[307/373] Compiling MarkdownEngine ContextMenu.swift
/host/spi-builder-workspace/Sources/MarkdownEngine/Configuration/MarkdownEditorConfiguration.swift:16:8: error: no such module 'AppKit'
14 | //
15 |
16 | import AppKit
| `- error: no such module 'AppKit'
17 | import Foundation
18 |
[308/373] Compiling MarkdownEngine NativeTextViewCoordinator+Autocorrect.swift
/host/spi-builder-workspace/Sources/MarkdownEngine/Configuration/MarkdownEditorConfiguration.swift:16:8: error: no such module 'AppKit'
14 | //
15 |
16 | import AppKit
| `- error: no such module 'AppKit'
17 | import Foundation
18 |
[309/373] Compiling MarkdownEngine NativeTextViewCoordinator+CaretColor.swift
/host/spi-builder-workspace/Sources/MarkdownEngine/Configuration/MarkdownEditorConfiguration.swift:16:8: error: no such module 'AppKit'
14 | //
15 |
16 | import AppKit
| `- error: no such module 'AppKit'
17 | import Foundation
18 |
[310/373] Compiling MarkdownEngine NativeTextViewCoordinator+CodeBlocks.swift
/host/spi-builder-workspace/Sources/MarkdownEngine/Configuration/MarkdownEditorConfiguration.swift:16:8: error: no such module 'AppKit'
14 | //
15 |
16 | import AppKit
| `- error: no such module 'AppKit'
17 | import Foundation
18 |
[311/373] Compiling MarkdownEngine NativeTextViewCoordinator+Directives.swift
/host/spi-builder-workspace/Sources/MarkdownEngine/Configuration/MarkdownEditorConfiguration.swift:16:8: error: no such module 'AppKit'
14 | //
15 |
16 | import AppKit
| `- error: no such module 'AppKit'
17 | import Foundation
18 |
[312/373] Compiling MarkdownEngine NativeTextViewCoordinator+Find.swift
/host/spi-builder-workspace/Sources/MarkdownEngine/Configuration/MarkdownEditorConfiguration.swift:16:8: error: no such module 'AppKit'
14 | //
15 |
16 | import AppKit
| `- error: no such module 'AppKit'
17 | import Foundation
18 |
[313/373] Compiling SwiftMath RWLock.swift
/host/spi-builder-workspace/.build/checkouts/SwiftMath/Sources/SwiftMath/MathBundle/MTFontMathTableV2.swift:9:8: error: no such module 'CoreGraphics'
7 |
8 | import Foundation
9 | import CoreGraphics
| `- error: no such module 'CoreGraphics'
10 | import CoreText
11 |
[314/373] Compiling SwiftMath resource_bundle_accessor.swift
/host/spi-builder-workspace/.build/checkouts/SwiftMath/Sources/SwiftMath/MathBundle/MTFontMathTableV2.swift:9:8: error: no such module 'CoreGraphics'
7 |
8 | import Foundation
9 | import CoreGraphics
| `- error: no such module 'CoreGraphics'
10 | import CoreText
11 |
/host/spi-builder-workspace/.build/checkouts/SwiftMath/Sources/SwiftMath/MathBundle/MTFontMathTableV2.swift:9:8: error: no such module 'CoreGraphics'
7 |
8 | import Foundation
9 | import CoreGraphics
| `- error: no such module 'CoreGraphics'
10 | import CoreText
11 |
/host/spi-builder-workspace/.build/checkouts/SwiftMath/Sources/SwiftMath/MathBundle/MTFontMathTableV2.swift:9:8: error: no such module 'CoreGraphics'
7 |
8 | import Foundation
9 | import CoreGraphics
| `- error: no such module 'CoreGraphics'
10 | import CoreText
11 |
/host/spi-builder-workspace/.build/checkouts/SwiftMath/Sources/SwiftMath/MathBundle/MTFontMathTableV2.swift:9:8: error: no such module 'CoreGraphics'
7 |
8 | import Foundation
9 | import CoreGraphics
| `- error: no such module 'CoreGraphics'
10 | import CoreText
11 |
/host/spi-builder-workspace/.build/checkouts/SwiftMath/Sources/SwiftMath/MathBundle/MTFontMathTableV2.swift:9:8: error: no such module 'CoreGraphics'
7 |
8 | import Foundation
9 | import CoreGraphics
| `- error: no such module 'CoreGraphics'
10 | import CoreText
11 |
/host/spi-builder-workspace/.build/checkouts/SwiftMath/Sources/SwiftMath/MathBundle/MTFontMathTableV2.swift:9:8: error: no such module 'CoreGraphics'
7 |
8 | import Foundation
9 | import CoreGraphics
| `- error: no such module 'CoreGraphics'
10 | import CoreText
11 |
/host/spi-builder-workspace/.build/checkouts/SwiftMath/Sources/SwiftMath/MathBundle/MTFontMathTableV2.swift:9:8: error: no such module 'CoreGraphics'
7 |
8 | import Foundation
9 | import CoreGraphics
| `- error: no such module 'CoreGraphics'
10 | import CoreText
11 |
[321/373] Compiling Highlighter Theme.swift
/host/spi-builder-workspace/.build/checkouts/HighlighterSwift/Sources/Highlighter/Highlighter.swift:9:8: error: no such module 'JavaScriptCore'
7 | */
8 |
9 | import JavaScriptCore
| `- error: no such module 'JavaScriptCore'
10 | #if os(OSX)
11 | import AppKit
[322/373] Compiling Highlighter HTMLUtils.swift
/host/spi-builder-workspace/.build/checkouts/HighlighterSwift/Sources/Highlighter/Highlighter.swift:9:8: error: no such module 'JavaScriptCore'
7 | */
8 |
9 | import JavaScriptCore
| `- error: no such module 'JavaScriptCore'
10 | #if os(OSX)
11 | import AppKit
[323/373] Compiling Highlighter Extensions.swift
/host/spi-builder-workspace/.build/checkouts/HighlighterSwift/Sources/Highlighter/Highlighter.swift:9:8: error: no such module 'JavaScriptCore'
7 | */
8 |
9 | import JavaScriptCore
| `- error: no such module 'JavaScriptCore'
10 | #if os(OSX)
11 | import AppKit
[324/373] Compiling Highlighter LineNumberData.swift
/host/spi-builder-workspace/.build/checkouts/HighlighterSwift/Sources/Highlighter/Highlighter.swift:9:8: error: no such module 'JavaScriptCore'
7 | */
8 |
9 | import JavaScriptCore
| `- error: no such module 'JavaScriptCore'
10 | #if os(OSX)
11 | import AppKit
error: emit-module command failed with exit code 1 (use -v to see invocation)
[325/373] Compiling Highlighter Highlighter.swift
/host/spi-builder-workspace/.build/checkouts/HighlighterSwift/Sources/Highlighter/Highlighter.swift:9:8: error: no such module 'JavaScriptCore'
7 | */
8 |
9 | import JavaScriptCore
| `- error: no such module 'JavaScriptCore'
10 | #if os(OSX)
11 | import AppKit
[326/373] Emitting module Highlighter
/host/spi-builder-workspace/.build/checkouts/HighlighterSwift/Sources/Highlighter/Highlighter.swift:9:8: error: no such module 'JavaScriptCore'
7 | */
8 |
9 | import JavaScriptCore
| `- error: no such module 'JavaScriptCore'
10 | #if os(OSX)
11 | import AppKit
[327/373] Compiling Highlighter Shims.swift
/host/spi-builder-workspace/.build/checkouts/HighlighterSwift/Sources/Highlighter/Highlighter.swift:9:8: error: no such module 'JavaScriptCore'
7 | */
8 |
9 | import JavaScriptCore
| `- error: no such module 'JavaScriptCore'
10 | #if os(OSX)
11 | import AppKit
BUILD FAILURE 6.3 android