Build Information
Failed to build iOSMcuManagerLibrary, reference 1.14.9 (3291e7), with Swift 6.1 for Android on 4 Oct 2026 15:41:30 UTC.
Build Command
bash -c docker run --pull=always --rm -v "checkouts-54344843-0":/host -w "$PWD" -e JAVA_HOME="/root/.sdkman/candidates/java/current" -e SPI_BUILD="1" -e SPI_PROCESSING="1" registry.gitlab.com/saguaro1/spi-images:android-6.1-latest swift build --swift-sdk aarch64-unknown-linux-android24 2>&1Build Log
========================================
RunAll
========================================
Builder version: 5.1.1
Interrupt handler set up.
========================================
Checkout
========================================
Clone URL: https://github.com/nordicsemi/IOS-nRF-Connect-Device-Manager.git
Reference: 1.14.9
Initialized empty Git repository in /host/spi-builder-workspace/.git/
hint: Using 'master' as the name for the initial branch. This default branch name
hint: is subject to change. To configure the initial branch name to use in all
hint: of your new repositories, which will suppress this warning, call:
hint:
hint: git config --global init.defaultBranch <name>
hint:
hint: Names commonly chosen instead of 'master' are 'main', 'trunk' and
hint: 'development'. The just-created branch can be renamed via this command:
hint:
hint: git branch -m <name>
From https://github.com/nordicsemi/IOS-nRF-Connect-Device-Manager
* tag 1.14.9 -> FETCH_HEAD
HEAD is now at 3291e74 Merge pull request #657 from nordicsemi/lower-buffer-count
Cloned https://github.com/nordicsemi/IOS-nRF-Connect-Device-Manager.git
Revision (git rev-parse @):
3291e749ccbfb7f6404ebfa1efda32332c047314
SUCCESS checkout https://github.com/nordicsemi/IOS-nRF-Connect-Device-Manager.git at 1.14.9
========================================
Build
========================================
Selected platform: android
Swift version: 6.1
Building package at path: $PWD
https://github.com/nordicsemi/IOS-nRF-Connect-Device-Manager.git
https://github.com/nordicsemi/IOS-nRF-Connect-Device-Manager.git
WARNING: environment variable SUPPRESS_SWIFT_6_FLAGS is not set
Running build ...
bash -c docker run --pull=always --rm -v "checkouts-54344843-0":/host -w "$PWD" -e JAVA_HOME="/root/.sdkman/candidates/java/current" -e SPI_BUILD="1" -e SPI_PROCESSING="1" registry.gitlab.com/saguaro1/spi-images:android-6.1-latest swift build --swift-sdk aarch64-unknown-linux-android24 -Xswiftc -Xfrontend -Xswiftc -stats-output-dir -Xswiftc -Xfrontend -Xswiftc .stats -Xswiftc -strict-concurrency=complete -Xswiftc -enable-upcoming-feature -Xswiftc StrictConcurrency -Xswiftc -enable-upcoming-feature -Xswiftc DisableOutwardActorInference -Xswiftc -enable-upcoming-feature -Xswiftc GlobalActorIsolatedTypesUsability -Xswiftc -enable-upcoming-feature -Xswiftc InferSendableFromCaptures 2>&1
android-6.1-latest: Pulling from saguaro1/spi-images
Digest: sha256:a7f4f752e160f6cbd9e0c26490aa43ccd5312d524c4c6d77f8b144559b526afa
Status: Image is up to date for registry.gitlab.com/saguaro1/spi-images:android-6.1-latest
Fetching https://github.com/nordicsemi/IOS-BLE-Library
Fetching https://github.com/weichsel/ZIPFoundation.git
Fetching https://github.com/valpackett/SwiftCBOR.git
Fetching https://github.com/nordicsemi/IOS-Common-Libraries
[1/1548] Fetching swiftcbor
[1549/6615] Fetching swiftcbor, ios-ble-library
[2006/8694] Fetching swiftcbor, ios-ble-library, ios-common-libraries
[4403/15165] Fetching swiftcbor, ios-ble-library, ios-common-libraries, zipfoundation
Fetched https://github.com/valpackett/SwiftCBOR.git from cache (0.47s)
Fetched https://github.com/nordicsemi/IOS-Common-Libraries from cache (0.48s)
[7074/11538] Fetching ios-ble-library, zipfoundation
Fetched https://github.com/nordicsemi/IOS-BLE-Library from cache (0.62s)
Fetched https://github.com/weichsel/ZIPFoundation.git from cache (0.62s)
Computing version for https://github.com/nordicsemi/IOS-Common-Libraries
Computed https://github.com/nordicsemi/IOS-Common-Libraries at 0.2.5 (0.93s)
Computing version for https://github.com/nordicsemi/IOS-BLE-Library
Computed https://github.com/nordicsemi/IOS-BLE-Library at 0.4.5 (0.26s)
Fetching https://github.com/nordicsemi/IOS-CoreBluetooth-Mock.git
[1/7958] Fetching ios-corebluetooth-mock
Fetched https://github.com/nordicsemi/IOS-CoreBluetooth-Mock.git from cache (1.12s)
Computing version for https://github.com/weichsel/ZIPFoundation.git
Computed https://github.com/weichsel/ZIPFoundation.git at 0.9.20 (1.36s)
Computing version for https://github.com/valpackett/SwiftCBOR.git
Computed https://github.com/valpackett/SwiftCBOR.git at 0.6.0 (0.25s)
Computing version for https://github.com/nordicsemi/IOS-CoreBluetooth-Mock.git
Computed https://github.com/nordicsemi/IOS-CoreBluetooth-Mock.git at 1.0.6 (0.23s)
Creating working copy for https://github.com/valpackett/SwiftCBOR.git
Working copy of https://github.com/valpackett/SwiftCBOR.git resolved at 0.6.0
Creating working copy for https://github.com/nordicsemi/IOS-CoreBluetooth-Mock.git
Working copy of https://github.com/nordicsemi/IOS-CoreBluetooth-Mock.git resolved at 1.0.6
Creating working copy for https://github.com/nordicsemi/IOS-BLE-Library
Working copy of https://github.com/nordicsemi/IOS-BLE-Library resolved at 0.4.5
Creating working copy for https://github.com/weichsel/ZIPFoundation.git
Working copy of https://github.com/weichsel/ZIPFoundation.git resolved at 0.9.20
Creating working copy for https://github.com/nordicsemi/IOS-Common-Libraries
Working copy of https://github.com/nordicsemi/IOS-Common-Libraries resolved at 0.2.5
[0/5] Write sources
[1/5] Write swift-version-24593BA9C3E375BF.txt
[3/7] Emitting module MockGeneratorTool
[4/7] Compiling MockGeneratorTool main.swift
[5/8] Wrapping AST for MockGeneratorTool for debugging
[6/8] Write Objects.LinkFileList
[7/8] Linking MockGeneratorTool-tool
warning: 'spi-builder-workspace': found 1 file(s) which are unhandled; explicitly declare them as resources or exclude from the target
/host/spi-builder-workspace/iOSMcuManagerLibrary/Source/PrivacyInfo.xcprivacy
warning: 'zipfoundation': found 1 file(s) which are unhandled; explicitly declare them as resources or exclude from the target
/host/spi-builder-workspace/.build/checkouts/ZIPFoundation/Sources/ZIPFoundation/Resources/PrivacyInfo.xcprivacy
[1/1] Compiling plugin MockGenerator
Building for debugging...
[1/35] Write sources
[8/35] Write swift-version-24593BA9C3E375BF.txt
[10/36] Emitting module MockGeneratorTool
[11/127] Wrapping AST for MockGeneratorTool for debugging
[12/127] Write Objects.LinkFileList
[13/166] Linking MockGeneratorTool-tool
[14/166] MockCopy Publishers+Async.swift
[15/166] MockCopy Data+Ext.swift.swift
[16/166] MockCopy AsyncCharacteristicData.swift
[17/166] MockCopy UnimplementedError.swift
[17/166] MockCopy CBManagerState+Ext.swift
[19/166] MockCopy Queue.swift
[20/166] MockCopy RSSI.swift
[21/166] MockCopy Publishers+GuestList.swift
[22/166] MockCopy Publishers+Connectable.swift
[23/166] MockCopy Publishers+FailablePrefix.swift.swift
[24/166] MockCopy Publishers+Bluetooth.swift
[25/166] MockCopy ContinuationSubscriber.swift
[26/166] MockCopy Logger.swift
[27/166] MockCopy CBManagerState.swift
[28/166] MockCopy AdvertisementData.swift
[29/166] MockCopy ReactivePeripheralDelegate.swift
[30/166] MockCopy Peripheral.swift
[31/166] MockCopy ReactiveCentralManagerDelegate.swift
[32/166] MockCopy Peripheral+Writer.swift
[32/166] MockCopy PeripheralError.swift
[34/166] MockCopy ScanResult.swift
[35/166] MockCopy CentralManager.swift
[36/166] Write sources
error: emit-module command failed with exit code 1 (use -v to see invocation)
[38/166] Emitting module CoreBluetoothMock
/host/spi-builder-workspace/.build/checkouts/IOS-CoreBluetooth-Mock/CoreBluetoothMock/CBMAttributes.swift:31:8: error: no such module 'CoreBluetooth'
29 | */
30 |
31 | import CoreBluetooth
| `- error: no such module 'CoreBluetooth'
32 |
33 | /// A representation of common aspects of services offered by a peripheral.
error: emit-module command failed with exit code 1 (use -v to see invocation)
[39/168] Emitting module iOS_Common_Libraries
/host/spi-builder-workspace/.build/checkouts/IOS-Common-Libraries/Sources/iOS-Common-Libraries/Effects/Modifiers/BlinkingModifier.swift:9:8: error: no such module 'SwiftUI'
7 | //
8 |
9 | import SwiftUI
| `- error: no such module 'SwiftUI'
10 |
11 | // MARK: - BlinkingView
error: emit-module command failed with exit code 1 (use -v to see invocation)
[40/178] Emitting module ZIPFoundation
/host/spi-builder-workspace/.build/checkouts/ZIPFoundation/Sources/ZIPFoundation/Date+ZIP.swift:77:11: error: cannot find type 'stat' in scope
75 | }
76 |
77 | extension stat {
| `- error: cannot find type 'stat' in scope
78 |
79 | var lastAccessDate: Date {
[41/180] Compiling iOS_Common_Libraries AppIconView.swift
/host/spi-builder-workspace/.build/checkouts/IOS-Common-Libraries/Sources/iOS-Common-Libraries/Effects/Modifiers/BlinkingModifier.swift:9:8: error: no such module 'SwiftUI'
7 | //
8 |
9 | import SwiftUI
| `- error: no such module 'SwiftUI'
10 |
11 | // MARK: - BlinkingView
[42/180] Compiling iOS_Common_Libraries BadgeView.swift
/host/spi-builder-workspace/.build/checkouts/IOS-Common-Libraries/Sources/iOS-Common-Libraries/Effects/Modifiers/BlinkingModifier.swift:9:8: error: no such module 'SwiftUI'
7 | //
8 |
9 | import SwiftUI
| `- error: no such module 'SwiftUI'
10 |
11 | // MARK: - BlinkingView
[43/180] Compiling iOS_Common_Libraries BlinkingCursorView.swift
/host/spi-builder-workspace/.build/checkouts/IOS-Common-Libraries/Sources/iOS-Common-Libraries/Effects/Modifiers/BlinkingModifier.swift:9:8: error: no such module 'SwiftUI'
7 | //
8 |
9 | import SwiftUI
| `- error: no such module 'SwiftUI'
10 |
11 | // MARK: - BlinkingView
[44/180] Compiling iOS_Common_Libraries CancellableTextField.swift
/host/spi-builder-workspace/.build/checkouts/IOS-Common-Libraries/Sources/iOS-Common-Libraries/Effects/Modifiers/BlinkingModifier.swift:9:8: error: no such module 'SwiftUI'
7 | //
8 |
9 | import SwiftUI
| `- error: no such module 'SwiftUI'
10 |
11 | // MARK: - BlinkingView
[45/180] Compiling iOS_Common_Libraries DevZoneLinkView.swift
/host/spi-builder-workspace/.build/checkouts/IOS-Common-Libraries/Sources/iOS-Common-Libraries/Effects/Modifiers/BlinkingModifier.swift:9:8: error: no such module 'SwiftUI'
7 | //
8 |
9 | import SwiftUI
| `- error: no such module 'SwiftUI'
10 |
11 | // MARK: - BlinkingView
[46/180] Compiling iOS_Common_Libraries DotView.swift
/host/spi-builder-workspace/.build/checkouts/IOS-Common-Libraries/Sources/iOS-Common-Libraries/Effects/Modifiers/BlinkingModifier.swift:9:8: error: no such module 'SwiftUI'
7 | //
8 |
9 | import SwiftUI
| `- error: no such module 'SwiftUI'
10 |
11 | // MARK: - BlinkingView
[47/180] Compiling iOS_Common_Libraries FPSCounter.swift
/host/spi-builder-workspace/.build/checkouts/IOS-Common-Libraries/Sources/iOS-Common-Libraries/Effects/Modifiers/BlinkingModifier.swift:9:8: error: no such module 'SwiftUI'
7 | //
8 |
9 | import SwiftUI
| `- error: no such module 'SwiftUI'
10 |
11 | // MARK: - BlinkingView
[48/180] Compiling iOS_Common_Libraries IndeterminateProgressView.swift
/host/spi-builder-workspace/.build/checkouts/IOS-Common-Libraries/Sources/iOS-Common-Libraries/Effects/Modifiers/BlinkingModifier.swift:9:8: error: no such module 'SwiftUI'
7 | //
8 |
9 | import SwiftUI
| `- error: no such module 'SwiftUI'
10 |
11 | // MARK: - BlinkingView
[49/180] Compiling iOS_Common_Libraries InlinePicker.swift
/host/spi-builder-workspace/.build/checkouts/IOS-Common-Libraries/Sources/iOS-Common-Libraries/Effects/Modifiers/BlinkingModifier.swift:9:8: error: no such module 'SwiftUI'
7 | //
8 |
9 | import SwiftUI
| `- error: no such module 'SwiftUI'
10 |
11 | // MARK: - BlinkingView
[50/180] Compiling iOS_Common_Libraries InlineSegmentedControlPicker.swift
/host/spi-builder-workspace/.build/checkouts/IOS-Common-Libraries/Sources/iOS-Common-Libraries/Effects/Modifiers/BlinkingModifier.swift:9:8: error: no such module 'SwiftUI'
7 | //
8 |
9 | import SwiftUI
| `- error: no such module 'SwiftUI'
10 |
11 | // MARK: - BlinkingView
[51/180] Compiling iOS_Common_Libraries Float.swift
/host/spi-builder-workspace/.build/checkouts/IOS-CoreBluetooth-Mock/CoreBluetoothMock/CBMAttributes.swift:31:8: error: no such module 'CoreBluetooth'
29 | */
30 |
31 | import CoreBluetooth
| `- error: no such module 'CoreBluetooth'
32 |
33 | /// A representation of common aspects of services offered by a peripheral.
[52/180] Compiling iOS_Common_Libraries NordicLog.swift
/host/spi-builder-workspace/.build/checkouts/IOS-CoreBluetooth-Mock/CoreBluetoothMock/CBMAttributes.swift:31:8: error: no such module 'CoreBluetooth'
29 | */
30 |
31 | import CoreBluetooth
| `- error: no such module 'CoreBluetooth'
32 |
33 | /// A representation of common aspects of services offered by a peripheral.
[53/180] Compiling iOS_Common_Libraries RGBA.swift
[54/180] Compiling iOS_Common_Libraries UIColor.swift
[55/182] Emitting module SwiftCBOR
[56/182] Compiling iOS_Common_Libraries BlinkingModifier.swift
[57/182] Compiling iOS_Common_Libraries GlowingModifier.swift
[58/182] Compiling iOS_Common_Libraries Array.swift
[59/182] Compiling iOS_Common_Libraries AutoLayout.swift
[60/182] Compiling iOS_Common_Libraries CGSize.swift
[61/182] Compiling SwiftCBOR FixedWidthInteger+Bytes.swift
[62/182] Compiling SwiftCBOR Util.swift
[63/182] Compiling ZIPFoundation FileManager+ZIPDeprecated.swift
[64/182] Compiling ZIPFoundation URL+ZIP.swift
/host/spi-builder-workspace/.build/checkouts/ZIPFoundation/Sources/ZIPFoundation/Archive+Reading.swift:41:34: error: cannot find 'errno' in scope
39 | let destinationRepresentation = fileManager.fileSystemRepresentation(withPath: url.path)
40 | guard let destinationFile: FILEPointer = fopen(destinationRepresentation, "wb+") else {
41 | throw POSIXError(errno, path: url.path)
| `- error: cannot find 'errno' in scope
42 | }
43 | defer { fclose(destinationFile) }
/root/.swiftpm/swift-sdks/swift-6.1-RELEASE-android-24-0.1.artifactbundle/swift-6.1-release-android-24-sdk/android-27c-sysroot/usr/include/errno.h:58:9: note: macro 'errno' unavailable: structure not supported
56 | * thread.
57 | */
58 | #define errno (*__errno())
| `- note: macro 'errno' unavailable: structure not supported
59 |
60 | __END_DECLS
/host/spi-builder-workspace/.build/checkouts/ZIPFoundation/Sources/ZIPFoundation/Archive+Reading.swift:41:34: error: cannot find 'errno' in scope
39 | let destinationRepresentation = fileManager.fileSystemRepresentation(withPath: url.path)
40 | guard let destinationFile: FILEPointer = fopen(destinationRepresentation, "wb+") else {
41 | throw POSIXError(errno, path: url.path)
| `- error: cannot find 'errno' in scope
42 | }
43 | defer { fclose(destinationFile) }
/root/.swiftpm/swift-sdks/swift-6.1-RELEASE-android-24-0.1.artifactbundle/swift-6.1-release-android-24-sdk/android-27c-sysroot/usr/include/errno.h:58:9: note: macro 'errno' unavailable: structure not supported
56 | * thread.
57 | */
58 | #define errno (*__errno())
| `- note: macro 'errno' unavailable: structure not supported
59 |
60 | __END_DECLS
/host/spi-builder-workspace/.build/checkouts/ZIPFoundation/Sources/ZIPFoundation/Archive+Reading.swift:41:34: error: cannot find 'errno' in scope
39 | let destinationRepresentation = fileManager.fileSystemRepresentation(withPath: url.path)
40 | guard let destinationFile: FILEPointer = fopen(destinationRepresentation, "wb+") else {
41 | throw POSIXError(errno, path: url.path)
| `- error: cannot find 'errno' in scope
42 | }
43 | defer { fclose(destinationFile) }
/root/.swiftpm/swift-sdks/swift-6.1-RELEASE-android-24-0.1.artifactbundle/swift-6.1-release-android-24-sdk/android-27c-sysroot/usr/include/errno.h:58:9: note: macro 'errno' unavailable: structure not supported
56 | * thread.
57 | */
58 | #define errno (*__errno())
| `- note: macro 'errno' unavailable: structure not supported
59 |
60 | __END_DECLS
/host/spi-builder-workspace/.build/checkouts/IOS-CoreBluetooth-Mock/CoreBluetoothMock/CBMAttributes.swift:31:8: error: no such module 'CoreBluetooth'
29 | */
30 |
31 | import CoreBluetooth
| `- error: no such module 'CoreBluetooth'
32 |
33 | /// A representation of common aspects of services offered by a peripheral.
[69/182] Compiling CoreBluetoothMock UART.swift
/host/spi-builder-workspace/.build/checkouts/IOS-CoreBluetooth-Mock/CoreBluetoothMock/CBMAttributes.swift:31:8: error: no such module 'CoreBluetooth'
29 | */
30 |
31 | import CoreBluetooth
| `- error: no such module 'CoreBluetooth'
32 |
33 | /// A representation of common aspects of services offered by a peripheral.
[70/182] Compiling iOS_Common_Libraries Date.swift
/host/spi-builder-workspace/.build/checkouts/ZIPFoundation/Sources/ZIPFoundation/Date+ZIP.swift:77:11: error: cannot find type 'stat' in scope
75 | }
76 |
77 | extension stat {
| `- error: cannot find type 'stat' in scope
78 |
79 | var lastAccessDate: Date {
[71/182] Compiling iOS_Common_Libraries Double.swift
/host/spi-builder-workspace/.build/checkouts/ZIPFoundation/Sources/ZIPFoundation/Date+ZIP.swift:77:11: error: cannot find type 'stat' in scope
75 | }
76 |
77 | extension stat {
| `- error: cannot find type 'stat' in scope
78 |
79 | var lastAccessDate: Date {
/host/spi-builder-workspace/.build/checkouts/ZIPFoundation/Sources/ZIPFoundation/Date+ZIP.swift:77:11: error: cannot find type 'stat' in scope
75 | }
76 |
77 | extension stat {
| `- error: cannot find type 'stat' in scope
78 |
79 | var lastAccessDate: Date {
[73/182] Compiling iOS_Common_Libraries Collection.swift
[74/182] Compiling iOS_Common_Libraries Color.swift
[75/182] Compiling iOS_Common_Libraries NSColor.swift
[76/182] Compiling iOS_Common_Libraries RGB.swift
/host/spi-builder-workspace/.build/checkouts/IOS-CoreBluetooth-Mock/CoreBluetoothMock/CBMAttributes.swift:31:8: error: no such module 'CoreBluetooth'
29 | */
30 |
31 | import CoreBluetooth
| `- error: no such module 'CoreBluetooth'
32 |
33 | /// A representation of common aspects of services offered by a peripheral.
/host/spi-builder-workspace/.build/checkouts/IOS-CoreBluetooth-Mock/CoreBluetoothMock/CBMAttributes.swift:31:8: error: no such module 'CoreBluetooth'
29 | */
30 |
31 | import CoreBluetooth
| `- error: no such module 'CoreBluetooth'
32 |
33 | /// A representation of common aspects of services offered by a peripheral.
/host/spi-builder-workspace/.build/checkouts/IOS-CoreBluetooth-Mock/CoreBluetoothMock/CBMAttributes.swift:31:8: error: no such module 'CoreBluetooth'
29 | */
30 |
31 | import CoreBluetooth
| `- error: no such module 'CoreBluetooth'
32 |
33 | /// A representation of common aspects of services offered by a peripheral.
[80/182] Compiling iOS_Common_Libraries Data.swift
/host/spi-builder-workspace/.build/checkouts/IOS-CoreBluetooth-Mock/CoreBluetoothMock/CBMAttributes.swift:31:8: error: no such module 'CoreBluetooth'
29 | */
30 |
31 | import CoreBluetooth
| `- error: no such module 'CoreBluetooth'
32 |
33 | /// A representation of common aspects of services offered by a peripheral.
[81/182] Compiling iOS_Common_Libraries UIView.swift
/host/spi-builder-workspace/.build/checkouts/IOS-Common-Libraries/Sources/iOS-Common-Libraries/Effects/Modifiers/BlinkingModifier.swift:9:8: error: no such module 'SwiftUI'
7 | //
8 |
9 | import SwiftUI
| `- error: no such module 'SwiftUI'
10 |
11 | // MARK: - BlinkingView
[82/182] Compiling iOS_Common_Libraries View.swift
/host/spi-builder-workspace/.build/checkouts/IOS-Common-Libraries/Sources/iOS-Common-Libraries/Effects/Modifiers/BlinkingModifier.swift:9:8: error: no such module 'SwiftUI'
7 | //
8 |
9 | import SwiftUI
| `- error: no such module 'SwiftUI'
10 |
11 | // MARK: - BlinkingView
[83/182] Compiling iOS_Common_Libraries HTTPRequest.swift
/host/spi-builder-workspace/.build/checkouts/IOS-Common-Libraries/Sources/iOS-Common-Libraries/Effects/Modifiers/BlinkingModifier.swift:9:8: error: no such module 'SwiftUI'
7 | //
8 |
9 | import SwiftUI
| `- error: no such module 'SwiftUI'
10 |
11 | // MARK: - BlinkingView
[84/182] Compiling iOS_Common_Libraries Network.swift
/host/spi-builder-workspace/.build/checkouts/IOS-Common-Libraries/Sources/iOS-Common-Libraries/Effects/Modifiers/BlinkingModifier.swift:9:8: error: no such module 'SwiftUI'
7 | //
8 |
9 | import SwiftUI
| `- error: no such module 'SwiftUI'
10 |
11 | // MARK: - BlinkingView
[85/182] Compiling iOS_Common_Libraries NetworkResponse.swift
/host/spi-builder-workspace/.build/checkouts/IOS-Common-Libraries/Sources/iOS-Common-Libraries/Effects/Modifiers/BlinkingModifier.swift:9:8: error: no such module 'SwiftUI'
7 | //
8 |
9 | import SwiftUI
| `- error: no such module 'SwiftUI'
10 |
11 | // MARK: - BlinkingView
[86/182] Compiling iOS_Common_Libraries URLSession.swift
/host/spi-builder-workspace/.build/checkouts/IOS-Common-Libraries/Sources/iOS-Common-Libraries/Effects/Modifiers/BlinkingModifier.swift:9:8: error: no such module 'SwiftUI'
7 | //
8 |
9 | import SwiftUI
| `- error: no such module 'SwiftUI'
10 |
11 | // MARK: - BlinkingView
[87/182] Compiling iOS_Common_Libraries CommonDataParser.swift
/host/spi-builder-workspace/.build/checkouts/IOS-Common-Libraries/Sources/iOS-Common-Libraries/Effects/Modifiers/BlinkingModifier.swift:9:8: error: no such module 'SwiftUI'
7 | //
8 |
9 | import SwiftUI
| `- error: no such module 'SwiftUI'
10 |
11 | // MARK: - BlinkingView
[88/182] Compiling iOS_Common_Libraries Data+Ext.swift
/host/spi-builder-workspace/.build/checkouts/IOS-Common-Libraries/Sources/iOS-Common-Libraries/Effects/Modifiers/BlinkingModifier.swift:9:8: error: no such module 'SwiftUI'
7 | //
8 |
9 | import SwiftUI
| `- error: no such module 'SwiftUI'
10 |
11 | // MARK: - BlinkingView
[89/182] Compiling iOS_Common_Libraries DataParser.swift
/host/spi-builder-workspace/.build/checkouts/IOS-Common-Libraries/Sources/iOS-Common-Libraries/Effects/Modifiers/BlinkingModifier.swift:9:8: error: no such module 'SwiftUI'
7 | //
8 |
9 | import SwiftUI
| `- error: no such module 'SwiftUI'
10 |
11 | // MARK: - BlinkingView
[90/182] Compiling iOS_Common_Libraries DataReader.swift
/host/spi-builder-workspace/.build/checkouts/IOS-Common-Libraries/Sources/iOS-Common-Libraries/Effects/Modifiers/BlinkingModifier.swift:9:8: error: no such module 'SwiftUI'
7 | //
8 |
9 | import SwiftUI
| `- error: no such module 'SwiftUI'
10 |
11 | // MARK: - BlinkingView
[91/182] Compiling iOS_Common_Libraries DateParser.swift
/host/spi-builder-workspace/.build/checkouts/IOS-Common-Libraries/Sources/iOS-Common-Libraries/Effects/Modifiers/BlinkingModifier.swift:9:8: error: no such module 'SwiftUI'
7 | //
8 |
9 | import SwiftUI
| `- error: no such module 'SwiftUI'
10 |
11 | // MARK: - BlinkingView
[92/182] Compiling iOS_Common_Libraries NoContentView.swift
/host/spi-builder-workspace/.build/checkouts/IOS-Common-Libraries/Sources/iOS-Common-Libraries/Effects/Modifiers/BlinkingModifier.swift:9:8: error: no such module 'SwiftUI'
7 | //
8 |
9 | import SwiftUI
| `- error: no such module 'SwiftUI'
10 |
11 | // MARK: - BlinkingView
[93/182] Compiling iOS_Common_Libraries NordicDataField.swift
/host/spi-builder-workspace/.build/checkouts/IOS-Common-Libraries/Sources/iOS-Common-Libraries/Effects/Modifiers/BlinkingModifier.swift:9:8: error: no such module 'SwiftUI'
7 | //
8 |
9 | import SwiftUI
| `- error: no such module 'SwiftUI'
10 |
11 | // MARK: - BlinkingView
[94/182] Compiling iOS_Common_Libraries PasswordField.swift
/host/spi-builder-workspace/.build/checkouts/IOS-Common-Libraries/Sources/iOS-Common-Libraries/Effects/Modifiers/BlinkingModifier.swift:9:8: error: no such module 'SwiftUI'
7 | //
8 |
9 | import SwiftUI
| `- error: no such module 'SwiftUI'
10 |
11 | // MARK: - BlinkingView
[95/182] Compiling iOS_Common_Libraries PipelineManager.swift
/host/spi-builder-workspace/.build/checkouts/IOS-Common-Libraries/Sources/iOS-Common-Libraries/Effects/Modifiers/BlinkingModifier.swift:9:8: error: no such module 'SwiftUI'
7 | //
8 |
9 | import SwiftUI
| `- error: no such module 'SwiftUI'
10 |
11 | // MARK: - BlinkingView
[96/182] Compiling iOS_Common_Libraries PipelineStage.swift
/host/spi-builder-workspace/.build/checkouts/IOS-Common-Libraries/Sources/iOS-Common-Libraries/Effects/Modifiers/BlinkingModifier.swift:9:8: error: no such module 'SwiftUI'
7 | //
8 |
9 | import SwiftUI
| `- error: no such module 'SwiftUI'
10 |
11 | // MARK: - BlinkingView
[97/182] Compiling iOS_Common_Libraries PipelineView.swift
/host/spi-builder-workspace/.build/checkouts/IOS-Common-Libraries/Sources/iOS-Common-Libraries/Effects/Modifiers/BlinkingModifier.swift:9:8: error: no such module 'SwiftUI'
7 | //
8 |
9 | import SwiftUI
| `- error: no such module 'SwiftUI'
10 |
11 | // MARK: - BlinkingView
[98/182] Compiling iOS_Common_Libraries ProgressView.swift
/host/spi-builder-workspace/.build/checkouts/IOS-Common-Libraries/Sources/iOS-Common-Libraries/Effects/Modifiers/BlinkingModifier.swift:9:8: error: no such module 'SwiftUI'
7 | //
8 |
9 | import SwiftUI
| `- error: no such module 'SwiftUI'
10 |
11 | // MARK: - BlinkingView
[99/182] Compiling iOS_Common_Libraries RSSIShape.swift
/host/spi-builder-workspace/.build/checkouts/IOS-Common-Libraries/Sources/iOS-Common-Libraries/Effects/Modifiers/BlinkingModifier.swift:9:8: error: no such module 'SwiftUI'
7 | //
8 |
9 | import SwiftUI
| `- error: no such module 'SwiftUI'
10 |
11 | // MARK: - BlinkingView
[100/182] Compiling iOS_Common_Libraries RSSIView.swift
/host/spi-builder-workspace/.build/checkouts/IOS-Common-Libraries/Sources/iOS-Common-Libraries/Effects/Modifiers/BlinkingModifier.swift:9:8: error: no such module 'SwiftUI'
7 | //
8 |
9 | import SwiftUI
| `- error: no such module 'SwiftUI'
10 |
11 | // MARK: - BlinkingView
[101/182] Compiling iOS_Common_Libraries SourceCodeLinkView.swift
/host/spi-builder-workspace/.build/checkouts/IOS-Common-Libraries/Sources/iOS-Common-Libraries/Effects/Modifiers/BlinkingModifier.swift:9:8: error: no such module 'SwiftUI'
7 | //
8 |
9 | import SwiftUI
| `- error: no such module 'SwiftUI'
10 |
11 | // MARK: - BlinkingView
[102/182] Compiling iOS_Common_Libraries ErrorEvent.swift
/host/spi-builder-workspace/.build/checkouts/IOS-Common-Libraries/Sources/iOS-Common-Libraries/Effects/Modifiers/BlinkingModifier.swift:9:8: error: no such module 'SwiftUI'
7 | //
8 |
9 | import SwiftUI
| `- error: no such module 'SwiftUI'
10 |
11 | // MARK: - BlinkingView
[103/182] Compiling iOS_Common_Libraries Haptic.swift
/host/spi-builder-workspace/.build/checkouts/IOS-Common-Libraries/Sources/iOS-Common-Libraries/Effects/Modifiers/BlinkingModifier.swift:9:8: error: no such module 'SwiftUI'
7 | //
8 |
9 | import SwiftUI
| `- error: no such module 'SwiftUI'
10 |
11 | // MARK: - BlinkingView
[104/182] Compiling iOS_Common_Libraries LogLevel.swift
/host/spi-builder-workspace/.build/checkouts/IOS-Common-Libraries/Sources/iOS-Common-Libraries/Effects/Modifiers/BlinkingModifier.swift:9:8: error: no such module 'SwiftUI'
7 | //
8 |
9 | import SwiftUI
| `- error: no such module 'SwiftUI'
10 |
11 | // MARK: - BlinkingView
[105/182] Compiling iOS_Common_Libraries LogRecord.swift
/host/spi-builder-workspace/.build/checkouts/IOS-Common-Libraries/Sources/iOS-Common-Libraries/Effects/Modifiers/BlinkingModifier.swift:9:8: error: no such module 'SwiftUI'
7 | //
8 |
9 | import SwiftUI
| `- error: no such module 'SwiftUI'
10 |
11 | // MARK: - BlinkingView
[106/182] Compiling iOS_Common_Libraries Option.swift
/host/spi-builder-workspace/.build/checkouts/IOS-Common-Libraries/Sources/iOS-Common-Libraries/Effects/Modifiers/BlinkingModifier.swift:9:8: error: no such module 'SwiftUI'
7 | //
8 |
9 | import SwiftUI
| `- error: no such module 'SwiftUI'
10 |
11 | // MARK: - BlinkingView
[107/182] Compiling iOS_Common_Libraries Preview.swift
/host/spi-builder-workspace/.build/checkouts/IOS-Common-Libraries/Sources/iOS-Common-Libraries/Effects/Modifiers/BlinkingModifier.swift:9:8: error: no such module 'SwiftUI'
7 | //
8 |
9 | import SwiftUI
| `- error: no such module 'SwiftUI'
10 |
11 | // MARK: - BlinkingView
[108/182] Compiling iOS_Common_Libraries RSSI.swift
/host/spi-builder-workspace/.build/checkouts/IOS-Common-Libraries/Sources/iOS-Common-Libraries/Effects/Modifiers/BlinkingModifier.swift:9:8: error: no such module 'SwiftUI'
7 | //
8 |
9 | import SwiftUI
| `- error: no such module 'SwiftUI'
10 |
11 | // MARK: - BlinkingView
[109/182] Compiling iOS_Common_Libraries LabelStyle.swift
/host/spi-builder-workspace/.build/checkouts/IOS-Common-Libraries/Sources/iOS-Common-Libraries/Effects/Modifiers/BlinkingModifier.swift:9:8: error: no such module 'SwiftUI'
7 | //
8 |
9 | import SwiftUI
| `- error: no such module 'SwiftUI'
10 |
11 | // MARK: - BlinkingView
[110/182] Compiling iOS_Common_Libraries LabeledContentStyle.swift
/host/spi-builder-workspace/.build/checkouts/IOS-Common-Libraries/Sources/iOS-Common-Libraries/Effects/Modifiers/BlinkingModifier.swift:9:8: error: no such module 'SwiftUI'
7 | //
8 |
9 | import SwiftUI
| `- error: no such module 'SwiftUI'
10 |
11 | // MARK: - BlinkingView
[111/182] Compiling iOS_Common_Libraries TextFieldAlertModifier.swift
/host/spi-builder-workspace/.build/checkouts/IOS-Common-Libraries/Sources/iOS-Common-Libraries/Effects/Modifiers/BlinkingModifier.swift:9:8: error: no such module 'SwiftUI'
7 | //
8 |
9 | import SwiftUI
| `- error: no such module 'SwiftUI'
10 |
11 | // MARK: - BlinkingView
[112/182] Compiling iOS_Common_Libraries DoubleParser.swift
/host/spi-builder-workspace/.build/checkouts/IOS-Common-Libraries/Sources/iOS-Common-Libraries/Effects/Modifiers/BlinkingModifier.swift:9:8: error: no such module 'SwiftUI'
7 | //
8 |
9 | import SwiftUI
| `- error: no such module 'SwiftUI'
10 |
11 | // MARK: - BlinkingView
[113/182] Compiling iOS_Common_Libraries SFloatParser.swift
/host/spi-builder-workspace/.build/checkouts/IOS-Common-Libraries/Sources/iOS-Common-Libraries/Effects/Modifiers/BlinkingModifier.swift:9:8: error: no such module 'SwiftUI'
7 | //
8 |
9 | import SwiftUI
| `- error: no such module 'SwiftUI'
10 |
11 | // MARK: - BlinkingView
[114/182] Compiling iOS_Common_Libraries UInt16Parser.swift
/host/spi-builder-workspace/.build/checkouts/IOS-Common-Libraries/Sources/iOS-Common-Libraries/Effects/Modifiers/BlinkingModifier.swift:9:8: error: no such module 'SwiftUI'
7 | //
8 |
9 | import SwiftUI
| `- error: no such module 'SwiftUI'
10 |
11 | // MARK: - BlinkingView
[115/182] Compiling iOS_Common_Libraries UInt32Parser.swift
/host/spi-builder-workspace/.build/checkouts/IOS-Common-Libraries/Sources/iOS-Common-Libraries/Effects/Modifiers/BlinkingModifier.swift:9:8: error: no such module 'SwiftUI'
7 | //
8 |
9 | import SwiftUI
| `- error: no such module 'SwiftUI'
10 |
11 | // MARK: - BlinkingView
[116/182] Compiling iOS_Common_Libraries UInt8Parser.swift
/host/spi-builder-workspace/.build/checkouts/IOS-Common-Libraries/Sources/iOS-Common-Libraries/Effects/Modifiers/BlinkingModifier.swift:9:8: error: no such module 'SwiftUI'
7 | //
8 |
9 | import SwiftUI
| `- error: no such module 'SwiftUI'
10 |
11 | // MARK: - BlinkingView
[117/182] Compiling iOS_Common_Libraries RecordOpcode.swift
/host/spi-builder-workspace/.build/checkouts/IOS-Common-Libraries/Sources/iOS-Common-Libraries/Effects/Modifiers/BlinkingModifier.swift:9:8: error: no such module 'SwiftUI'
7 | //
8 |
9 | import SwiftUI
| `- error: no such module 'SwiftUI'
10 |
11 | // MARK: - BlinkingView
[118/182] Compiling iOS_Common_Libraries RecordOperator.swift
/host/spi-builder-workspace/.build/checkouts/IOS-Common-Libraries/Sources/iOS-Common-Libraries/Effects/Modifiers/BlinkingModifier.swift:9:8: error: no such module 'SwiftUI'
7 | //
8 |
9 | import SwiftUI
| `- error: no such module 'SwiftUI'
10 |
11 | // MARK: - BlinkingView
[119/182] Compiling iOS_Common_Libraries RecordResponseStatus.swift
/host/spi-builder-workspace/.build/checkouts/IOS-Common-Libraries/Sources/iOS-Common-Libraries/Effects/Modifiers/BlinkingModifier.swift:9:8: error: no such module 'SwiftUI'
7 | //
8 |
9 | import SwiftUI
| `- error: no such module 'SwiftUI'
10 |
11 | // MARK: - BlinkingView
[120/182] Compiling iOS_Common_Libraries SensorLocation.swift
/host/spi-builder-workspace/.build/checkouts/IOS-Common-Libraries/Sources/iOS-Common-Libraries/Effects/Modifiers/BlinkingModifier.swift:9:8: error: no such module 'SwiftUI'
7 | //
8 |
9 | import SwiftUI
| `- error: no such module 'SwiftUI'
10 |
11 | // MARK: - BlinkingView
[121/182] Compiling iOS_Common_Libraries SensorType.swift
/host/spi-builder-workspace/.build/checkouts/IOS-Common-Libraries/Sources/iOS-Common-Libraries/Effects/Modifiers/BlinkingModifier.swift:9:8: error: no such module 'SwiftUI'
7 | //
8 |
9 | import SwiftUI
| `- error: no such module 'SwiftUI'
10 |
11 | // MARK: - BlinkingView
[122/182] Compiling iOS_Common_Libraries Status.swift
/host/spi-builder-workspace/.build/checkouts/IOS-Common-Libraries/Sources/iOS-Common-Libraries/Effects/Modifiers/BlinkingModifier.swift:9:8: error: no such module 'SwiftUI'
7 | //
8 |
9 | import SwiftUI
| `- error: no such module 'SwiftUI'
10 |
11 | // MARK: - BlinkingView
[123/182] Compiling iOS_Common_Libraries GlucoseMeasurement.swift
/host/spi-builder-workspace/.build/checkouts/IOS-Common-Libraries/Sources/iOS-Common-Libraries/Effects/Modifiers/BlinkingModifier.swift:9:8: error: no such module 'SwiftUI'
7 | //
8 |
9 | import SwiftUI
| `- error: no such module 'SwiftUI'
10 |
11 | // MARK: - BlinkingView
[124/182] Compiling iOS_Common_Libraries HeartRateMeasurement.swift
/host/spi-builder-workspace/.build/checkouts/IOS-Common-Libraries/Sources/iOS-Common-Libraries/Effects/Modifiers/BlinkingModifier.swift:9:8: error: no such module 'SwiftUI'
7 | //
8 |
9 | import SwiftUI
| `- error: no such module 'SwiftUI'
10 |
11 | // MARK: - BlinkingView
[125/182] Compiling iOS_Common_Libraries HeartRateSensorContact.swift
/host/spi-builder-workspace/.build/checkouts/IOS-Common-Libraries/Sources/iOS-Common-Libraries/Effects/Modifiers/BlinkingModifier.swift:9:8: error: no such module 'SwiftUI'
7 | //
8 |
9 | import SwiftUI
| `- error: no such module 'SwiftUI'
10 |
11 | // MARK: - BlinkingView
[126/182] Compiling iOS_Common_Libraries HeartRateSensorLocation.swift
/host/spi-builder-workspace/.build/checkouts/IOS-Common-Libraries/Sources/iOS-Common-Libraries/Effects/Modifiers/BlinkingModifier.swift:9:8: error: no such module 'SwiftUI'
7 | //
8 |
9 | import SwiftUI
| `- error: no such module 'SwiftUI'
10 |
11 | // MARK: - BlinkingView
[127/182] Compiling iOS_Common_Libraries NordicDataParser.swift
/host/spi-builder-workspace/.build/checkouts/IOS-Common-Libraries/Sources/iOS-Common-Libraries/Effects/Modifiers/BlinkingModifier.swift:9:8: error: no such module 'SwiftUI'
7 | //
8 |
9 | import SwiftUI
| `- error: no such module 'SwiftUI'
10 |
11 | // MARK: - BlinkingView
[128/182] Compiling iOS_Common_Libraries ParsingError.swift
/host/spi-builder-workspace/.build/checkouts/IOS-Common-Libraries/Sources/iOS-Common-Libraries/Effects/Modifiers/BlinkingModifier.swift:9:8: error: no such module 'SwiftUI'
7 | //
8 |
9 | import SwiftUI
| `- error: no such module 'SwiftUI'
10 |
11 | // MARK: - BlinkingView
[129/182] Compiling iOS_Common_Libraries TemperatureFlag.swift
/host/spi-builder-workspace/.build/checkouts/IOS-Common-Libraries/Sources/iOS-Common-Libraries/Effects/Modifiers/BlinkingModifier.swift:9:8: error: no such module 'SwiftUI'
7 | //
8 |
9 | import SwiftUI
| `- error: no such module 'SwiftUI'
10 |
11 | // MARK: - BlinkingView
[130/182] Compiling iOS_Common_Libraries TemperatureMeasurement.swift
/host/spi-builder-workspace/.build/checkouts/IOS-Common-Libraries/Sources/iOS-Common-Libraries/Effects/Modifiers/BlinkingModifier.swift:9:8: error: no such module 'SwiftUI'
7 | //
8 |
9 | import SwiftUI
| `- error: no such module 'SwiftUI'
10 |
11 | // MARK: - BlinkingView
[131/182] Compiling iOS_Common_Libraries BitField.swift
/host/spi-builder-workspace/.build/checkouts/IOS-Common-Libraries/Sources/iOS-Common-Libraries/Effects/Modifiers/BlinkingModifier.swift:9:8: error: no such module 'SwiftUI'
7 | //
8 |
9 | import SwiftUI
| `- error: no such module 'SwiftUI'
10 |
11 | // MARK: - BlinkingView
[132/182] Compiling iOS_Common_Libraries Cache.swift
/host/spi-builder-workspace/.build/checkouts/IOS-Common-Libraries/Sources/iOS-Common-Libraries/Effects/Modifiers/BlinkingModifier.swift:9:8: error: no such module 'SwiftUI'
7 | //
8 |
9 | import SwiftUI
| `- error: no such module 'SwiftUI'
10 |
11 | // MARK: - BlinkingView
[133/182] Compiling iOS_Common_Libraries Constant.swift
/host/spi-builder-workspace/.build/checkouts/IOS-Common-Libraries/Sources/iOS-Common-Libraries/Effects/Modifiers/BlinkingModifier.swift:9:8: error: no such module 'SwiftUI'
7 | //
8 |
9 | import SwiftUI
| `- error: no such module 'SwiftUI'
10 |
11 | // MARK: - BlinkingView
/host/spi-builder-workspace/.build/checkouts/IOS-CoreBluetooth-Mock/CoreBluetoothMock/CBMAttributes.swift:31:8: error: no such module 'CoreBluetooth'
29 | */
30 |
31 | import CoreBluetooth
| `- error: no such module 'CoreBluetooth'
32 |
33 | /// A representation of common aspects of services offered by a peripheral.
/host/spi-builder-workspace/.build/checkouts/IOS-CoreBluetooth-Mock/CoreBluetoothMock/CBMAttributes.swift:31:8: error: no such module 'CoreBluetooth'
29 | */
30 |
31 | import CoreBluetooth
| `- error: no such module 'CoreBluetooth'
32 |
33 | /// A representation of common aspects of services offered by a peripheral.
/host/spi-builder-workspace/.build/checkouts/IOS-CoreBluetooth-Mock/CoreBluetoothMock/CBMAttributes.swift:31:8: error: no such module 'CoreBluetooth'
29 | */
30 |
31 | import CoreBluetooth
| `- error: no such module 'CoreBluetooth'
32 |
33 | /// A representation of common aspects of services offered by a peripheral.
/host/spi-builder-workspace/.build/checkouts/IOS-CoreBluetooth-Mock/CoreBluetoothMock/CBMAttributes.swift:31:8: error: no such module 'CoreBluetooth'
29 | */
30 |
31 | import CoreBluetooth
| `- error: no such module 'CoreBluetooth'
32 |
33 | /// A representation of common aspects of services offered by a peripheral.
/host/spi-builder-workspace/.build/checkouts/IOS-CoreBluetooth-Mock/CoreBluetoothMock/CBMAttributes.swift:31:8: error: no such module 'CoreBluetooth'
29 | */
30 |
31 | import CoreBluetooth
| `- error: no such module 'CoreBluetooth'
32 |
33 | /// A representation of common aspects of services offered by a peripheral.
/host/spi-builder-workspace/.build/checkouts/IOS-CoreBluetooth-Mock/CoreBluetoothMock/CBMAttributes.swift:31:8: error: no such module 'CoreBluetooth'
29 | */
30 |
31 | import CoreBluetooth
| `- error: no such module 'CoreBluetooth'
32 |
33 | /// A representation of common aspects of services offered by a peripheral.
/host/spi-builder-workspace/.build/checkouts/IOS-CoreBluetooth-Mock/CoreBluetoothMock/CBMAttributes.swift:31:8: error: no such module 'CoreBluetooth'
29 | */
30 |
31 | import CoreBluetooth
| `- error: no such module 'CoreBluetooth'
32 |
33 | /// A representation of common aspects of services offered by a peripheral.
/host/spi-builder-workspace/.build/checkouts/IOS-Common-Libraries/Sources/iOS-Common-Libraries/Effects/Modifiers/BlinkingModifier.swift:9:8: error: no such module 'SwiftUI'
7 | //
8 |
9 | import SwiftUI
| `- error: no such module 'SwiftUI'
10 |
11 | // MARK: - BlinkingView
/host/spi-builder-workspace/.build/checkouts/IOS-Common-Libraries/Sources/iOS-Common-Libraries/Effects/Modifiers/BlinkingModifier.swift:9:8: error: no such module 'SwiftUI'
7 | //
8 |
9 | import SwiftUI
| `- error: no such module 'SwiftUI'
10 |
11 | // MARK: - BlinkingView
/host/spi-builder-workspace/.build/checkouts/IOS-Common-Libraries/Sources/iOS-Common-Libraries/Effects/Modifiers/BlinkingModifier.swift:9:8: error: no such module 'SwiftUI'
7 | //
8 |
9 | import SwiftUI
| `- error: no such module 'SwiftUI'
10 |
11 | // MARK: - BlinkingView
/host/spi-builder-workspace/.build/checkouts/IOS-Common-Libraries/Sources/iOS-Common-Libraries/Effects/Modifiers/BlinkingModifier.swift:9:8: error: no such module 'SwiftUI'
7 | //
8 |
9 | import SwiftUI
| `- error: no such module 'SwiftUI'
10 |
11 | // MARK: - BlinkingView
/host/spi-builder-workspace/.build/checkouts/IOS-Common-Libraries/Sources/iOS-Common-Libraries/Effects/Modifiers/BlinkingModifier.swift:9:8: error: no such module 'SwiftUI'
7 | //
8 |
9 | import SwiftUI
| `- error: no such module 'SwiftUI'
10 |
11 | // MARK: - BlinkingView
/host/spi-builder-workspace/.build/checkouts/IOS-Common-Libraries/Sources/iOS-Common-Libraries/Effects/Modifiers/BlinkingModifier.swift:9:8: error: no such module 'SwiftUI'
7 | //
8 |
9 | import SwiftUI
| `- error: no such module 'SwiftUI'
10 |
11 | // MARK: - BlinkingView
/host/spi-builder-workspace/.build/checkouts/IOS-Common-Libraries/Sources/iOS-Common-Libraries/Effects/Modifiers/BlinkingModifier.swift:9:8: error: no such module 'SwiftUI'
7 | //
8 |
9 | import SwiftUI
| `- error: no such module 'SwiftUI'
10 |
11 | // MARK: - BlinkingView
[150/182] Compiling iOS_Common_Libraries Sequence.swift
/host/spi-builder-workspace/.build/checkouts/IOS-Common-Libraries/Sources/iOS-Common-Libraries/Effects/Modifiers/BlinkingModifier.swift:9:8: error: no such module 'SwiftUI'
7 | //
8 |
9 | import SwiftUI
| `- error: no such module 'SwiftUI'
10 |
11 | // MARK: - BlinkingView
/host/spi-builder-workspace/.build/checkouts/IOS-Common-Libraries/Sources/iOS-Common-Libraries/Effects/Modifiers/BlinkingModifier.swift:9:8: error: no such module 'SwiftUI'
7 | //
8 |
9 | import SwiftUI
| `- error: no such module 'SwiftUI'
10 |
11 | // MARK: - BlinkingView
/host/spi-builder-workspace/.build/checkouts/IOS-Common-Libraries/Sources/iOS-Common-Libraries/Effects/Modifiers/BlinkingModifier.swift:9:8: error: no such module 'SwiftUI'
7 | //
8 |
9 | import SwiftUI
| `- error: no such module 'SwiftUI'
10 |
11 | // MARK: - BlinkingView
[153/182] Compiling iOS_Common_Libraries UIStackView.swift
/host/spi-builder-workspace/.build/checkouts/IOS-Common-Libraries/Sources/iOS-Common-Libraries/Effects/Modifiers/BlinkingModifier.swift:9:8: error: no such module 'SwiftUI'
7 | //
8 |
9 | import SwiftUI
| `- error: no such module 'SwiftUI'
10 |
11 | // MARK: - BlinkingView
/host/spi-builder-workspace/.build/checkouts/ZIPFoundation/Sources/ZIPFoundation/Archive+Writing.swift:70:34: error: cannot find 'errno' in scope
68 | let entryFileSystemRepresentation = fileManager.fileSystemRepresentation(withPath: fileURL.path)
69 | guard let entryFile: FILEPointer = fopen(entryFileSystemRepresentation, "rb") else {
70 | throw POSIXError(errno, path: url.path)
| `- error: cannot find 'errno' in scope
71 | }
72 | defer { fclose(entryFile) }
/root/.swiftpm/swift-sdks/swift-6.1-RELEASE-android-24-0.1.artifactbundle/swift-6.1-release-android-24-sdk/android-27c-sysroot/usr/include/errno.h:58:9: note: macro 'errno' unavailable: structure not supported
56 | * thread.
57 | */
58 | #define errno (*__errno())
| `- note: macro 'errno' unavailable: structure not supported
59 |
60 | __END_DECLS
/host/spi-builder-workspace/.build/checkouts/ZIPFoundation/Sources/ZIPFoundation/Archive+Writing.swift:283:9: error: cannot find 'ftruncate' in scope
281 | _ zip64EndOfCentralDirectory: ZIP64EndOfCentralDirectory?) throws {
282 | fflush(self.archiveFile)
283 | ftruncate(fileno(self.archiveFile), off_t(localFileHeaderStart))
| `- error: cannot find 'ftruncate' in scope
284 | fseeko(self.archiveFile, off_t(localFileHeaderStart), SEEK_SET)
285 | _ = try Data.writeLargeChunk(existingCentralDirectory.data, size: existingCentralDirectory.size,
/host/spi-builder-workspace/.build/checkouts/ZIPFoundation/Sources/ZIPFoundation/Archive+Writing.swift:70:34: error: cannot find 'errno' in scope
68 | let entryFileSystemRepresentation = fileManager.fileSystemRepresentation(withPath: fileURL.path)
69 | guard let entryFile: FILEPointer = fopen(entryFileSystemRepresentation, "rb") else {
70 | throw POSIXError(errno, path: url.path)
| `- error: cannot find 'errno' in scope
71 | }
72 | defer { fclose(entryFile) }
/root/.swiftpm/swift-sdks/swift-6.1-RELEASE-android-24-0.1.artifactbundle/swift-6.1-release-android-24-sdk/android-27c-sysroot/usr/include/errno.h:58:9: note: macro 'errno' unavailable: structure not supported
56 | * thread.
57 | */
58 | #define errno (*__errno())
| `- note: macro 'errno' unavailable: structure not supported
59 |
60 | __END_DECLS
/host/spi-builder-workspace/.build/checkouts/ZIPFoundation/Sources/ZIPFoundation/Archive+Writing.swift:283:9: error: cannot find 'ftruncate' in scope
281 | _ zip64EndOfCentralDirectory: ZIP64EndOfCentralDirectory?) throws {
282 | fflush(self.archiveFile)
283 | ftruncate(fileno(self.archiveFile), off_t(localFileHeaderStart))
| `- error: cannot find 'ftruncate' in scope
284 | fseeko(self.archiveFile, off_t(localFileHeaderStart), SEEK_SET)
285 | _ = try Data.writeLargeChunk(existingCentralDirectory.data, size: existingCentralDirectory.size,
/host/spi-builder-workspace/.build/checkouts/ZIPFoundation/Sources/ZIPFoundation/Archive+Writing.swift:70:34: error: cannot find 'errno' in scope
68 | let entryFileSystemRepresentation = fileManager.fileSystemRepresentation(withPath: fileURL.path)
69 | guard let entryFile: FILEPointer = fopen(entryFileSystemRepresentation, "rb") else {
70 | throw POSIXError(errno, path: url.path)
| `- error: cannot find 'errno' in scope
71 | }
72 | defer { fclose(entryFile) }
/root/.swiftpm/swift-sdks/swift-6.1-RELEASE-android-24-0.1.artifactbundle/swift-6.1-release-android-24-sdk/android-27c-sysroot/usr/include/errno.h:58:9: note: macro 'errno' unavailable: structure not supported
56 | * thread.
57 | */
58 | #define errno (*__errno())
| `- note: macro 'errno' unavailable: structure not supported
59 |
60 | __END_DECLS
/host/spi-builder-workspace/.build/checkouts/ZIPFoundation/Sources/ZIPFoundation/Archive+Writing.swift:283:9: error: cannot find 'ftruncate' in scope
281 | _ zip64EndOfCentralDirectory: ZIP64EndOfCentralDirectory?) throws {
282 | fflush(self.archiveFile)
283 | ftruncate(fileno(self.archiveFile), off_t(localFileHeaderStart))
| `- error: cannot find 'ftruncate' in scope
284 | fseeko(self.archiveFile, off_t(localFileHeaderStart), SEEK_SET)
285 | _ = try Data.writeLargeChunk(existingCentralDirectory.data, size: existingCentralDirectory.size,
/host/spi-builder-workspace/.build/checkouts/ZIPFoundation/Sources/ZIPFoundation/Archive+BackingConfiguration.swift:50:34: error: cannot find 'errno' in scope
48 | let fileSystemRepresentation = fileManager.fileSystemRepresentation(withPath: url.path)
49 | guard let archiveFile = fopen(fileSystemRepresentation, "rb") else {
50 | throw POSIXError(errno, path: url.path)
| `- error: cannot find 'errno' in scope
51 | }
52 | guard let (eocdRecord, zip64EOCD) = Archive.scanForEndOfCentralDirectoryRecord(in: archiveFile) else {
/root/.swiftpm/swift-sdks/swift-6.1-RELEASE-android-24-0.1.artifactbundle/swift-6.1-release-android-24-sdk/android-27c-sysroot/usr/include/errno.h:58:9: note: macro 'errno' unavailable: structure not supported
56 | * thread.
57 | */
58 | #define errno (*__errno())
| `- note: macro 'errno' unavailable: structure not supported
59 |
60 | __END_DECLS
/host/spi-builder-workspace/.build/checkouts/ZIPFoundation/Sources/ZIPFoundation/Archive+BackingConfiguration.swift:72:34: error: cannot find 'errno' in scope
70 | let fileSystemRepresentation = fileManager.fileSystemRepresentation(withPath: url.path)
71 | guard let archiveFile = fopen(fileSystemRepresentation, "rb+") else {
72 | throw POSIXError(errno, path: url.path)
| `- error: cannot find 'errno' in scope
73 | }
74 | guard let (eocdRecord, zip64EOCD) = Archive.scanForEndOfCentralDirectoryRecord(in: archiveFile) else {
/root/.swiftpm/swift-sdks/swift-6.1-RELEASE-android-24-0.1.artifactbundle/swift-6.1-release-android-24-sdk/android-27c-sysroot/usr/include/errno.h:58:9: note: macro 'errno' unavailable: structure not supported
56 | * thread.
57 | */
58 | #define errno (*__errno())
| `- note: macro 'errno' unavailable: structure not supported
59 |
60 | __END_DECLS
/host/spi-builder-workspace/.build/checkouts/ZIPFoundation/Sources/ZIPFoundation/Archive+BackingConfiguration.swift:109:31: error: value of optional type 'UnsafeRawPointer?' must be unwrapped to a value of type 'UnsafeRawPointer'
107 | zipFileCommentData: Data())
108 | _ = endOfCentralDirectoryRecord.data.withUnsafeBytes { (buffer: UnsafeRawBufferPointer) in
109 | fwrite(buffer.baseAddress, buffer.count, 1, archiveFile) // Errors handled during read
| |- error: value of optional type 'UnsafeRawPointer?' must be unwrapped to a value of type 'UnsafeRawPointer'
| |- note: coalesce using '??' to provide a default when the optional value contains 'nil'
| `- note: force-unwrap using '!' to abort execution if the optional value contains 'nil'
110 | }
111 | fallthrough
/host/spi-builder-workspace/.build/checkouts/ZIPFoundation/Sources/ZIPFoundation/Archive+BackingConfiguration.swift:50:34: error: cannot find 'errno' in scope
48 | let fileSystemRepresentation = fileManager.fileSystemRepresentation(withPath: url.path)
49 | guard let archiveFile = fopen(fileSystemRepresentation, "rb") else {
50 | throw POSIXError(errno, path: url.path)
| `- error: cannot find 'errno' in scope
51 | }
52 | guard let (eocdRecord, zip64EOCD) = Archive.scanForEndOfCentralDirectoryRecord(in: archiveFile) else {
/root/.swiftpm/swift-sdks/swift-6.1-RELEASE-android-24-0.1.artifactbundle/swift-6.1-release-android-24-sdk/android-27c-sysroot/usr/include/errno.h:58:9: note: macro 'errno' unavailable: structure not supported
56 | * thread.
57 | */
58 | #define errno (*__errno())
| `- note: macro 'errno' unavailable: structure not supported
59 |
60 | __END_DECLS
/host/spi-builder-workspace/.build/checkouts/ZIPFoundation/Sources/ZIPFoundation/Archive+BackingConfiguration.swift:72:34: error: cannot find 'errno' in scope
70 | let fileSystemRepresentation = fileManager.fileSystemRepresentation(withPath: url.path)
71 | guard let archiveFile = fopen(fileSystemRepresentation, "rb+") else {
72 | throw POSIXError(errno, path: url.path)
| `- error: cannot find 'errno' in scope
73 | }
74 | guard let (eocdRecord, zip64EOCD) = Archive.scanForEndOfCentralDirectoryRecord(in: archiveFile) else {
/root/.swiftpm/swift-sdks/swift-6.1-RELEASE-android-24-0.1.artifactbundle/swift-6.1-release-android-24-sdk/android-27c-sysroot/usr/include/errno.h:58:9: note: macro 'errno' unavailable: structure not supported
56 | * thread.
57 | */
58 | #define errno (*__errno())
| `- note: macro 'errno' unavailable: structure not supported
59 |
60 | __END_DECLS
/host/spi-builder-workspace/.build/checkouts/ZIPFoundation/Sources/ZIPFoundation/Archive+BackingConfiguration.swift:109:31: error: value of optional type 'UnsafeRawPointer?' must be unwrapped to a value of type 'UnsafeRawPointer'
107 | zipFileCommentData: Data())
108 | _ = endOfCentralDirectoryRecord.data.withUnsafeBytes { (buffer: UnsafeRawBufferPointer) in
109 | fwrite(buffer.baseAddress, buffer.count, 1, archiveFile) // Errors handled during read
| |- error: value of optional type 'UnsafeRawPointer?' must be unwrapped to a value of type 'UnsafeRawPointer'
| |- note: coalesce using '??' to provide a default when the optional value contains 'nil'
| `- note: force-unwrap using '!' to abort execution if the optional value contains 'nil'
110 | }
111 | fallthrough
/host/spi-builder-workspace/.build/checkouts/ZIPFoundation/Sources/ZIPFoundation/Archive+BackingConfiguration.swift:50:34: error: cannot find 'errno' in scope
48 | let fileSystemRepresentation = fileManager.fileSystemRepresentation(withPath: url.path)
49 | guard let archiveFile = fopen(fileSystemRepresentation, "rb") else {
50 | throw POSIXError(errno, path: url.path)
| `- error: cannot find 'errno' in scope
51 | }
52 | guard let (eocdRecord, zip64EOCD) = Archive.scanForEndOfCentralDirectoryRecord(in: archiveFile) else {
/root/.swiftpm/swift-sdks/swift-6.1-RELEASE-android-24-0.1.artifactbundle/swift-6.1-release-android-24-sdk/android-27c-sysroot/usr/include/errno.h:58:9: note: macro 'errno' unavailable: structure not supported
56 | * thread.
57 | */
58 | #define errno (*__errno())
| `- note: macro 'errno' unavailable: structure not supported
59 |
60 | __END_DECLS
/host/spi-builder-workspace/.build/checkouts/ZIPFoundation/Sources/ZIPFoundation/Archive+BackingConfiguration.swift:72:34: error: cannot find 'errno' in scope
70 | let fileSystemRepresentation = fileManager.fileSystemRepresentation(withPath: url.path)
71 | guard let archiveFile = fopen(fileSystemRepresentation, "rb+") else {
72 | throw POSIXError(errno, path: url.path)
| `- error: cannot find 'errno' in scope
73 | }
74 | guard let (eocdRecord, zip64EOCD) = Archive.scanForEndOfCentralDirectoryRecord(in: archiveFile) else {
/root/.swiftpm/swift-sdks/swift-6.1-RELEASE-android-24-0.1.artifactbundle/swift-6.1-release-android-24-sdk/android-27c-sysroot/usr/include/errno.h:58:9: note: macro 'errno' unavailable: structure not supported
56 | * thread.
57 | */
58 | #define errno (*__errno())
| `- note: macro 'errno' unavailable: structure not supported
59 |
60 | __END_DECLS
/host/spi-builder-workspace/.build/checkouts/ZIPFoundation/Sources/ZIPFoundation/Archive+BackingConfiguration.swift:109:31: error: value of optional type 'UnsafeRawPointer?' must be unwrapped to a value of type 'UnsafeRawPointer'
107 | zipFileCommentData: Data())
108 | _ = endOfCentralDirectoryRecord.data.withUnsafeBytes { (buffer: UnsafeRawBufferPointer) in
109 | fwrite(buffer.baseAddress, buffer.count, 1, archiveFile) // Errors handled during read
| |- error: value of optional type 'UnsafeRawPointer?' must be unwrapped to a value of type 'UnsafeRawPointer'
| |- note: coalesce using '??' to provide a default when the optional value contains 'nil'
| `- note: force-unwrap using '!' to abort execution if the optional value contains 'nil'
110 | }
111 | fallthrough
/host/spi-builder-workspace/.build/checkouts/IOS-Common-Libraries/Sources/iOS-Common-Libraries/Effects/Modifiers/BlinkingModifier.swift:9:8: error: no such module 'SwiftUI'
7 | //
8 |
9 | import SwiftUI
| `- error: no such module 'SwiftUI'
10 |
11 | // MARK: - BlinkingView
/host/spi-builder-workspace/.build/checkouts/IOS-Common-Libraries/Sources/iOS-Common-Libraries/Effects/Modifiers/BlinkingModifier.swift:9:8: error: no such module 'SwiftUI'
7 | //
8 |
9 | import SwiftUI
| `- error: no such module 'SwiftUI'
10 |
11 | // MARK: - BlinkingView
/host/spi-builder-workspace/.build/checkouts/IOS-Common-Libraries/Sources/iOS-Common-Libraries/Effects/Modifiers/BlinkingModifier.swift:9:8: error: no such module 'SwiftUI'
7 | //
8 |
9 | import SwiftUI
| `- error: no such module 'SwiftUI'
10 |
11 | // MARK: - BlinkingView
/host/spi-builder-workspace/.build/checkouts/IOS-Common-Libraries/Sources/iOS-Common-Libraries/Effects/Modifiers/BlinkingModifier.swift:9:8: error: no such module 'SwiftUI'
7 | //
8 |
9 | import SwiftUI
| `- error: no such module 'SwiftUI'
10 |
11 | // MARK: - BlinkingView
/host/spi-builder-workspace/.build/checkouts/IOS-Common-Libraries/Sources/iOS-Common-Libraries/Effects/Modifiers/BlinkingModifier.swift:9:8: error: no such module 'SwiftUI'
7 | //
8 |
9 | import SwiftUI
| `- error: no such module 'SwiftUI'
10 |
11 | // MARK: - BlinkingView
/host/spi-builder-workspace/.build/checkouts/IOS-Common-Libraries/Sources/iOS-Common-Libraries/Effects/Modifiers/BlinkingModifier.swift:9:8: error: no such module 'SwiftUI'
7 | //
8 |
9 | import SwiftUI
| `- error: no such module 'SwiftUI'
10 |
11 | // MARK: - BlinkingView
/host/spi-builder-workspace/.build/checkouts/IOS-Common-Libraries/Sources/iOS-Common-Libraries/Effects/Modifiers/BlinkingModifier.swift:9:8: error: no such module 'SwiftUI'
7 | //
8 |
9 | import SwiftUI
| `- error: no such module 'SwiftUI'
10 |
11 | // MARK: - BlinkingView
/host/spi-builder-workspace/.build/checkouts/IOS-Common-Libraries/Sources/iOS-Common-Libraries/Effects/Modifiers/BlinkingModifier.swift:9:8: error: no such module 'SwiftUI'
7 | //
8 |
9 | import SwiftUI
| `- error: no such module 'SwiftUI'
10 |
11 | // MARK: - BlinkingView
/host/spi-builder-workspace/.build/checkouts/IOS-Common-Libraries/Sources/iOS-Common-Libraries/Effects/Modifiers/BlinkingModifier.swift:9:8: error: no such module 'SwiftUI'
7 | //
8 |
9 | import SwiftUI
| `- error: no such module 'SwiftUI'
10 |
11 | // MARK: - BlinkingView
/host/spi-builder-workspace/.build/checkouts/IOS-Common-Libraries/Sources/iOS-Common-Libraries/Effects/Modifiers/BlinkingModifier.swift:9:8: error: no such module 'SwiftUI'
7 | //
8 |
9 | import SwiftUI
| `- error: no such module 'SwiftUI'
10 |
11 | // MARK: - BlinkingView
/host/spi-builder-workspace/.build/checkouts/IOS-Common-Libraries/Sources/iOS-Common-Libraries/Effects/Modifiers/BlinkingModifier.swift:9:8: error: no such module 'SwiftUI'
7 | //
8 |
9 | import SwiftUI
| `- error: no such module 'SwiftUI'
10 |
11 | // MARK: - BlinkingView
/host/spi-builder-workspace/.build/checkouts/ZIPFoundation/Sources/ZIPFoundation/Entry.swift:29:25: error: binary operator '&' cannot be applied to operands of type 'mode_t' (aka 'UInt32') and 'Int32'
27 |
28 | init(mode: mode_t) {
29 | switch mode & S_IFMT {
| |- error: binary operator '&' cannot be applied to operands of type 'mode_t' (aka 'UInt32') and 'Int32'
| `- note: overloads for '&' exist with these partially matching parameter lists: (Int32, Int32), (UInt32, UInt32)
30 | case S_IFDIR:
31 | self = .directory
/host/spi-builder-workspace/.build/checkouts/ZIPFoundation/Sources/ZIPFoundation/Entry.swift:150:42: error: binary operator '&' cannot be applied to operands of type 'mode_t' (aka 'UInt32') and 'Int32'
148 | // Use truncatingIfNeeded for safer conversion across platforms
149 | let modeValue = UInt16(truncatingIfNeeded: self.centralDirectoryStructure.externalFileAttributes >> 16)
150 | let mode = mode_t(modeValue) & S_IFMT
| |- error: binary operator '&' cannot be applied to operands of type 'mode_t' (aka 'UInt32') and 'Int32'
| `- note: overloads for '&' exist with these partially matching parameter lists: (Int32, Int32), (UInt32, UInt32)
151 | switch mode {
152 | case S_IFREG:
/host/spi-builder-workspace/.build/checkouts/ZIPFoundation/Sources/ZIPFoundation/FileManager+ZIP.swift:196:15: error: cannot find 'lchmod' in scope
194 | let fileSystemRepresentation = self.fileSystemRepresentation(withPath: url.path)
195 | let modeT = posixPermissions.uint16Value
196 | guard lchmod(fileSystemRepresentation, mode_t(modeT)) == 0 else {
| `- error: cannot find 'lchmod' in scope
197 | throw POSIXError(errno, path: url.path)
198 | }
/host/spi-builder-workspace/.build/checkouts/ZIPFoundation/Sources/ZIPFoundation/FileManager+ZIP.swift:197:30: error: cannot find 'errno' in scope
195 | let modeT = posixPermissions.uint16Value
196 | guard lchmod(fileSystemRepresentation, mode_t(modeT)) == 0 else {
197 | throw POSIXError(errno, path: url.path)
| `- error: cannot find 'errno' in scope
198 | }
199 | }
/root/.swiftpm/swift-sdks/swift-6.1-RELEASE-android-24-0.1.artifactbundle/swift-6.1-release-android-24-sdk/android-27c-sysroot/usr/include/errno.h:58:9: note: macro 'errno' unavailable: structure not supported
56 | * thread.
57 | */
58 | #define errno (*__errno())
| `- note: macro 'errno' unavailable: structure not supported
59 |
60 | __END_DECLS
/host/spi-builder-workspace/.build/checkouts/ZIPFoundation/Sources/ZIPFoundation/FileManager+ZIP.swift:203:24: error: cannot find 'stat' in scope
201 | func setSymlinkModificationDate(_ modificationDate: Date, ofItemAtURL url: URL) throws {
202 | let fileSystemRepresentation = self.fileSystemRepresentation(withPath: url.path)
203 | var fileStat = stat()
| `- error: cannot find 'stat' in scope
204 | guard lstat(fileSystemRepresentation, &fileStat) == 0 else {
205 | throw POSIXError(errno, path: url.path)
/host/spi-builder-workspace/.build/checkouts/ZIPFoundation/Sources/ZIPFoundation/FileManager+ZIP.swift:204:15: error: cannot find 'lstat' in scope
202 | let fileSystemRepresentation = self.fileSystemRepresentation(withPath: url.path)
203 | var fileStat = stat()
204 | guard lstat(fileSystemRepresentation, &fileStat) == 0 else {
| `- error: cannot find 'lstat' in scope
205 | throw POSIXError(errno, path: url.path)
206 | }
/host/spi-builder-workspace/.build/checkouts/ZIPFoundation/Sources/ZIPFoundation/FileManager+ZIP.swift:205:30: error: cannot find 'errno' in scope
203 | var fileStat = stat()
204 | guard lstat(fileSystemRepresentation, &fileStat) == 0 else {
205 | throw POSIXError(errno, path: url.path)
| `- error: cannot find 'errno' in scope
206 | }
207 |
/root/.swiftpm/swift-sdks/swift-6.1-RELEASE-android-24-0.1.artifactbundle/swift-6.1-release-android-24-sdk/android-27c-sysroot/usr/include/errno.h:58:9: note: macro 'errno' unavailable: structure not supported
56 | * thread.
57 | */
58 | #define errno (*__errno())
| `- note: macro 'errno' unavailable: structure not supported
59 |
60 | __END_DECLS
/host/spi-builder-workspace/.build/checkouts/ZIPFoundation/Sources/ZIPFoundation/FileManager+ZIP.swift:214:19: error: cannot find 'lutimes' in scope
212 | ]
213 | try array.withUnsafeBufferPointer {
214 | guard lutimes(fileSystemRepresentation, $0.baseAddress) == 0 else {
| `- error: cannot find 'lutimes' in scope
215 | throw POSIXError(errno, path: url.path)
216 | }
/host/spi-builder-workspace/.build/checkouts/ZIPFoundation/Sources/ZIPFoundation/FileManager+ZIP.swift:215:34: error: cannot find 'errno' in scope
213 | try array.withUnsafeBufferPointer {
214 | guard lutimes(fileSystemRepresentation, $0.baseAddress) == 0 else {
215 | throw POSIXError(errno, path: url.path)
| `- error: cannot find 'errno' in scope
216 | }
217 | }
/root/.swiftpm/swift-sdks/swift-6.1-RELEASE-android-24-0.1.artifactbundle/swift-6.1-release-android-24-sdk/android-27c-sysroot/usr/include/errno.h:58:9: note: macro 'errno' unavailable: structure not supported
56 | * thread.
57 | */
58 | #define errno (*__errno())
| `- note: macro 'errno' unavailable: structure not supported
59 |
60 | __END_DECLS
/host/spi-builder-workspace/.build/checkouts/ZIPFoundation/Sources/ZIPFoundation/FileManager+ZIP.swift:241:72: error: cannot find 'S_IFMT' in scope
239 | switch osType {
240 | case .unix, .osx:
241 | let permissions = mode_t(externalFileAttributes >> 16) & (~S_IFMT)
| `- error: cannot find 'S_IFMT' in scope
242 | let defaultPermissions = entryType == .directory ? defaultDirectoryPermissions : defaultFilePermissions
243 | return permissions == 0 ? defaultPermissions : UInt16(permissions)
/host/spi-builder-workspace/.build/checkouts/ZIPFoundation/Sources/ZIPFoundation/FileManager+ZIP.swift:253:30: error: cannot find 'S_IFREG' in scope
251 | switch type {
252 | case .file:
253 | typeInt = UInt16(S_IFREG)
| `- error: cannot find 'S_IFREG' in scope
254 | case .directory:
255 | typeInt = UInt16(S_IFDIR)
/host/spi-builder-workspace/.build/checkouts/ZIPFoundation/Sources/ZIPFoundation/FileManager+ZIP.swift:255:30: error: cannot find 'S_IFDIR' in scope
253 | typeInt = UInt16(S_IFREG)
254 | case .directory:
255 | typeInt = UInt16(S_IFDIR)
| `- error: cannot find 'S_IFDIR' in scope
256 | case .symlink:
257 | typeInt = UInt16(S_IFLNK)
/host/spi-builder-workspace/.build/checkouts/ZIPFoundation/Sources/ZIPFoundation/FileManager+ZIP.swift:257:30: error: cannot find 'S_IFLNK' in scope
255 | typeInt = UInt16(S_IFDIR)
256 | case .symlink:
257 | typeInt = UInt16(S_IFLNK)
| `- error: cannot find 'S_IFLNK' in scope
258 | }
259 | var externalFileAttributes = UInt32(typeInt|UInt16(permissions))
/host/spi-builder-workspace/.build/checkouts/ZIPFoundation/Sources/ZIPFoundation/FileManager+ZIP.swift:267:24: error: cannot find 'stat' in scope
265 | let fileManager = FileManager()
266 | let entryFileSystemRepresentation = fileManager.fileSystemRepresentation(withPath: URL.path)
267 | var fileStat = stat()
| `- error: cannot find 'stat' in scope
268 | lstat(entryFileSystemRepresentation, &fileStat)
269 | let permissions = fileStat.st_mode
/host/spi-builder-workspace/.build/checkouts/ZIPFoundation/Sources/ZIPFoundation/FileManager+ZIP.swift:268:9: error: cannot find 'lstat' in scope
266 | let entryFileSystemRepresentation = fileManager.fileSystemRepresentation(withPath: URL.path)
267 | var fileStat = stat()
268 | lstat(entryFileSystemRepresentation, &fileStat)
| `- error: cannot find 'lstat' in scope
269 | let permissions = fileStat.st_mode
270 | return UInt16(permissions)
/host/spi-builder-workspace/.build/checkouts/ZIPFoundation/Sources/ZIPFoundation/FileManager+ZIP.swift:279:24: error: cannot find 'stat' in scope
277 | }
278 | let entryFileSystemRepresentation = fileManager.fileSystemRepresentation(withPath: url.path)
279 | var fileStat = stat()
| `- error: cannot find 'stat' in scope
280 | lstat(entryFileSystemRepresentation, &fileStat)
281 | #if os(macOS) || os(iOS) || os(tvOS) || os(visionOS) || os(watchOS)
/host/spi-builder-workspace/.build/checkouts/ZIPFoundation/Sources/ZIPFoundation/FileManager+ZIP.swift:280:9: error: cannot find 'lstat' in scope
278 | let entryFileSystemRepresentation = fileManager.fileSystemRepresentation(withPath: url.path)
279 | var fileStat = stat()
280 | lstat(entryFileSystemRepresentation, &fileStat)
| `- error: cannot find 'lstat' in scope
281 | #if os(macOS) || os(iOS) || os(tvOS) || os(visionOS) || os(watchOS)
282 | let modTimeSpec = fileStat.st_mtimespec
/host/spi-builder-workspace/.build/checkouts/ZIPFoundation/Sources/ZIPFoundation/FileManager+ZIP.swift:299:21: error: cannot find 'stat' in scope
297 |
298 | let entryFileSystemRepresentation = fileManager.fileSystemRepresentation(withPath: url.path)
299 | var stats = stat()
| `- error: cannot find 'stat' in scope
300 | lstat(entryFileSystemRepresentation, &stats)
301 | guard stats.st_size >= 0 else { throw CocoaError(.fileReadTooLarge, userInfo: [NSFilePathErrorKey: url.path]) }
/host/spi-builder-workspace/.build/checkouts/ZIPFoundation/Sources/ZIPFoundation/FileManager+ZIP.swift:300:9: error: cannot find 'lstat' in scope
298 | let entryFileSystemRepresentation = fileManager.fileSystemRepresentation(withPath: url.path)
299 | var stats = stat()
300 | lstat(entryFileSystemRepresentation, &stats)
| `- error: cannot find 'lstat' in scope
301 | guard stats.st_size >= 0 else { throw CocoaError(.fileReadTooLarge, userInfo: [NSFilePathErrorKey: url.path]) }
302 |
/host/spi-builder-workspace/.build/checkouts/ZIPFoundation/Sources/ZIPFoundation/FileManager+ZIP.swift:313:24: error: cannot find 'stat' in scope
311 | }
312 | let entryFileSystemRepresentation = fileManager.fileSystemRepresentation(withPath: url.path)
313 | var fileStat = stat()
| `- error: cannot find 'stat' in scope
314 | lstat(entryFileSystemRepresentation, &fileStat)
315 | return Entry.EntryType(mode: mode_t(fileStat.st_mode))
/host/spi-builder-workspace/.build/checkouts/ZIPFoundation/Sources/ZIPFoundation/FileManager+ZIP.swift:314:9: error: cannot find 'lstat' in scope
312 | let entryFileSystemRepresentation = fileManager.fileSystemRepresentation(withPath: url.path)
313 | var fileStat = stat()
314 | lstat(entryFileSystemRepresentation, &fileStat)
| `- error: cannot find 'lstat' in scope
315 | return Entry.EntryType(mode: mode_t(fileStat.st_mode))
316 | }
/host/spi-builder-workspace/.build/checkouts/ZIPFoundation/Sources/ZIPFoundation/Entry.swift:29:25: error: binary operator '&' cannot be applied to operands of type 'mode_t' (aka 'UInt32') and 'Int32'
27 |
28 | init(mode: mode_t) {
29 | switch mode & S_IFMT {
| |- error: binary operator '&' cannot be applied to operands of type 'mode_t' (aka 'UInt32') and 'Int32'
| `- note: overloads for '&' exist with these partially matching parameter lists: (Int32, Int32), (UInt32, UInt32)
30 | case S_IFDIR:
31 | self = .directory
/host/spi-builder-workspace/.build/checkouts/ZIPFoundation/Sources/ZIPFoundation/Entry.swift:150:42: error: binary operator '&' cannot be applied to operands of type 'mode_t' (aka 'UInt32') and 'Int32'
148 | // Use truncatingIfNeeded for safer conversion across platforms
149 | let modeValue = UInt16(truncatingIfNeeded: self.centralDirectoryStructure.externalFileAttributes >> 16)
150 | let mode = mode_t(modeValue) & S_IFMT
| |- error: binary operator '&' cannot be applied to operands of type 'mode_t' (aka 'UInt32') and 'Int32'
| `- note: overloads for '&' exist with these partially matching parameter lists: (Int32, Int32), (UInt32, UInt32)
151 | switch mode {
152 | case S_IFREG:
/host/spi-builder-workspace/.build/checkouts/ZIPFoundation/Sources/ZIPFoundation/FileManager+ZIP.swift:196:15: error: cannot find 'lchmod' in scope
194 | let fileSystemRepresentation = self.fileSystemRepresentation(withPath: url.path)
195 | let modeT = posixPermissions.uint16Value
196 | guard lchmod(fileSystemRepresentation, mode_t(modeT)) == 0 else {
| `- error: cannot find 'lchmod' in scope
197 | throw POSIXError(errno, path: url.path)
198 | }
/host/spi-builder-workspace/.build/checkouts/ZIPFoundation/Sources/ZIPFoundation/FileManager+ZIP.swift:197:30: error: cannot find 'errno' in scope
195 | let modeT = posixPermissions.uint16Value
196 | guard lchmod(fileSystemRepresentation, mode_t(modeT)) == 0 else {
197 | throw POSIXError(errno, path: url.path)
| `- error: cannot find 'errno' in scope
198 | }
199 | }
/root/.swiftpm/swift-sdks/swift-6.1-RELEASE-android-24-0.1.artifactbundle/swift-6.1-release-android-24-sdk/android-27c-sysroot/usr/include/errno.h:58:9: note: macro 'errno' unavailable: structure not supported
56 | * thread.
57 | */
58 | #define errno (*__errno())
| `- note: macro 'errno' unavailable: structure not supported
59 |
60 | __END_DECLS
/host/spi-builder-workspace/.build/checkouts/ZIPFoundation/Sources/ZIPFoundation/FileManager+ZIP.swift:203:24: error: cannot find 'stat' in scope
201 | func setSymlinkModificationDate(_ modificationDate: Date, ofItemAtURL url: URL) throws {
202 | let fileSystemRepresentation = self.fileSystemRepresentation(withPath: url.path)
203 | var fileStat = stat()
| `- error: cannot find 'stat' in scope
204 | guard lstat(fileSystemRepresentation, &fileStat) == 0 else {
205 | throw POSIXError(errno, path: url.path)
/host/spi-builder-workspace/.build/checkouts/ZIPFoundation/Sources/ZIPFoundation/FileManager+ZIP.swift:204:15: error: cannot find 'lstat' in scope
202 | let fileSystemRepresentation = self.fileSystemRepresentation(withPath: url.path)
203 | var fileStat = stat()
204 | guard lstat(fileSystemRepresentation, &fileStat) == 0 else {
| `- error: cannot find 'lstat' in scope
205 | throw POSIXError(errno, path: url.path)
206 | }
/host/spi-builder-workspace/.build/checkouts/ZIPFoundation/Sources/ZIPFoundation/FileManager+ZIP.swift:205:30: error: cannot find 'errno' in scope
203 | var fileStat = stat()
204 | guard lstat(fileSystemRepresentation, &fileStat) == 0 else {
205 | throw POSIXError(errno, path: url.path)
| `- error: cannot find 'errno' in scope
206 | }
207 |
/root/.swiftpm/swift-sdks/swift-6.1-RELEASE-android-24-0.1.artifactbundle/swift-6.1-release-android-24-sdk/android-27c-sysroot/usr/include/errno.h:58:9: note: macro 'errno' unavailable: structure not supported
56 | * thread.
57 | */
58 | #define errno (*__errno())
| `- note: macro 'errno' unavailable: structure not supported
59 |
60 | __END_DECLS
/host/spi-builder-workspace/.build/checkouts/ZIPFoundation/Sources/ZIPFoundation/FileManager+ZIP.swift:214:19: error: cannot find 'lutimes' in scope
212 | ]
213 | try array.withUnsafeBufferPointer {
214 | guard lutimes(fileSystemRepresentation, $0.baseAddress) == 0 else {
| `- error: cannot find 'lutimes' in scope
215 | throw POSIXError(errno, path: url.path)
216 | }
/host/spi-builder-workspace/.build/checkouts/ZIPFoundation/Sources/ZIPFoundation/FileManager+ZIP.swift:215:34: error: cannot find 'errno' in scope
213 | try array.withUnsafeBufferPointer {
214 | guard lutimes(fileSystemRepresentation, $0.baseAddress) == 0 else {
215 | throw POSIXError(errno, path: url.path)
| `- error: cannot find 'errno' in scope
216 | }
217 | }
/root/.swiftpm/swift-sdks/swift-6.1-RELEASE-android-24-0.1.artifactbundle/swift-6.1-release-android-24-sdk/android-27c-sysroot/usr/include/errno.h:58:9: note: macro 'errno' unavailable: structure not supported
56 | * thread.
57 | */
58 | #define errno (*__errno())
| `- note: macro 'errno' unavailable: structure not supported
59 |
60 | __END_DECLS
/host/spi-builder-workspace/.build/checkouts/ZIPFoundation/Sources/ZIPFoundation/FileManager+ZIP.swift:241:72: error: cannot find 'S_IFMT' in scope
239 | switch osType {
240 | case .unix, .osx:
241 | let permissions = mode_t(externalFileAttributes >> 16) & (~S_IFMT)
| `- error: cannot find 'S_IFMT' in scope
242 | let defaultPermissions = entryType == .directory ? defaultDirectoryPermissions : defaultFilePermissions
243 | return permissions == 0 ? defaultPermissions : UInt16(permissions)
/host/spi-builder-workspace/.build/checkouts/ZIPFoundation/Sources/ZIPFoundation/FileManager+ZIP.swift:253:30: error: cannot find 'S_IFREG' in scope
251 | switch type {
252 | case .file:
253 | typeInt = UInt16(S_IFREG)
| `- error: cannot find 'S_IFREG' in scope
254 | case .directory:
255 | typeInt = UInt16(S_IFDIR)
/host/spi-builder-workspace/.build/checkouts/ZIPFoundation/Sources/ZIPFoundation/FileManager+ZIP.swift:255:30: error: cannot find 'S_IFDIR' in scope
253 | typeInt = UInt16(S_IFREG)
254 | case .directory:
255 | typeInt = UInt16(S_IFDIR)
| `- error: cannot find 'S_IFDIR' in scope
256 | case .symlink:
257 | typeInt = UInt16(S_IFLNK)
/host/spi-builder-workspace/.build/checkouts/ZIPFoundation/Sources/ZIPFoundation/FileManager+ZIP.swift:257:30: error: cannot find 'S_IFLNK' in scope
255 | typeInt = UInt16(S_IFDIR)
256 | case .symlink:
257 | typeInt = UInt16(S_IFLNK)
| `- error: cannot find 'S_IFLNK' in scope
258 | }
259 | var externalFileAttributes = UInt32(typeInt|UInt16(permissions))
/host/spi-builder-workspace/.build/checkouts/ZIPFoundation/Sources/ZIPFoundation/FileManager+ZIP.swift:267:24: error: cannot find 'stat' in scope
265 | let fileManager = FileManager()
266 | let entryFileSystemRepresentation = fileManager.fileSystemRepresentation(withPath: URL.path)
267 | var fileStat = stat()
| `- error: cannot find 'stat' in scope
268 | lstat(entryFileSystemRepresentation, &fileStat)
269 | let permissions = fileStat.st_mode
/host/spi-builder-workspace/.build/checkouts/ZIPFoundation/Sources/ZIPFoundation/FileManager+ZIP.swift:268:9: error: cannot find 'lstat' in scope
266 | let entryFileSystemRepresentation = fileManager.fileSystemRepresentation(withPath: URL.path)
267 | var fileStat = stat()
268 | lstat(entryFileSystemRepresentation, &fileStat)
| `- error: cannot find 'lstat' in scope
269 | let permissions = fileStat.st_mode
270 | return UInt16(permissions)
/host/spi-builder-workspace/.build/checkouts/ZIPFoundation/Sources/ZIPFoundation/FileManager+ZIP.swift:279:24: error: cannot find 'stat' in scope
277 | }
278 | let entryFileSystemRepresentation = fileManager.fileSystemRepresentation(withPath: url.path)
279 | var fileStat = stat()
| `- error: cannot find 'stat' in scope
280 | lstat(entryFileSystemRepresentation, &fileStat)
281 | #if os(macOS) || os(iOS) || os(tvOS) || os(visionOS) || os(watchOS)
/host/spi-builder-workspace/.build/checkouts/ZIPFoundation/Sources/ZIPFoundation/FileManager+ZIP.swift:280:9: error: cannot find 'lstat' in scope
278 | let entryFileSystemRepresentation = fileManager.fileSystemRepresentation(withPath: url.path)
279 | var fileStat = stat()
280 | lstat(entryFileSystemRepresentation, &fileStat)
| `- error: cannot find 'lstat' in scope
281 | #if os(macOS) || os(iOS) || os(tvOS) || os(visionOS) || os(watchOS)
282 | let modTimeSpec = fileStat.st_mtimespec
/host/spi-builder-workspace/.build/checkouts/ZIPFoundation/Sources/ZIPFoundation/FileManager+ZIP.swift:299:21: error: cannot find 'stat' in scope
297 |
298 | let entryFileSystemRepresentation = fileManager.fileSystemRepresentation(withPath: url.path)
299 | var stats = stat()
| `- error: cannot find 'stat' in scope
300 | lstat(entryFileSystemRepresentation, &stats)
301 | guard stats.st_size >= 0 else { throw CocoaError(.fileReadTooLarge, userInfo: [NSFilePathErrorKey: url.path]) }
/host/spi-builder-workspace/.build/checkouts/ZIPFoundation/Sources/ZIPFoundation/FileManager+ZIP.swift:300:9: error: cannot find 'lstat' in scope
298 | let entryFileSystemRepresentation = fileManager.fileSystemRepresentation(withPath: url.path)
299 | var stats = stat()
300 | lstat(entryFileSystemRepresentation, &stats)
| `- error: cannot find 'lstat' in scope
301 | guard stats.st_size >= 0 else { throw CocoaError(.fileReadTooLarge, userInfo: [NSFilePathErrorKey: url.path]) }
302 |
/host/spi-builder-workspace/.build/checkouts/ZIPFoundation/Sources/ZIPFoundation/FileManager+ZIP.swift:313:24: error: cannot find 'stat' in scope
311 | }
312 | let entryFileSystemRepresentation = fileManager.fileSystemRepresentation(withPath: url.path)
313 | var fileStat = stat()
| `- error: cannot find 'stat' in scope
314 | lstat(entryFileSystemRepresentation, &fileStat)
315 | return Entry.EntryType(mode: mode_t(fileStat.st_mode))
/host/spi-builder-workspace/.build/checkouts/ZIPFoundation/Sources/ZIPFoundation/FileManager+ZIP.swift:314:9: error: cannot find 'lstat' in scope
312 | let entryFileSystemRepresentation = fileManager.fileSystemRepresentation(withPath: url.path)
313 | var fileStat = stat()
314 | lstat(entryFileSystemRepresentation, &fileStat)
| `- error: cannot find 'lstat' in scope
315 | return Entry.EntryType(mode: mode_t(fileStat.st_mode))
316 | }
Running build ...
bash -c docker run --pull=always --rm -v "checkouts-54344843-0":/host -w "$PWD" -e JAVA_HOME="/root/.sdkman/candidates/java/current" -e SPI_BUILD="1" -e SPI_PROCESSING="1" registry.gitlab.com/saguaro1/spi-images:android-6.1-latest swift build --swift-sdk aarch64-unknown-linux-android24 2>&1
android-6.1-latest: Pulling from saguaro1/spi-images
Digest: sha256:a7f4f752e160f6cbd9e0c26490aa43ccd5312d524c4c6d77f8b144559b526afa
Status: Image is up to date for registry.gitlab.com/saguaro1/spi-images:android-6.1-latest
[0/4] Write swift-version-24593BA9C3E375BF.txt
[2/6] Emitting module MockGeneratorTool
[3/6] Compiling MockGeneratorTool main.swift
[4/7] Wrapping AST for MockGeneratorTool for debugging
[5/7] Write Objects.LinkFileList
[6/7] Linking MockGeneratorTool-tool
warning: 'spi-builder-workspace': found 1 file(s) which are unhandled; explicitly declare them as resources or exclude from the target
/host/spi-builder-workspace/iOSMcuManagerLibrary/Source/PrivacyInfo.xcprivacy
warning: 'zipfoundation': found 1 file(s) which are unhandled; explicitly declare them as resources or exclude from the target
/host/spi-builder-workspace/.build/checkouts/ZIPFoundation/Sources/ZIPFoundation/Resources/PrivacyInfo.xcprivacy
[0/1] Planning build
[1/1] Compiling plugin MockGenerator
Building for debugging...
[1/28] Write swift-version-24593BA9C3E375BF.txt
[3/158] Emitting module MockGeneratorTool
[4/159] Wrapping AST for MockGeneratorTool for debugging
[5/159] Write Objects.LinkFileList
[6/159] Linking MockGeneratorTool-tool
error: emit-module command failed with exit code 1 (use -v to see invocation)
[8/159] Emitting module ZIPFoundation
/host/spi-builder-workspace/.build/checkouts/ZIPFoundation/Sources/ZIPFoundation/Date+ZIP.swift:77:11: error: cannot find type 'stat' in scope
75 | }
76 |
77 | extension stat {
| `- error: cannot find type 'stat' in scope
78 |
79 | var lastAccessDate: Date {
[8/159] MockCopy Peripheral.swift
[9/159] MockCopy PeripheralError.swift
[10/161] MockCopy UnimplementedError.swift
[11/161] MockCopy Queue.swift
[12/161] MockCopy RSSI.swift
[13/161] MockCopy Publishers+GuestList.swift
[14/161] MockCopy Publishers+Connectable.swift
[15/161] MockCopy Publishers+Bluetooth.swift
[16/161] MockCopy Publishers+FailablePrefix.swift.swift
[17/161] MockCopy Logger.swift
[18/161] MockCopy Data+Ext.swift.swift
[19/161] MockCopy Publishers+Async.swift
[20/161] MockCopy ContinuationSubscriber.swift
[21/161] MockCopy CBManagerState+Ext.swift
[22/161] MockCopy CBManagerState.swift
[23/161] MockCopy AsyncCharacteristicData.swift
[24/161] MockCopy ReactiveCentralManagerDelegate.swift
[25/161] MockCopy Peripheral+Writer.swift
[26/161] MockCopy ReactivePeripheralDelegate.swift
[26/161] MockCopy AdvertisementData.swift
[28/161] MockCopy CentralManager.swift
[29/161] MockCopy ScanResult.swift
[30/161] Write sources
[32/161] Compiling SwiftCBOR KeyedEncodingContainer.swift
/host/spi-builder-workspace/.build/checkouts/IOS-CoreBluetooth-Mock/CoreBluetoothMock/CBMAttributes.swift:31:8: error: no such module 'CoreBluetooth'
29 | */
30 |
31 | import CoreBluetooth
| `- error: no such module 'CoreBluetooth'
32 |
33 | /// A representation of common aspects of services offered by a peripheral.
[33/161] Compiling SwiftCBOR SingleValueEncodingContainer.swift
/host/spi-builder-workspace/.build/checkouts/IOS-CoreBluetooth-Mock/CoreBluetoothMock/CBMAttributes.swift:31:8: error: no such module 'CoreBluetooth'
29 | */
30 |
31 | import CoreBluetooth
| `- error: no such module 'CoreBluetooth'
32 |
33 | /// A representation of common aspects of services offered by a peripheral.
[34/163] Compiling ZIPFoundation FileManager+ZIPDeprecated.swift
[35/163] Compiling ZIPFoundation URL+ZIP.swift
[36/163] Compiling SwiftCBOR UnkeyedEncodingContainer.swift
/host/spi-builder-workspace/.build/checkouts/IOS-CoreBluetooth-Mock/CoreBluetoothMock/CBMAttributes.swift:31:8: error: no such module 'CoreBluetooth'
29 | */
30 |
31 | import CoreBluetooth
| `- error: no such module 'CoreBluetooth'
32 |
33 | /// A representation of common aspects of services offered by a peripheral.
[37/163] Compiling iOS_Common_Libraries NordicLog.swift
/host/spi-builder-workspace/.build/checkouts/IOS-CoreBluetooth-Mock/CoreBluetoothMock/CBMAttributes.swift:31:8: error: no such module 'CoreBluetooth'
29 | */
30 |
31 | import CoreBluetooth
| `- error: no such module 'CoreBluetooth'
32 |
33 | /// A representation of common aspects of services offered by a peripheral.
[38/163] Compiling SwiftCBOR UnkeyedDecodingContainer.swift
/host/spi-builder-workspace/.build/checkouts/IOS-CoreBluetooth-Mock/CoreBluetoothMock/CBMAttributes.swift:31:8: error: no such module 'CoreBluetooth'
29 | */
30 |
31 | import CoreBluetooth
| `- error: no such module 'CoreBluetooth'
32 |
33 | /// A representation of common aspects of services offered by a peripheral.
[39/163] Compiling SwiftCBOR CodableCBOREncoder.swift
/host/spi-builder-workspace/.build/checkouts/IOS-CoreBluetooth-Mock/CoreBluetoothMock/CBMAttributes.swift:31:8: error: no such module 'CoreBluetooth'
29 | */
30 |
31 | import CoreBluetooth
| `- error: no such module 'CoreBluetooth'
32 |
33 | /// A representation of common aspects of services offered by a peripheral.
[40/163] Compiling iOS_Common_Libraries ErrorEvent.swift
/host/spi-builder-workspace/.build/checkouts/IOS-Common-Libraries/Sources/iOS-Common-Libraries/Effects/Modifiers/BlinkingModifier.swift:9:8: error: no such module 'SwiftUI'
7 | //
8 |
9 | import SwiftUI
| `- error: no such module 'SwiftUI'
10 |
11 | // MARK: - BlinkingView
[41/163] Compiling iOS_Common_Libraries Haptic.swift
/host/spi-builder-workspace/.build/checkouts/IOS-Common-Libraries/Sources/iOS-Common-Libraries/Effects/Modifiers/BlinkingModifier.swift:9:8: error: no such module 'SwiftUI'
7 | //
8 |
9 | import SwiftUI
| `- error: no such module 'SwiftUI'
10 |
11 | // MARK: - BlinkingView
[42/163] Compiling iOS_Common_Libraries LogLevel.swift
/host/spi-builder-workspace/.build/checkouts/IOS-Common-Libraries/Sources/iOS-Common-Libraries/Effects/Modifiers/BlinkingModifier.swift:9:8: error: no such module 'SwiftUI'
7 | //
8 |
9 | import SwiftUI
| `- error: no such module 'SwiftUI'
10 |
11 | // MARK: - BlinkingView
[43/163] Compiling iOS_Common_Libraries LogRecord.swift
/host/spi-builder-workspace/.build/checkouts/IOS-Common-Libraries/Sources/iOS-Common-Libraries/Effects/Modifiers/BlinkingModifier.swift:9:8: error: no such module 'SwiftUI'
7 | //
8 |
9 | import SwiftUI
| `- error: no such module 'SwiftUI'
10 |
11 | // MARK: - BlinkingView
[44/163] Compiling iOS_Common_Libraries Option.swift
/host/spi-builder-workspace/.build/checkouts/IOS-Common-Libraries/Sources/iOS-Common-Libraries/Effects/Modifiers/BlinkingModifier.swift:9:8: error: no such module 'SwiftUI'
7 | //
8 |
9 | import SwiftUI
| `- error: no such module 'SwiftUI'
10 |
11 | // MARK: - BlinkingView
[45/163] Compiling iOS_Common_Libraries Preview.swift
/host/spi-builder-workspace/.build/checkouts/IOS-Common-Libraries/Sources/iOS-Common-Libraries/Effects/Modifiers/BlinkingModifier.swift:9:8: error: no such module 'SwiftUI'
7 | //
8 |
9 | import SwiftUI
| `- error: no such module 'SwiftUI'
10 |
11 | // MARK: - BlinkingView
[46/163] Compiling iOS_Common_Libraries RSSI.swift
/host/spi-builder-workspace/.build/checkouts/IOS-Common-Libraries/Sources/iOS-Common-Libraries/Effects/Modifiers/BlinkingModifier.swift:9:8: error: no such module 'SwiftUI'
7 | //
8 |
9 | import SwiftUI
| `- error: no such module 'SwiftUI'
10 |
11 | // MARK: - BlinkingView
[47/163] Compiling iOS_Common_Libraries LabelStyle.swift
/host/spi-builder-workspace/.build/checkouts/IOS-Common-Libraries/Sources/iOS-Common-Libraries/Effects/Modifiers/BlinkingModifier.swift:9:8: error: no such module 'SwiftUI'
7 | //
8 |
9 | import SwiftUI
| `- error: no such module 'SwiftUI'
10 |
11 | // MARK: - BlinkingView
[48/163] Compiling iOS_Common_Libraries LabeledContentStyle.swift
/host/spi-builder-workspace/.build/checkouts/IOS-Common-Libraries/Sources/iOS-Common-Libraries/Effects/Modifiers/BlinkingModifier.swift:9:8: error: no such module 'SwiftUI'
7 | //
8 |
9 | import SwiftUI
| `- error: no such module 'SwiftUI'
10 |
11 | // MARK: - BlinkingView
[49/163] Compiling iOS_Common_Libraries TextFieldAlertModifier.swift
/host/spi-builder-workspace/.build/checkouts/IOS-Common-Libraries/Sources/iOS-Common-Libraries/Effects/Modifiers/BlinkingModifier.swift:9:8: error: no such module 'SwiftUI'
7 | //
8 |
9 | import SwiftUI
| `- error: no such module 'SwiftUI'
10 |
11 | // MARK: - BlinkingView
[52/165] Compiling iOS_Common_Libraries AppIconView.swift
/host/spi-builder-workspace/.build/checkouts/IOS-Common-Libraries/Sources/iOS-Common-Libraries/Effects/Modifiers/BlinkingModifier.swift:9:8: error: no such module 'SwiftUI'
7 | //
8 |
9 | import SwiftUI
| `- error: no such module 'SwiftUI'
10 |
11 | // MARK: - BlinkingView
[53/165] Compiling iOS_Common_Libraries BadgeView.swift
/host/spi-builder-workspace/.build/checkouts/IOS-Common-Libraries/Sources/iOS-Common-Libraries/Effects/Modifiers/BlinkingModifier.swift:9:8: error: no such module 'SwiftUI'
7 | //
8 |
9 | import SwiftUI
| `- error: no such module 'SwiftUI'
10 |
11 | // MARK: - BlinkingView
[54/165] Compiling iOS_Common_Libraries BlinkingCursorView.swift
/host/spi-builder-workspace/.build/checkouts/IOS-Common-Libraries/Sources/iOS-Common-Libraries/Effects/Modifiers/BlinkingModifier.swift:9:8: error: no such module 'SwiftUI'
7 | //
8 |
9 | import SwiftUI
| `- error: no such module 'SwiftUI'
10 |
11 | // MARK: - BlinkingView
[55/165] Compiling iOS_Common_Libraries CancellableTextField.swift
/host/spi-builder-workspace/.build/checkouts/IOS-Common-Libraries/Sources/iOS-Common-Libraries/Effects/Modifiers/BlinkingModifier.swift:9:8: error: no such module 'SwiftUI'
7 | //
8 |
9 | import SwiftUI
| `- error: no such module 'SwiftUI'
10 |
11 | // MARK: - BlinkingView
[56/165] Compiling iOS_Common_Libraries DevZoneLinkView.swift
/host/spi-builder-workspace/.build/checkouts/IOS-Common-Libraries/Sources/iOS-Common-Libraries/Effects/Modifiers/BlinkingModifier.swift:9:8: error: no such module 'SwiftUI'
7 | //
8 |
9 | import SwiftUI
| `- error: no such module 'SwiftUI'
10 |
11 | // MARK: - BlinkingView
[57/165] Compiling iOS_Common_Libraries DotView.swift
/host/spi-builder-workspace/.build/checkouts/IOS-Common-Libraries/Sources/iOS-Common-Libraries/Effects/Modifiers/BlinkingModifier.swift:9:8: error: no such module 'SwiftUI'
7 | //
8 |
9 | import SwiftUI
| `- error: no such module 'SwiftUI'
10 |
11 | // MARK: - BlinkingView
[58/165] Compiling iOS_Common_Libraries FPSCounter.swift
/host/spi-builder-workspace/.build/checkouts/IOS-Common-Libraries/Sources/iOS-Common-Libraries/Effects/Modifiers/BlinkingModifier.swift:9:8: error: no such module 'SwiftUI'
7 | //
8 |
9 | import SwiftUI
| `- error: no such module 'SwiftUI'
10 |
11 | // MARK: - BlinkingView
[59/165] Compiling iOS_Common_Libraries IndeterminateProgressView.swift
/host/spi-builder-workspace/.build/checkouts/IOS-Common-Libraries/Sources/iOS-Common-Libraries/Effects/Modifiers/BlinkingModifier.swift:9:8: error: no such module 'SwiftUI'
7 | //
8 |
9 | import SwiftUI
| `- error: no such module 'SwiftUI'
10 |
11 | // MARK: - BlinkingView
[60/165] Compiling iOS_Common_Libraries InlinePicker.swift
/host/spi-builder-workspace/.build/checkouts/IOS-Common-Libraries/Sources/iOS-Common-Libraries/Effects/Modifiers/BlinkingModifier.swift:9:8: error: no such module 'SwiftUI'
7 | //
8 |
9 | import SwiftUI
| `- error: no such module 'SwiftUI'
10 |
11 | // MARK: - BlinkingView
[61/165] Compiling iOS_Common_Libraries InlineSegmentedControlPicker.swift
/host/spi-builder-workspace/.build/checkouts/IOS-Common-Libraries/Sources/iOS-Common-Libraries/Effects/Modifiers/BlinkingModifier.swift:9:8: error: no such module 'SwiftUI'
7 | //
8 |
9 | import SwiftUI
| `- error: no such module 'SwiftUI'
10 |
11 | // MARK: - BlinkingView
[62/165] Compiling iOS_Common_Libraries UIView.swift
/host/spi-builder-workspace/.build/checkouts/IOS-Common-Libraries/Sources/iOS-Common-Libraries/Effects/Modifiers/BlinkingModifier.swift:9:8: error: no such module 'SwiftUI'
7 | //
8 |
9 | import SwiftUI
| `- error: no such module 'SwiftUI'
10 |
11 | // MARK: - BlinkingView
[63/165] Compiling iOS_Common_Libraries View.swift
/host/spi-builder-workspace/.build/checkouts/IOS-Common-Libraries/Sources/iOS-Common-Libraries/Effects/Modifiers/BlinkingModifier.swift:9:8: error: no such module 'SwiftUI'
7 | //
8 |
9 | import SwiftUI
| `- error: no such module 'SwiftUI'
10 |
11 | // MARK: - BlinkingView
[64/165] Compiling iOS_Common_Libraries HTTPRequest.swift
/host/spi-builder-workspace/.build/checkouts/IOS-Common-Libraries/Sources/iOS-Common-Libraries/Effects/Modifiers/BlinkingModifier.swift:9:8: error: no such module 'SwiftUI'
7 | //
8 |
9 | import SwiftUI
| `- error: no such module 'SwiftUI'
10 |
11 | // MARK: - BlinkingView
[65/165] Compiling iOS_Common_Libraries Network.swift
/host/spi-builder-workspace/.build/checkouts/IOS-Common-Libraries/Sources/iOS-Common-Libraries/Effects/Modifiers/BlinkingModifier.swift:9:8: error: no such module 'SwiftUI'
7 | //
8 |
9 | import SwiftUI
| `- error: no such module 'SwiftUI'
10 |
11 | // MARK: - BlinkingView
[66/165] Compiling iOS_Common_Libraries NetworkResponse.swift
/host/spi-builder-workspace/.build/checkouts/IOS-Common-Libraries/Sources/iOS-Common-Libraries/Effects/Modifiers/BlinkingModifier.swift:9:8: error: no such module 'SwiftUI'
7 | //
8 |
9 | import SwiftUI
| `- error: no such module 'SwiftUI'
10 |
11 | // MARK: - BlinkingView
[67/165] Compiling iOS_Common_Libraries URLSession.swift
/host/spi-builder-workspace/.build/checkouts/IOS-Common-Libraries/Sources/iOS-Common-Libraries/Effects/Modifiers/BlinkingModifier.swift:9:8: error: no such module 'SwiftUI'
7 | //
8 |
9 | import SwiftUI
| `- error: no such module 'SwiftUI'
10 |
11 | // MARK: - BlinkingView
[68/165] Compiling iOS_Common_Libraries CommonDataParser.swift
/host/spi-builder-workspace/.build/checkouts/IOS-Common-Libraries/Sources/iOS-Common-Libraries/Effects/Modifiers/BlinkingModifier.swift:9:8: error: no such module 'SwiftUI'
7 | //
8 |
9 | import SwiftUI
| `- error: no such module 'SwiftUI'
10 |
11 | // MARK: - BlinkingView
[69/165] Compiling iOS_Common_Libraries Data+Ext.swift
/host/spi-builder-workspace/.build/checkouts/IOS-Common-Libraries/Sources/iOS-Common-Libraries/Effects/Modifiers/BlinkingModifier.swift:9:8: error: no such module 'SwiftUI'
7 | //
8 |
9 | import SwiftUI
| `- error: no such module 'SwiftUI'
10 |
11 | // MARK: - BlinkingView
[70/165] Compiling iOS_Common_Libraries DataParser.swift
/host/spi-builder-workspace/.build/checkouts/IOS-Common-Libraries/Sources/iOS-Common-Libraries/Effects/Modifiers/BlinkingModifier.swift:9:8: error: no such module 'SwiftUI'
7 | //
8 |
9 | import SwiftUI
| `- error: no such module 'SwiftUI'
10 |
11 | // MARK: - BlinkingView
[71/165] Compiling iOS_Common_Libraries DataReader.swift
/host/spi-builder-workspace/.build/checkouts/IOS-Common-Libraries/Sources/iOS-Common-Libraries/Effects/Modifiers/BlinkingModifier.swift:9:8: error: no such module 'SwiftUI'
7 | //
8 |
9 | import SwiftUI
| `- error: no such module 'SwiftUI'
10 |
11 | // MARK: - BlinkingView
[72/165] Compiling iOS_Common_Libraries DateParser.swift
/host/spi-builder-workspace/.build/checkouts/IOS-Common-Libraries/Sources/iOS-Common-Libraries/Effects/Modifiers/BlinkingModifier.swift:9:8: error: no such module 'SwiftUI'
7 | //
8 |
9 | import SwiftUI
| `- error: no such module 'SwiftUI'
10 |
11 | // MARK: - BlinkingView
error: emit-module command failed with exit code 1 (use -v to see invocation)
[73/175] Emitting module CoreBluetoothMock
/host/spi-builder-workspace/.build/checkouts/IOS-CoreBluetooth-Mock/CoreBluetoothMock/CBMAttributes.swift:31:8: error: no such module 'CoreBluetooth'
29 | */
30 |
31 | import CoreBluetooth
| `- error: no such module 'CoreBluetooth'
32 |
33 | /// A representation of common aspects of services offered by a peripheral.
error: emit-module command failed with exit code 1 (use -v to see invocation)
[74/175] Emitting module iOS_Common_Libraries
/host/spi-builder-workspace/.build/checkouts/IOS-Common-Libraries/Sources/iOS-Common-Libraries/Effects/Modifiers/BlinkingModifier.swift:9:8: error: no such module 'SwiftUI'
7 | //
8 |
9 | import SwiftUI
| `- error: no such module 'SwiftUI'
10 |
11 | // MARK: - BlinkingView
[75/175] Compiling SwiftCBOR Util.swift
/host/spi-builder-workspace/.build/checkouts/IOS-CoreBluetooth-Mock/CoreBluetoothMock/CBMAttributes.swift:31:8: error: no such module 'CoreBluetooth'
29 | */
30 |
31 | import CoreBluetooth
| `- error: no such module 'CoreBluetooth'
32 |
33 | /// A representation of common aspects of services offered by a peripheral.
[76/175] Compiling CoreBluetoothMock UART.swift
/host/spi-builder-workspace/.build/checkouts/IOS-CoreBluetooth-Mock/CoreBluetoothMock/CBMAttributes.swift:31:8: error: no such module 'CoreBluetooth'
29 | */
30 |
31 | import CoreBluetooth
| `- error: no such module 'CoreBluetooth'
32 |
33 | /// A representation of common aspects of services offered by a peripheral.
[79/175] Compiling SwiftCBOR CBOREncodable.swift
/host/spi-builder-workspace/.build/checkouts/IOS-Common-Libraries/Sources/iOS-Common-Libraries/Effects/Modifiers/BlinkingModifier.swift:9:8: error: no such module 'SwiftUI'
7 | //
8 |
9 | import SwiftUI
| `- error: no such module 'SwiftUI'
10 |
11 | // MARK: - BlinkingView
[80/175] Compiling SwiftCBOR CBOREncoder.swift
/host/spi-builder-workspace/.build/checkouts/IOS-Common-Libraries/Sources/iOS-Common-Libraries/Effects/Modifiers/BlinkingModifier.swift:9:8: error: no such module 'SwiftUI'
7 | //
8 |
9 | import SwiftUI
| `- error: no such module 'SwiftUI'
10 |
11 | // MARK: - BlinkingView
[81/175] Compiling SwiftCBOR CodableCBORDecoder.swift
/host/spi-builder-workspace/.build/checkouts/IOS-Common-Libraries/Sources/iOS-Common-Libraries/Effects/Modifiers/BlinkingModifier.swift:9:8: error: no such module 'SwiftUI'
7 | //
8 |
9 | import SwiftUI
| `- error: no such module 'SwiftUI'
10 |
11 | // MARK: - BlinkingView
[82/175] Compiling SwiftCBOR KeyedDecodingContainer.swift
/host/spi-builder-workspace/.build/checkouts/IOS-Common-Libraries/Sources/iOS-Common-Libraries/Effects/Modifiers/BlinkingModifier.swift:9:8: error: no such module 'SwiftUI'
7 | //
8 |
9 | import SwiftUI
| `- error: no such module 'SwiftUI'
10 |
11 | // MARK: - BlinkingView
[83/175] Compiling SwiftCBOR AnyCodingKey.swift
/host/spi-builder-workspace/.build/checkouts/IOS-Common-Libraries/Sources/iOS-Common-Libraries/Effects/Modifiers/BlinkingModifier.swift:9:8: error: no such module 'SwiftUI'
7 | //
8 |
9 | import SwiftUI
| `- error: no such module 'SwiftUI'
10 |
11 | // MARK: - BlinkingView
[84/175] Compiling SwiftCBOR CBOR.swift
/host/spi-builder-workspace/.build/checkouts/IOS-Common-Libraries/Sources/iOS-Common-Libraries/Effects/Modifiers/BlinkingModifier.swift:9:8: error: no such module 'SwiftUI'
7 | //
8 |
9 | import SwiftUI
| `- error: no such module 'SwiftUI'
10 |
11 | // MARK: - BlinkingView
[85/175] Compiling SwiftCBOR CBORDecoder.swift
/host/spi-builder-workspace/.build/checkouts/IOS-Common-Libraries/Sources/iOS-Common-Libraries/Effects/Modifiers/BlinkingModifier.swift:9:8: error: no such module 'SwiftUI'
7 | //
8 |
9 | import SwiftUI
| `- error: no such module 'SwiftUI'
10 |
11 | // MARK: - BlinkingView
[86/175] Compiling SwiftCBOR CBORInputStream.swift
/host/spi-builder-workspace/.build/checkouts/IOS-Common-Libraries/Sources/iOS-Common-Libraries/Effects/Modifiers/BlinkingModifier.swift:9:8: error: no such module 'SwiftUI'
7 | //
8 |
9 | import SwiftUI
| `- error: no such module 'SwiftUI'
10 |
11 | // MARK: - BlinkingView
[87/175] Compiling SwiftCBOR CBOROptions.swift
/host/spi-builder-workspace/.build/checkouts/IOS-Common-Libraries/Sources/iOS-Common-Libraries/Effects/Modifiers/BlinkingModifier.swift:9:8: error: no such module 'SwiftUI'
7 | //
8 |
9 | import SwiftUI
| `- error: no such module 'SwiftUI'
10 |
11 | // MARK: - BlinkingView
[88/175] Compiling SwiftCBOR SingleValueDecodingContainer.swift
/host/spi-builder-workspace/.build/checkouts/IOS-Common-Libraries/Sources/iOS-Common-Libraries/Effects/Modifiers/BlinkingModifier.swift:9:8: error: no such module 'SwiftUI'
7 | //
8 |
9 | import SwiftUI
| `- error: no such module 'SwiftUI'
10 |
11 | // MARK: - BlinkingView
/host/spi-builder-workspace/.build/checkouts/IOS-Common-Libraries/Sources/iOS-Common-Libraries/Effects/Modifiers/BlinkingModifier.swift:9:8: error: no such module 'SwiftUI'
7 | //
8 |
9 | import SwiftUI
| `- error: no such module 'SwiftUI'
10 |
11 | // MARK: - BlinkingView
[90/175] Compiling iOS_Common_Libraries BlinkingModifier.swift
/host/spi-builder-workspace/.build/checkouts/IOS-Common-Libraries/Sources/iOS-Common-Libraries/Effects/Modifiers/BlinkingModifier.swift:9:8: error: no such module 'SwiftUI'
7 | //
8 |
9 | import SwiftUI
| `- error: no such module 'SwiftUI'
10 |
11 | // MARK: - BlinkingView
[91/175] Compiling iOS_Common_Libraries GlowingModifier.swift
/host/spi-builder-workspace/.build/checkouts/IOS-Common-Libraries/Sources/iOS-Common-Libraries/Effects/Modifiers/BlinkingModifier.swift:9:8: error: no such module 'SwiftUI'
7 | //
8 |
9 | import SwiftUI
| `- error: no such module 'SwiftUI'
10 |
11 | // MARK: - BlinkingView
[92/175] Compiling iOS_Common_Libraries Array.swift
/host/spi-builder-workspace/.build/checkouts/IOS-Common-Libraries/Sources/iOS-Common-Libraries/Effects/Modifiers/BlinkingModifier.swift:9:8: error: no such module 'SwiftUI'
7 | //
8 |
9 | import SwiftUI
| `- error: no such module 'SwiftUI'
10 |
11 | // MARK: - BlinkingView
[93/175] Compiling iOS_Common_Libraries AutoLayout.swift
/host/spi-builder-workspace/.build/checkouts/IOS-Common-Libraries/Sources/iOS-Common-Libraries/Effects/Modifiers/BlinkingModifier.swift:9:8: error: no such module 'SwiftUI'
7 | //
8 |
9 | import SwiftUI
| `- error: no such module 'SwiftUI'
10 |
11 | // MARK: - BlinkingView
[94/175] Compiling iOS_Common_Libraries CGSize.swift
/host/spi-builder-workspace/.build/checkouts/IOS-Common-Libraries/Sources/iOS-Common-Libraries/Effects/Modifiers/BlinkingModifier.swift:9:8: error: no such module 'SwiftUI'
7 | //
8 |
9 | import SwiftUI
| `- error: no such module 'SwiftUI'
10 |
11 | // MARK: - BlinkingView
[95/175] Compiling iOS_Common_Libraries Collection.swift
/host/spi-builder-workspace/.build/checkouts/IOS-Common-Libraries/Sources/iOS-Common-Libraries/Effects/Modifiers/BlinkingModifier.swift:9:8: error: no such module 'SwiftUI'
7 | //
8 |
9 | import SwiftUI
| `- error: no such module 'SwiftUI'
10 |
11 | // MARK: - BlinkingView
[96/175] Compiling iOS_Common_Libraries Color.swift
/host/spi-builder-workspace/.build/checkouts/IOS-Common-Libraries/Sources/iOS-Common-Libraries/Effects/Modifiers/BlinkingModifier.swift:9:8: error: no such module 'SwiftUI'
7 | //
8 |
9 | import SwiftUI
| `- error: no such module 'SwiftUI'
10 |
11 | // MARK: - BlinkingView
[97/175] Compiling iOS_Common_Libraries NSColor.swift
/host/spi-builder-workspace/.build/checkouts/IOS-Common-Libraries/Sources/iOS-Common-Libraries/Effects/Modifiers/BlinkingModifier.swift:9:8: error: no such module 'SwiftUI'
7 | //
8 |
9 | import SwiftUI
| `- error: no such module 'SwiftUI'
10 |
11 | // MARK: - BlinkingView
[98/175] Compiling iOS_Common_Libraries RGB.swift
/host/spi-builder-workspace/.build/checkouts/IOS-Common-Libraries/Sources/iOS-Common-Libraries/Effects/Modifiers/BlinkingModifier.swift:9:8: error: no such module 'SwiftUI'
7 | //
8 |
9 | import SwiftUI
| `- error: no such module 'SwiftUI'
10 |
11 | // MARK: - BlinkingView
[99/175] Compiling iOS_Common_Libraries RGBA.swift
/host/spi-builder-workspace/.build/checkouts/IOS-Common-Libraries/Sources/iOS-Common-Libraries/Effects/Modifiers/BlinkingModifier.swift:9:8: error: no such module 'SwiftUI'
7 | //
8 |
9 | import SwiftUI
| `- error: no such module 'SwiftUI'
10 |
11 | // MARK: - BlinkingView
[100/175] Compiling iOS_Common_Libraries UIColor.swift
/host/spi-builder-workspace/.build/checkouts/IOS-Common-Libraries/Sources/iOS-Common-Libraries/Effects/Modifiers/BlinkingModifier.swift:9:8: error: no such module 'SwiftUI'
7 | //
8 |
9 | import SwiftUI
| `- error: no such module 'SwiftUI'
10 |
11 | // MARK: - BlinkingView
[101/175] Compiling iOS_Common_Libraries DoubleParser.swift
/host/spi-builder-workspace/.build/checkouts/IOS-Common-Libraries/Sources/iOS-Common-Libraries/Effects/Modifiers/BlinkingModifier.swift:9:8: error: no such module 'SwiftUI'
7 | //
8 |
9 | import SwiftUI
| `- error: no such module 'SwiftUI'
10 |
11 | // MARK: - BlinkingView
[102/175] Compiling iOS_Common_Libraries SFloatParser.swift
/host/spi-builder-workspace/.build/checkouts/IOS-Common-Libraries/Sources/iOS-Common-Libraries/Effects/Modifiers/BlinkingModifier.swift:9:8: error: no such module 'SwiftUI'
7 | //
8 |
9 | import SwiftUI
| `- error: no such module 'SwiftUI'
10 |
11 | // MARK: - BlinkingView
[103/175] Compiling iOS_Common_Libraries UInt16Parser.swift
/host/spi-builder-workspace/.build/checkouts/IOS-Common-Libraries/Sources/iOS-Common-Libraries/Effects/Modifiers/BlinkingModifier.swift:9:8: error: no such module 'SwiftUI'
7 | //
8 |
9 | import SwiftUI
| `- error: no such module 'SwiftUI'
10 |
11 | // MARK: - BlinkingView
[104/175] Compiling iOS_Common_Libraries UInt32Parser.swift
/host/spi-builder-workspace/.build/checkouts/IOS-Common-Libraries/Sources/iOS-Common-Libraries/Effects/Modifiers/BlinkingModifier.swift:9:8: error: no such module 'SwiftUI'
7 | //
8 |
9 | import SwiftUI
| `- error: no such module 'SwiftUI'
10 |
11 | // MARK: - BlinkingView
[105/175] Compiling iOS_Common_Libraries UInt8Parser.swift
/host/spi-builder-workspace/.build/checkouts/IOS-Common-Libraries/Sources/iOS-Common-Libraries/Effects/Modifiers/BlinkingModifier.swift:9:8: error: no such module 'SwiftUI'
7 | //
8 |
9 | import SwiftUI
| `- error: no such module 'SwiftUI'
10 |
11 | // MARK: - BlinkingView
[106/175] Compiling iOS_Common_Libraries RecordOpcode.swift
/host/spi-builder-workspace/.build/checkouts/IOS-Common-Libraries/Sources/iOS-Common-Libraries/Effects/Modifiers/BlinkingModifier.swift:9:8: error: no such module 'SwiftUI'
7 | //
8 |
9 | import SwiftUI
| `- error: no such module 'SwiftUI'
10 |
11 | // MARK: - BlinkingView
[107/175] Compiling iOS_Common_Libraries RecordOperator.swift
/host/spi-builder-workspace/.build/checkouts/IOS-Common-Libraries/Sources/iOS-Common-Libraries/Effects/Modifiers/BlinkingModifier.swift:9:8: error: no such module 'SwiftUI'
7 | //
8 |
9 | import SwiftUI
| `- error: no such module 'SwiftUI'
10 |
11 | // MARK: - BlinkingView
[108/175] Compiling iOS_Common_Libraries RecordResponseStatus.swift
/host/spi-builder-workspace/.build/checkouts/IOS-Common-Libraries/Sources/iOS-Common-Libraries/Effects/Modifiers/BlinkingModifier.swift:9:8: error: no such module 'SwiftUI'
7 | //
8 |
9 | import SwiftUI
| `- error: no such module 'SwiftUI'
10 |
11 | // MARK: - BlinkingView
[109/175] Compiling iOS_Common_Libraries SensorLocation.swift
/host/spi-builder-workspace/.build/checkouts/IOS-Common-Libraries/Sources/iOS-Common-Libraries/Effects/Modifiers/BlinkingModifier.swift:9:8: error: no such module 'SwiftUI'
7 | //
8 |
9 | import SwiftUI
| `- error: no such module 'SwiftUI'
10 |
11 | // MARK: - BlinkingView
[110/175] Compiling iOS_Common_Libraries SensorType.swift
/host/spi-builder-workspace/.build/checkouts/IOS-Common-Libraries/Sources/iOS-Common-Libraries/Effects/Modifiers/BlinkingModifier.swift:9:8: error: no such module 'SwiftUI'
7 | //
8 |
9 | import SwiftUI
| `- error: no such module 'SwiftUI'
10 |
11 | // MARK: - BlinkingView
[111/175] Compiling iOS_Common_Libraries Status.swift
/host/spi-builder-workspace/.build/checkouts/IOS-Common-Libraries/Sources/iOS-Common-Libraries/Effects/Modifiers/BlinkingModifier.swift:9:8: error: no such module 'SwiftUI'
7 | //
8 |
9 | import SwiftUI
| `- error: no such module 'SwiftUI'
10 |
11 | // MARK: - BlinkingView
/host/spi-builder-workspace/.build/checkouts/IOS-Common-Libraries/Sources/iOS-Common-Libraries/Effects/Modifiers/BlinkingModifier.swift:9:8: error: no such module 'SwiftUI'
7 | //
8 |
9 | import SwiftUI
| `- error: no such module 'SwiftUI'
10 |
11 | // MARK: - BlinkingView
/host/spi-builder-workspace/.build/checkouts/IOS-Common-Libraries/Sources/iOS-Common-Libraries/Effects/Modifiers/BlinkingModifier.swift:9:8: error: no such module 'SwiftUI'
7 | //
8 |
9 | import SwiftUI
| `- error: no such module 'SwiftUI'
10 |
11 | // MARK: - BlinkingView
/host/spi-builder-workspace/.build/checkouts/IOS-Common-Libraries/Sources/iOS-Common-Libraries/Effects/Modifiers/BlinkingModifier.swift:9:8: error: no such module 'SwiftUI'
7 | //
8 |
9 | import SwiftUI
| `- error: no such module 'SwiftUI'
10 |
11 | // MARK: - BlinkingView
/host/spi-builder-workspace/.build/checkouts/IOS-Common-Libraries/Sources/iOS-Common-Libraries/Effects/Modifiers/BlinkingModifier.swift:9:8: error: no such module 'SwiftUI'
7 | //
8 |
9 | import SwiftUI
| `- error: no such module 'SwiftUI'
10 |
11 | // MARK: - BlinkingView
[116/175] Compiling SwiftCBOR FixedWidthInteger+Bytes.swift
/host/spi-builder-workspace/.build/checkouts/IOS-Common-Libraries/Sources/iOS-Common-Libraries/Effects/Modifiers/BlinkingModifier.swift:9:8: error: no such module 'SwiftUI'
7 | //
8 |
9 | import SwiftUI
| `- error: no such module 'SwiftUI'
10 |
11 | // MARK: - BlinkingView
/host/spi-builder-workspace/.build/checkouts/IOS-Common-Libraries/Sources/iOS-Common-Libraries/Effects/Modifiers/BlinkingModifier.swift:9:8: error: no such module 'SwiftUI'
7 | //
8 |
9 | import SwiftUI
| `- error: no such module 'SwiftUI'
10 |
11 | // MARK: - BlinkingView
/host/spi-builder-workspace/.build/checkouts/IOS-Common-Libraries/Sources/iOS-Common-Libraries/Effects/Modifiers/BlinkingModifier.swift:9:8: error: no such module 'SwiftUI'
7 | //
8 |
9 | import SwiftUI
| `- error: no such module 'SwiftUI'
10 |
11 | // MARK: - BlinkingView
[119/175] Compiling iOS_Common_Libraries Sequence.swift
/host/spi-builder-workspace/.build/checkouts/IOS-Common-Libraries/Sources/iOS-Common-Libraries/Effects/Modifiers/BlinkingModifier.swift:9:8: error: no such module 'SwiftUI'
7 | //
8 |
9 | import SwiftUI
| `- error: no such module 'SwiftUI'
10 |
11 | // MARK: - BlinkingView
/host/spi-builder-workspace/.build/checkouts/IOS-Common-Libraries/Sources/iOS-Common-Libraries/Effects/Modifiers/BlinkingModifier.swift:9:8: error: no such module 'SwiftUI'
7 | //
8 |
9 | import SwiftUI
| `- error: no such module 'SwiftUI'
10 |
11 | // MARK: - BlinkingView
/host/spi-builder-workspace/.build/checkouts/IOS-Common-Libraries/Sources/iOS-Common-Libraries/Effects/Modifiers/BlinkingModifier.swift:9:8: error: no such module 'SwiftUI'
7 | //
8 |
9 | import SwiftUI
| `- error: no such module 'SwiftUI'
10 |
11 | // MARK: - BlinkingView
[122/175] Compiling iOS_Common_Libraries UIStackView.swift
/host/spi-builder-workspace/.build/checkouts/IOS-Common-Libraries/Sources/iOS-Common-Libraries/Effects/Modifiers/BlinkingModifier.swift:9:8: error: no such module 'SwiftUI'
7 | //
8 |
9 | import SwiftUI
| `- error: no such module 'SwiftUI'
10 |
11 | // MARK: - BlinkingView
/host/spi-builder-workspace/.build/checkouts/ZIPFoundation/Sources/ZIPFoundation/Archive+BackingConfiguration.swift:50:34: error: cannot find 'errno' in scope
48 | let fileSystemRepresentation = fileManager.fileSystemRepresentation(withPath: url.path)
49 | guard let archiveFile = fopen(fileSystemRepresentation, "rb") else {
50 | throw POSIXError(errno, path: url.path)
| `- error: cannot find 'errno' in scope
51 | }
52 | guard let (eocdRecord, zip64EOCD) = Archive.scanForEndOfCentralDirectoryRecord(in: archiveFile) else {
/root/.swiftpm/swift-sdks/swift-6.1-RELEASE-android-24-0.1.artifactbundle/swift-6.1-release-android-24-sdk/android-27c-sysroot/usr/include/errno.h:58:9: note: macro 'errno' unavailable: structure not supported
56 | * thread.
57 | */
58 | #define errno (*__errno())
| `- note: macro 'errno' unavailable: structure not supported
59 |
60 | __END_DECLS
/host/spi-builder-workspace/.build/checkouts/ZIPFoundation/Sources/ZIPFoundation/Archive+BackingConfiguration.swift:72:34: error: cannot find 'errno' in scope
70 | let fileSystemRepresentation = fileManager.fileSystemRepresentation(withPath: url.path)
71 | guard let archiveFile = fopen(fileSystemRepresentation, "rb+") else {
72 | throw POSIXError(errno, path: url.path)
| `- error: cannot find 'errno' in scope
73 | }
74 | guard let (eocdRecord, zip64EOCD) = Archive.scanForEndOfCentralDirectoryRecord(in: archiveFile) else {
/root/.swiftpm/swift-sdks/swift-6.1-RELEASE-android-24-0.1.artifactbundle/swift-6.1-release-android-24-sdk/android-27c-sysroot/usr/include/errno.h:58:9: note: macro 'errno' unavailable: structure not supported
56 | * thread.
57 | */
58 | #define errno (*__errno())
| `- note: macro 'errno' unavailable: structure not supported
59 |
60 | __END_DECLS
/host/spi-builder-workspace/.build/checkouts/ZIPFoundation/Sources/ZIPFoundation/Archive+BackingConfiguration.swift:109:31: error: value of optional type 'UnsafeRawPointer?' must be unwrapped to a value of type 'UnsafeRawPointer'
107 | zipFileCommentData: Data())
108 | _ = endOfCentralDirectoryRecord.data.withUnsafeBytes { (buffer: UnsafeRawBufferPointer) in
109 | fwrite(buffer.baseAddress, buffer.count, 1, archiveFile) // Errors handled during read
| |- error: value of optional type 'UnsafeRawPointer?' must be unwrapped to a value of type 'UnsafeRawPointer'
| |- note: coalesce using '??' to provide a default when the optional value contains 'nil'
| `- note: force-unwrap using '!' to abort execution if the optional value contains 'nil'
110 | }
111 | fallthrough
/host/spi-builder-workspace/.build/checkouts/ZIPFoundation/Sources/ZIPFoundation/Archive+BackingConfiguration.swift:50:34: error: cannot find 'errno' in scope
48 | let fileSystemRepresentation = fileManager.fileSystemRepresentation(withPath: url.path)
49 | guard let archiveFile = fopen(fileSystemRepresentation, "rb") else {
50 | throw POSIXError(errno, path: url.path)
| `- error: cannot find 'errno' in scope
51 | }
52 | guard let (eocdRecord, zip64EOCD) = Archive.scanForEndOfCentralDirectoryRecord(in: archiveFile) else {
/root/.swiftpm/swift-sdks/swift-6.1-RELEASE-android-24-0.1.artifactbundle/swift-6.1-release-android-24-sdk/android-27c-sysroot/usr/include/errno.h:58:9: note: macro 'errno' unavailable: structure not supported
56 | * thread.
57 | */
58 | #define errno (*__errno())
| `- note: macro 'errno' unavailable: structure not supported
59 |
60 | __END_DECLS
/host/spi-builder-workspace/.build/checkouts/ZIPFoundation/Sources/ZIPFoundation/Archive+BackingConfiguration.swift:72:34: error: cannot find 'errno' in scope
70 | let fileSystemRepresentation = fileManager.fileSystemRepresentation(withPath: url.path)
71 | guard let archiveFile = fopen(fileSystemRepresentation, "rb+") else {
72 | throw POSIXError(errno, path: url.path)
| `- error: cannot find 'errno' in scope
73 | }
74 | guard let (eocdRecord, zip64EOCD) = Archive.scanForEndOfCentralDirectoryRecord(in: archiveFile) else {
/root/.swiftpm/swift-sdks/swift-6.1-RELEASE-android-24-0.1.artifactbundle/swift-6.1-release-android-24-sdk/android-27c-sysroot/usr/include/errno.h:58:9: note: macro 'errno' unavailable: structure not supported
56 | * thread.
57 | */
58 | #define errno (*__errno())
| `- note: macro 'errno' unavailable: structure not supported
59 |
60 | __END_DECLS
/host/spi-builder-workspace/.build/checkouts/ZIPFoundation/Sources/ZIPFoundation/Archive+BackingConfiguration.swift:109:31: error: value of optional type 'UnsafeRawPointer?' must be unwrapped to a value of type 'UnsafeRawPointer'
107 | zipFileCommentData: Data())
108 | _ = endOfCentralDirectoryRecord.data.withUnsafeBytes { (buffer: UnsafeRawBufferPointer) in
109 | fwrite(buffer.baseAddress, buffer.count, 1, archiveFile) // Errors handled during read
| |- error: value of optional type 'UnsafeRawPointer?' must be unwrapped to a value of type 'UnsafeRawPointer'
| |- note: coalesce using '??' to provide a default when the optional value contains 'nil'
| `- note: force-unwrap using '!' to abort execution if the optional value contains 'nil'
110 | }
111 | fallthrough
/host/spi-builder-workspace/.build/checkouts/ZIPFoundation/Sources/ZIPFoundation/Archive+BackingConfiguration.swift:50:34: error: cannot find 'errno' in scope
48 | let fileSystemRepresentation = fileManager.fileSystemRepresentation(withPath: url.path)
49 | guard let archiveFile = fopen(fileSystemRepresentation, "rb") else {
50 | throw POSIXError(errno, path: url.path)
| `- error: cannot find 'errno' in scope
51 | }
52 | guard let (eocdRecord, zip64EOCD) = Archive.scanForEndOfCentralDirectoryRecord(in: archiveFile) else {
/root/.swiftpm/swift-sdks/swift-6.1-RELEASE-android-24-0.1.artifactbundle/swift-6.1-release-android-24-sdk/android-27c-sysroot/usr/include/errno.h:58:9: note: macro 'errno' unavailable: structure not supported
56 | * thread.
57 | */
58 | #define errno (*__errno())
| `- note: macro 'errno' unavailable: structure not supported
59 |
60 | __END_DECLS
/host/spi-builder-workspace/.build/checkouts/ZIPFoundation/Sources/ZIPFoundation/Archive+BackingConfiguration.swift:72:34: error: cannot find 'errno' in scope
70 | let fileSystemRepresentation = fileManager.fileSystemRepresentation(withPath: url.path)
71 | guard let archiveFile = fopen(fileSystemRepresentation, "rb+") else {
72 | throw POSIXError(errno, path: url.path)
| `- error: cannot find 'errno' in scope
73 | }
74 | guard let (eocdRecord, zip64EOCD) = Archive.scanForEndOfCentralDirectoryRecord(in: archiveFile) else {
/root/.swiftpm/swift-sdks/swift-6.1-RELEASE-android-24-0.1.artifactbundle/swift-6.1-release-android-24-sdk/android-27c-sysroot/usr/include/errno.h:58:9: note: macro 'errno' unavailable: structure not supported
56 | * thread.
57 | */
58 | #define errno (*__errno())
| `- note: macro 'errno' unavailable: structure not supported
59 |
60 | __END_DECLS
/host/spi-builder-workspace/.build/checkouts/ZIPFoundation/Sources/ZIPFoundation/Archive+BackingConfiguration.swift:109:31: error: value of optional type 'UnsafeRawPointer?' must be unwrapped to a value of type 'UnsafeRawPointer'
107 | zipFileCommentData: Data())
108 | _ = endOfCentralDirectoryRecord.data.withUnsafeBytes { (buffer: UnsafeRawBufferPointer) in
109 | fwrite(buffer.baseAddress, buffer.count, 1, archiveFile) // Errors handled during read
| |- error: value of optional type 'UnsafeRawPointer?' must be unwrapped to a value of type 'UnsafeRawPointer'
| |- note: coalesce using '??' to provide a default when the optional value contains 'nil'
| `- note: force-unwrap using '!' to abort execution if the optional value contains 'nil'
110 | }
111 | fallthrough
/host/spi-builder-workspace/.build/checkouts/ZIPFoundation/Sources/ZIPFoundation/Entry.swift:29:25: error: binary operator '&' cannot be applied to operands of type 'mode_t' (aka 'UInt32') and 'Int32'
27 |
28 | init(mode: mode_t) {
29 | switch mode & S_IFMT {
| |- error: binary operator '&' cannot be applied to operands of type 'mode_t' (aka 'UInt32') and 'Int32'
| `- note: overloads for '&' exist with these partially matching parameter lists: (Int32, Int32), (UInt32, UInt32)
30 | case S_IFDIR:
31 | self = .directory
/host/spi-builder-workspace/.build/checkouts/ZIPFoundation/Sources/ZIPFoundation/Entry.swift:150:42: error: binary operator '&' cannot be applied to operands of type 'mode_t' (aka 'UInt32') and 'Int32'
148 | // Use truncatingIfNeeded for safer conversion across platforms
149 | let modeValue = UInt16(truncatingIfNeeded: self.centralDirectoryStructure.externalFileAttributes >> 16)
150 | let mode = mode_t(modeValue) & S_IFMT
| |- error: binary operator '&' cannot be applied to operands of type 'mode_t' (aka 'UInt32') and 'Int32'
| `- note: overloads for '&' exist with these partially matching parameter lists: (Int32, Int32), (UInt32, UInt32)
151 | switch mode {
152 | case S_IFREG:
/host/spi-builder-workspace/.build/checkouts/ZIPFoundation/Sources/ZIPFoundation/FileManager+ZIP.swift:196:15: error: cannot find 'lchmod' in scope
194 | let fileSystemRepresentation = self.fileSystemRepresentation(withPath: url.path)
195 | let modeT = posixPermissions.uint16Value
196 | guard lchmod(fileSystemRepresentation, mode_t(modeT)) == 0 else {
| `- error: cannot find 'lchmod' in scope
197 | throw POSIXError(errno, path: url.path)
198 | }
/host/spi-builder-workspace/.build/checkouts/ZIPFoundation/Sources/ZIPFoundation/FileManager+ZIP.swift:197:30: error: cannot find 'errno' in scope
195 | let modeT = posixPermissions.uint16Value
196 | guard lchmod(fileSystemRepresentation, mode_t(modeT)) == 0 else {
197 | throw POSIXError(errno, path: url.path)
| `- error: cannot find 'errno' in scope
198 | }
199 | }
/root/.swiftpm/swift-sdks/swift-6.1-RELEASE-android-24-0.1.artifactbundle/swift-6.1-release-android-24-sdk/android-27c-sysroot/usr/include/errno.h:58:9: note: macro 'errno' unavailable: structure not supported
56 | * thread.
57 | */
58 | #define errno (*__errno())
| `- note: macro 'errno' unavailable: structure not supported
59 |
60 | __END_DECLS
/host/spi-builder-workspace/.build/checkouts/ZIPFoundation/Sources/ZIPFoundation/FileManager+ZIP.swift:203:24: error: cannot find 'stat' in scope
201 | func setSymlinkModificationDate(_ modificationDate: Date, ofItemAtURL url: URL) throws {
202 | let fileSystemRepresentation = self.fileSystemRepresentation(withPath: url.path)
203 | var fileStat = stat()
| `- error: cannot find 'stat' in scope
204 | guard lstat(fileSystemRepresentation, &fileStat) == 0 else {
205 | throw POSIXError(errno, path: url.path)
/host/spi-builder-workspace/.build/checkouts/ZIPFoundation/Sources/ZIPFoundation/FileManager+ZIP.swift:204:15: error: cannot find 'lstat' in scope
202 | let fileSystemRepresentation = self.fileSystemRepresentation(withPath: url.path)
203 | var fileStat = stat()
204 | guard lstat(fileSystemRepresentation, &fileStat) == 0 else {
| `- error: cannot find 'lstat' in scope
205 | throw POSIXError(errno, path: url.path)
206 | }
/host/spi-builder-workspace/.build/checkouts/ZIPFoundation/Sources/ZIPFoundation/FileManager+ZIP.swift:205:30: error: cannot find 'errno' in scope
203 | var fileStat = stat()
204 | guard lstat(fileSystemRepresentation, &fileStat) == 0 else {
205 | throw POSIXError(errno, path: url.path)
| `- error: cannot find 'errno' in scope
206 | }
207 |
/root/.swiftpm/swift-sdks/swift-6.1-RELEASE-android-24-0.1.artifactbundle/swift-6.1-release-android-24-sdk/android-27c-sysroot/usr/include/errno.h:58:9: note: macro 'errno' unavailable: structure not supported
56 | * thread.
57 | */
58 | #define errno (*__errno())
| `- note: macro 'errno' unavailable: structure not supported
59 |
60 | __END_DECLS
/host/spi-builder-workspace/.build/checkouts/ZIPFoundation/Sources/ZIPFoundation/FileManager+ZIP.swift:214:19: error: cannot find 'lutimes' in scope
212 | ]
213 | try array.withUnsafeBufferPointer {
214 | guard lutimes(fileSystemRepresentation, $0.baseAddress) == 0 else {
| `- error: cannot find 'lutimes' in scope
215 | throw POSIXError(errno, path: url.path)
216 | }
/host/spi-builder-workspace/.build/checkouts/ZIPFoundation/Sources/ZIPFoundation/FileManager+ZIP.swift:215:34: error: cannot find 'errno' in scope
213 | try array.withUnsafeBufferPointer {
214 | guard lutimes(fileSystemRepresentation, $0.baseAddress) == 0 else {
215 | throw POSIXError(errno, path: url.path)
| `- error: cannot find 'errno' in scope
216 | }
217 | }
/root/.swiftpm/swift-sdks/swift-6.1-RELEASE-android-24-0.1.artifactbundle/swift-6.1-release-android-24-sdk/android-27c-sysroot/usr/include/errno.h:58:9: note: macro 'errno' unavailable: structure not supported
56 | * thread.
57 | */
58 | #define errno (*__errno())
| `- note: macro 'errno' unavailable: structure not supported
59 |
60 | __END_DECLS
/host/spi-builder-workspace/.build/checkouts/ZIPFoundation/Sources/ZIPFoundation/FileManager+ZIP.swift:241:72: error: cannot find 'S_IFMT' in scope
239 | switch osType {
240 | case .unix, .osx:
241 | let permissions = mode_t(externalFileAttributes >> 16) & (~S_IFMT)
| `- error: cannot find 'S_IFMT' in scope
242 | let defaultPermissions = entryType == .directory ? defaultDirectoryPermissions : defaultFilePermissions
243 | return permissions == 0 ? defaultPermissions : UInt16(permissions)
/host/spi-builder-workspace/.build/checkouts/ZIPFoundation/Sources/ZIPFoundation/FileManager+ZIP.swift:253:30: error: cannot find 'S_IFREG' in scope
251 | switch type {
252 | case .file:
253 | typeInt = UInt16(S_IFREG)
| `- error: cannot find 'S_IFREG' in scope
254 | case .directory:
255 | typeInt = UInt16(S_IFDIR)
/host/spi-builder-workspace/.build/checkouts/ZIPFoundation/Sources/ZIPFoundation/FileManager+ZIP.swift:255:30: error: cannot find 'S_IFDIR' in scope
253 | typeInt = UInt16(S_IFREG)
254 | case .directory:
255 | typeInt = UInt16(S_IFDIR)
| `- error: cannot find 'S_IFDIR' in scope
256 | case .symlink:
257 | typeInt = UInt16(S_IFLNK)
/host/spi-builder-workspace/.build/checkouts/ZIPFoundation/Sources/ZIPFoundation/FileManager+ZIP.swift:257:30: error: cannot find 'S_IFLNK' in scope
255 | typeInt = UInt16(S_IFDIR)
256 | case .symlink:
257 | typeInt = UInt16(S_IFLNK)
| `- error: cannot find 'S_IFLNK' in scope
258 | }
259 | var externalFileAttributes = UInt32(typeInt|UInt16(permissions))
/host/spi-builder-workspace/.build/checkouts/ZIPFoundation/Sources/ZIPFoundation/FileManager+ZIP.swift:267:24: error: cannot find 'stat' in scope
265 | let fileManager = FileManager()
266 | let entryFileSystemRepresentation = fileManager.fileSystemRepresentation(withPath: URL.path)
267 | var fileStat = stat()
| `- error: cannot find 'stat' in scope
268 | lstat(entryFileSystemRepresentation, &fileStat)
269 | let permissions = fileStat.st_mode
/host/spi-builder-workspace/.build/checkouts/ZIPFoundation/Sources/ZIPFoundation/FileManager+ZIP.swift:268:9: error: cannot find 'lstat' in scope
266 | let entryFileSystemRepresentation = fileManager.fileSystemRepresentation(withPath: URL.path)
267 | var fileStat = stat()
268 | lstat(entryFileSystemRepresentation, &fileStat)
| `- error: cannot find 'lstat' in scope
269 | let permissions = fileStat.st_mode
270 | return UInt16(permissions)
/host/spi-builder-workspace/.build/checkouts/ZIPFoundation/Sources/ZIPFoundation/FileManager+ZIP.swift:279:24: error: cannot find 'stat' in scope
277 | }
278 | let entryFileSystemRepresentation = fileManager.fileSystemRepresentation(withPath: url.path)
279 | var fileStat = stat()
| `- error: cannot find 'stat' in scope
280 | lstat(entryFileSystemRepresentation, &fileStat)
281 | #if os(macOS) || os(iOS) || os(tvOS) || os(visionOS) || os(watchOS)
/host/spi-builder-workspace/.build/checkouts/ZIPFoundation/Sources/ZIPFoundation/FileManager+ZIP.swift:280:9: error: cannot find 'lstat' in scope
278 | let entryFileSystemRepresentation = fileManager.fileSystemRepresentation(withPath: url.path)
279 | var fileStat = stat()
280 | lstat(entryFileSystemRepresentation, &fileStat)
| `- error: cannot find 'lstat' in scope
281 | #if os(macOS) || os(iOS) || os(tvOS) || os(visionOS) || os(watchOS)
282 | let modTimeSpec = fileStat.st_mtimespec
/host/spi-builder-workspace/.build/checkouts/ZIPFoundation/Sources/ZIPFoundation/FileManager+ZIP.swift:299:21: error: cannot find 'stat' in scope
297 |
298 | let entryFileSystemRepresentation = fileManager.fileSystemRepresentation(withPath: url.path)
299 | var stats = stat()
| `- error: cannot find 'stat' in scope
300 | lstat(entryFileSystemRepresentation, &stats)
301 | guard stats.st_size >= 0 else { throw CocoaError(.fileReadTooLarge, userInfo: [NSFilePathErrorKey: url.path]) }
/host/spi-builder-workspace/.build/checkouts/ZIPFoundation/Sources/ZIPFoundation/FileManager+ZIP.swift:300:9: error: cannot find 'lstat' in scope
298 | let entryFileSystemRepresentation = fileManager.fileSystemRepresentation(withPath: url.path)
299 | var stats = stat()
300 | lstat(entryFileSystemRepresentation, &stats)
| `- error: cannot find 'lstat' in scope
301 | guard stats.st_size >= 0 else { throw CocoaError(.fileReadTooLarge, userInfo: [NSFilePathErrorKey: url.path]) }
302 |
/host/spi-builder-workspace/.build/checkouts/ZIPFoundation/Sources/ZIPFoundation/FileManager+ZIP.swift:313:24: error: cannot find 'stat' in scope
311 | }
312 | let entryFileSystemRepresentation = fileManager.fileSystemRepresentation(withPath: url.path)
313 | var fileStat = stat()
| `- error: cannot find 'stat' in scope
314 | lstat(entryFileSystemRepresentation, &fileStat)
315 | return Entry.EntryType(mode: mode_t(fileStat.st_mode))
/host/spi-builder-workspace/.build/checkouts/ZIPFoundation/Sources/ZIPFoundation/FileManager+ZIP.swift:314:9: error: cannot find 'lstat' in scope
312 | let entryFileSystemRepresentation = fileManager.fileSystemRepresentation(withPath: url.path)
313 | var fileStat = stat()
314 | lstat(entryFileSystemRepresentation, &fileStat)
| `- error: cannot find 'lstat' in scope
315 | return Entry.EntryType(mode: mode_t(fileStat.st_mode))
316 | }
/host/spi-builder-workspace/.build/checkouts/ZIPFoundation/Sources/ZIPFoundation/Entry.swift:29:25: error: binary operator '&' cannot be applied to operands of type 'mode_t' (aka 'UInt32') and 'Int32'
27 |
28 | init(mode: mode_t) {
29 | switch mode & S_IFMT {
| |- error: binary operator '&' cannot be applied to operands of type 'mode_t' (aka 'UInt32') and 'Int32'
| `- note: overloads for '&' exist with these partially matching parameter lists: (Int32, Int32), (UInt32, UInt32)
30 | case S_IFDIR:
31 | self = .directory
/host/spi-builder-workspace/.build/checkouts/ZIPFoundation/Sources/ZIPFoundation/Entry.swift:150:42: error: binary operator '&' cannot be applied to operands of type 'mode_t' (aka 'UInt32') and 'Int32'
148 | // Use truncatingIfNeeded for safer conversion across platforms
149 | let modeValue = UInt16(truncatingIfNeeded: self.centralDirectoryStructure.externalFileAttributes >> 16)
150 | let mode = mode_t(modeValue) & S_IFMT
| |- error: binary operator '&' cannot be applied to operands of type 'mode_t' (aka 'UInt32') and 'Int32'
| `- note: overloads for '&' exist with these partially matching parameter lists: (Int32, Int32), (UInt32, UInt32)
151 | switch mode {
152 | case S_IFREG:
/host/spi-builder-workspace/.build/checkouts/ZIPFoundation/Sources/ZIPFoundation/FileManager+ZIP.swift:196:15: error: cannot find 'lchmod' in scope
194 | let fileSystemRepresentation = self.fileSystemRepresentation(withPath: url.path)
195 | let modeT = posixPermissions.uint16Value
196 | guard lchmod(fileSystemRepresentation, mode_t(modeT)) == 0 else {
| `- error: cannot find 'lchmod' in scope
197 | throw POSIXError(errno, path: url.path)
198 | }
/host/spi-builder-workspace/.build/checkouts/ZIPFoundation/Sources/ZIPFoundation/FileManager+ZIP.swift:197:30: error: cannot find 'errno' in scope
195 | let modeT = posixPermissions.uint16Value
196 | guard lchmod(fileSystemRepresentation, mode_t(modeT)) == 0 else {
197 | throw POSIXError(errno, path: url.path)
| `- error: cannot find 'errno' in scope
198 | }
199 | }
/root/.swiftpm/swift-sdks/swift-6.1-RELEASE-android-24-0.1.artifactbundle/swift-6.1-release-android-24-sdk/android-27c-sysroot/usr/include/errno.h:58:9: note: macro 'errno' unavailable: structure not supported
56 | * thread.
57 | */
58 | #define errno (*__errno())
| `- note: macro 'errno' unavailable: structure not supported
59 |
60 | __END_DECLS
/host/spi-builder-workspace/.build/checkouts/ZIPFoundation/Sources/ZIPFoundation/FileManager+ZIP.swift:203:24: error: cannot find 'stat' in scope
201 | func setSymlinkModificationDate(_ modificationDate: Date, ofItemAtURL url: URL) throws {
202 | let fileSystemRepresentation = self.fileSystemRepresentation(withPath: url.path)
203 | var fileStat = stat()
| `- error: cannot find 'stat' in scope
204 | guard lstat(fileSystemRepresentation, &fileStat) == 0 else {
205 | throw POSIXError(errno, path: url.path)
/host/spi-builder-workspace/.build/checkouts/ZIPFoundation/Sources/ZIPFoundation/FileManager+ZIP.swift:204:15: error: cannot find 'lstat' in scope
202 | let fileSystemRepresentation = self.fileSystemRepresentation(withPath: url.path)
203 | var fileStat = stat()
204 | guard lstat(fileSystemRepresentation, &fileStat) == 0 else {
| `- error: cannot find 'lstat' in scope
205 | throw POSIXError(errno, path: url.path)
206 | }
/host/spi-builder-workspace/.build/checkouts/ZIPFoundation/Sources/ZIPFoundation/FileManager+ZIP.swift:205:30: error: cannot find 'errno' in scope
203 | var fileStat = stat()
204 | guard lstat(fileSystemRepresentation, &fileStat) == 0 else {
205 | throw POSIXError(errno, path: url.path)
| `- error: cannot find 'errno' in scope
206 | }
207 |
/root/.swiftpm/swift-sdks/swift-6.1-RELEASE-android-24-0.1.artifactbundle/swift-6.1-release-android-24-sdk/android-27c-sysroot/usr/include/errno.h:58:9: note: macro 'errno' unavailable: structure not supported
56 | * thread.
57 | */
58 | #define errno (*__errno())
| `- note: macro 'errno' unavailable: structure not supported
59 |
60 | __END_DECLS
/host/spi-builder-workspace/.build/checkouts/ZIPFoundation/Sources/ZIPFoundation/FileManager+ZIP.swift:214:19: error: cannot find 'lutimes' in scope
212 | ]
213 | try array.withUnsafeBufferPointer {
214 | guard lutimes(fileSystemRepresentation, $0.baseAddress) == 0 else {
| `- error: cannot find 'lutimes' in scope
215 | throw POSIXError(errno, path: url.path)
216 | }
/host/spi-builder-workspace/.build/checkouts/ZIPFoundation/Sources/ZIPFoundation/FileManager+ZIP.swift:215:34: error: cannot find 'errno' in scope
213 | try array.withUnsafeBufferPointer {
214 | guard lutimes(fileSystemRepresentation, $0.baseAddress) == 0 else {
215 | throw POSIXError(errno, path: url.path)
| `- error: cannot find 'errno' in scope
216 | }
217 | }
/root/.swiftpm/swift-sdks/swift-6.1-RELEASE-android-24-0.1.artifactbundle/swift-6.1-release-android-24-sdk/android-27c-sysroot/usr/include/errno.h:58:9: note: macro 'errno' unavailable: structure not supported
56 | * thread.
57 | */
58 | #define errno (*__errno())
| `- note: macro 'errno' unavailable: structure not supported
59 |
60 | __END_DECLS
/host/spi-builder-workspace/.build/checkouts/ZIPFoundation/Sources/ZIPFoundation/FileManager+ZIP.swift:241:72: error: cannot find 'S_IFMT' in scope
239 | switch osType {
240 | case .unix, .osx:
241 | let permissions = mode_t(externalFileAttributes >> 16) & (~S_IFMT)
| `- error: cannot find 'S_IFMT' in scope
242 | let defaultPermissions = entryType == .directory ? defaultDirectoryPermissions : defaultFilePermissions
243 | return permissions == 0 ? defaultPermissions : UInt16(permissions)
/host/spi-builder-workspace/.build/checkouts/ZIPFoundation/Sources/ZIPFoundation/FileManager+ZIP.swift:253:30: error: cannot find 'S_IFREG' in scope
251 | switch type {
252 | case .file:
253 | typeInt = UInt16(S_IFREG)
| `- error: cannot find 'S_IFREG' in scope
254 | case .directory:
255 | typeInt = UInt16(S_IFDIR)
/host/spi-builder-workspace/.build/checkouts/ZIPFoundation/Sources/ZIPFoundation/FileManager+ZIP.swift:255:30: error: cannot find 'S_IFDIR' in scope
253 | typeInt = UInt16(S_IFREG)
254 | case .directory:
255 | typeInt = UInt16(S_IFDIR)
| `- error: cannot find 'S_IFDIR' in scope
256 | case .symlink:
257 | typeInt = UInt16(S_IFLNK)
/host/spi-builder-workspace/.build/checkouts/ZIPFoundation/Sources/ZIPFoundation/FileManager+ZIP.swift:257:30: error: cannot find 'S_IFLNK' in scope
255 | typeInt = UInt16(S_IFDIR)
256 | case .symlink:
257 | typeInt = UInt16(S_IFLNK)
| `- error: cannot find 'S_IFLNK' in scope
258 | }
259 | var externalFileAttributes = UInt32(typeInt|UInt16(permissions))
/host/spi-builder-workspace/.build/checkouts/ZIPFoundation/Sources/ZIPFoundation/FileManager+ZIP.swift:267:24: error: cannot find 'stat' in scope
265 | let fileManager = FileManager()
266 | let entryFileSystemRepresentation = fileManager.fileSystemRepresentation(withPath: URL.path)
267 | var fileStat = stat()
| `- error: cannot find 'stat' in scope
268 | lstat(entryFileSystemRepresentation, &fileStat)
269 | let permissions = fileStat.st_mode
/host/spi-builder-workspace/.build/checkouts/ZIPFoundation/Sources/ZIPFoundation/FileManager+ZIP.swift:268:9: error: cannot find 'lstat' in scope
266 | let entryFileSystemRepresentation = fileManager.fileSystemRepresentation(withPath: URL.path)
267 | var fileStat = stat()
268 | lstat(entryFileSystemRepresentation, &fileStat)
| `- error: cannot find 'lstat' in scope
269 | let permissions = fileStat.st_mode
270 | return UInt16(permissions)
/host/spi-builder-workspace/.build/checkouts/ZIPFoundation/Sources/ZIPFoundation/FileManager+ZIP.swift:279:24: error: cannot find 'stat' in scope
277 | }
278 | let entryFileSystemRepresentation = fileManager.fileSystemRepresentation(withPath: url.path)
279 | var fileStat = stat()
| `- error: cannot find 'stat' in scope
280 | lstat(entryFileSystemRepresentation, &fileStat)
281 | #if os(macOS) || os(iOS) || os(tvOS) || os(visionOS) || os(watchOS)
/host/spi-builder-workspace/.build/checkouts/ZIPFoundation/Sources/ZIPFoundation/FileManager+ZIP.swift:280:9: error: cannot find 'lstat' in scope
278 | let entryFileSystemRepresentation = fileManager.fileSystemRepresentation(withPath: url.path)
279 | var fileStat = stat()
280 | lstat(entryFileSystemRepresentation, &fileStat)
| `- error: cannot find 'lstat' in scope
281 | #if os(macOS) || os(iOS) || os(tvOS) || os(visionOS) || os(watchOS)
282 | let modTimeSpec = fileStat.st_mtimespec
/host/spi-builder-workspace/.build/checkouts/ZIPFoundation/Sources/ZIPFoundation/FileManager+ZIP.swift:299:21: error: cannot find 'stat' in scope
297 |
298 | let entryFileSystemRepresentation = fileManager.fileSystemRepresentation(withPath: url.path)
299 | var stats = stat()
| `- error: cannot find 'stat' in scope
300 | lstat(entryFileSystemRepresentation, &stats)
301 | guard stats.st_size >= 0 else { throw CocoaError(.fileReadTooLarge, userInfo: [NSFilePathErrorKey: url.path]) }
/host/spi-builder-workspace/.build/checkouts/ZIPFoundation/Sources/ZIPFoundation/FileManager+ZIP.swift:300:9: error: cannot find 'lstat' in scope
298 | let entryFileSystemRepresentation = fileManager.fileSystemRepresentation(withPath: url.path)
299 | var stats = stat()
300 | lstat(entryFileSystemRepresentation, &stats)
| `- error: cannot find 'lstat' in scope
301 | guard stats.st_size >= 0 else { throw CocoaError(.fileReadTooLarge, userInfo: [NSFilePathErrorKey: url.path]) }
302 |
/host/spi-builder-workspace/.build/checkouts/ZIPFoundation/Sources/ZIPFoundation/FileManager+ZIP.swift:313:24: error: cannot find 'stat' in scope
311 | }
312 | let entryFileSystemRepresentation = fileManager.fileSystemRepresentation(withPath: url.path)
313 | var fileStat = stat()
| `- error: cannot find 'stat' in scope
314 | lstat(entryFileSystemRepresentation, &fileStat)
315 | return Entry.EntryType(mode: mode_t(fileStat.st_mode))
/host/spi-builder-workspace/.build/checkouts/ZIPFoundation/Sources/ZIPFoundation/FileManager+ZIP.swift:314:9: error: cannot find 'lstat' in scope
312 | let entryFileSystemRepresentation = fileManager.fileSystemRepresentation(withPath: url.path)
313 | var fileStat = stat()
314 | lstat(entryFileSystemRepresentation, &fileStat)
| `- error: cannot find 'lstat' in scope
315 | return Entry.EntryType(mode: mode_t(fileStat.st_mode))
316 | }
/host/spi-builder-workspace/.build/checkouts/ZIPFoundation/Sources/ZIPFoundation/Archive+Reading.swift:41:34: error: cannot find 'errno' in scope
39 | let destinationRepresentation = fileManager.fileSystemRepresentation(withPath: url.path)
40 | guard let destinationFile: FILEPointer = fopen(destinationRepresentation, "wb+") else {
41 | throw POSIXError(errno, path: url.path)
| `- error: cannot find 'errno' in scope
42 | }
43 | defer { fclose(destinationFile) }
/root/.swiftpm/swift-sdks/swift-6.1-RELEASE-android-24-0.1.artifactbundle/swift-6.1-release-android-24-sdk/android-27c-sysroot/usr/include/errno.h:58:9: note: macro 'errno' unavailable: structure not supported
56 | * thread.
57 | */
58 | #define errno (*__errno())
| `- note: macro 'errno' unavailable: structure not supported
59 |
60 | __END_DECLS
/host/spi-builder-workspace/.build/checkouts/ZIPFoundation/Sources/ZIPFoundation/Archive+Reading.swift:41:34: error: cannot find 'errno' in scope
39 | let destinationRepresentation = fileManager.fileSystemRepresentation(withPath: url.path)
40 | guard let destinationFile: FILEPointer = fopen(destinationRepresentation, "wb+") else {
41 | throw POSIXError(errno, path: url.path)
| `- error: cannot find 'errno' in scope
42 | }
43 | defer { fclose(destinationFile) }
/root/.swiftpm/swift-sdks/swift-6.1-RELEASE-android-24-0.1.artifactbundle/swift-6.1-release-android-24-sdk/android-27c-sysroot/usr/include/errno.h:58:9: note: macro 'errno' unavailable: structure not supported
56 | * thread.
57 | */
58 | #define errno (*__errno())
| `- note: macro 'errno' unavailable: structure not supported
59 |
60 | __END_DECLS
/host/spi-builder-workspace/.build/checkouts/ZIPFoundation/Sources/ZIPFoundation/Archive+Reading.swift:41:34: error: cannot find 'errno' in scope
39 | let destinationRepresentation = fileManager.fileSystemRepresentation(withPath: url.path)
40 | guard let destinationFile: FILEPointer = fopen(destinationRepresentation, "wb+") else {
41 | throw POSIXError(errno, path: url.path)
| `- error: cannot find 'errno' in scope
42 | }
43 | defer { fclose(destinationFile) }
/root/.swiftpm/swift-sdks/swift-6.1-RELEASE-android-24-0.1.artifactbundle/swift-6.1-release-android-24-sdk/android-27c-sysroot/usr/include/errno.h:58:9: note: macro 'errno' unavailable: structure not supported
56 | * thread.
57 | */
58 | #define errno (*__errno())
| `- note: macro 'errno' unavailable: structure not supported
59 |
60 | __END_DECLS
[131/175] Emitting module SwiftCBOR
/host/spi-builder-workspace/.build/checkouts/ZIPFoundation/Sources/ZIPFoundation/Archive+Writing.swift:70:34: error: cannot find 'errno' in scope
68 | let entryFileSystemRepresentation = fileManager.fileSystemRepresentation(withPath: fileURL.path)
69 | guard let entryFile: FILEPointer = fopen(entryFileSystemRepresentation, "rb") else {
70 | throw POSIXError(errno, path: url.path)
| `- error: cannot find 'errno' in scope
71 | }
72 | defer { fclose(entryFile) }
/root/.swiftpm/swift-sdks/swift-6.1-RELEASE-android-24-0.1.artifactbundle/swift-6.1-release-android-24-sdk/android-27c-sysroot/usr/include/errno.h:58:9: note: macro 'errno' unavailable: structure not supported
56 | * thread.
57 | */
58 | #define errno (*__errno())
| `- note: macro 'errno' unavailable: structure not supported
59 |
60 | __END_DECLS
/host/spi-builder-workspace/.build/checkouts/ZIPFoundation/Sources/ZIPFoundation/Archive+Writing.swift:283:9: error: cannot find 'ftruncate' in scope
281 | _ zip64EndOfCentralDirectory: ZIP64EndOfCentralDirectory?) throws {
282 | fflush(self.archiveFile)
283 | ftruncate(fileno(self.archiveFile), off_t(localFileHeaderStart))
| `- error: cannot find 'ftruncate' in scope
284 | fseeko(self.archiveFile, off_t(localFileHeaderStart), SEEK_SET)
285 | _ = try Data.writeLargeChunk(existingCentralDirectory.data, size: existingCentralDirectory.size,
/host/spi-builder-workspace/.build/checkouts/ZIPFoundation/Sources/ZIPFoundation/Archive+Writing.swift:70:34: error: cannot find 'errno' in scope
68 | let entryFileSystemRepresentation = fileManager.fileSystemRepresentation(withPath: fileURL.path)
69 | guard let entryFile: FILEPointer = fopen(entryFileSystemRepresentation, "rb") else {
70 | throw POSIXError(errno, path: url.path)
| `- error: cannot find 'errno' in scope
71 | }
72 | defer { fclose(entryFile) }
/root/.swiftpm/swift-sdks/swift-6.1-RELEASE-android-24-0.1.artifactbundle/swift-6.1-release-android-24-sdk/android-27c-sysroot/usr/include/errno.h:58:9: note: macro 'errno' unavailable: structure not supported
56 | * thread.
57 | */
58 | #define errno (*__errno())
| `- note: macro 'errno' unavailable: structure not supported
59 |
60 | __END_DECLS
/host/spi-builder-workspace/.build/checkouts/ZIPFoundation/Sources/ZIPFoundation/Archive+Writing.swift:283:9: error: cannot find 'ftruncate' in scope
281 | _ zip64EndOfCentralDirectory: ZIP64EndOfCentralDirectory?) throws {
282 | fflush(self.archiveFile)
283 | ftruncate(fileno(self.archiveFile), off_t(localFileHeaderStart))
| `- error: cannot find 'ftruncate' in scope
284 | fseeko(self.archiveFile, off_t(localFileHeaderStart), SEEK_SET)
285 | _ = try Data.writeLargeChunk(existingCentralDirectory.data, size: existingCentralDirectory.size,
/host/spi-builder-workspace/.build/checkouts/ZIPFoundation/Sources/ZIPFoundation/Archive+Writing.swift:70:34: error: cannot find 'errno' in scope
68 | let entryFileSystemRepresentation = fileManager.fileSystemRepresentation(withPath: fileURL.path)
69 | guard let entryFile: FILEPointer = fopen(entryFileSystemRepresentation, "rb") else {
70 | throw POSIXError(errno, path: url.path)
| `- error: cannot find 'errno' in scope
71 | }
72 | defer { fclose(entryFile) }
/root/.swiftpm/swift-sdks/swift-6.1-RELEASE-android-24-0.1.artifactbundle/swift-6.1-release-android-24-sdk/android-27c-sysroot/usr/include/errno.h:58:9: note: macro 'errno' unavailable: structure not supported
56 | * thread.
57 | */
58 | #define errno (*__errno())
| `- note: macro 'errno' unavailable: structure not supported
59 |
60 | __END_DECLS
/host/spi-builder-workspace/.build/checkouts/ZIPFoundation/Sources/ZIPFoundation/Archive+Writing.swift:283:9: error: cannot find 'ftruncate' in scope
281 | _ zip64EndOfCentralDirectory: ZIP64EndOfCentralDirectory?) throws {
282 | fflush(self.archiveFile)
283 | ftruncate(fileno(self.archiveFile), off_t(localFileHeaderStart))
| `- error: cannot find 'ftruncate' in scope
284 | fseeko(self.archiveFile, off_t(localFileHeaderStart), SEEK_SET)
285 | _ = try Data.writeLargeChunk(existingCentralDirectory.data, size: existingCentralDirectory.size,
/host/spi-builder-workspace/.build/checkouts/ZIPFoundation/Sources/ZIPFoundation/Date+ZIP.swift:77:11: error: cannot find type 'stat' in scope
75 | }
76 |
77 | extension stat {
| `- error: cannot find type 'stat' in scope
78 |
79 | var lastAccessDate: Date {
/host/spi-builder-workspace/.build/checkouts/ZIPFoundation/Sources/ZIPFoundation/Date+ZIP.swift:77:11: error: cannot find type 'stat' in scope
75 | }
76 |
77 | extension stat {
| `- error: cannot find type 'stat' in scope
78 |
79 | var lastAccessDate: Date {
/host/spi-builder-workspace/.build/checkouts/ZIPFoundation/Sources/ZIPFoundation/Date+ZIP.swift:77:11: error: cannot find type 'stat' in scope
75 | }
76 |
77 | extension stat {
| `- error: cannot find type 'stat' in scope
78 |
79 | var lastAccessDate: Date {
/host/spi-builder-workspace/.build/checkouts/IOS-CoreBluetooth-Mock/CoreBluetoothMock/CBMAttributes.swift:31:8: error: no such module 'CoreBluetooth'
29 | */
30 |
31 | import CoreBluetooth
| `- error: no such module 'CoreBluetooth'
32 |
33 | /// A representation of common aspects of services offered by a peripheral.
/host/spi-builder-workspace/.build/checkouts/IOS-CoreBluetooth-Mock/CoreBluetoothMock/CBMAttributes.swift:31:8: error: no such module 'CoreBluetooth'
29 | */
30 |
31 | import CoreBluetooth
| `- error: no such module 'CoreBluetooth'
32 |
33 | /// A representation of common aspects of services offered by a peripheral.
/host/spi-builder-workspace/.build/checkouts/IOS-CoreBluetooth-Mock/CoreBluetoothMock/CBMAttributes.swift:31:8: error: no such module 'CoreBluetooth'
29 | */
30 |
31 | import CoreBluetooth
| `- error: no such module 'CoreBluetooth'
32 |
33 | /// A representation of common aspects of services offered by a peripheral.
/host/spi-builder-workspace/.build/checkouts/IOS-CoreBluetooth-Mock/CoreBluetoothMock/CBMAttributes.swift:31:8: error: no such module 'CoreBluetooth'
29 | */
30 |
31 | import CoreBluetooth
| `- error: no such module 'CoreBluetooth'
32 |
33 | /// A representation of common aspects of services offered by a peripheral.
/host/spi-builder-workspace/.build/checkouts/IOS-CoreBluetooth-Mock/CoreBluetoothMock/CBMAttributes.swift:31:8: error: no such module 'CoreBluetooth'
29 | */
30 |
31 | import CoreBluetooth
| `- error: no such module 'CoreBluetooth'
32 |
33 | /// A representation of common aspects of services offered by a peripheral.
/host/spi-builder-workspace/.build/checkouts/IOS-CoreBluetooth-Mock/CoreBluetoothMock/CBMAttributes.swift:31:8: error: no such module 'CoreBluetooth'
29 | */
30 |
31 | import CoreBluetooth
| `- error: no such module 'CoreBluetooth'
32 |
33 | /// A representation of common aspects of services offered by a peripheral.
/host/spi-builder-workspace/.build/checkouts/IOS-CoreBluetooth-Mock/CoreBluetoothMock/CBMAttributes.swift:31:8: error: no such module 'CoreBluetooth'
29 | */
30 |
31 | import CoreBluetooth
| `- error: no such module 'CoreBluetooth'
32 |
33 | /// A representation of common aspects of services offered by a peripheral.
BUILD FAILURE 6.1 android