Build Information
Failed to build SmartDeeplink, reference 1.0.0 (fb1494), with Swift 6.4 for macOS (Xcode) using Xcode 27.0 on 22 Sep 2026 17:51:47 UTC.
Build Command
No build command. This typically means the build failed at an early stage where we determine the build command.Build Log
========================================
RunAll
========================================
Builder version: 5.1.0
Interrupt handler set up.
========================================
Checkout
========================================
Clone URL: https://github.com/RJIOSDEV/SmartDeeplinkKit.git
Reference: 1.0.0
Initialized empty Git repository in /Users/admin/builder/spi-builder-workspace/.git/
From https://github.com/RJIOSDEV/SmartDeeplinkKit
* tag 1.0.0 -> FETCH_HEAD
HEAD is now at fb14947 frefref
Cloned https://github.com/RJIOSDEV/SmartDeeplinkKit.git
Revision (git rev-parse @):
fb14947221e0fa6714bad5a1da607cdd4280e31c
SUCCESS checkout https://github.com/RJIOSDEV/SmartDeeplinkKit.git at 1.0.0
========================================
Build
========================================
Selected platform: macosXcodebuild
Swift version: 6.4
Building package at path: $PWD
https://github.com/RJIOSDEV/SmartDeeplinkKit.git
Command line invocation:
/Applications/Xcode-27.0.0-Release.Candidate.app/Contents/Developer/usr/bin/xcodebuild -IDEClonedSourcePackagesDirPathOverride=/Users/admin/builder/spi-builder-workspace/.dependencies -resolvePackageDependencies
Resolve Package Graph
invalid custom path 'Tests/SmartDeeplinkTests' for target 'SmartDeeplinkTests'
Resolve Package Graph
invalid custom path 'Tests/SmartDeeplinkTests' for target 'SmartDeeplinkTests'
Resolved source packages:
spi-builder-workspace: (null)
2026-09-22 13:51:46.176 xcodebuild[528:3020] Writing error result bundle to /var/folders/xq/y_g06wb113726d38xsyx71_h0000gn/T/ResultBundle_2026-22-09_13-51-0046.xcresult
xcodebuild: error: Could not resolve package dependencies:
invalid custom path 'Tests/SmartDeeplinkTests' for target 'SmartDeeplinkTests'
Command line invocation:
/Applications/Xcode-27.0.0-Release.Candidate.app/Contents/Developer/usr/bin/xcodebuild -IDEClonedSourcePackagesDirPathOverride=/Users/admin/builder/spi-builder-workspace/.dependencies -resolvePackageDependencies
Resolve Package Graph
invalid custom path 'Tests/SmartDeeplinkTests' for target 'SmartDeeplinkTests'
Resolved source packages:
spi-builder-workspace: (null)
2026-09-22 13:51:47.190 xcodebuild[598:3664] Writing error result bundle to /var/folders/xq/y_g06wb113726d38xsyx71_h0000gn/T/ResultBundle_2026-22-09_13-51-0047.xcresult
xcodebuild: error: Could not resolve package dependencies:
invalid custom path 'Tests/SmartDeeplinkTests' for target 'SmartDeeplinkTests'
BUILD FAILURE 6.4 macosXcodebuild