Build Information
Failed to build Purchasely, reference master (83eaef), with Swift 6.4 for watchOS using Xcode 27.0 on 10 Oct 2026 16:59:06 UTC.
Build Command
env DEVELOPER_DIR=/Applications/Xcode-27.0.0-Release.Candidate.app xcrun xcodebuild -IDEClonedSourcePackagesDirPathOverride=$PWD/.dependencies -skipMacroValidation -skipPackagePluginValidation -derivedDataPath $PWD/.derivedData build -scheme Purchasely -destination generic/platform=watchOSBuild Log
========================================
RunAll
========================================
Builder version: 5.1.1
Interrupt handler set up.
========================================
Checkout
========================================
Clone URL: https://github.com/Purchasely/Purchasely-iOS.git
Reference: master
Initialized empty Git repository in /Users/admin/builder/spi-builder-workspace/.git/
From https://github.com/Purchasely/Purchasely-iOS
* branch master -> FETCH_HEAD
* [new branch] master -> origin/master
HEAD is now at 83eaefa Example: Sample V2 design and full SDK 6.2.0 demo
Cloned https://github.com/Purchasely/Purchasely-iOS.git
Revision (git rev-parse @):
83eaefa7785489e751eaa0a8c02e4556710e6d8e
SUCCESS checkout https://github.com/Purchasely/Purchasely-iOS.git at master
========================================
Build
========================================
Selected platform: watchOS
Swift version: 6.4
Building package at path: $PWD
https://github.com/Purchasely/Purchasely-iOS.git
Command line invocation:
/Applications/Xcode-27.0.0.app/Contents/Developer/usr/bin/xcodebuild -IDEClonedSourcePackagesDirPathOverride=/Users/admin/builder/spi-builder-workspace/.dependencies -resolvePackageDependencies
Resolve Package Graph
Resolve Package Graph
Resolved source packages:
Purchasely: /Users/admin/builder/spi-builder-workspace
resolved source packages: Purchasely
2026-10-10 12:58:23.853 xcodebuild[526:3000] [MT] IDERunDestination: Supported platforms for the buildables in the current scheme is empty.
{
"dependencies" : [
],
"manifest_display_name" : "Purchasely",
"name" : "Purchasely",
"path" : "/Users/admin/builder/spi-builder-workspace",
"platforms" : [
{
"name" : "ios",
"version" : "11.0"
},
{
"name" : "tvos",
"version" : "11.0"
}
],
"products" : [
{
"name" : "Purchasely",
"targets" : [
"PurchaselyWrapper"
],
"type" : {
"library" : [
"automatic"
]
}
}
],
"targets" : [
{
"c99name" : "PurchaselyWrapper",
"module_type" : "ClangTarget",
"name" : "PurchaselyWrapper",
"path" : "Purchasely/PurchaselyWrapper",
"product_memberships" : [
"Purchasely"
],
"sources" : [
"dummy.m"
],
"target_dependencies" : [
"Purchasely"
],
"type" : "library"
},
{
"c99name" : "Purchasely",
"module_type" : "BinaryTarget",
"name" : "Purchasely",
"path" : "Purchasely/Frameworks/Purchasely.xcframework",
"product_memberships" : [
"Purchasely"
],
"sources" : [
],
"type" : "binary"
}
],
"tools_version" : "5.5"
}
{
"workspace" : {
"name" : "Purchasely",
"schemes" : [
"Purchasely"
]
}
}
2026-10-10 12:58:59.625 xcodebuild[623:3897] [MT] IDERunDestination: Supported platforms for the buildables in the current scheme is empty.
Running build ...
env DEVELOPER_DIR=/Applications/Xcode-27.0.0-Release.Candidate.app xcrun xcodebuild -IDEClonedSourcePackagesDirPathOverride=$PWD/.dependencies -skipMacroValidation -skipPackagePluginValidation -derivedDataPath $PWD/.derivedData build -scheme Purchasely -destination generic/platform=watchOS
Command line invocation:
/Applications/Xcode-27.0.0.app/Contents/Developer/usr/bin/xcodebuild -IDEClonedSourcePackagesDirPathOverride=/Users/admin/builder/spi-builder-workspace/.dependencies -skipMacroValidation -skipPackagePluginValidation -derivedDataPath /Users/admin/builder/spi-builder-workspace/.derivedData build -scheme Purchasely -destination generic/platform=watchOS
Resolve Package Graph
Resolved source packages:
Purchasely: /Users/admin/builder/spi-builder-workspace
ComputePackagePrebuildTargetDependencyGraph
Prepare packages
CreateBuildRequest
SendProjectDescription
CreateBuildOperation
ComputeTargetDependencyGraph
note: Building targets in dependency order
note: Target dependency graph (2 targets)
Target 'Purchasely-product' in project 'Purchasely'
➜ Explicit dependency on target 'PurchaselyWrapper' in project 'Purchasely'
Target 'PurchaselyWrapper' in project 'Purchasely' (no dependencies)
GatherProvisioningInputs
CreateBuildDescription
ExecuteExternalTool /Applications/Xcode-27.0.0.app/Contents/Developer/Toolchains/XcodeDefault.xctoolchain/usr/bin/clang -v -E -dM -isysroot /Applications/Xcode-27.0.0.app/Contents/Developer/Platforms/WatchOS.platform/Developer/SDKs/WatchOS27.0.sdk -x c -c /dev/null
ExecuteExternalTool /Applications/Xcode-27.0.0.app/Contents/Developer/Toolchains/XcodeDefault.xctoolchain/usr/bin/clang -v -E -dM -arch arm64 -isysroot /Applications/Xcode-27.0.0.app/Contents/Developer/Platforms/WatchOS.platform/Developer/SDKs/WatchOS27.0.sdk -x objective-c -c /dev/null
ExecuteExternalTool /Applications/Xcode-27.0.0.app/Contents/Developer/Toolchains/XcodeDefault.xctoolchain/usr/bin/clang -v -E -dM -arch arm64 -isysroot /Applications/Xcode-27.0.0.app/Contents/Developer/Platforms/WatchOS.platform/Developer/SDKs/WatchOS27.0.sdk -x c -c /dev/null
ExecuteExternalTool /Applications/Xcode-27.0.0.app/Contents/Developer/Toolchains/XcodeDefault.xctoolchain/usr/bin/ld -version_details
ExecuteExternalTool /Applications/Xcode-27.0.0.app/Contents/Developer/Toolchains/XcodeDefault.xctoolchain/usr/bin/clang -v -E -dM -arch arm64_32 -isysroot /Applications/Xcode-27.0.0.app/Contents/Developer/Platforms/WatchOS.platform/Developer/SDKs/WatchOS27.0.sdk -x objective-c -c /dev/null
ExecuteExternalTool /Applications/Xcode-27.0.0.app/Contents/Developer/Toolchains/XcodeDefault.xctoolchain/usr/bin/clang -v -E -dM -arch arm64_32 -isysroot /Applications/Xcode-27.0.0.app/Contents/Developer/Platforms/WatchOS.platform/Developer/SDKs/WatchOS27.0.sdk -x c -c /dev/null
Build description signature: b261bf9d69bfeb4d6a4fc03e358f3f92
Build description path: /Users/admin/builder/spi-builder-workspace/.derivedData/Build/Intermediates.noindex/XCBuildData/b261bf9d69bfeb4d6a4fc03e358f3f92.xcbuilddata
/Users/admin/builder/spi-builder-workspace/Purchasely/Frameworks/Purchasely.xcframework:1:1: error: While building for watchOS, no library for this platform was found in '/Users/admin/builder/spi-builder-workspace/Purchasely/Frameworks/Purchasely.xcframework'. (in target 'PurchaselyWrapper' from project 'Purchasely')
/Users/admin/builder/spi-builder-workspace/Purchasely/Frameworks/Purchasely.xcframework:1:1: error: While building for watchOS, no library for this platform was found in '/Users/admin/builder/spi-builder-workspace/Purchasely/Frameworks/Purchasely.xcframework'. (in target 'Purchasely-product' from project 'Purchasely')
2026-10-10 12:59:01.184 xcodebuild[624:3942] [MT] IDERunDestination: Supported platforms for the buildables in the current scheme is empty.
** BUILD FAILED **
The following build commands failed:
Building workspace Purchasely with scheme Purchasely
(1 failure)
Command line invocation:
/Applications/Xcode-27.0.0.app/Contents/Developer/usr/bin/xcodebuild -IDEClonedSourcePackagesDirPathOverride=/Users/admin/builder/spi-builder-workspace/.dependencies -resolvePackageDependencies
Resolve Package Graph
Resolved source packages:
Purchasely: /Users/admin/builder/spi-builder-workspace
resolved source packages: Purchasely
2026-10-10 12:59:03.127 xcodebuild[645:4046] [MT] IDERunDestination: Supported platforms for the buildables in the current scheme is empty.
{
"dependencies" : [
],
"manifest_display_name" : "Purchasely",
"name" : "Purchasely",
"path" : "/Users/admin/builder/spi-builder-workspace",
"platforms" : [
{
"name" : "ios",
"version" : "11.0"
},
{
"name" : "tvos",
"version" : "11.0"
}
],
"products" : [
{
"name" : "Purchasely",
"targets" : [
"PurchaselyWrapper"
],
"type" : {
"library" : [
"automatic"
]
}
}
],
"targets" : [
{
"c99name" : "PurchaselyWrapper",
"module_type" : "ClangTarget",
"name" : "PurchaselyWrapper",
"path" : "Purchasely/PurchaselyWrapper",
"product_memberships" : [
"Purchasely"
],
"sources" : [
"dummy.m"
],
"target_dependencies" : [
"Purchasely"
],
"type" : "library"
},
{
"c99name" : "Purchasely",
"module_type" : "BinaryTarget",
"name" : "Purchasely",
"path" : "Purchasely/Frameworks/Purchasely.xcframework",
"product_memberships" : [
"Purchasely"
],
"sources" : [
],
"type" : "binary"
}
],
"tools_version" : "5.5"
}
{
"workspace" : {
"name" : "Purchasely",
"schemes" : [
"Purchasely"
]
}
}
2026-10-10 12:59:04.530 xcodebuild[674:4293] [MT] IDERunDestination: Supported platforms for the buildables in the current scheme is empty.
Running build ...
env DEVELOPER_DIR=/Applications/Xcode-27.0.0-Release.Candidate.app xcrun xcodebuild -IDEClonedSourcePackagesDirPathOverride=$PWD/.dependencies -skipMacroValidation -skipPackagePluginValidation -derivedDataPath $PWD/.derivedData build -scheme Purchasely -destination generic/platform=watchOS
Command line invocation:
/Applications/Xcode-27.0.0.app/Contents/Developer/usr/bin/xcodebuild -IDEClonedSourcePackagesDirPathOverride=/Users/admin/builder/spi-builder-workspace/.dependencies -skipMacroValidation -skipPackagePluginValidation -derivedDataPath /Users/admin/builder/spi-builder-workspace/.derivedData build -scheme Purchasely -destination generic/platform=watchOS
Resolve Package Graph
Resolved source packages:
Purchasely: /Users/admin/builder/spi-builder-workspace
ComputePackagePrebuildTargetDependencyGraph
Prepare packages
CreateBuildRequest
SendProjectDescription
CreateBuildOperation
ComputeTargetDependencyGraph
note: Building targets in dependency order
note: Target dependency graph (2 targets)
Target 'Purchasely-product' in project 'Purchasely'
➜ Explicit dependency on target 'PurchaselyWrapper' in project 'Purchasely'
Target 'PurchaselyWrapper' in project 'Purchasely' (no dependencies)
GatherProvisioningInputs
CreateBuildDescription
/Users/admin/builder/spi-builder-workspace/Purchasely/Frameworks/Purchasely.xcframework:1:1: error: While building for watchOS, no library for this platform was found in '/Users/admin/builder/spi-builder-workspace/Purchasely/Frameworks/Purchasely.xcframework'. (in target 'PurchaselyWrapper' from project 'Purchasely')
/Users/admin/builder/spi-builder-workspace/Purchasely/Frameworks/Purchasely.xcframework:1:1: error: While building for watchOS, no library for this platform was found in '/Users/admin/builder/spi-builder-workspace/Purchasely/Frameworks/Purchasely.xcframework'. (in target 'Purchasely-product' from project 'Purchasely')
2026-10-10 12:59:05.579 xcodebuild[709:4505] [MT] IDERunDestination: Supported platforms for the buildables in the current scheme is empty.
** BUILD FAILED **
The following build commands failed:
Building workspace Purchasely with scheme Purchasely
(1 failure)
BUILD FAILURE 6.4 watchOS