Build Information
Failed to build EnvironmentOverrides, reference 0.0.4 (d0b763), with Swift 6.4 for macOS (Xcode) using Xcode 27.0 on 17 Sep 2026 19:51:42 UTC.
Build Command
env DEVELOPER_DIR=/Applications/Xcode-27.0.0-Release.Candidate.app xcrun xcodebuild -IDEClonedSourcePackagesDirPathOverride=$PWD/.dependencies -skipMacroValidation -skipPackagePluginValidation -derivedDataPath $PWD/.derivedData build -scheme EnvironmentOverrides-Package -destination platform=macOS,arch=arm64Build Log
========================================
RunAll
========================================
Builder version: 5.1.0
Interrupt handler set up.
========================================
Checkout
========================================
Clone URL: https://github.com/nalexn/EnvironmentOverrides.git
Reference: 0.0.4
Initialized empty Git repository in /Users/admin/builder/spi-builder-workspace/.git/
From https://github.com/nalexn/EnvironmentOverrides
* tag 0.0.4 -> FETCH_HEAD
HEAD is now at d0b763a Merge branch '0.0.4'
Cloned https://github.com/nalexn/EnvironmentOverrides.git
Revision (git rev-parse @):
d0b763a678d254e51c74c48e83119bd063250ba3
SUCCESS checkout https://github.com/nalexn/EnvironmentOverrides.git at 0.0.4
========================================
Build
========================================
Selected platform: macosXcodebuild
Swift version: 6.4
Building package at path: $PWD
https://github.com/nalexn/EnvironmentOverrides.git
Command line invocation:
/Applications/Xcode-27.0.0-Release.Candidate.app/Contents/Developer/usr/bin/xcodebuild -IDEClonedSourcePackagesDirPathOverride=/Users/admin/builder/spi-builder-workspace/.dependencies -resolvePackageDependencies
resolved source packages:
{
"dependencies" : [
],
"manifest_display_name" : "EnvironmentOverrides",
"name" : "EnvironmentOverrides",
"path" : "/Users/admin/builder/spi-builder-workspace",
"platforms" : [
{
"name" : "macos",
"version" : "10.15"
},
{
"name" : "ios",
"version" : "13.0"
}
],
"products" : [
{
"name" : "EnvironmentOverrides",
"targets" : [
"EnvironmentOverrides"
],
"type" : {
"library" : [
"automatic"
]
}
}
],
"targets" : [
{
"c99name" : "EnvironmentOverrides",
"module_type" : "SwiftTarget",
"name" : "EnvironmentOverrides",
"path" : "Sources/EnvironmentOverrides",
"product_memberships" : [
"EnvironmentOverrides"
],
"sources" : [
"BaseView.swift",
"EnvironmentOverridesView.swift",
"GeneralHelpers.swift",
"SettingsElements.swift",
"SettingsView.swift"
],
"type" : "library"
}
],
"tools_version" : "5.1"
}
{
"project" : {
"configurations" : [
"Debug",
"Release"
],
"name" : "EnvironmentOverrides",
"schemes" : [
"EnvironmentOverrides-Package",
"EnvironmentOverridesPackageDescription"
],
"targets" : [
"EnvironmentOverrides",
"EnvironmentOverridesPackageDescription"
]
}
}
Running build ...
env DEVELOPER_DIR=/Applications/Xcode-27.0.0-Release.Candidate.app xcrun xcodebuild -IDEClonedSourcePackagesDirPathOverride=$PWD/.dependencies -skipMacroValidation -skipPackagePluginValidation -derivedDataPath $PWD/.derivedData build -scheme EnvironmentOverrides-Package -destination platform=macOS,arch=arm64
Command line invocation:
/Applications/Xcode-27.0.0-Release.Candidate.app/Contents/Developer/usr/bin/xcodebuild -IDEClonedSourcePackagesDirPathOverride=/Users/admin/builder/spi-builder-workspace/.dependencies -skipMacroValidation -skipPackagePluginValidation -derivedDataPath /Users/admin/builder/spi-builder-workspace/.derivedData build -scheme EnvironmentOverrides-Package -destination platform=macOS,arch=arm64
ComputePackagePrebuildTargetDependencyGraph
Prepare packages
CreateBuildRequest
SendProjectDescription
CreateBuildOperation
ComputeTargetDependencyGraph
note: Building targets in dependency order
note: Target dependency graph (1 target)
Target 'EnvironmentOverrides' in project 'EnvironmentOverrides' (no dependencies)
GatherProvisioningInputs
CreateBuildDescription
ExecuteExternalTool /Applications/Xcode-27.0.0-Release.Candidate.app/Contents/Developer/Toolchains/XcodeDefault.xctoolchain/usr/bin/clang -v -E -dM -isysroot /Applications/Xcode-27.0.0-Release.Candidate.app/Contents/Developer/Platforms/MacOSX.platform/Developer/SDKs/MacOSX27.0.sdk -x c -c /dev/null
ExecuteExternalTool /Applications/Xcode-27.0.0-Release.Candidate.app/Contents/Developer/Toolchains/XcodeDefault.xctoolchain/usr/bin/swiftc --version
ExecuteExternalTool /Applications/Xcode-27.0.0-Release.Candidate.app/Contents/Developer/Toolchains/XcodeDefault.xctoolchain/usr/bin/ld -version_details
Build description signature: e16281ddf61cad6ab7e30d3d2ee3b0d5
Build description path: /Users/admin/builder/spi-builder-workspace/.derivedData/Build/Intermediates.noindex/XCBuildData/e16281ddf61cad6ab7e30d3d2ee3b0d5.xcbuilddata
/Users/admin/builder/spi-builder-workspace/EnvironmentOverrides.xcodeproj: error: The macOS deployment target 'MACOSX_DEPLOYMENT_TARGET' is set to 10.15, but the range of supported deployment target versions is 12.0 to 27.0.x. (in target 'EnvironmentOverrides' from project 'EnvironmentOverrides')
warning: Run script build phase 'Run swiftlint' will be run during every build because it does not specify any outputs. To address this issue, either add output dependencies to the script phase, or configure it to run in every build by unchecking "Based on dependency analysis" in the script phase. (in target 'EnvironmentOverrides' from project 'EnvironmentOverrides')
** BUILD FAILED **
The following build commands failed:
Building project EnvironmentOverrides with scheme EnvironmentOverrides-Package
(1 failure)
Command line invocation:
/Applications/Xcode-27.0.0-Release.Candidate.app/Contents/Developer/usr/bin/xcodebuild -IDEClonedSourcePackagesDirPathOverride=/Users/admin/builder/spi-builder-workspace/.dependencies -resolvePackageDependencies
resolved source packages:
{
"dependencies" : [
],
"manifest_display_name" : "EnvironmentOverrides",
"name" : "EnvironmentOverrides",
"path" : "/Users/admin/builder/spi-builder-workspace",
"platforms" : [
{
"name" : "macos",
"version" : "10.15"
},
{
"name" : "ios",
"version" : "13.0"
}
],
"products" : [
{
"name" : "EnvironmentOverrides",
"targets" : [
"EnvironmentOverrides"
],
"type" : {
"library" : [
"automatic"
]
}
}
],
"targets" : [
{
"c99name" : "EnvironmentOverrides",
"module_type" : "SwiftTarget",
"name" : "EnvironmentOverrides",
"path" : "Sources/EnvironmentOverrides",
"product_memberships" : [
"EnvironmentOverrides"
],
"sources" : [
"BaseView.swift",
"EnvironmentOverridesView.swift",
"GeneralHelpers.swift",
"SettingsElements.swift",
"SettingsView.swift"
],
"type" : "library"
}
],
"tools_version" : "5.1"
}
{
"project" : {
"configurations" : [
"Debug",
"Release"
],
"name" : "EnvironmentOverrides",
"schemes" : [
"EnvironmentOverrides-Package",
"EnvironmentOverridesPackageDescription"
],
"targets" : [
"EnvironmentOverrides",
"EnvironmentOverridesPackageDescription"
]
}
}
Running build ...
env DEVELOPER_DIR=/Applications/Xcode-27.0.0-Release.Candidate.app xcrun xcodebuild -IDEClonedSourcePackagesDirPathOverride=$PWD/.dependencies -skipMacroValidation -skipPackagePluginValidation -derivedDataPath $PWD/.derivedData build -scheme EnvironmentOverrides-Package -destination platform=macOS,arch=arm64
Command line invocation:
/Applications/Xcode-27.0.0-Release.Candidate.app/Contents/Developer/usr/bin/xcodebuild -IDEClonedSourcePackagesDirPathOverride=/Users/admin/builder/spi-builder-workspace/.dependencies -skipMacroValidation -skipPackagePluginValidation -derivedDataPath /Users/admin/builder/spi-builder-workspace/.derivedData build -scheme EnvironmentOverrides-Package -destination platform=macOS,arch=arm64
ComputePackagePrebuildTargetDependencyGraph
Prepare packages
CreateBuildRequest
SendProjectDescription
CreateBuildOperation
ComputeTargetDependencyGraph
note: Building targets in dependency order
note: Target dependency graph (1 target)
Target 'EnvironmentOverrides' in project 'EnvironmentOverrides' (no dependencies)
GatherProvisioningInputs
CreateBuildDescription
/Users/admin/builder/spi-builder-workspace/EnvironmentOverrides.xcodeproj: error: The macOS deployment target 'MACOSX_DEPLOYMENT_TARGET' is set to 10.15, but the range of supported deployment target versions is 12.0 to 27.0.x. (in target 'EnvironmentOverrides' from project 'EnvironmentOverrides')
warning: Run script build phase 'Run swiftlint' will be run during every build because it does not specify any outputs. To address this issue, either add output dependencies to the script phase, or configure it to run in every build by unchecking "Based on dependency analysis" in the script phase. (in target 'EnvironmentOverrides' from project 'EnvironmentOverrides')
** BUILD FAILED **
The following build commands failed:
Building project EnvironmentOverrides with scheme EnvironmentOverrides-Package
(1 failure)
BUILD FAILURE 6.4 macosXcodebuild