The Swift Package Index logo.Swift Package Index

Build Information

Failed to build FlowPilotInfoBar, reference main (87bf82), with Swift 6.4 for watchOS using Xcode 27.0 on 24 Sep 2026 10:30:12 UTC.

Build Command

env DEVELOPER_DIR=/Applications/Xcode-27.0.0-Release.Candidate.app xcrun xcodebuild -IDEClonedSourcePackagesDirPathOverride=$PWD/.dependencies -skipMacroValidation -skipPackagePluginValidation -derivedDataPath $PWD/.derivedData build -scheme FlowPilotInfoBar -destination generic/platform=watchOS

Build Log

SwiftDriverJobDiscovery normal arm64 Compiling OrderedDictionary+Equatable.swift, OrderedDictionary+ExpressibleByDictionaryLiteral.swift, OrderedDictionary+Hashable.swift, OrderedDictionary+Initializers.swift, OrderedDictionary+Invariants.swift, OrderedDictionary+Move.swift, OrderedDictionary+Partial MutableCollection.swift (in target 'OrderedCollections' from project 'swift-collections')
SwiftExplicitDependencyGeneratePcm arm64_32 /Users/admin/builder/spi-builder-workspace/.derivedData/SDKExplicitPrecompiledModules/DataDetection-8EDL8T61430CB5CU94L1E3L0C.pcm
Copy /Users/admin/builder/spi-builder-workspace/.derivedData/Build/Products/Debug-watchos/CleevioCore.swiftmodule/arm64_32-apple-watchos.swiftmodule /Users/admin/builder/spi-builder-workspace/.derivedData/Build/Intermediates.noindex/CleevioCore.build/Debug-watchos/CleevioCore-t.build/Objects-normal/arm64_32/CleevioCore.swiftmodule (in target 'CleevioCore' from project 'CleevioCore')
    cd /Users/admin/builder/spi-builder-workspace/.dependencies/checkouts/CleevioCore
    builtin-copy -exclude .DS_Store -exclude CVS -exclude .svn -exclude .git -exclude .hg -resolve-src-symlinks -rename /Users/admin/builder/spi-builder-workspace/.derivedData/Build/Intermediates.noindex/CleevioCore.build/Debug-watchos/CleevioCore-t.build/Objects-normal/arm64_32/CleevioCore.swiftmodule /Users/admin/builder/spi-builder-workspace/.derivedData/Build/Products/Debug-watchos/CleevioCore.swiftmodule/arm64_32-apple-watchos.swiftmodule
Copy /Users/admin/builder/spi-builder-workspace/.derivedData/Build/Products/Debug-watchos/CleevioCore.swiftmodule/arm64_32-apple-watchos.swiftdoc /Users/admin/builder/spi-builder-workspace/.derivedData/Build/Intermediates.noindex/CleevioCore.build/Debug-watchos/CleevioCore-t.build/Objects-normal/arm64_32/CleevioCore.swiftdoc (in target 'CleevioCore' from project 'CleevioCore')
    cd /Users/admin/builder/spi-builder-workspace/.dependencies/checkouts/CleevioCore
    builtin-copy -exclude .DS_Store -exclude CVS -exclude .svn -exclude .git -exclude .hg -resolve-src-symlinks -rename /Users/admin/builder/spi-builder-workspace/.derivedData/Build/Intermediates.noindex/CleevioCore.build/Debug-watchos/CleevioCore-t.build/Objects-normal/arm64_32/CleevioCore.swiftdoc /Users/admin/builder/spi-builder-workspace/.derivedData/Build/Products/Debug-watchos/CleevioCore.swiftmodule/arm64_32-apple-watchos.swiftdoc
Copy /Users/admin/builder/spi-builder-workspace/.derivedData/Build/Products/Debug-watchos/CleevioCore.swiftmodule/arm64_32-apple-watchos.abi.json /Users/admin/builder/spi-builder-workspace/.derivedData/Build/Intermediates.noindex/CleevioCore.build/Debug-watchos/CleevioCore-t.build/Objects-normal/arm64_32/CleevioCore.abi.json (in target 'CleevioCore' from project 'CleevioCore')
    cd /Users/admin/builder/spi-builder-workspace/.dependencies/checkouts/CleevioCore
    builtin-copy -exclude .DS_Store -exclude CVS -exclude .svn -exclude .git -exclude .hg -resolve-src-symlinks -rename /Users/admin/builder/spi-builder-workspace/.derivedData/Build/Intermediates.noindex/CleevioCore.build/Debug-watchos/CleevioCore-t.build/Objects-normal/arm64_32/CleevioCore.abi.json /Users/admin/builder/spi-builder-workspace/.derivedData/Build/Products/Debug-watchos/CleevioCore.swiftmodule/arm64_32-apple-watchos.abi.json
Copy /Users/admin/builder/spi-builder-workspace/.derivedData/Build/Products/Debug-watchos/CleevioCore.swiftmodule/Project/arm64_32-apple-watchos.swiftsourceinfo /Users/admin/builder/spi-builder-workspace/.derivedData/Build/Intermediates.noindex/CleevioCore.build/Debug-watchos/CleevioCore-t.build/Objects-normal/arm64_32/CleevioCore.swiftsourceinfo (in target 'CleevioCore' from project 'CleevioCore')
    cd /Users/admin/builder/spi-builder-workspace/.dependencies/checkouts/CleevioCore
    builtin-copy -exclude .DS_Store -exclude CVS -exclude .svn -exclude .git -exclude .hg -resolve-src-symlinks -rename /Users/admin/builder/spi-builder-workspace/.derivedData/Build/Intermediates.noindex/CleevioCore.build/Debug-watchos/CleevioCore-t.build/Objects-normal/arm64_32/CleevioCore.swiftsourceinfo /Users/admin/builder/spi-builder-workspace/.derivedData/Build/Products/Debug-watchos/CleevioCore.swiftmodule/Project/arm64_32-apple-watchos.swiftsourceinfo
SwiftExplicitDependencyGeneratePcm arm64 /Users/admin/builder/spi-builder-workspace/.derivedData/SDKExplicitPrecompiledModules/Accessibility-DB0V1GY4JDAXG2CZ5MW826DDE.pcm
SwiftExplicitDependencyGeneratePcm arm64_32 /Users/admin/builder/spi-builder-workspace/.derivedData/SDKExplicitPrecompiledModules/Accessibility-BBXP8Z81UOB3UBBTO3GG9FEEO.pcm
SwiftExplicitDependencyGeneratePcm arm64_32 /Users/admin/builder/spi-builder-workspace/.derivedData/SDKExplicitPrecompiledModules/UserNotifications-F5AOMF9V2Y10QV8U00QNX8B7Q.pcm
SwiftDriverJobDiscovery normal arm64 Emitting module for CleevioCore (in target 'CleevioCore' from project 'CleevioCore')
SwiftDriver\ Compilation\ Requirements CleevioCore normal arm64 com.apple.xcode.tools.swift.compiler (in target 'CleevioCore' from project 'CleevioCore')
    cd /Users/admin/builder/spi-builder-workspace/.swiftpm/xcode
    builtin-Swift-Compilation-Requirements -- /Applications/Xcode-27.0.0-Release.Candidate.app/Contents/Developer/Toolchains/XcodeDefault.xctoolchain/usr/bin/swiftc -parse-as-library -module-name CleevioCore -Onone @/Users/admin/builder/spi-builder-workspace/.derivedData/Build/Intermediates.noindex/CleevioCore.build/Debug-watchos/CleevioCore-t.build/Objects-normal/arm64/CleevioCore.SwiftFileList -DSWIFT_PACKAGE -DDEBUG -DSWIFT_MODULE_RESOURCE_BUNDLE_UNAVAILABLE -DXcode -plugin-path /Applications/Xcode-27.0.0-Release.Candidate.app/Contents/Developer/Toolchains/XcodeDefault.xctoolchain/usr/lib/swift/host/plugins/testing -enable-experimental-feature DebugDescriptionMacro -sdk /Applications/Xcode-27.0.0-Release.Candidate.app/Contents/Developer/Platforms/WatchOS.platform/Developer/SDKs/WatchOS27.0.sdk -target arm64-apple-watchos9.0 -g -module-cache-path /Users/admin/builder/spi-builder-workspace/.derivedData/ModuleCache.noindex -Xfrontend -serialize-debugging-options -profile-coverage-mapping -profile-generate -enable-testing -suppress-warnings -index-store-path /Users/admin/builder/spi-builder-workspace/.derivedData/Index.noindex/DataStore -Xcc -D_LIBCPP_HARDENING_MODE\=_LIBCPP_HARDENING_MODE_DEBUG -swift-version 6 -I /Users/admin/builder/spi-builder-workspace/.derivedData/Build/Products/Debug-watchos -Isystem /Applications/Xcode-27.0.0-Release.Candidate.app/Contents/Developer/Platforms/WatchOS.platform/Developer/usr/lib -F /Users/admin/builder/spi-builder-workspace/.derivedData/Build/Products/Debug-watchos -F /Applications/Xcode-27.0.0-Release.Candidate.app/Contents/Developer/Platforms/WatchOS.platform/Developer/Library/Frameworks -F /Applications/Xcode-27.0.0-Release.Candidate.app/Contents/Developer/Platforms/WatchOS.platform/Developer/SDKs/WatchOS27.0.sdk/Developer/Library/Frameworks -c -j10 -enable-batch-mode -incremental -Xcc -ivfsstatcache -Xcc /Users/admin/builder/spi-builder-workspace/.derivedData/SDKStatCaches.noindex/watchos27.0-24R360-e829b21a6f8c9b70876ba0858053c04477534ef55a1706bf4c1112bbb242f0a2.sdkstatcache -output-file-map /Users/admin/builder/spi-builder-workspace/.derivedData/Build/Intermediates.noindex/CleevioCore.build/Debug-watchos/CleevioCore-t.build/Objects-normal/arm64/CleevioCore-OutputFileMap.json -save-temps -no-color-diagnostics -explicit-module-build -module-cache-path /Users/admin/builder/spi-builder-workspace/.derivedData/Build/Intermediates.noindex/SwiftExplicitPrecompiledModules -clang-scanner-module-cache-path /Users/admin/builder/spi-builder-workspace/.derivedData/ModuleCache.noindex -sdk-module-cache-path /Users/admin/builder/spi-builder-workspace/.derivedData/SDKExplicitPrecompiledModules -emit-dependencies -emit-module -emit-module-path /Users/admin/builder/spi-builder-workspace/.derivedData/Build/Intermediates.noindex/CleevioCore.build/Debug-watchos/CleevioCore-t.build/Objects-normal/arm64/CleevioCore.swiftmodule -serialize-diagnostics -dependency-scan-serialize-diagnostics-path /Users/admin/builder/spi-builder-workspace/.derivedData/Build/Intermediates.noindex/CleevioCore.build/Debug-watchos/CleevioCore-t.build/Objects-normal/arm64/CleevioCore-dependency-scan.dia -user-module-version 2.2.0 -validate-clang-modules-once -clang-build-session-file /Users/admin/builder/spi-builder-workspace/.derivedData/ModuleCache.noindex/Session.modulevalidation -Xcc -fmodules-prune-interval\=86400 -Xcc -fmodules-prune-after\=345600 -package-name cleeviocore -emit-const-values -const-gather-protocols-list /Users/admin/builder/spi-builder-workspace/.derivedData/Build/Intermediates.noindex/CleevioCore.build/Debug-watchos/CleevioCore-t.build/Objects-normal/arm64/CleevioCore_const_extract_protocols.json -Xcc -I/Users/admin/builder/spi-builder-workspace/.derivedData/Build/Products/Debug-watchos/include -Xcc -I/Users/admin/builder/spi-builder-workspace/.derivedData/Build/Intermediates.noindex/CleevioCore.build/Debug-watchos/CleevioCore-t.build/DerivedSources-normal/arm64 -Xcc -I/Users/admin/builder/spi-builder-workspace/.derivedData/Build/Intermediates.noindex/CleevioCore.build/Debug-watchos/CleevioCore-t.build/DerivedSources/arm64 -Xcc -I/Users/admin/builder/spi-builder-workspace/.derivedData/Build/Intermediates.noindex/CleevioCore.build/Debug-watchos/CleevioCore-t.build/DerivedSources -Xcc -DSWIFT_PACKAGE -Xcc -DDEBUG\=1 -emit-objc-header -emit-objc-header-path /Users/admin/builder/spi-builder-workspace/.derivedData/Build/Intermediates.noindex/CleevioCore.build/Debug-watchos/CleevioCore-t.build/Objects-normal/arm64/CleevioCore-Swift.h -working-directory /Users/admin/builder/spi-builder-workspace/.swiftpm/xcode -experimental-emit-module-separately -disable-cmo
SwiftDriverJobDiscovery normal arm64_32 Compiling OrderedSet+SubSequence.swift, OrderedSet+Testing.swift, OrderedSet+UnorderedView.swift, OrderedSet+UnstableInternals.swift, OrderedSet.swift, _UnsafeBitset.swift (in target 'OrderedCollections' from project 'swift-collections')
SwiftExplicitDependencyGeneratePcm arm64 /Users/admin/builder/spi-builder-workspace/.derivedData/SDKExplicitPrecompiledModules/_LocationEssentials-C3HYVW8P89QAUDLD9VRHUF48Q.pcm
SwiftMergeGeneratedHeaders /Users/admin/builder/spi-builder-workspace/.derivedData/Build/Intermediates.noindex/GeneratedModuleMaps-watchos/CleevioCore-Swift.h /Users/admin/builder/spi-builder-workspace/.derivedData/Build/Intermediates.noindex/CleevioCore.build/Debug-watchos/CleevioCore-t.build/Objects-normal/arm64/CleevioCore-Swift.h /Users/admin/builder/spi-builder-workspace/.derivedData/Build/Intermediates.noindex/CleevioCore.build/Debug-watchos/CleevioCore-t.build/Objects-normal/arm64_32/CleevioCore-Swift.h (in target 'CleevioCore' from project 'CleevioCore')
    cd /Users/admin/builder/spi-builder-workspace/.dependencies/checkouts/CleevioCore
    builtin-swiftHeaderTool -arch arm64 /Users/admin/builder/spi-builder-workspace/.derivedData/Build/Intermediates.noindex/CleevioCore.build/Debug-watchos/CleevioCore-t.build/Objects-normal/arm64/CleevioCore-Swift.h -arch arm64_32 /Users/admin/builder/spi-builder-workspace/.derivedData/Build/Intermediates.noindex/CleevioCore.build/Debug-watchos/CleevioCore-t.build/Objects-normal/arm64_32/CleevioCore-Swift.h -o /Users/admin/builder/spi-builder-workspace/.derivedData/Build/Intermediates.noindex/GeneratedModuleMaps-watchos/CleevioCore-Swift.h
Copy /Users/admin/builder/spi-builder-workspace/.derivedData/Build/Products/Debug-watchos/CleevioCore.swiftmodule/arm64-apple-watchos.swiftmodule /Users/admin/builder/spi-builder-workspace/.derivedData/Build/Intermediates.noindex/CleevioCore.build/Debug-watchos/CleevioCore-t.build/Objects-normal/arm64/CleevioCore.swiftmodule (in target 'CleevioCore' from project 'CleevioCore')
    cd /Users/admin/builder/spi-builder-workspace/.dependencies/checkouts/CleevioCore
    builtin-copy -exclude .DS_Store -exclude CVS -exclude .svn -exclude .git -exclude .hg -resolve-src-symlinks -rename /Users/admin/builder/spi-builder-workspace/.derivedData/Build/Intermediates.noindex/CleevioCore.build/Debug-watchos/CleevioCore-t.build/Objects-normal/arm64/CleevioCore.swiftmodule /Users/admin/builder/spi-builder-workspace/.derivedData/Build/Products/Debug-watchos/CleevioCore.swiftmodule/arm64-apple-watchos.swiftmodule
Copy /Users/admin/builder/spi-builder-workspace/.derivedData/Build/Products/Debug-watchos/CleevioCore.swiftmodule/arm64-apple-watchos.swiftdoc /Users/admin/builder/spi-builder-workspace/.derivedData/Build/Intermediates.noindex/CleevioCore.build/Debug-watchos/CleevioCore-t.build/Objects-normal/arm64/CleevioCore.swiftdoc (in target 'CleevioCore' from project 'CleevioCore')
    cd /Users/admin/builder/spi-builder-workspace/.dependencies/checkouts/CleevioCore
    builtin-copy -exclude .DS_Store -exclude CVS -exclude .svn -exclude .git -exclude .hg -resolve-src-symlinks -rename /Users/admin/builder/spi-builder-workspace/.derivedData/Build/Intermediates.noindex/CleevioCore.build/Debug-watchos/CleevioCore-t.build/Objects-normal/arm64/CleevioCore.swiftdoc /Users/admin/builder/spi-builder-workspace/.derivedData/Build/Products/Debug-watchos/CleevioCore.swiftmodule/arm64-apple-watchos.swiftdoc
Copy /Users/admin/builder/spi-builder-workspace/.derivedData/Build/Products/Debug-watchos/CleevioCore.swiftmodule/arm64-apple-watchos.abi.json /Users/admin/builder/spi-builder-workspace/.derivedData/Build/Intermediates.noindex/CleevioCore.build/Debug-watchos/CleevioCore-t.build/Objects-normal/arm64/CleevioCore.abi.json (in target 'CleevioCore' from project 'CleevioCore')
    cd /Users/admin/builder/spi-builder-workspace/.dependencies/checkouts/CleevioCore
    builtin-copy -exclude .DS_Store -exclude CVS -exclude .svn -exclude .git -exclude .hg -resolve-src-symlinks -rename /Users/admin/builder/spi-builder-workspace/.derivedData/Build/Intermediates.noindex/CleevioCore.build/Debug-watchos/CleevioCore-t.build/Objects-normal/arm64/CleevioCore.abi.json /Users/admin/builder/spi-builder-workspace/.derivedData/Build/Products/Debug-watchos/CleevioCore.swiftmodule/arm64-apple-watchos.abi.json
Copy /Users/admin/builder/spi-builder-workspace/.derivedData/Build/Products/Debug-watchos/CleevioCore.swiftmodule/Project/arm64-apple-watchos.swiftsourceinfo /Users/admin/builder/spi-builder-workspace/.derivedData/Build/Intermediates.noindex/CleevioCore.build/Debug-watchos/CleevioCore-t.build/Objects-normal/arm64/CleevioCore.swiftsourceinfo (in target 'CleevioCore' from project 'CleevioCore')
    cd /Users/admin/builder/spi-builder-workspace/.dependencies/checkouts/CleevioCore
    builtin-copy -exclude .DS_Store -exclude CVS -exclude .svn -exclude .git -exclude .hg -resolve-src-symlinks -rename /Users/admin/builder/spi-builder-workspace/.derivedData/Build/Intermediates.noindex/CleevioCore.build/Debug-watchos/CleevioCore-t.build/Objects-normal/arm64/CleevioCore.swiftsourceinfo /Users/admin/builder/spi-builder-workspace/.derivedData/Build/Products/Debug-watchos/CleevioCore.swiftmodule/Project/arm64-apple-watchos.swiftsourceinfo
SwiftExplicitDependencyGeneratePcm arm64 /Users/admin/builder/spi-builder-workspace/.derivedData/SDKExplicitPrecompiledModules/CoreData-DAEI6Z48P97TYC3SMMGLERAJ5.pcm
SwiftExplicitDependencyGeneratePcm arm64 /Users/admin/builder/spi-builder-workspace/.derivedData/SDKExplicitPrecompiledModules/QuartzCore-BRDP6VIMJ6A6HG4W4NYXZ8BI3.pcm
SwiftExplicitDependencyGeneratePcm arm64 /Users/admin/builder/spi-builder-workspace/.derivedData/SDKExplicitPrecompiledModules/Symbols-B8SNL2YULCKW9SYIL0T5QLMV.pcm
SwiftExplicitDependencyGeneratePcm arm64 /Users/admin/builder/spi-builder-workspace/.derivedData/SDKExplicitPrecompiledModules/SceneKit-4VPDXW2J8W40JMX88G7X30C4G.pcm
SwiftExplicitDependencyGeneratePcm arm64_32 /Users/admin/builder/spi-builder-workspace/.derivedData/SDKExplicitPrecompiledModules/_LocationEssentials-1XWTF8V96VX3IAHKJO7PJZDU0.pcm
SwiftExplicitDependencyGeneratePcm arm64_32 /Users/admin/builder/spi-builder-workspace/.derivedData/SDKExplicitPrecompiledModules/OSLog-DXCLJ0K1EEBRV5MFYJOV1HIUX.pcm
SwiftExplicitDependencyGeneratePcm arm64_32 /Users/admin/builder/spi-builder-workspace/.derivedData/SDKExplicitPrecompiledModules/QuartzCore-72UYR37X0O2APTD1XMSJ20X5X.pcm
SwiftExplicitDependencyGeneratePcm arm64 /Users/admin/builder/spi-builder-workspace/.derivedData/SDKExplicitPrecompiledModules/CoreLocation-B0A9Z3B1UDU8OLBQROLWD03N3.pcm
SwiftExplicitDependencyGeneratePcm arm64 /Users/admin/builder/spi-builder-workspace/.derivedData/SDKExplicitPrecompiledModules/DataDetection-8RQ09UCIV0XSYRF8TQQD54MWN.pcm
SwiftExplicitDependencyGeneratePcm arm64 /Users/admin/builder/spi-builder-workspace/.derivedData/SDKExplicitPrecompiledModules/SwiftUICore-D4BOUT6VJWDXKNATG8P2F95W3.pcm
SwiftDriverJobDiscovery normal arm64 Compiling _Hashtable+Header.swift, OrderedDictionary+Codable.swift, OrderedDictionary+CustomReflectable.swift, OrderedDictionary+Deprecations.swift, OrderedDictionary+Descriptions.swift, OrderedDictionary+Elements.SubSequence.swift, OrderedDictionary+Elements.swift (in target 'OrderedCollections' from project 'swift-collections')
SwiftExplicitDependencyGeneratePcm arm64 /Users/admin/builder/spi-builder-workspace/.derivedData/SDKExplicitPrecompiledModules/UserNotifications-7VIERZPAA371031RT8VBKFYKJ.pcm
SwiftExplicitDependencyGeneratePcm arm64_32 /Users/admin/builder/spi-builder-workspace/.derivedData/SDKExplicitPrecompiledModules/SceneKit-CLOM4E4D45A8A94N3QNHOVW3H.pcm
SwiftDriverJobDiscovery normal arm64_32 Compiling OrderedSet+Initializers.swift, OrderedSet+Insertions.swift, OrderedSet+Invariants.swift, OrderedSet+Move.swift, OrderedSet+Partial MutableCollection.swift, OrderedSet+Partial RangeReplaceableCollection.swift (in target 'OrderedCollections' from project 'swift-collections')
SwiftDriver\ Compilation OrderedCollections normal arm64 com.apple.xcode.tools.swift.compiler (in target 'OrderedCollections' from project 'swift-collections')
    cd /Users/admin/builder/spi-builder-workspace/.swiftpm/xcode
    builtin-Swift-Compilation -- /Applications/Xcode-27.0.0-Release.Candidate.app/Contents/Developer/Toolchains/XcodeDefault.xctoolchain/usr/bin/swiftc -parse-as-library -module-name OrderedCollections -Onone @/Users/admin/builder/spi-builder-workspace/.derivedData/Build/Intermediates.noindex/swift-collections.build/Debug-watchos/OrderedCollections-t.build/Objects-normal/arm64/OrderedCollections.SwiftFileList -DSWIFT_PACKAGE -DDEBUG -DSWIFT_MODULE_RESOURCE_BUNDLE_UNAVAILABLE -DCOLLECTIONS_RANDOMIZED_TESTING -DXcode -enable-experimental-feature AvailabilityMacro\=SwiftStdlib\ 5.0:\ macOS\ 10.14.4,\ iOS\ 12.2,\ watchOS\ 5.2,\ tvOS\ 12.2 -enable-experimental-feature AvailabilityMacro\=SwiftStdlib\ 5.1:\ macOS\ 10.15,\ iOS\ 13.0,\ watchOS\ 6.0,\ tvOS\ 13.0 -enable-experimental-feature AvailabilityMacro\=SwiftStdlib\ 5.6:\ macOS\ 12.3,\ iOS\ 15.4,\ watchOS\ 8.5,\ tvOS\ 15.4 -enable-experimental-feature AvailabilityMacro\=SwiftStdlib\ 5.7:\ macOS\ 13.0,\ iOS\ 16.0,\ watchOS\ 9.0,\ tvOS\ 16.0 -enable-experimental-feature AvailabilityMacro\=SwiftStdlib\ 5.8:\ macOS\ 13.3,\ iOS\ 16.4,\ watchOS\ 9.4,\ tvOS\ 16.4 -enable-experimental-feature AvailabilityMacro\=SwiftStdlib\ 5.9:\ macOS\ 14.0,\ iOS\ 17.0,\ watchOS\ 10.0,\ tvOS\ 17.0 -enable-experimental-feature AvailabilityMacro\=SwiftStdlib\ 5.10:\ macOS\ 14.4,\ iOS\ 17.4,\ watchOS\ 10.4,\ tvOS\ 17.4,\ visionOS\ 1.1 -enable-experimental-feature AvailabilityMacro\=SwiftStdlib\ 6.0:\ macOS\ 15.0,\ iOS\ 18.0,\ watchOS\ 11.0,\ tvOS\ 18.0,\ visionOS\ 2.0 -enable-experimental-feature AvailabilityMacro\=SwiftStdlib\ 6.1:\ macOS\ 15.4,\ iOS\ 18.4,\ watchOS\ 11.4,\ tvOS\ 18.4,\ visionOS\ 2.4 -enable-experimental-feature AvailabilityMacro\=SwiftStdlib\ 6.2:\ macOS\ 26.0,\ iOS\ 26.0,\ watchOS\ 26.0,\ tvOS\ 26.0,\ visionOS\ 26.0 -enable-experimental-feature AvailabilityMacro\=SwiftStdlib\ 6.3:\ macOS\ 26.4,\ iOS\ 26.4,\ watchOS\ 26.4,\ tvOS\ 26.4,\ visionOS\ 26.4 -enable-experimental-feature AvailabilityMacro\=SwiftStdlib\ 6.4:\ macOS\ 27.0,\ iOS\ 27.0,\ watchOS\ 27.0,\ tvOS\ 27.0,\ visionOS\ 27.0 -enable-experimental-feature AvailabilityMacro\=SwiftStdlib\ 6.5:\ macOS\ 9999,\ iOS\ 9999,\ watchOS\ 9999,\ tvOS\ 9999,\ visionOS\ 9999 -enable-upcoming-feature MemberImportVisibility -enable-experimental-feature BuiltinModule -enable-experimental-feature Lifetimes -enable-experimental-feature InoutLifetimeDependence -enable-experimental-feature AddressableParameters -enable-experimental-feature AddressableTypes -enable-experimental-feature SuppressedAssociatedTypesWithDefaults -enable-experimental-feature BorrowingSequence -plugin-path /Applications/Xcode-27.0.0-Release.Candidate.app/Contents/Developer/Toolchains/XcodeDefault.xctoolchain/usr/lib/swift/host/plugins/testing -enable-experimental-feature DebugDescriptionMacro -sdk /Applications/Xcode-27.0.0-Release.Candidate.app/Contents/Developer/Platforms/WatchOS.platform/Developer/SDKs/WatchOS27.0.sdk -target arm64-apple-watchos9.0 -g -module-cache-path /Users/admin/builder/spi-builder-workspace/.derivedData/ModuleCache.noindex -Xfrontend -serialize-debugging-options -profile-coverage-mapping -profile-generate -enable-testing -suppress-warnings -index-store-path /Users/admin/builder/spi-builder-workspace/.derivedData/Index.noindex/DataStore -Xcc -D_LIBCPP_HARDENING_MODE\=_LIBCPP_HARDENING_MODE_DEBUG -swift-version 6 -I /Users/admin/builder/spi-builder-workspace/.derivedData/Build/Products/Debug-watchos -Isystem /Applications/Xcode-27.0.0-Release.Candidate.app/Contents/Developer/Platforms/WatchOS.platform/Developer/usr/lib -F /Users/admin/builder/spi-builder-workspace/.derivedData/Build/Products/Debug-watchos/PackageFrameworks -F /Users/admin/builder/spi-builder-workspace/.derivedData/Build/Products/Debug-watchos -F /Applications/Xcode-27.0.0-Release.Candidate.app/Contents/Developer/Platforms/WatchOS.platform/Developer/Library/Frameworks -F /Applications/Xcode-27.0.0-Release.Candidate.app/Contents/Developer/Platforms/WatchOS.platform/Developer/SDKs/WatchOS27.0.sdk/Developer/Library/Frameworks -c -j10 -enable-batch-mode -incremental -Xcc -ivfsstatcache -Xcc /Users/admin/builder/spi-builder-workspace/.derivedData/SDKStatCaches.noindex/watchos27.0-24R360-e829b21a6f8c9b70876ba0858053c04477534ef55a1706bf4c1112bbb242f0a2.sdkstatcache -output-file-map /Users/admin/builder/spi-builder-workspace/.derivedData/Build/Intermediates.noindex/swift-collections.build/Debug-watchos/OrderedCollections-t.build/Objects-normal/arm64/OrderedCollections-OutputFileMap.json -save-temps -no-color-diagnostics -explicit-module-build -module-cache-path /Users/admin/builder/spi-builder-workspace/.derivedData/Build/Intermediates.noindex/SwiftExplicitPrecompiledModules -clang-scanner-module-cache-path /Users/admin/builder/spi-builder-workspace/.derivedData/ModuleCache.noindex -sdk-module-cache-path /Users/admin/builder/spi-builder-workspace/.derivedData/SDKExplicitPrecompiledModules -emit-dependencies -emit-module -emit-module-path /Users/admin/builder/spi-builder-workspace/.derivedData/Build/Intermediates.noindex/swift-collections.build/Debug-watchos/OrderedCollections-t.build/Objects-normal/arm64/OrderedCollections.swiftmodule -serialize-diagnostics -dependency-scan-serialize-diagnostics-path /Users/admin/builder/spi-builder-workspace/.derivedData/Build/Intermediates.noindex/swift-collections.build/Debug-watchos/OrderedCollections-t.build/Objects-normal/arm64/OrderedCollections-dependency-scan.dia -user-module-version 1.7.0 -validate-clang-modules-once -clang-build-session-file /Users/admin/builder/spi-builder-workspace/.derivedData/ModuleCache.noindex/Session.modulevalidation -Xcc -fmodules-prune-interval\=86400 -Xcc -fmodules-prune-after\=345600 -package-name swift_collections -emit-const-values -const-gather-protocols-list /Users/admin/builder/spi-builder-workspace/.derivedData/Build/Intermediates.noindex/swift-collections.build/Debug-watchos/OrderedCollections-t.build/Objects-normal/arm64/OrderedCollections_const_extract_protocols.json -Xcc -I/Users/admin/builder/spi-builder-workspace/.derivedData/Build/Products/Debug-watchos/include -Xcc -I/Users/admin/builder/spi-builder-workspace/.derivedData/Build/Intermediates.noindex/swift-collections.build/Debug-watchos/OrderedCollections-t.build/DerivedSources-normal/arm64 -Xcc -I/Users/admin/builder/spi-builder-workspace/.derivedData/Build/Intermediates.noindex/swift-collections.build/Debug-watchos/OrderedCollections-t.build/DerivedSources/arm64 -Xcc -I/Users/admin/builder/spi-builder-workspace/.derivedData/Build/Intermediates.noindex/swift-collections.build/Debug-watchos/OrderedCollections-t.build/DerivedSources -Xcc -DSWIFT_PACKAGE -Xcc -DDEBUG\=1 -emit-objc-header -emit-objc-header-path /Users/admin/builder/spi-builder-workspace/.derivedData/Build/Intermediates.noindex/swift-collections.build/Debug-watchos/OrderedCollections-t.build/Objects-normal/arm64/OrderedCollections-Swift.h -working-directory /Users/admin/builder/spi-builder-workspace/.swiftpm/xcode -experimental-emit-module-separately -disable-cmo
SwiftDriver\ Compilation InternalCollectionsUtilities normal arm64 com.apple.xcode.tools.swift.compiler (in target 'InternalCollectionsUtilities' from project 'swift-collections')
    cd /Users/admin/builder/spi-builder-workspace/.swiftpm/xcode
    builtin-Swift-Compilation -- /Applications/Xcode-27.0.0-Release.Candidate.app/Contents/Developer/Toolchains/XcodeDefault.xctoolchain/usr/bin/swiftc -parse-as-library -module-name InternalCollectionsUtilities -Onone @/Users/admin/builder/spi-builder-workspace/.derivedData/Build/Intermediates.noindex/swift-collections.build/Debug-watchos/InternalCollectionsUtilities-t.build/Objects-normal/arm64/InternalCollectionsUtilities.SwiftFileList -DSWIFT_PACKAGE -DDEBUG -DSWIFT_MODULE_RESOURCE_BUNDLE_UNAVAILABLE -DCOLLECTIONS_RANDOMIZED_TESTING -DXcode -enable-experimental-feature AvailabilityMacro\=SwiftStdlib\ 5.0:\ macOS\ 10.14.4,\ iOS\ 12.2,\ watchOS\ 5.2,\ tvOS\ 12.2 -enable-experimental-feature AvailabilityMacro\=SwiftStdlib\ 5.1:\ macOS\ 10.15,\ iOS\ 13.0,\ watchOS\ 6.0,\ tvOS\ 13.0 -enable-experimental-feature AvailabilityMacro\=SwiftStdlib\ 5.6:\ macOS\ 12.3,\ iOS\ 15.4,\ watchOS\ 8.5,\ tvOS\ 15.4 -enable-experimental-feature AvailabilityMacro\=SwiftStdlib\ 5.7:\ macOS\ 13.0,\ iOS\ 16.0,\ watchOS\ 9.0,\ tvOS\ 16.0 -enable-experimental-feature AvailabilityMacro\=SwiftStdlib\ 5.8:\ macOS\ 13.3,\ iOS\ 16.4,\ watchOS\ 9.4,\ tvOS\ 16.4 -enable-experimental-feature AvailabilityMacro\=SwiftStdlib\ 5.9:\ macOS\ 14.0,\ iOS\ 17.0,\ watchOS\ 10.0,\ tvOS\ 17.0 -enable-experimental-feature AvailabilityMacro\=SwiftStdlib\ 5.10:\ macOS\ 14.4,\ iOS\ 17.4,\ watchOS\ 10.4,\ tvOS\ 17.4,\ visionOS\ 1.1 -enable-experimental-feature AvailabilityMacro\=SwiftStdlib\ 6.0:\ macOS\ 15.0,\ iOS\ 18.0,\ watchOS\ 11.0,\ tvOS\ 18.0,\ visionOS\ 2.0 -enable-experimental-feature AvailabilityMacro\=SwiftStdlib\ 6.1:\ macOS\ 15.4,\ iOS\ 18.4,\ watchOS\ 11.4,\ tvOS\ 18.4,\ visionOS\ 2.4 -enable-experimental-feature AvailabilityMacro\=SwiftStdlib\ 6.2:\ macOS\ 26.0,\ iOS\ 26.0,\ watchOS\ 26.0,\ tvOS\ 26.0,\ visionOS\ 26.0 -enable-experimental-feature AvailabilityMacro\=SwiftStdlib\ 6.3:\ macOS\ 26.4,\ iOS\ 26.4,\ watchOS\ 26.4,\ tvOS\ 26.4,\ visionOS\ 26.4 -enable-experimental-feature AvailabilityMacro\=SwiftStdlib\ 6.4:\ macOS\ 27.0,\ iOS\ 27.0,\ watchOS\ 27.0,\ tvOS\ 27.0,\ visionOS\ 27.0 -enable-experimental-feature AvailabilityMacro\=SwiftStdlib\ 6.5:\ macOS\ 9999,\ iOS\ 9999,\ watchOS\ 9999,\ tvOS\ 9999,\ visionOS\ 9999 -enable-upcoming-feature MemberImportVisibility -enable-experimental-feature BuiltinModule -enable-experimental-feature Lifetimes -enable-experimental-feature InoutLifetimeDependence -enable-experimental-feature AddressableParameters -enable-experimental-feature AddressableTypes -enable-experimental-feature SuppressedAssociatedTypesWithDefaults -enable-experimental-feature BorrowingSequence -plugin-path /Applications/Xcode-27.0.0-Release.Candidate.app/Contents/Developer/Toolchains/XcodeDefault.xctoolchain/usr/lib/swift/host/plugins/testing -enable-experimental-feature DebugDescriptionMacro -sdk /Applications/Xcode-27.0.0-Release.Candidate.app/Contents/Developer/Platforms/WatchOS.platform/Developer/SDKs/WatchOS27.0.sdk -target arm64-apple-watchos9.0 -g -module-cache-path /Users/admin/builder/spi-builder-workspace/.derivedData/ModuleCache.noindex -Xfrontend -serialize-debugging-options -profile-coverage-mapping -profile-generate -enable-testing -suppress-warnings -index-store-path /Users/admin/builder/spi-builder-workspace/.derivedData/Index.noindex/DataStore -Xcc -D_LIBCPP_HARDENING_MODE\=_LIBCPP_HARDENING_MODE_DEBUG -swift-version 6 -I /Users/admin/builder/spi-builder-workspace/.derivedData/Build/Products/Debug-watchos -Isystem /Applications/Xcode-27.0.0-Release.Candidate.app/Contents/Developer/Platforms/WatchOS.platform/Developer/usr/lib -F /Users/admin/builder/spi-builder-workspace/.derivedData/Build/Products/Debug-watchos -F /Applications/Xcode-27.0.0-Release.Candidate.app/Contents/Developer/Platforms/WatchOS.platform/Developer/Library/Frameworks -F /Applications/Xcode-27.0.0-Release.Candidate.app/Contents/Developer/Platforms/WatchOS.platform/Developer/SDKs/WatchOS27.0.sdk/Developer/Library/Frameworks -c -j10 -enable-batch-mode -incremental -Xcc -ivfsstatcache -Xcc /Users/admin/builder/spi-builder-workspace/.derivedData/SDKStatCaches.noindex/watchos27.0-24R360-e829b21a6f8c9b70876ba0858053c04477534ef55a1706bf4c1112bbb242f0a2.sdkstatcache -output-file-map /Users/admin/builder/spi-builder-workspace/.derivedData/Build/Intermediates.noindex/swift-collections.build/Debug-watchos/InternalCollectionsUtilities-t.build/Objects-normal/arm64/InternalCollectionsUtilities-OutputFileMap.json -save-temps -no-color-diagnostics -explicit-module-build -module-cache-path /Users/admin/builder/spi-builder-workspace/.derivedData/Build/Intermediates.noindex/SwiftExplicitPrecompiledModules -clang-scanner-module-cache-path /Users/admin/builder/spi-builder-workspace/.derivedData/ModuleCache.noindex -sdk-module-cache-path /Users/admin/builder/spi-builder-workspace/.derivedData/SDKExplicitPrecompiledModules -emit-dependencies -emit-module -emit-module-path /Users/admin/builder/spi-builder-workspace/.derivedData/Build/Intermediates.noindex/swift-collections.build/Debug-watchos/InternalCollectionsUtilities-t.build/Objects-normal/arm64/InternalCollectionsUtilities.swiftmodule -serialize-diagnostics -dependency-scan-serialize-diagnostics-path /Users/admin/builder/spi-builder-workspace/.derivedData/Build/Intermediates.noindex/swift-collections.build/Debug-watchos/InternalCollectionsUtilities-t.build/Objects-normal/arm64/InternalCollectionsUtilities-dependency-scan.dia -user-module-version 1.7.0 -validate-clang-modules-once -clang-build-session-file /Users/admin/builder/spi-builder-workspace/.derivedData/ModuleCache.noindex/Session.modulevalidation -Xcc -fmodules-prune-interval\=86400 -Xcc -fmodules-prune-after\=345600 -package-name swift_collections -emit-const-values -const-gather-protocols-list /Users/admin/builder/spi-builder-workspace/.derivedData/Build/Intermediates.noindex/swift-collections.build/Debug-watchos/InternalCollectionsUtilities-t.build/Objects-normal/arm64/InternalCollectionsUtilities_const_extract_protocols.json -Xcc -I/Users/admin/builder/spi-builder-workspace/.derivedData/Build/Products/Debug-watchos/include -Xcc -I/Users/admin/builder/spi-builder-workspace/.derivedData/Build/Intermediates.noindex/swift-collections.build/Debug-watchos/InternalCollectionsUtilities-t.build/DerivedSources-normal/arm64 -Xcc -I/Users/admin/builder/spi-builder-workspace/.derivedData/Build/Intermediates.noindex/swift-collections.build/Debug-watchos/InternalCollectionsUtilities-t.build/DerivedSources/arm64 -Xcc -I/Users/admin/builder/spi-builder-workspace/.derivedData/Build/Intermediates.noindex/swift-collections.build/Debug-watchos/InternalCollectionsUtilities-t.build/DerivedSources -Xcc -DSWIFT_PACKAGE -Xcc -DDEBUG\=1 -emit-objc-header -emit-objc-header-path /Users/admin/builder/spi-builder-workspace/.derivedData/Build/Intermediates.noindex/swift-collections.build/Debug-watchos/InternalCollectionsUtilities-t.build/Objects-normal/arm64/InternalCollectionsUtilities-Swift.h -working-directory /Users/admin/builder/spi-builder-workspace/.swiftpm/xcode -experimental-emit-module-separately -disable-cmo
SwiftCompile normal arm64_32 Compiling\ DismissHandler.swift,\ Bundle+.swift /Users/admin/builder/spi-builder-workspace/.dependencies/checkouts/CleevioCore/Sources/CleevioCore/BaseViewControllers/DismissHandler.swift /Users/admin/builder/spi-builder-workspace/.dependencies/checkouts/CleevioCore/Sources/CleevioCore/Bundle+.swift (in target 'CleevioCore' from project 'CleevioCore')
SwiftCompile normal arm64_32 /Users/admin/builder/spi-builder-workspace/.dependencies/checkouts/CleevioCore/Sources/CleevioCore/BaseViewControllers/DismissHandler.swift (in target 'CleevioCore' from project 'CleevioCore')
    cd /Users/admin/builder/spi-builder-workspace/.swiftpm/xcode
    builtin-SwiftPerFileCompile DismissHandler.swift
SwiftCompile normal arm64_32 /Users/admin/builder/spi-builder-workspace/.dependencies/checkouts/CleevioCore/Sources/CleevioCore/Bundle+.swift (in target 'CleevioCore' from project 'CleevioCore')
    cd /Users/admin/builder/spi-builder-workspace/.swiftpm/xcode
    builtin-SwiftPerFileCompile Bundle+.swift
Ld /Users/admin/builder/spi-builder-workspace/.derivedData/Build/Intermediates.noindex/swift-collections.build/Debug-watchos/InternalCollectionsUtilities-t.build/Objects-normal/arm64/Binary/InternalCollectionsUtilities.o normal arm64 (in target 'InternalCollectionsUtilities' from project 'swift-collections')
    cd /Users/admin/builder/spi-builder-workspace/.dependencies/checkouts/swift-collections
    /Applications/Xcode-27.0.0-Release.Candidate.app/Contents/Developer/Toolchains/XcodeDefault.xctoolchain/usr/bin/clang -Xlinker -reproducible -target arm64-apple-watchos9.0 -r -isysroot /Applications/Xcode-27.0.0-Release.Candidate.app/Contents/Developer/Platforms/WatchOS.platform/Developer/SDKs/WatchOS27.0.sdk -O0 -w -Xlinker -no_warn_duplicate_libraries -F/Users/admin/builder/spi-builder-workspace/.derivedData/Build/Intermediates.noindex/EagerLinkingTBDs/Debug-watchos -F/Users/admin/builder/spi-builder-workspace/.derivedData/Build/Products/Debug-watchos -iframework /Applications/Xcode-27.0.0-Release.Candidate.app/Contents/Developer/Platforms/WatchOS.platform/Developer/Library/Frameworks -iframework /Applications/Xcode-27.0.0-Release.Candidate.app/Contents/Developer/Platforms/WatchOS.platform/Developer/SDKs/WatchOS27.0.sdk/Developer/Library/Frameworks -filelist /Users/admin/builder/spi-builder-workspace/.derivedData/Build/Intermediates.noindex/swift-collections.build/Debug-watchos/InternalCollectionsUtilities-t.build/Objects-normal/arm64/InternalCollectionsUtilities.LinkFileList -nostdlib -Xlinker -object_path_lto -Xlinker /Users/admin/builder/spi-builder-workspace/.derivedData/Build/Intermediates.noindex/swift-collections.build/Debug-watchos/InternalCollectionsUtilities-t.build/Objects-normal/arm64/InternalCollectionsUtilities_lto.o -Xlinker -no_deduplicate -Xlinker -debug_variant -Xlinker -dependency_info -Xlinker /Users/admin/builder/spi-builder-workspace/.derivedData/Build/Intermediates.noindex/swift-collections.build/Debug-watchos/InternalCollectionsUtilities-t.build/Objects-normal/arm64/InternalCollectionsUtilities_dependency_info.dat -fobjc-link-runtime -L/Applications/Xcode-27.0.0-Release.Candidate.app/Contents/Developer/Toolchains/XcodeDefault.xctoolchain/usr/lib/swift/watchos -L/usr/lib/swift -Xlinker -add_ast_path -Xlinker /Users/admin/builder/spi-builder-workspace/.derivedData/Build/Intermediates.noindex/swift-collections.build/Debug-watchos/InternalCollectionsUtilities-t.build/Objects-normal/arm64/InternalCollectionsUtilities.swiftmodule -o /Users/admin/builder/spi-builder-workspace/.derivedData/Build/Intermediates.noindex/swift-collections.build/Debug-watchos/InternalCollectionsUtilities-t.build/Objects-normal/arm64/Binary/InternalCollectionsUtilities.o
SwiftExplicitDependencyGeneratePcm arm64_32 /Users/admin/builder/spi-builder-workspace/.derivedData/SDKExplicitPrecompiledModules/CoreLocation-4AZRAZ8X3W0CS36SZ1GS4LT05.pcm
SwiftDriverJobDiscovery normal arm64_32 Compiling _Hashtable+Header.swift, OrderedDictionary+Codable.swift, OrderedDictionary+CustomReflectable.swift, OrderedDictionary+Deprecations.swift, OrderedDictionary+Descriptions.swift, OrderedDictionary+Elements.SubSequence.swift, OrderedDictionary+Elements.swift (in target 'OrderedCollections' from project 'swift-collections')
SwiftDriver\ Compilation OrderedCollections normal arm64_32 com.apple.xcode.tools.swift.compiler (in target 'OrderedCollections' from project 'swift-collections')
    cd /Users/admin/builder/spi-builder-workspace/.swiftpm/xcode
    builtin-Swift-Compilation -- /Applications/Xcode-27.0.0-Release.Candidate.app/Contents/Developer/Toolchains/XcodeDefault.xctoolchain/usr/bin/swiftc -parse-as-library -module-name OrderedCollections -Onone @/Users/admin/builder/spi-builder-workspace/.derivedData/Build/Intermediates.noindex/swift-collections.build/Debug-watchos/OrderedCollections-t.build/Objects-normal/arm64_32/OrderedCollections.SwiftFileList -DSWIFT_PACKAGE -DDEBUG -DSWIFT_MODULE_RESOURCE_BUNDLE_UNAVAILABLE -DCOLLECTIONS_RANDOMIZED_TESTING -DXcode -enable-experimental-feature AvailabilityMacro\=SwiftStdlib\ 5.0:\ macOS\ 10.14.4,\ iOS\ 12.2,\ watchOS\ 5.2,\ tvOS\ 12.2 -enable-experimental-feature AvailabilityMacro\=SwiftStdlib\ 5.1:\ macOS\ 10.15,\ iOS\ 13.0,\ watchOS\ 6.0,\ tvOS\ 13.0 -enable-experimental-feature AvailabilityMacro\=SwiftStdlib\ 5.6:\ macOS\ 12.3,\ iOS\ 15.4,\ watchOS\ 8.5,\ tvOS\ 15.4 -enable-experimental-feature AvailabilityMacro\=SwiftStdlib\ 5.7:\ macOS\ 13.0,\ iOS\ 16.0,\ watchOS\ 9.0,\ tvOS\ 16.0 -enable-experimental-feature AvailabilityMacro\=SwiftStdlib\ 5.8:\ macOS\ 13.3,\ iOS\ 16.4,\ watchOS\ 9.4,\ tvOS\ 16.4 -enable-experimental-feature AvailabilityMacro\=SwiftStdlib\ 5.9:\ macOS\ 14.0,\ iOS\ 17.0,\ watchOS\ 10.0,\ tvOS\ 17.0 -enable-experimental-feature AvailabilityMacro\=SwiftStdlib\ 5.10:\ macOS\ 14.4,\ iOS\ 17.4,\ watchOS\ 10.4,\ tvOS\ 17.4,\ visionOS\ 1.1 -enable-experimental-feature AvailabilityMacro\=SwiftStdlib\ 6.0:\ macOS\ 15.0,\ iOS\ 18.0,\ watchOS\ 11.0,\ tvOS\ 18.0,\ visionOS\ 2.0 -enable-experimental-feature AvailabilityMacro\=SwiftStdlib\ 6.1:\ macOS\ 15.4,\ iOS\ 18.4,\ watchOS\ 11.4,\ tvOS\ 18.4,\ visionOS\ 2.4 -enable-experimental-feature AvailabilityMacro\=SwiftStdlib\ 6.2:\ macOS\ 26.0,\ iOS\ 26.0,\ watchOS\ 26.0,\ tvOS\ 26.0,\ visionOS\ 26.0 -enable-experimental-feature AvailabilityMacro\=SwiftStdlib\ 6.3:\ macOS\ 26.4,\ iOS\ 26.4,\ watchOS\ 26.4,\ tvOS\ 26.4,\ visionOS\ 26.4 -enable-experimental-feature AvailabilityMacro\=SwiftStdlib\ 6.4:\ macOS\ 27.0,\ iOS\ 27.0,\ watchOS\ 27.0,\ tvOS\ 27.0,\ visionOS\ 27.0 -enable-experimental-feature AvailabilityMacro\=SwiftStdlib\ 6.5:\ macOS\ 9999,\ iOS\ 9999,\ watchOS\ 9999,\ tvOS\ 9999,\ visionOS\ 9999 -enable-upcoming-feature MemberImportVisibility -enable-experimental-feature BuiltinModule -enable-experimental-feature Lifetimes -enable-experimental-feature InoutLifetimeDependence -enable-experimental-feature AddressableParameters -enable-experimental-feature AddressableTypes -enable-experimental-feature SuppressedAssociatedTypesWithDefaults -enable-experimental-feature BorrowingSequence -plugin-path /Applications/Xcode-27.0.0-Release.Candidate.app/Contents/Developer/Toolchains/XcodeDefault.xctoolchain/usr/lib/swift/host/plugins/testing -enable-experimental-feature DebugDescriptionMacro -sdk /Applications/Xcode-27.0.0-Release.Candidate.app/Contents/Developer/Platforms/WatchOS.platform/Developer/SDKs/WatchOS27.0.sdk -target arm64_32-apple-watchos9.0 -g -module-cache-path /Users/admin/builder/spi-builder-workspace/.derivedData/ModuleCache.noindex -Xfrontend -serialize-debugging-options -profile-coverage-mapping -profile-generate -enable-testing -suppress-warnings -index-store-path /Users/admin/builder/spi-builder-workspace/.derivedData/Index.noindex/DataStore -Xcc -D_LIBCPP_HARDENING_MODE\=_LIBCPP_HARDENING_MODE_DEBUG -swift-version 6 -I /Users/admin/builder/spi-builder-workspace/.derivedData/Build/Products/Debug-watchos -Isystem /Applications/Xcode-27.0.0-Release.Candidate.app/Contents/Developer/Platforms/WatchOS.platform/Developer/usr/lib -F /Users/admin/builder/spi-builder-workspace/.derivedData/Build/Products/Debug-watchos/PackageFrameworks -F /Users/admin/builder/spi-builder-workspace/.derivedData/Build/Products/Debug-watchos -F /Applications/Xcode-27.0.0-Release.Candidate.app/Contents/Developer/Platforms/WatchOS.platform/Developer/Library/Frameworks -F /Applications/Xcode-27.0.0-Release.Candidate.app/Contents/Developer/Platforms/WatchOS.platform/Developer/SDKs/WatchOS27.0.sdk/Developer/Library/Frameworks -c -j10 -enable-batch-mode -incremental -Xcc -ivfsstatcache -Xcc /Users/admin/builder/spi-builder-workspace/.derivedData/SDKStatCaches.noindex/watchos27.0-24R360-e829b21a6f8c9b70876ba0858053c04477534ef55a1706bf4c1112bbb242f0a2.sdkstatcache -output-file-map /Users/admin/builder/spi-builder-workspace/.derivedData/Build/Intermediates.noindex/swift-collections.build/Debug-watchos/OrderedCollections-t.build/Objects-normal/arm64_32/OrderedCollections-OutputFileMap.json -save-temps -no-color-diagnostics -explicit-module-build -module-cache-path /Users/admin/builder/spi-builder-workspace/.derivedData/Build/Intermediates.noindex/SwiftExplicitPrecompiledModules -clang-scanner-module-cache-path /Users/admin/builder/spi-builder-workspace/.derivedData/ModuleCache.noindex -sdk-module-cache-path /Users/admin/builder/spi-builder-workspace/.derivedData/SDKExplicitPrecompiledModules -emit-dependencies -emit-module -emit-module-path /Users/admin/builder/spi-builder-workspace/.derivedData/Build/Intermediates.noindex/swift-collections.build/Debug-watchos/OrderedCollections-t.build/Objects-normal/arm64_32/OrderedCollections.swiftmodule -serialize-diagnostics -dependency-scan-serialize-diagnostics-path /Users/admin/builder/spi-builder-workspace/.derivedData/Build/Intermediates.noindex/swift-collections.build/Debug-watchos/OrderedCollections-t.build/Objects-normal/arm64_32/OrderedCollections-dependency-scan.dia -user-module-version 1.7.0 -validate-clang-modules-once -clang-build-session-file /Users/admin/builder/spi-builder-workspace/.derivedData/ModuleCache.noindex/Session.modulevalidation -Xcc -fmodules-prune-interval\=86400 -Xcc -fmodules-prune-after\=345600 -package-name swift_collections -emit-const-values -const-gather-protocols-list /Users/admin/builder/spi-builder-workspace/.derivedData/Build/Intermediates.noindex/swift-collections.build/Debug-watchos/OrderedCollections-t.build/Objects-normal/arm64_32/OrderedCollections_const_extract_protocols.json -Xcc -I/Users/admin/builder/spi-builder-workspace/.derivedData/Build/Products/Debug-watchos/include -Xcc -I/Users/admin/builder/spi-builder-workspace/.derivedData/Build/Intermediates.noindex/swift-collections.build/Debug-watchos/OrderedCollections-t.build/DerivedSources-normal/arm64_32 -Xcc -I/Users/admin/builder/spi-builder-workspace/.derivedData/Build/Intermediates.noindex/swift-collections.build/Debug-watchos/OrderedCollections-t.build/DerivedSources/arm64_32 -Xcc -I/Users/admin/builder/spi-builder-workspace/.derivedData/Build/Intermediates.noindex/swift-collections.build/Debug-watchos/OrderedCollections-t.build/DerivedSources -Xcc -DSWIFT_PACKAGE -Xcc -DDEBUG\=1 -emit-objc-header -emit-objc-header-path /Users/admin/builder/spi-builder-workspace/.derivedData/Build/Intermediates.noindex/swift-collections.build/Debug-watchos/OrderedCollections-t.build/Objects-normal/arm64_32/OrderedCollections-Swift.h -working-directory /Users/admin/builder/spi-builder-workspace/.swiftpm/xcode -experimental-emit-module-separately -disable-cmo
SwiftExplicitDependencyGeneratePcm arm64_32 /Users/admin/builder/spi-builder-workspace/.derivedData/SDKExplicitPrecompiledModules/SwiftUICore-TURER010MQ2QH6SN4BGDJJKP.pcm
CreateUniversalBinary /Users/admin/builder/spi-builder-workspace/.derivedData/Build/Products/Debug-watchos/InternalCollectionsUtilities.o normal arm64\ arm64_32 (in target 'InternalCollectionsUtilities' from project 'swift-collections')
    cd /Users/admin/builder/spi-builder-workspace/.dependencies/checkouts/swift-collections
    /Applications/Xcode-27.0.0-Release.Candidate.app/Contents/Developer/Toolchains/XcodeDefault.xctoolchain/usr/bin/lipo -create /Users/admin/builder/spi-builder-workspace/.derivedData/Build/Intermediates.noindex/swift-collections.build/Debug-watchos/InternalCollectionsUtilities-t.build/Objects-normal/arm64/Binary/InternalCollectionsUtilities.o /Users/admin/builder/spi-builder-workspace/.derivedData/Build/Intermediates.noindex/swift-collections.build/Debug-watchos/InternalCollectionsUtilities-t.build/Objects-normal/arm64_32/Binary/InternalCollectionsUtilities.o -output /Users/admin/builder/spi-builder-workspace/.derivedData/Build/Products/Debug-watchos/InternalCollectionsUtilities.o
SwiftCompile normal arm64_32 Compiling\ Aliases.swift,\ AppVersion.swift /Users/admin/builder/spi-builder-workspace/.dependencies/checkouts/CleevioCore/Sources/CleevioCore/Aliases.swift /Users/admin/builder/spi-builder-workspace/.dependencies/checkouts/CleevioCore/Sources/CleevioCore/AppVersion.swift (in target 'CleevioCore' from project 'CleevioCore')
SwiftCompile normal arm64_32 /Users/admin/builder/spi-builder-workspace/.dependencies/checkouts/CleevioCore/Sources/CleevioCore/Aliases.swift (in target 'CleevioCore' from project 'CleevioCore')
    cd /Users/admin/builder/spi-builder-workspace/.swiftpm/xcode
    builtin-SwiftPerFileCompile Aliases.swift
SwiftCompile normal arm64_32 /Users/admin/builder/spi-builder-workspace/.dependencies/checkouts/CleevioCore/Sources/CleevioCore/AppVersion.swift (in target 'CleevioCore' from project 'CleevioCore')
    cd /Users/admin/builder/spi-builder-workspace/.swiftpm/xcode
    builtin-SwiftPerFileCompile AppVersion.swift
SwiftCompile normal arm64_32 Compiling\ ErrorLogging.swift /Users/admin/builder/spi-builder-workspace/.dependencies/checkouts/CleevioCore/Sources/CleevioCore/ErrorLogging.swift (in target 'CleevioCore' from project 'CleevioCore')
SwiftCompile normal arm64_32 /Users/admin/builder/spi-builder-workspace/.dependencies/checkouts/CleevioCore/Sources/CleevioCore/ErrorLogging.swift (in target 'CleevioCore' from project 'CleevioCore')
    cd /Users/admin/builder/spi-builder-workspace/.swiftpm/xcode
    builtin-SwiftPerFileCompile ErrorLogging.swift
SwiftExplicitDependencyGeneratePcm arm64 /Users/admin/builder/spi-builder-workspace/.derivedData/SDKExplicitPrecompiledModules/CoreMotion-70RNUQRT1QM2F8WR42WPP4KQV.pcm
SwiftCompile normal arm64 Compiling\ DismissHandler.swift,\ Bundle+.swift /Users/admin/builder/spi-builder-workspace/.dependencies/checkouts/CleevioCore/Sources/CleevioCore/BaseViewControllers/DismissHandler.swift /Users/admin/builder/spi-builder-workspace/.dependencies/checkouts/CleevioCore/Sources/CleevioCore/Bundle+.swift (in target 'CleevioCore' from project 'CleevioCore')
SwiftCompile normal arm64 /Users/admin/builder/spi-builder-workspace/.dependencies/checkouts/CleevioCore/Sources/CleevioCore/BaseViewControllers/DismissHandler.swift (in target 'CleevioCore' from project 'CleevioCore')
    cd /Users/admin/builder/spi-builder-workspace/.swiftpm/xcode
    builtin-SwiftPerFileCompile DismissHandler.swift
SwiftCompile normal arm64 /Users/admin/builder/spi-builder-workspace/.dependencies/checkouts/CleevioCore/Sources/CleevioCore/Bundle+.swift (in target 'CleevioCore' from project 'CleevioCore')
    cd /Users/admin/builder/spi-builder-workspace/.swiftpm/xcode
    builtin-SwiftPerFileCompile Bundle+.swift
SwiftCompile normal arm64 Compiling\ ErrorLogging.swift /Users/admin/builder/spi-builder-workspace/.dependencies/checkouts/CleevioCore/Sources/CleevioCore/ErrorLogging.swift (in target 'CleevioCore' from project 'CleevioCore')
SwiftCompile normal arm64 /Users/admin/builder/spi-builder-workspace/.dependencies/checkouts/CleevioCore/Sources/CleevioCore/ErrorLogging.swift (in target 'CleevioCore' from project 'CleevioCore')
    cd /Users/admin/builder/spi-builder-workspace/.swiftpm/xcode
    builtin-SwiftPerFileCompile ErrorLogging.swift
SwiftCompile normal arm64 Compiling\ BaseUIHostingController.swift,\ BaseUIViewController.swift /Users/admin/builder/spi-builder-workspace/.dependencies/checkouts/CleevioCore/Sources/CleevioCore/BaseViewControllers/BaseUIHostingController.swift /Users/admin/builder/spi-builder-workspace/.dependencies/checkouts/CleevioCore/Sources/CleevioCore/BaseViewControllers/BaseUIViewController.swift (in target 'CleevioCore' from project 'CleevioCore')
SwiftCompile normal arm64 /Users/admin/builder/spi-builder-workspace/.dependencies/checkouts/CleevioCore/Sources/CleevioCore/BaseViewControllers/BaseUIHostingController.swift (in target 'CleevioCore' from project 'CleevioCore')
    cd /Users/admin/builder/spi-builder-workspace/.swiftpm/xcode
    builtin-SwiftPerFileCompile BaseUIHostingController.swift
SwiftCompile normal arm64 /Users/admin/builder/spi-builder-workspace/.dependencies/checkouts/CleevioCore/Sources/CleevioCore/BaseViewControllers/BaseUIViewController.swift (in target 'CleevioCore' from project 'CleevioCore')
    cd /Users/admin/builder/spi-builder-workspace/.swiftpm/xcode
    builtin-SwiftPerFileCompile BaseUIViewController.swift
SwiftCompile normal arm64_32 Compiling\ WeakBox.swift /Users/admin/builder/spi-builder-workspace/.dependencies/checkouts/CleevioCore/Sources/CleevioCore/WeakBox.swift (in target 'CleevioCore' from project 'CleevioCore')
SwiftCompile normal arm64_32 /Users/admin/builder/spi-builder-workspace/.dependencies/checkouts/CleevioCore/Sources/CleevioCore/WeakBox.swift (in target 'CleevioCore' from project 'CleevioCore')
    cd /Users/admin/builder/spi-builder-workspace/.swiftpm/xcode
    builtin-SwiftPerFileCompile WeakBox.swift
SwiftExplicitDependencyGeneratePcm arm64_32 /Users/admin/builder/spi-builder-workspace/.derivedData/SDKExplicitPrecompiledModules/CoreMotion-E9C6K7MOTJF3RC93DULCZ130U.pcm
SwiftCompile normal arm64_32 Compiling\ Activity.swift,\ ActivityIndicator.swift /Users/admin/builder/spi-builder-workspace/.dependencies/checkouts/CleevioCore/Sources/CleevioCore/Activity.swift /Users/admin/builder/spi-builder-workspace/.dependencies/checkouts/CleevioCore/Sources/CleevioCore/ActivityIndicator.swift (in target 'CleevioCore' from project 'CleevioCore')
SwiftCompile normal arm64_32 /Users/admin/builder/spi-builder-workspace/.dependencies/checkouts/CleevioCore/Sources/CleevioCore/Activity.swift (in target 'CleevioCore' from project 'CleevioCore')
    cd /Users/admin/builder/spi-builder-workspace/.swiftpm/xcode
    builtin-SwiftPerFileCompile Activity.swift
SwiftCompile normal arm64_32 /Users/admin/builder/spi-builder-workspace/.dependencies/checkouts/CleevioCore/Sources/CleevioCore/ActivityIndicator.swift (in target 'CleevioCore' from project 'CleevioCore')
    cd /Users/admin/builder/spi-builder-workspace/.swiftpm/xcode
    builtin-SwiftPerFileCompile ActivityIndicator.swift
SwiftCompile normal arm64_32 Compiling\ HashableType.swift /Users/admin/builder/spi-builder-workspace/.dependencies/checkouts/CleevioCore/Sources/CleevioCore/Helpers/HashableType.swift (in target 'CleevioCore' from project 'CleevioCore')
SwiftCompile normal arm64_32 /Users/admin/builder/spi-builder-workspace/.dependencies/checkouts/CleevioCore/Sources/CleevioCore/Helpers/HashableType.swift (in target 'CleevioCore' from project 'CleevioCore')
    cd /Users/admin/builder/spi-builder-workspace/.swiftpm/xcode
    builtin-SwiftPerFileCompile HashableType.swift
SwiftExplicitDependencyGeneratePcm arm64 /Users/admin/builder/spi-builder-workspace/.derivedData/SDKExplicitPrecompiledModules/UIKit-2XWL6VFNA7WRWSTXI42YLU909.pcm
SwiftDriverJobDiscovery normal arm64 Compiling BaseUIHostingController.swift, BaseUIViewController.swift (in target 'CleevioCore' from project 'CleevioCore')
SwiftCompile normal arm64 Compiling\ HashableType.swift /Users/admin/builder/spi-builder-workspace/.dependencies/checkouts/CleevioCore/Sources/CleevioCore/Helpers/HashableType.swift (in target 'CleevioCore' from project 'CleevioCore')
SwiftCompile normal arm64 /Users/admin/builder/spi-builder-workspace/.dependencies/checkouts/CleevioCore/Sources/CleevioCore/Helpers/HashableType.swift (in target 'CleevioCore' from project 'CleevioCore')
    cd /Users/admin/builder/spi-builder-workspace/.swiftpm/xcode
    builtin-SwiftPerFileCompile HashableType.swift
SwiftExplicitDependencyGeneratePcm arm64_32 /Users/admin/builder/spi-builder-workspace/.derivedData/SDKExplicitPrecompiledModules/UIKit-BGAQE5HOOTG6M9C46O1HHPCDR.pcm
SwiftExplicitDependencyGeneratePcm arm64 /Users/admin/builder/spi-builder-workspace/.derivedData/SDKExplicitPrecompiledModules/HomeKit-2JD3RMVTK0MFX7K570KHTLBBH.pcm
SwiftDriverJobDiscovery normal arm64_32 Compiling Activity.swift, ActivityIndicator.swift (in target 'CleevioCore' from project 'CleevioCore')
SwiftExplicitDependencyGeneratePcm arm64 /Users/admin/builder/spi-builder-workspace/.derivedData/SDKExplicitPrecompiledModules/MapKit-5U4CPBNVICOGB0BBK9BC7P4E9.pcm
SwiftDriverJobDiscovery normal arm64_32 Compiling ErrorLogging.swift (in target 'CleevioCore' from project 'CleevioCore')
SwiftCompile normal arm64 Compiling\ AssociatedObjectHelper.swift /Users/admin/builder/spi-builder-workspace/.dependencies/checkouts/CleevioCore/Sources/CleevioCore/Helpers/AssociatedObjectHelper.swift (in target 'CleevioCore' from project 'CleevioCore')
SwiftCompile normal arm64 /Users/admin/builder/spi-builder-workspace/.dependencies/checkouts/CleevioCore/Sources/CleevioCore/Helpers/AssociatedObjectHelper.swift (in target 'CleevioCore' from project 'CleevioCore')
    cd /Users/admin/builder/spi-builder-workspace/.swiftpm/xcode
    builtin-SwiftPerFileCompile AssociatedObjectHelper.swift
SwiftCompile normal arm64_32 Compiling\ ViewModelType.swift /Users/admin/builder/spi-builder-workspace/.dependencies/checkouts/CleevioCore/Sources/CleevioCore/ViewModelType.swift (in target 'CleevioCore' from project 'CleevioCore')
SwiftCompile normal arm64_32 /Users/admin/builder/spi-builder-workspace/.dependencies/checkouts/CleevioCore/Sources/CleevioCore/ViewModelType.swift (in target 'CleevioCore' from project 'CleevioCore')
    cd /Users/admin/builder/spi-builder-workspace/.swiftpm/xcode
    builtin-SwiftPerFileCompile ViewModelType.swift
SwiftCompile normal arm64_32 Compiling\ AssociatedObjectHelper.swift /Users/admin/builder/spi-builder-workspace/.dependencies/checkouts/CleevioCore/Sources/CleevioCore/Helpers/AssociatedObjectHelper.swift (in target 'CleevioCore' from project 'CleevioCore')
SwiftCompile normal arm64_32 /Users/admin/builder/spi-builder-workspace/.dependencies/checkouts/CleevioCore/Sources/CleevioCore/Helpers/AssociatedObjectHelper.swift (in target 'CleevioCore' from project 'CleevioCore')
    cd /Users/admin/builder/spi-builder-workspace/.swiftpm/xcode
    builtin-SwiftPerFileCompile AssociatedObjectHelper.swift
SwiftDriverJobDiscovery normal arm64_32 Compiling DismissHandler.swift, Bundle+.swift (in target 'CleevioCore' from project 'CleevioCore')
SwiftDriverJobDiscovery normal arm64 Compiling ErrorLogging.swift (in target 'CleevioCore' from project 'CleevioCore')
SwiftDriverJobDiscovery normal arm64 Compiling DismissHandler.swift, Bundle+.swift (in target 'CleevioCore' from project 'CleevioCore')
SwiftCompile normal arm64 Compiling\ Aliases.swift,\ AppVersion.swift /Users/admin/builder/spi-builder-workspace/.dependencies/checkouts/CleevioCore/Sources/CleevioCore/Aliases.swift /Users/admin/builder/spi-builder-workspace/.dependencies/checkouts/CleevioCore/Sources/CleevioCore/AppVersion.swift (in target 'CleevioCore' from project 'CleevioCore')
SwiftCompile normal arm64 /Users/admin/builder/spi-builder-workspace/.dependencies/checkouts/CleevioCore/Sources/CleevioCore/Aliases.swift (in target 'CleevioCore' from project 'CleevioCore')
    cd /Users/admin/builder/spi-builder-workspace/.swiftpm/xcode
    builtin-SwiftPerFileCompile Aliases.swift
SwiftCompile normal arm64 /Users/admin/builder/spi-builder-workspace/.dependencies/checkouts/CleevioCore/Sources/CleevioCore/AppVersion.swift (in target 'CleevioCore' from project 'CleevioCore')
    cd /Users/admin/builder/spi-builder-workspace/.swiftpm/xcode
    builtin-SwiftPerFileCompile AppVersion.swift
SwiftDriverJobDiscovery normal arm64 Compiling HashableType.swift (in target 'CleevioCore' from project 'CleevioCore')
SwiftCompile normal arm64_32 Compiling\ BaseUIHostingController.swift,\ BaseUIViewController.swift /Users/admin/builder/spi-builder-workspace/.dependencies/checkouts/CleevioCore/Sources/CleevioCore/BaseViewControllers/BaseUIHostingController.swift /Users/admin/builder/spi-builder-workspace/.dependencies/checkouts/CleevioCore/Sources/CleevioCore/BaseViewControllers/BaseUIViewController.swift (in target 'CleevioCore' from project 'CleevioCore')
SwiftCompile normal arm64_32 /Users/admin/builder/spi-builder-workspace/.dependencies/checkouts/CleevioCore/Sources/CleevioCore/BaseViewControllers/BaseUIHostingController.swift (in target 'CleevioCore' from project 'CleevioCore')
    cd /Users/admin/builder/spi-builder-workspace/.swiftpm/xcode
    builtin-SwiftPerFileCompile BaseUIHostingController.swift
SwiftCompile normal arm64_32 /Users/admin/builder/spi-builder-workspace/.dependencies/checkouts/CleevioCore/Sources/CleevioCore/BaseViewControllers/BaseUIViewController.swift (in target 'CleevioCore' from project 'CleevioCore')
    cd /Users/admin/builder/spi-builder-workspace/.swiftpm/xcode
    builtin-SwiftPerFileCompile BaseUIViewController.swift
SwiftDriverJobDiscovery normal arm64_32 Compiling HashableType.swift (in target 'CleevioCore' from project 'CleevioCore')
SwiftCompile normal arm64 Compiling\ CancelBag.swift,\ ErrorIndicator.swift /Users/admin/builder/spi-builder-workspace/.dependencies/checkouts/CleevioCore/Sources/CleevioCore/CancelBag.swift /Users/admin/builder/spi-builder-workspace/.dependencies/checkouts/CleevioCore/Sources/CleevioCore/ErrorIndicator.swift (in target 'CleevioCore' from project 'CleevioCore')
SwiftCompile normal arm64 /Users/admin/builder/spi-builder-workspace/.dependencies/checkouts/CleevioCore/Sources/CleevioCore/CancelBag.swift (in target 'CleevioCore' from project 'CleevioCore')
    cd /Users/admin/builder/spi-builder-workspace/.swiftpm/xcode
    builtin-SwiftPerFileCompile CancelBag.swift
SwiftCompile normal arm64 /Users/admin/builder/spi-builder-workspace/.dependencies/checkouts/CleevioCore/Sources/CleevioCore/ErrorIndicator.swift (in target 'CleevioCore' from project 'CleevioCore')
    cd /Users/admin/builder/spi-builder-workspace/.swiftpm/xcode
    builtin-SwiftPerFileCompile ErrorIndicator.swift
SwiftDriverJobDiscovery normal arm64_32 Compiling Aliases.swift, AppVersion.swift (in target 'CleevioCore' from project 'CleevioCore')
SwiftCompile normal arm64 Compiling\ Activity.swift,\ ActivityIndicator.swift /Users/admin/builder/spi-builder-workspace/.dependencies/checkouts/CleevioCore/Sources/CleevioCore/Activity.swift /Users/admin/builder/spi-builder-workspace/.dependencies/checkouts/CleevioCore/Sources/CleevioCore/ActivityIndicator.swift (in target 'CleevioCore' from project 'CleevioCore')
SwiftCompile normal arm64 /Users/admin/builder/spi-builder-workspace/.dependencies/checkouts/CleevioCore/Sources/CleevioCore/Activity.swift (in target 'CleevioCore' from project 'CleevioCore')
    cd /Users/admin/builder/spi-builder-workspace/.swiftpm/xcode
    builtin-SwiftPerFileCompile Activity.swift
SwiftCompile normal arm64 /Users/admin/builder/spi-builder-workspace/.dependencies/checkouts/CleevioCore/Sources/CleevioCore/ActivityIndicator.swift (in target 'CleevioCore' from project 'CleevioCore')
    cd /Users/admin/builder/spi-builder-workspace/.swiftpm/xcode
    builtin-SwiftPerFileCompile ActivityIndicator.swift
SwiftDriverJobDiscovery normal arm64_32 Compiling WeakBox.swift (in target 'CleevioCore' from project 'CleevioCore')
SwiftCompile normal arm64 Compiling\ ViewModelType.swift /Users/admin/builder/spi-builder-workspace/.dependencies/checkouts/CleevioCore/Sources/CleevioCore/ViewModelType.swift (in target 'CleevioCore' from project 'CleevioCore')
SwiftCompile normal arm64 /Users/admin/builder/spi-builder-workspace/.dependencies/checkouts/CleevioCore/Sources/CleevioCore/ViewModelType.swift (in target 'CleevioCore' from project 'CleevioCore')
    cd /Users/admin/builder/spi-builder-workspace/.swiftpm/xcode
    builtin-SwiftPerFileCompile ViewModelType.swift
SwiftDriverJobDiscovery normal arm64_32 Compiling BaseUIHostingController.swift, BaseUIViewController.swift (in target 'CleevioCore' from project 'CleevioCore')
SwiftCompile normal arm64_32 Compiling\ CancelBag.swift,\ ErrorIndicator.swift /Users/admin/builder/spi-builder-workspace/.dependencies/checkouts/CleevioCore/Sources/CleevioCore/CancelBag.swift /Users/admin/builder/spi-builder-workspace/.dependencies/checkouts/CleevioCore/Sources/CleevioCore/ErrorIndicator.swift (in target 'CleevioCore' from project 'CleevioCore')
SwiftCompile normal arm64_32 /Users/admin/builder/spi-builder-workspace/.dependencies/checkouts/CleevioCore/Sources/CleevioCore/CancelBag.swift (in target 'CleevioCore' from project 'CleevioCore')
    cd /Users/admin/builder/spi-builder-workspace/.swiftpm/xcode
    builtin-SwiftPerFileCompile CancelBag.swift
SwiftCompile normal arm64_32 /Users/admin/builder/spi-builder-workspace/.dependencies/checkouts/CleevioCore/Sources/CleevioCore/ErrorIndicator.swift (in target 'CleevioCore' from project 'CleevioCore')
    cd /Users/admin/builder/spi-builder-workspace/.swiftpm/xcode
    builtin-SwiftPerFileCompile ErrorIndicator.swift
SwiftDriverJobDiscovery normal arm64_32 Compiling ViewModelType.swift (in target 'CleevioCore' from project 'CleevioCore')
SwiftCompile normal arm64 Compiling\ WeakBox.swift /Users/admin/builder/spi-builder-workspace/.dependencies/checkouts/CleevioCore/Sources/CleevioCore/WeakBox.swift (in target 'CleevioCore' from project 'CleevioCore')
SwiftCompile normal arm64 /Users/admin/builder/spi-builder-workspace/.dependencies/checkouts/CleevioCore/Sources/CleevioCore/WeakBox.swift (in target 'CleevioCore' from project 'CleevioCore')
    cd /Users/admin/builder/spi-builder-workspace/.swiftpm/xcode
    builtin-SwiftPerFileCompile WeakBox.swift
SwiftDriverJobDiscovery normal arm64 Compiling AssociatedObjectHelper.swift (in target 'CleevioCore' from project 'CleevioCore')
SwiftDriverJobDiscovery normal arm64_32 Compiling AssociatedObjectHelper.swift (in target 'CleevioCore' from project 'CleevioCore')
ExtractAppIntentsMetadata (in target 'InternalCollectionsUtilities' from project 'swift-collections')
    cd /Users/admin/builder/spi-builder-workspace/.dependencies/checkouts/swift-collections
    /Applications/Xcode-27.0.0-Release.Candidate.app/Contents/Developer/Toolchains/XcodeDefault.xctoolchain/usr/bin/appintentsmetadataprocessor --toolchain-dir /var/run/com.apple.security.cryptexd/mnt/com.apple.MobileAsset.MetalToolchain-v27.1.266.1.wmBcAw/Metal.xctoolchain --module-name InternalCollectionsUtilities --sdk-root /Applications/Xcode-27.0.0-Release.Candidate.app/Contents/Developer/Platforms/WatchOS.platform/Developer/SDKs/WatchOS27.0.sdk --xcode-version 27A266a --platform-family watchOS --deployment-target 9.0 --bundle-identifier swift-collections.InternalCollectionsUtilities --output /Users/admin/builder/spi-builder-workspace/.derivedData/Build/Products/Debug-watchos/InternalCollectionsUtilities.appintents --target-triple arm64-apple-watchos9.0 --target-triple arm64_32-apple-watchos9.0 --binary-file /Users/admin/builder/spi-builder-workspace/.derivedData/Build/Products/Debug-watchos/InternalCollectionsUtilities.o --dependency-file /Users/admin/builder/spi-builder-workspace/.derivedData/Build/Intermediates.noindex/swift-collections.build/Debug-watchos/InternalCollectionsUtilities-t.build/Objects-normal/arm64/InternalCollectionsUtilities_dependency_info.dat --dependency-file /Users/admin/builder/spi-builder-workspace/.derivedData/Build/Intermediates.noindex/swift-collections.build/Debug-watchos/InternalCollectionsUtilities-t.build/Objects-normal/arm64_32/InternalCollectionsUtilities_dependency_info.dat --stringsdata-file /Users/admin/builder/spi-builder-workspace/.derivedData/Build/Intermediates.noindex/swift-collections.build/Debug-watchos/InternalCollectionsUtilities-t.build/Objects-normal/arm64/ExtractedAppShortcutsMetadata.stringsdata --stringsdata-file /Users/admin/builder/spi-builder-workspace/.derivedData/Build/Intermediates.noindex/swift-collections.build/Debug-watchos/InternalCollectionsUtilities-t.build/Objects-normal/arm64_32/ExtractedAppShortcutsMetadata.stringsdata --source-file-list /Users/admin/builder/spi-builder-workspace/.derivedData/Build/Intermediates.noindex/swift-collections.build/Debug-watchos/InternalCollectionsUtilities-t.build/Objects-normal/arm64/InternalCollectionsUtilities.SwiftFileList --source-file-list /Users/admin/builder/spi-builder-workspace/.derivedData/Build/Intermediates.noindex/swift-collections.build/Debug-watchos/InternalCollectionsUtilities-t.build/Objects-normal/arm64_32/InternalCollectionsUtilities.SwiftFileList --metadata-file-list /Users/admin/builder/spi-builder-workspace/.derivedData/Build/Intermediates.noindex/swift-collections.build/Debug-watchos/InternalCollectionsUtilities-t.build/InternalCollectionsUtilities.DependencyMetadataFileList --static-metadata-file-list /Users/admin/builder/spi-builder-workspace/.derivedData/Build/Intermediates.noindex/swift-collections.build/Debug-watchos/InternalCollectionsUtilities-t.build/InternalCollectionsUtilities.DependencyStaticMetadataFileList --swift-const-vals-list /Users/admin/builder/spi-builder-workspace/.derivedData/Build/Intermediates.noindex/swift-collections.build/Debug-watchos/InternalCollectionsUtilities-t.build/Objects-normal/arm64/InternalCollectionsUtilities.SwiftConstValuesFileList --swift-const-vals-list /Users/admin/builder/spi-builder-workspace/.derivedData/Build/Intermediates.noindex/swift-collections.build/Debug-watchos/InternalCollectionsUtilities-t.build/Objects-normal/arm64_32/InternalCollectionsUtilities.SwiftConstValuesFileList --force --compile-time-extraction --deployment-aware-processing --no-app-shortcuts-localization
2026-09-24 06:30:05.637 appintentsmetadataprocessor[1072:6035] Starting appintentsmetadataprocessor export
2026-09-24 06:30:05.775 appintentsmetadataprocessor[1072:6035] Extracted no relevant App Intents symbols, skipping writing output
SwiftDriver FlowPilot normal arm64 com.apple.xcode.tools.swift.compiler (in target 'FlowPilot' from project 'FlowPilot')
    cd /Users/admin/builder/spi-builder-workspace/.swiftpm/xcode
    builtin-SwiftDriver -- /Applications/Xcode-27.0.0-Release.Candidate.app/Contents/Developer/Toolchains/XcodeDefault.xctoolchain/usr/bin/swiftc -parse-as-library -module-name FlowPilot -Onone @/Users/admin/builder/spi-builder-workspace/.derivedData/Build/Intermediates.noindex/FlowPilot.build/Debug-watchos/FlowPilot-t.build/Objects-normal/arm64/FlowPilot.SwiftFileList -DSWIFT_PACKAGE -DDEBUG -DSWIFT_MODULE_RESOURCE_BUNDLE_UNAVAILABLE -DXcode -plugin-path /Applications/Xcode-27.0.0-Release.Candidate.app/Contents/Developer/Toolchains/XcodeDefault.xctoolchain/usr/lib/swift/host/plugins/testing -enable-experimental-feature DebugDescriptionMacro -sdk /Applications/Xcode-27.0.0-Release.Candidate.app/Contents/Developer/Platforms/WatchOS.platform/Developer/SDKs/WatchOS27.0.sdk -target arm64-apple-watchos9.0 -g -module-cache-path /Users/admin/builder/spi-builder-workspace/.derivedData/ModuleCache.noindex -Xfrontend -serialize-debugging-options -profile-coverage-mapping -profile-generate -enable-testing -suppress-warnings -index-store-path /Users/admin/builder/spi-builder-workspace/.derivedData/Index.noindex/DataStore -Xcc -D_LIBCPP_HARDENING_MODE\=_LIBCPP_HARDENING_MODE_DEBUG -swift-version 6 -I /Users/admin/builder/spi-builder-workspace/.derivedData/Build/Products/Debug-watchos -Isystem /Applications/Xcode-27.0.0-Release.Candidate.app/Contents/Developer/Platforms/WatchOS.platform/Developer/usr/lib -F /Users/admin/builder/spi-builder-workspace/.derivedData/Build/Products/Debug-watchos/PackageFrameworks -F /Users/admin/builder/spi-builder-workspace/.derivedData/Build/Products/Debug-watchos -F /Applications/Xcode-27.0.0-Release.Candidate.app/Contents/Developer/Platforms/WatchOS.platform/Developer/Library/Frameworks -F /Applications/Xcode-27.0.0-Release.Candidate.app/Contents/Developer/Platforms/WatchOS.platform/Developer/SDKs/WatchOS27.0.sdk/Developer/Library/Frameworks -c -j10 -enable-batch-mode -incremental -Xcc -ivfsstatcache -Xcc /Users/admin/builder/spi-builder-workspace/.derivedData/SDKStatCaches.noindex/watchos27.0-24R360-e829b21a6f8c9b70876ba0858053c04477534ef55a1706bf4c1112bbb242f0a2.sdkstatcache -output-file-map /Users/admin/builder/spi-builder-workspace/.derivedData/Build/Intermediates.noindex/FlowPilot.build/Debug-watchos/FlowPilot-t.build/Objects-normal/arm64/FlowPilot-OutputFileMap.json -save-temps -no-color-diagnostics -explicit-module-build -module-cache-path /Users/admin/builder/spi-builder-workspace/.derivedData/Build/Intermediates.noindex/SwiftExplicitPrecompiledModules -clang-scanner-module-cache-path /Users/admin/builder/spi-builder-workspace/.derivedData/ModuleCache.noindex -sdk-module-cache-path /Users/admin/builder/spi-builder-workspace/.derivedData/SDKExplicitPrecompiledModules -emit-dependencies -emit-module -emit-module-path /Users/admin/builder/spi-builder-workspace/.derivedData/Build/Intermediates.noindex/FlowPilot.build/Debug-watchos/FlowPilot-t.build/Objects-normal/arm64/FlowPilot.swiftmodule -serialize-diagnostics -dependency-scan-serialize-diagnostics-path /Users/admin/builder/spi-builder-workspace/.derivedData/Build/Intermediates.noindex/FlowPilot.build/Debug-watchos/FlowPilot-t.build/Objects-normal/arm64/FlowPilot-dependency-scan.dia -user-module-version 3.2.2 -validate-clang-modules-once -clang-build-session-file /Users/admin/builder/spi-builder-workspace/.derivedData/ModuleCache.noindex/Session.modulevalidation -Xcc -fmodules-prune-interval\=86400 -Xcc -fmodules-prune-after\=345600 -package-name flowpilot -emit-const-values -const-gather-protocols-list /Users/admin/builder/spi-builder-workspace/.derivedData/Build/Intermediates.noindex/FlowPilot.build/Debug-watchos/FlowPilot-t.build/Objects-normal/arm64/FlowPilot_const_extract_protocols.json -Xcc -I/Users/admin/builder/spi-builder-workspace/.derivedData/Build/Products/Debug-watchos/include -Xcc -I/Users/admin/builder/spi-builder-workspace/.derivedData/Build/Intermediates.noindex/FlowPilot.build/Debug-watchos/FlowPilot-t.build/DerivedSources-normal/arm64 -Xcc -I/Users/admin/builder/spi-builder-workspace/.derivedData/Build/Intermediates.noindex/FlowPilot.build/Debug-watchos/FlowPilot-t.build/DerivedSources/arm64 -Xcc -I/Users/admin/builder/spi-builder-workspace/.derivedData/Build/Intermediates.noindex/FlowPilot.build/Debug-watchos/FlowPilot-t.build/DerivedSources -Xcc -DSWIFT_PACKAGE -Xcc -DDEBUG\=1 -emit-objc-header -emit-objc-header-path /Users/admin/builder/spi-builder-workspace/.derivedData/Build/Intermediates.noindex/FlowPilot.build/Debug-watchos/FlowPilot-t.build/Objects-normal/arm64/FlowPilot-Swift.h -working-directory /Users/admin/builder/spi-builder-workspace/.swiftpm/xcode -experimental-emit-module-separately -disable-cmo
SwiftDriver FlowPilot normal arm64_32 com.apple.xcode.tools.swift.compiler (in target 'FlowPilot' from project 'FlowPilot')
    cd /Users/admin/builder/spi-builder-workspace/.swiftpm/xcode
    builtin-SwiftDriver -- /Applications/Xcode-27.0.0-Release.Candidate.app/Contents/Developer/Toolchains/XcodeDefault.xctoolchain/usr/bin/swiftc -parse-as-library -module-name FlowPilot -Onone @/Users/admin/builder/spi-builder-workspace/.derivedData/Build/Intermediates.noindex/FlowPilot.build/Debug-watchos/FlowPilot-t.build/Objects-normal/arm64_32/FlowPilot.SwiftFileList -DSWIFT_PACKAGE -DDEBUG -DSWIFT_MODULE_RESOURCE_BUNDLE_UNAVAILABLE -DXcode -plugin-path /Applications/Xcode-27.0.0-Release.Candidate.app/Contents/Developer/Toolchains/XcodeDefault.xctoolchain/usr/lib/swift/host/plugins/testing -enable-experimental-feature DebugDescriptionMacro -sdk /Applications/Xcode-27.0.0-Release.Candidate.app/Contents/Developer/Platforms/WatchOS.platform/Developer/SDKs/WatchOS27.0.sdk -target arm64_32-apple-watchos9.0 -g -module-cache-path /Users/admin/builder/spi-builder-workspace/.derivedData/ModuleCache.noindex -Xfrontend -serialize-debugging-options -profile-coverage-mapping -profile-generate -enable-testing -suppress-warnings -index-store-path /Users/admin/builder/spi-builder-workspace/.derivedData/Index.noindex/DataStore -Xcc -D_LIBCPP_HARDENING_MODE\=_LIBCPP_HARDENING_MODE_DEBUG -swift-version 6 -I /Users/admin/builder/spi-builder-workspace/.derivedData/Build/Products/Debug-watchos -Isystem /Applications/Xcode-27.0.0-Release.Candidate.app/Contents/Developer/Platforms/WatchOS.platform/Developer/usr/lib -F /Users/admin/builder/spi-builder-workspace/.derivedData/Build/Products/Debug-watchos/PackageFrameworks -F /Users/admin/builder/spi-builder-workspace/.derivedData/Build/Products/Debug-watchos -F /Applications/Xcode-27.0.0-Release.Candidate.app/Contents/Developer/Platforms/WatchOS.platform/Developer/Library/Frameworks -F /Applications/Xcode-27.0.0-Release.Candidate.app/Contents/Developer/Platforms/WatchOS.platform/Developer/SDKs/WatchOS27.0.sdk/Developer/Library/Frameworks -c -j10 -enable-batch-mode -incremental -Xcc -ivfsstatcache -Xcc /Users/admin/builder/spi-builder-workspace/.derivedData/SDKStatCaches.noindex/watchos27.0-24R360-e829b21a6f8c9b70876ba0858053c04477534ef55a1706bf4c1112bbb242f0a2.sdkstatcache -output-file-map /Users/admin/builder/spi-builder-workspace/.derivedData/Build/Intermediates.noindex/FlowPilot.build/Debug-watchos/FlowPilot-t.build/Objects-normal/arm64_32/FlowPilot-OutputFileMap.json -save-temps -no-color-diagnostics -explicit-module-build -module-cache-path /Users/admin/builder/spi-builder-workspace/.derivedData/Build/Intermediates.noindex/SwiftExplicitPrecompiledModules -clang-scanner-module-cache-path /Users/admin/builder/spi-builder-workspace/.derivedData/ModuleCache.noindex -sdk-module-cache-path /Users/admin/builder/spi-builder-workspace/.derivedData/SDKExplicitPrecompiledModules -emit-dependencies -emit-module -emit-module-path /Users/admin/builder/spi-builder-workspace/.derivedData/Build/Intermediates.noindex/FlowPilot.build/Debug-watchos/FlowPilot-t.build/Objects-normal/arm64_32/FlowPilot.swiftmodule -serialize-diagnostics -dependency-scan-serialize-diagnostics-path /Users/admin/builder/spi-builder-workspace/.derivedData/Build/Intermediates.noindex/FlowPilot.build/Debug-watchos/FlowPilot-t.build/Objects-normal/arm64_32/FlowPilot-dependency-scan.dia -user-module-version 3.2.2 -validate-clang-modules-once -clang-build-session-file /Users/admin/builder/spi-builder-workspace/.derivedData/ModuleCache.noindex/Session.modulevalidation -Xcc -fmodules-prune-interval\=86400 -Xcc -fmodules-prune-after\=345600 -package-name flowpilot -emit-const-values -const-gather-protocols-list /Users/admin/builder/spi-builder-workspace/.derivedData/Build/Intermediates.noindex/FlowPilot.build/Debug-watchos/FlowPilot-t.build/Objects-normal/arm64_32/FlowPilot_const_extract_protocols.json -Xcc -I/Users/admin/builder/spi-builder-workspace/.derivedData/Build/Products/Debug-watchos/include -Xcc -I/Users/admin/builder/spi-builder-workspace/.derivedData/Build/Intermediates.noindex/FlowPilot.build/Debug-watchos/FlowPilot-t.build/DerivedSources-normal/arm64_32 -Xcc -I/Users/admin/builder/spi-builder-workspace/.derivedData/Build/Intermediates.noindex/FlowPilot.build/Debug-watchos/FlowPilot-t.build/DerivedSources/arm64_32 -Xcc -I/Users/admin/builder/spi-builder-workspace/.derivedData/Build/Intermediates.noindex/FlowPilot.build/Debug-watchos/FlowPilot-t.build/DerivedSources -Xcc -DSWIFT_PACKAGE -Xcc -DDEBUG\=1 -emit-objc-header -emit-objc-header-path /Users/admin/builder/spi-builder-workspace/.derivedData/Build/Intermediates.noindex/FlowPilot.build/Debug-watchos/FlowPilot-t.build/Objects-normal/arm64_32/FlowPilot-Swift.h -working-directory /Users/admin/builder/spi-builder-workspace/.swiftpm/xcode -experimental-emit-module-separately -disable-cmo
SwiftExplicitDependencyGeneratePcm arm64 /Users/admin/builder/spi-builder-workspace/.derivedData/SDKExplicitPrecompiledModules/WatchKit-22L6Z003SE8XPQ9JS14K57C9N.pcm
SwiftDriverJobDiscovery normal arm64 Compiling CancelBag.swift, ErrorIndicator.swift (in target 'CleevioCore' from project 'CleevioCore')
SwiftDriverJobDiscovery normal arm64 Compiling Activity.swift, ActivityIndicator.swift (in target 'CleevioCore' from project 'CleevioCore')
SwiftDriverJobDiscovery normal arm64 Compiling ViewModelType.swift (in target 'CleevioCore' from project 'CleevioCore')
SwiftDriverJobDiscovery normal arm64 Compiling Aliases.swift, AppVersion.swift (in target 'CleevioCore' from project 'CleevioCore')
SwiftDriverJobDiscovery normal arm64 Compiling WeakBox.swift (in target 'CleevioCore' from project 'CleevioCore')
SwiftDriver\ Compilation CleevioCore normal arm64 com.apple.xcode.tools.swift.compiler (in target 'CleevioCore' from project 'CleevioCore')
    cd /Users/admin/builder/spi-builder-workspace/.swiftpm/xcode
    builtin-Swift-Compilation -- /Applications/Xcode-27.0.0-Release.Candidate.app/Contents/Developer/Toolchains/XcodeDefault.xctoolchain/usr/bin/swiftc -parse-as-library -module-name CleevioCore -Onone @/Users/admin/builder/spi-builder-workspace/.derivedData/Build/Intermediates.noindex/CleevioCore.build/Debug-watchos/CleevioCore-t.build/Objects-normal/arm64/CleevioCore.SwiftFileList -DSWIFT_PACKAGE -DDEBUG -DSWIFT_MODULE_RESOURCE_BUNDLE_UNAVAILABLE -DXcode -plugin-path /Applications/Xcode-27.0.0-Release.Candidate.app/Contents/Developer/Toolchains/XcodeDefault.xctoolchain/usr/lib/swift/host/plugins/testing -enable-experimental-feature DebugDescriptionMacro -sdk /Applications/Xcode-27.0.0-Release.Candidate.app/Contents/Developer/Platforms/WatchOS.platform/Developer/SDKs/WatchOS27.0.sdk -target arm64-apple-watchos9.0 -g -module-cache-path /Users/admin/builder/spi-builder-workspace/.derivedData/ModuleCache.noindex -Xfrontend -serialize-debugging-options -profile-coverage-mapping -profile-generate -enable-testing -suppress-warnings -index-store-path /Users/admin/builder/spi-builder-workspace/.derivedData/Index.noindex/DataStore -Xcc -D_LIBCPP_HARDENING_MODE\=_LIBCPP_HARDENING_MODE_DEBUG -swift-version 6 -I /Users/admin/builder/spi-builder-workspace/.derivedData/Build/Products/Debug-watchos -Isystem /Applications/Xcode-27.0.0-Release.Candidate.app/Contents/Developer/Platforms/WatchOS.platform/Developer/usr/lib -F /Users/admin/builder/spi-builder-workspace/.derivedData/Build/Products/Debug-watchos -F /Applications/Xcode-27.0.0-Release.Candidate.app/Contents/Developer/Platforms/WatchOS.platform/Developer/Library/Frameworks -F /Applications/Xcode-27.0.0-Release.Candidate.app/Contents/Developer/Platforms/WatchOS.platform/Developer/SDKs/WatchOS27.0.sdk/Developer/Library/Frameworks -c -j10 -enable-batch-mode -incremental -Xcc -ivfsstatcache -Xcc /Users/admin/builder/spi-builder-workspace/.derivedData/SDKStatCaches.noindex/watchos27.0-24R360-e829b21a6f8c9b70876ba0858053c04477534ef55a1706bf4c1112bbb242f0a2.sdkstatcache -output-file-map /Users/admin/builder/spi-builder-workspace/.derivedData/Build/Intermediates.noindex/CleevioCore.build/Debug-watchos/CleevioCore-t.build/Objects-normal/arm64/CleevioCore-OutputFileMap.json -save-temps -no-color-diagnostics -explicit-module-build -module-cache-path /Users/admin/builder/spi-builder-workspace/.derivedData/Build/Intermediates.noindex/SwiftExplicitPrecompiledModules -clang-scanner-module-cache-path /Users/admin/builder/spi-builder-workspace/.derivedData/ModuleCache.noindex -sdk-module-cache-path /Users/admin/builder/spi-builder-workspace/.derivedData/SDKExplicitPrecompiledModules -emit-dependencies -emit-module -emit-module-path /Users/admin/builder/spi-builder-workspace/.derivedData/Build/Intermediates.noindex/CleevioCore.build/Debug-watchos/CleevioCore-t.build/Objects-normal/arm64/CleevioCore.swiftmodule -serialize-diagnostics -dependency-scan-serialize-diagnostics-path /Users/admin/builder/spi-builder-workspace/.derivedData/Build/Intermediates.noindex/CleevioCore.build/Debug-watchos/CleevioCore-t.build/Objects-normal/arm64/CleevioCore-dependency-scan.dia -user-module-version 2.2.0 -validate-clang-modules-once -clang-build-session-file /Users/admin/builder/spi-builder-workspace/.derivedData/ModuleCache.noindex/Session.modulevalidation -Xcc -fmodules-prune-interval\=86400 -Xcc -fmodules-prune-after\=345600 -package-name cleeviocore -emit-const-values -const-gather-protocols-list /Users/admin/builder/spi-builder-workspace/.derivedData/Build/Intermediates.noindex/CleevioCore.build/Debug-watchos/CleevioCore-t.build/Objects-normal/arm64/CleevioCore_const_extract_protocols.json -Xcc -I/Users/admin/builder/spi-builder-workspace/.derivedData/Build/Products/Debug-watchos/include -Xcc -I/Users/admin/builder/spi-builder-workspace/.derivedData/Build/Intermediates.noindex/CleevioCore.build/Debug-watchos/CleevioCore-t.build/DerivedSources-normal/arm64 -Xcc -I/Users/admin/builder/spi-builder-workspace/.derivedData/Build/Intermediates.noindex/CleevioCore.build/Debug-watchos/CleevioCore-t.build/DerivedSources/arm64 -Xcc -I/Users/admin/builder/spi-builder-workspace/.derivedData/Build/Intermediates.noindex/CleevioCore.build/Debug-watchos/CleevioCore-t.build/DerivedSources -Xcc -DSWIFT_PACKAGE -Xcc -DDEBUG\=1 -emit-objc-header -emit-objc-header-path /Users/admin/builder/spi-builder-workspace/.derivedData/Build/Intermediates.noindex/CleevioCore.build/Debug-watchos/CleevioCore-t.build/Objects-normal/arm64/CleevioCore-Swift.h -working-directory /Users/admin/builder/spi-builder-workspace/.swiftpm/xcode -experimental-emit-module-separately -disable-cmo
Ld /Users/admin/builder/spi-builder-workspace/.derivedData/Build/Intermediates.noindex/CleevioCore.build/Debug-watchos/CleevioCore-t.build/Objects-normal/arm64/Binary/CleevioCore.o normal arm64 (in target 'CleevioCore' from project 'CleevioCore')
    cd /Users/admin/builder/spi-builder-workspace/.dependencies/checkouts/CleevioCore
    /Applications/Xcode-27.0.0-Release.Candidate.app/Contents/Developer/Toolchains/XcodeDefault.xctoolchain/usr/bin/clang -Xlinker -reproducible -target arm64-apple-watchos9.0 -r -isysroot /Applications/Xcode-27.0.0-Release.Candidate.app/Contents/Developer/Platforms/WatchOS.platform/Developer/SDKs/WatchOS27.0.sdk -O0 -w -Xlinker -no_warn_duplicate_libraries -F/Users/admin/builder/spi-builder-workspace/.derivedData/Build/Intermediates.noindex/EagerLinkingTBDs/Debug-watchos -F/Users/admin/builder/spi-builder-workspace/.derivedData/Build/Products/Debug-watchos -iframework /Applications/Xcode-27.0.0-Release.Candidate.app/Contents/Developer/Platforms/WatchOS.platform/Developer/Library/Frameworks -iframework /Applications/Xcode-27.0.0-Release.Candidate.app/Contents/Developer/Platforms/WatchOS.platform/Developer/SDKs/WatchOS27.0.sdk/Developer/Library/Frameworks -filelist /Users/admin/builder/spi-builder-workspace/.derivedData/Build/Intermediates.noindex/CleevioCore.build/Debug-watchos/CleevioCore-t.build/Objects-normal/arm64/CleevioCore.LinkFileList -nostdlib -Xlinker -object_path_lto -Xlinker /Users/admin/builder/spi-builder-workspace/.derivedData/Build/Intermediates.noindex/CleevioCore.build/Debug-watchos/CleevioCore-t.build/Objects-normal/arm64/CleevioCore_lto.o -Xlinker -no_deduplicate -Xlinker -debug_variant -Xlinker -dependency_info -Xlinker /Users/admin/builder/spi-builder-workspace/.derivedData/Build/Intermediates.noindex/CleevioCore.build/Debug-watchos/CleevioCore-t.build/Objects-normal/arm64/CleevioCore_dependency_info.dat -fobjc-link-runtime -L/Applications/Xcode-27.0.0-Release.Candidate.app/Contents/Developer/Toolchains/XcodeDefault.xctoolchain/usr/lib/swift/watchos -L/usr/lib/swift -Xlinker -add_ast_path -Xlinker /Users/admin/builder/spi-builder-workspace/.derivedData/Build/Intermediates.noindex/CleevioCore.build/Debug-watchos/CleevioCore-t.build/Objects-normal/arm64/CleevioCore.swiftmodule -o /Users/admin/builder/spi-builder-workspace/.derivedData/Build/Intermediates.noindex/CleevioCore.build/Debug-watchos/CleevioCore-t.build/Objects-normal/arm64/Binary/CleevioCore.o
SwiftDriverJobDiscovery normal arm64_32 Compiling CancelBag.swift, ErrorIndicator.swift (in target 'CleevioCore' from project 'CleevioCore')
SwiftDriver\ Compilation CleevioCore normal arm64_32 com.apple.xcode.tools.swift.compiler (in target 'CleevioCore' from project 'CleevioCore')
    cd /Users/admin/builder/spi-builder-workspace/.swiftpm/xcode
    builtin-Swift-Compilation -- /Applications/Xcode-27.0.0-Release.Candidate.app/Contents/Developer/Toolchains/XcodeDefault.xctoolchain/usr/bin/swiftc -parse-as-library -module-name CleevioCore -Onone @/Users/admin/builder/spi-builder-workspace/.derivedData/Build/Intermediates.noindex/CleevioCore.build/Debug-watchos/CleevioCore-t.build/Objects-normal/arm64_32/CleevioCore.SwiftFileList -DSWIFT_PACKAGE -DDEBUG -DSWIFT_MODULE_RESOURCE_BUNDLE_UNAVAILABLE -DXcode -plugin-path /Applications/Xcode-27.0.0-Release.Candidate.app/Contents/Developer/Toolchains/XcodeDefault.xctoolchain/usr/lib/swift/host/plugins/testing -enable-experimental-feature DebugDescriptionMacro -sdk /Applications/Xcode-27.0.0-Release.Candidate.app/Contents/Developer/Platforms/WatchOS.platform/Developer/SDKs/WatchOS27.0.sdk -target arm64_32-apple-watchos9.0 -g -module-cache-path /Users/admin/builder/spi-builder-workspace/.derivedData/ModuleCache.noindex -Xfrontend -serialize-debugging-options -profile-coverage-mapping -profile-generate -enable-testing -suppress-warnings -index-store-path /Users/admin/builder/spi-builder-workspace/.derivedData/Index.noindex/DataStore -Xcc -D_LIBCPP_HARDENING_MODE\=_LIBCPP_HARDENING_MODE_DEBUG -swift-version 6 -I /Users/admin/builder/spi-builder-workspace/.derivedData/Build/Products/Debug-watchos -Isystem /Applications/Xcode-27.0.0-Release.Candidate.app/Contents/Developer/Platforms/WatchOS.platform/Developer/usr/lib -F /Users/admin/builder/spi-builder-workspace/.derivedData/Build/Products/Debug-watchos -F /Applications/Xcode-27.0.0-Release.Candidate.app/Contents/Developer/Platforms/WatchOS.platform/Developer/Library/Frameworks -F /Applications/Xcode-27.0.0-Release.Candidate.app/Contents/Developer/Platforms/WatchOS.platform/Developer/SDKs/WatchOS27.0.sdk/Developer/Library/Frameworks -c -j10 -enable-batch-mode -incremental -Xcc -ivfsstatcache -Xcc /Users/admin/builder/spi-builder-workspace/.derivedData/SDKStatCaches.noindex/watchos27.0-24R360-e829b21a6f8c9b70876ba0858053c04477534ef55a1706bf4c1112bbb242f0a2.sdkstatcache -output-file-map /Users/admin/builder/spi-builder-workspace/.derivedData/Build/Intermediates.noindex/CleevioCore.build/Debug-watchos/CleevioCore-t.build/Objects-normal/arm64_32/CleevioCore-OutputFileMap.json -save-temps -no-color-diagnostics -explicit-module-build -module-cache-path /Users/admin/builder/spi-builder-workspace/.derivedData/Build/Intermediates.noindex/SwiftExplicitPrecompiledModules -clang-scanner-module-cache-path /Users/admin/builder/spi-builder-workspace/.derivedData/ModuleCache.noindex -sdk-module-cache-path /Users/admin/builder/spi-builder-workspace/.derivedData/SDKExplicitPrecompiledModules -emit-dependencies -emit-module -emit-module-path /Users/admin/builder/spi-builder-workspace/.derivedData/Build/Intermediates.noindex/CleevioCore.build/Debug-watchos/CleevioCore-t.build/Objects-normal/arm64_32/CleevioCore.swiftmodule -serialize-diagnostics -dependency-scan-serialize-diagnostics-path /Users/admin/builder/spi-builder-workspace/.derivedData/Build/Intermediates.noindex/CleevioCore.build/Debug-watchos/CleevioCore-t.build/Objects-normal/arm64_32/CleevioCore-dependency-scan.dia -user-module-version 2.2.0 -validate-clang-modules-once -clang-build-session-file /Users/admin/builder/spi-builder-workspace/.derivedData/ModuleCache.noindex/Session.modulevalidation -Xcc -fmodules-prune-interval\=86400 -Xcc -fmodules-prune-after\=345600 -package-name cleeviocore -emit-const-values -const-gather-protocols-list /Users/admin/builder/spi-builder-workspace/.derivedData/Build/Intermediates.noindex/CleevioCore.build/Debug-watchos/CleevioCore-t.build/Objects-normal/arm64_32/CleevioCore_const_extract_protocols.json -Xcc -I/Users/admin/builder/spi-builder-workspace/.derivedData/Build/Products/Debug-watchos/include -Xcc -I/Users/admin/builder/spi-builder-workspace/.derivedData/Build/Intermediates.noindex/CleevioCore.build/Debug-watchos/CleevioCore-t.build/DerivedSources-normal/arm64_32 -Xcc -I/Users/admin/builder/spi-builder-workspace/.derivedData/Build/Intermediates.noindex/CleevioCore.build/Debug-watchos/CleevioCore-t.build/DerivedSources/arm64_32 -Xcc -I/Users/admin/builder/spi-builder-workspace/.derivedData/Build/Intermediates.noindex/CleevioCore.build/Debug-watchos/CleevioCore-t.build/DerivedSources -Xcc -DSWIFT_PACKAGE -Xcc -DDEBUG\=1 -emit-objc-header -emit-objc-header-path /Users/admin/builder/spi-builder-workspace/.derivedData/Build/Intermediates.noindex/CleevioCore.build/Debug-watchos/CleevioCore-t.build/Objects-normal/arm64_32/CleevioCore-Swift.h -working-directory /Users/admin/builder/spi-builder-workspace/.swiftpm/xcode -experimental-emit-module-separately -disable-cmo
Ld /Users/admin/builder/spi-builder-workspace/.derivedData/Build/Intermediates.noindex/CleevioCore.build/Debug-watchos/CleevioCore-t.build/Objects-normal/arm64_32/Binary/CleevioCore.o normal arm64_32 (in target 'CleevioCore' from project 'CleevioCore')
    cd /Users/admin/builder/spi-builder-workspace/.dependencies/checkouts/CleevioCore
    /Applications/Xcode-27.0.0-Release.Candidate.app/Contents/Developer/Toolchains/XcodeDefault.xctoolchain/usr/bin/clang -Xlinker -reproducible -target arm64_32-apple-watchos9.0 -r -isysroot /Applications/Xcode-27.0.0-Release.Candidate.app/Contents/Developer/Platforms/WatchOS.platform/Developer/SDKs/WatchOS27.0.sdk -O0 -w -Xlinker -no_warn_duplicate_libraries -F/Users/admin/builder/spi-builder-workspace/.derivedData/Build/Intermediates.noindex/EagerLinkingTBDs/Debug-watchos -F/Users/admin/builder/spi-builder-workspace/.derivedData/Build/Products/Debug-watchos -iframework /Applications/Xcode-27.0.0-Release.Candidate.app/Contents/Developer/Platforms/WatchOS.platform/Developer/Library/Frameworks -iframework /Applications/Xcode-27.0.0-Release.Candidate.app/Contents/Developer/Platforms/WatchOS.platform/Developer/SDKs/WatchOS27.0.sdk/Developer/Library/Frameworks -filelist /Users/admin/builder/spi-builder-workspace/.derivedData/Build/Intermediates.noindex/CleevioCore.build/Debug-watchos/CleevioCore-t.build/Objects-normal/arm64_32/CleevioCore.LinkFileList -nostdlib -Xlinker -object_path_lto -Xlinker /Users/admin/builder/spi-builder-workspace/.derivedData/Build/Intermediates.noindex/CleevioCore.build/Debug-watchos/CleevioCore-t.build/Objects-normal/arm64_32/CleevioCore_lto.o -Xlinker -no_deduplicate -Xlinker -debug_variant -Xlinker -dependency_info -Xlinker /Users/admin/builder/spi-builder-workspace/.derivedData/Build/Intermediates.noindex/CleevioCore.build/Debug-watchos/CleevioCore-t.build/Objects-normal/arm64_32/CleevioCore_dependency_info.dat -fobjc-link-runtime -L/Applications/Xcode-27.0.0-Release.Candidate.app/Contents/Developer/Toolchains/XcodeDefault.xctoolchain/usr/lib/swift/watchos -L/usr/lib/swift -Xlinker -add_ast_path -Xlinker /Users/admin/builder/spi-builder-workspace/.derivedData/Build/Intermediates.noindex/CleevioCore.build/Debug-watchos/CleevioCore-t.build/Objects-normal/arm64_32/CleevioCore.swiftmodule -o /Users/admin/builder/spi-builder-workspace/.derivedData/Build/Intermediates.noindex/CleevioCore.build/Debug-watchos/CleevioCore-t.build/Objects-normal/arm64_32/Binary/CleevioCore.o
CreateUniversalBinary /Users/admin/builder/spi-builder-workspace/.derivedData/Build/Products/Debug-watchos/CleevioCore.o normal arm64\ arm64_32 (in target 'CleevioCore' from project 'CleevioCore')
    cd /Users/admin/builder/spi-builder-workspace/.dependencies/checkouts/CleevioCore
    /Applications/Xcode-27.0.0-Release.Candidate.app/Contents/Developer/Toolchains/XcodeDefault.xctoolchain/usr/bin/lipo -create /Users/admin/builder/spi-builder-workspace/.derivedData/Build/Intermediates.noindex/CleevioCore.build/Debug-watchos/CleevioCore-t.build/Objects-normal/arm64/Binary/CleevioCore.o /Users/admin/builder/spi-builder-workspace/.derivedData/Build/Intermediates.noindex/CleevioCore.build/Debug-watchos/CleevioCore-t.build/Objects-normal/arm64_32/Binary/CleevioCore.o -output /Users/admin/builder/spi-builder-workspace/.derivedData/Build/Products/Debug-watchos/CleevioCore.o
ExtractAppIntentsMetadata (in target 'CleevioCore' from project 'CleevioCore')
    cd /Users/admin/builder/spi-builder-workspace/.dependencies/checkouts/CleevioCore
    /Applications/Xcode-27.0.0-Release.Candidate.app/Contents/Developer/Toolchains/XcodeDefault.xctoolchain/usr/bin/appintentsmetadataprocessor --toolchain-dir /var/run/com.apple.security.cryptexd/mnt/com.apple.MobileAsset.MetalToolchain-v27.1.266.1.wmBcAw/Metal.xctoolchain --module-name CleevioCore --sdk-root /Applications/Xcode-27.0.0-Release.Candidate.app/Contents/Developer/Platforms/WatchOS.platform/Developer/SDKs/WatchOS27.0.sdk --xcode-version 27A266a --platform-family watchOS --deployment-target 9.0 --bundle-identifier cleeviocore.CleevioCore --output /Users/admin/builder/spi-builder-workspace/.derivedData/Build/Products/Debug-watchos/CleevioCore.appintents --target-triple arm64-apple-watchos9.0 --target-triple arm64_32-apple-watchos9.0 --binary-file /Users/admin/builder/spi-builder-workspace/.derivedData/Build/Products/Debug-watchos/CleevioCore.o --dependency-file /Users/admin/builder/spi-builder-workspace/.derivedData/Build/Intermediates.noindex/CleevioCore.build/Debug-watchos/CleevioCore-t.build/Objects-normal/arm64/CleevioCore_dependency_info.dat --dependency-file /Users/admin/builder/spi-builder-workspace/.derivedData/Build/Intermediates.noindex/CleevioCore.build/Debug-watchos/CleevioCore-t.build/Objects-normal/arm64_32/CleevioCore_dependency_info.dat --stringsdata-file /Users/admin/builder/spi-builder-workspace/.derivedData/Build/Intermediates.noindex/CleevioCore.build/Debug-watchos/CleevioCore-t.build/Objects-normal/arm64/ExtractedAppShortcutsMetadata.stringsdata --stringsdata-file /Users/admin/builder/spi-builder-workspace/.derivedData/Build/Intermediates.noindex/CleevioCore.build/Debug-watchos/CleevioCore-t.build/Objects-normal/arm64_32/ExtractedAppShortcutsMetadata.stringsdata --source-file-list /Users/admin/builder/spi-builder-workspace/.derivedData/Build/Intermediates.noindex/CleevioCore.build/Debug-watchos/CleevioCore-t.build/Objects-normal/arm64/CleevioCore.SwiftFileList --source-file-list /Users/admin/builder/spi-builder-workspace/.derivedData/Build/Intermediates.noindex/CleevioCore.build/Debug-watchos/CleevioCore-t.build/Objects-normal/arm64_32/CleevioCore.SwiftFileList --metadata-file-list /Users/admin/builder/spi-builder-workspace/.derivedData/Build/Intermediates.noindex/CleevioCore.build/Debug-watchos/CleevioCore-t.build/CleevioCore.DependencyMetadataFileList --static-metadata-file-list /Users/admin/builder/spi-builder-workspace/.derivedData/Build/Intermediates.noindex/CleevioCore.build/Debug-watchos/CleevioCore-t.build/CleevioCore.DependencyStaticMetadataFileList --swift-const-vals-list /Users/admin/builder/spi-builder-workspace/.derivedData/Build/Intermediates.noindex/CleevioCore.build/Debug-watchos/CleevioCore-t.build/Objects-normal/arm64/CleevioCore.SwiftConstValuesFileList --swift-const-vals-list /Users/admin/builder/spi-builder-workspace/.derivedData/Build/Intermediates.noindex/CleevioCore.build/Debug-watchos/CleevioCore-t.build/Objects-normal/arm64_32/CleevioCore.SwiftConstValuesFileList --force --compile-time-extraction --deployment-aware-processing --no-app-shortcuts-localization
2026-09-24 06:30:05.786 appintentsmetadataprocessor[1079:6158] Starting appintentsmetadataprocessor export
2026-09-24 06:30:05.957 appintentsmetadataprocessor[1079:6158] Extracted no relevant App Intents symbols, skipping writing output
Ld /Users/admin/builder/spi-builder-workspace/.derivedData/Build/Intermediates.noindex/swift-collections.build/Debug-watchos/OrderedCollections-t.build/Objects-normal/arm64_32/Binary/OrderedCollections.o normal arm64_32 (in target 'OrderedCollections' from project 'swift-collections')
    cd /Users/admin/builder/spi-builder-workspace/.dependencies/checkouts/swift-collections
    /Applications/Xcode-27.0.0-Release.Candidate.app/Contents/Developer/Toolchains/XcodeDefault.xctoolchain/usr/bin/clang -Xlinker -reproducible -target arm64_32-apple-watchos9.0 -r -isysroot /Applications/Xcode-27.0.0-Release.Candidate.app/Contents/Developer/Platforms/WatchOS.platform/Developer/SDKs/WatchOS27.0.sdk -O0 -w -Xlinker -no_warn_duplicate_libraries -F/Users/admin/builder/spi-builder-workspace/.derivedData/Build/Intermediates.noindex/EagerLinkingTBDs/Debug-watchos -F/Users/admin/builder/spi-builder-workspace/.derivedData/Build/Products/Debug-watchos/PackageFrameworks -F/Users/admin/builder/spi-builder-workspace/.derivedData/Build/Products/Debug-watchos -iframework /Applications/Xcode-27.0.0-Release.Candidate.app/Contents/Developer/Platforms/WatchOS.platform/Developer/Library/Frameworks -iframework /Applications/Xcode-27.0.0-Release.Candidate.app/Contents/Developer/Platforms/WatchOS.platform/Developer/SDKs/WatchOS27.0.sdk/Developer/Library/Frameworks -filelist /Users/admin/builder/spi-builder-workspace/.derivedData/Build/Intermediates.noindex/swift-collections.build/Debug-watchos/OrderedCollections-t.build/Objects-normal/arm64_32/OrderedCollections.LinkFileList -nostdlib -Xlinker -object_path_lto -Xlinker /Users/admin/builder/spi-builder-workspace/.derivedData/Build/Intermediates.noindex/swift-collections.build/Debug-watchos/OrderedCollections-t.build/Objects-normal/arm64_32/OrderedCollections_lto.o -Xlinker -no_deduplicate -Xlinker -debug_variant -Xlinker -dependency_info -Xlinker /Users/admin/builder/spi-builder-workspace/.derivedData/Build/Intermediates.noindex/swift-collections.build/Debug-watchos/OrderedCollections-t.build/Objects-normal/arm64_32/OrderedCollections_dependency_info.dat -fobjc-link-runtime -L/Applications/Xcode-27.0.0-Release.Candidate.app/Contents/Developer/Toolchains/XcodeDefault.xctoolchain/usr/lib/swift/watchos -L/usr/lib/swift -Xlinker -add_ast_path -Xlinker /Users/admin/builder/spi-builder-workspace/.derivedData/Build/Intermediates.noindex/swift-collections.build/Debug-watchos/OrderedCollections-t.build/Objects-normal/arm64_32/OrderedCollections.swiftmodule -o /Users/admin/builder/spi-builder-workspace/.derivedData/Build/Intermediates.noindex/swift-collections.build/Debug-watchos/OrderedCollections-t.build/Objects-normal/arm64_32/Binary/OrderedCollections.o
Ld /Users/admin/builder/spi-builder-workspace/.derivedData/Build/Intermediates.noindex/swift-collections.build/Debug-watchos/OrderedCollections-t.build/Objects-normal/arm64/Binary/OrderedCollections.o normal arm64 (in target 'OrderedCollections' from project 'swift-collections')
    cd /Users/admin/builder/spi-builder-workspace/.dependencies/checkouts/swift-collections
    /Applications/Xcode-27.0.0-Release.Candidate.app/Contents/Developer/Toolchains/XcodeDefault.xctoolchain/usr/bin/clang -Xlinker -reproducible -target arm64-apple-watchos9.0 -r -isysroot /Applications/Xcode-27.0.0-Release.Candidate.app/Contents/Developer/Platforms/WatchOS.platform/Developer/SDKs/WatchOS27.0.sdk -O0 -w -Xlinker -no_warn_duplicate_libraries -F/Users/admin/builder/spi-builder-workspace/.derivedData/Build/Intermediates.noindex/EagerLinkingTBDs/Debug-watchos -F/Users/admin/builder/spi-builder-workspace/.derivedData/Build/Products/Debug-watchos/PackageFrameworks -F/Users/admin/builder/spi-builder-workspace/.derivedData/Build/Products/Debug-watchos -iframework /Applications/Xcode-27.0.0-Release.Candidate.app/Contents/Developer/Platforms/WatchOS.platform/Developer/Library/Frameworks -iframework /Applications/Xcode-27.0.0-Release.Candidate.app/Contents/Developer/Platforms/WatchOS.platform/Developer/SDKs/WatchOS27.0.sdk/Developer/Library/Frameworks -filelist /Users/admin/builder/spi-builder-workspace/.derivedData/Build/Intermediates.noindex/swift-collections.build/Debug-watchos/OrderedCollections-t.build/Objects-normal/arm64/OrderedCollections.LinkFileList -nostdlib -Xlinker -object_path_lto -Xlinker /Users/admin/builder/spi-builder-workspace/.derivedData/Build/Intermediates.noindex/swift-collections.build/Debug-watchos/OrderedCollections-t.build/Objects-normal/arm64/OrderedCollections_lto.o -Xlinker -no_deduplicate -Xlinker -debug_variant -Xlinker -dependency_info -Xlinker /Users/admin/builder/spi-builder-workspace/.derivedData/Build/Intermediates.noindex/swift-collections.build/Debug-watchos/OrderedCollections-t.build/Objects-normal/arm64/OrderedCollections_dependency_info.dat -fobjc-link-runtime -L/Applications/Xcode-27.0.0-Release.Candidate.app/Contents/Developer/Toolchains/XcodeDefault.xctoolchain/usr/lib/swift/watchos -L/usr/lib/swift -Xlinker -add_ast_path -Xlinker /Users/admin/builder/spi-builder-workspace/.derivedData/Build/Intermediates.noindex/swift-collections.build/Debug-watchos/OrderedCollections-t.build/Objects-normal/arm64/OrderedCollections.swiftmodule -o /Users/admin/builder/spi-builder-workspace/.derivedData/Build/Intermediates.noindex/swift-collections.build/Debug-watchos/OrderedCollections-t.build/Objects-normal/arm64/Binary/OrderedCollections.o
SwiftExplicitDependencyGeneratePcm arm64 /Users/admin/builder/spi-builder-workspace/.derivedData/SDKExplicitPrecompiledModules/SwiftUI-E6XJI4PF1Q2HPTXKL91GWARU6.pcm
CreateUniversalBinary /Users/admin/builder/spi-builder-workspace/.derivedData/Build/Products/Debug-watchos/OrderedCollections.o normal arm64\ arm64_32 (in target 'OrderedCollections' from project 'swift-collections')
    cd /Users/admin/builder/spi-builder-workspace/.dependencies/checkouts/swift-collections
    /Applications/Xcode-27.0.0-Release.Candidate.app/Contents/Developer/Toolchains/XcodeDefault.xctoolchain/usr/bin/lipo -create /Users/admin/builder/spi-builder-workspace/.derivedData/Build/Intermediates.noindex/swift-collections.build/Debug-watchos/OrderedCollections-t.build/Objects-normal/arm64/Binary/OrderedCollections.o /Users/admin/builder/spi-builder-workspace/.derivedData/Build/Intermediates.noindex/swift-collections.build/Debug-watchos/OrderedCollections-t.build/Objects-normal/arm64_32/Binary/OrderedCollections.o -output /Users/admin/builder/spi-builder-workspace/.derivedData/Build/Products/Debug-watchos/OrderedCollections.o
ExtractAppIntentsMetadata (in target 'OrderedCollections' from project 'swift-collections')
    cd /Users/admin/builder/spi-builder-workspace/.dependencies/checkouts/swift-collections
    /Applications/Xcode-27.0.0-Release.Candidate.app/Contents/Developer/Toolchains/XcodeDefault.xctoolchain/usr/bin/appintentsmetadataprocessor --toolchain-dir /var/run/com.apple.security.cryptexd/mnt/com.apple.MobileAsset.MetalToolchain-v27.1.266.1.wmBcAw/Metal.xctoolchain --module-name OrderedCollections --sdk-root /Applications/Xcode-27.0.0-Release.Candidate.app/Contents/Developer/Platforms/WatchOS.platform/Developer/SDKs/WatchOS27.0.sdk --xcode-version 27A266a --platform-family watchOS --deployment-target 9.0 --bundle-identifier swift-collections.OrderedCollections --output /Users/admin/builder/spi-builder-workspace/.derivedData/Build/Products/Debug-watchos/OrderedCollections.appintents --target-triple arm64-apple-watchos9.0 --target-triple arm64_32-apple-watchos9.0 --binary-file /Users/admin/builder/spi-builder-workspace/.derivedData/Build/Products/Debug-watchos/OrderedCollections.o --dependency-file /Users/admin/builder/spi-builder-workspace/.derivedData/Build/Intermediates.noindex/swift-collections.build/Debug-watchos/OrderedCollections-t.build/Objects-normal/arm64/OrderedCollections_dependency_info.dat --dependency-file /Users/admin/builder/spi-builder-workspace/.derivedData/Build/Intermediates.noindex/swift-collections.build/Debug-watchos/OrderedCollections-t.build/Objects-normal/arm64_32/OrderedCollections_dependency_info.dat --stringsdata-file /Users/admin/builder/spi-builder-workspace/.derivedData/Build/Intermediates.noindex/swift-collections.build/Debug-watchos/OrderedCollections-t.build/Objects-normal/arm64/ExtractedAppShortcutsMetadata.stringsdata --stringsdata-file /Users/admin/builder/spi-builder-workspace/.derivedData/Build/Intermediates.noindex/swift-collections.build/Debug-watchos/OrderedCollections-t.build/Objects-normal/arm64_32/ExtractedAppShortcutsMetadata.stringsdata --source-file-list /Users/admin/builder/spi-builder-workspace/.derivedData/Build/Intermediates.noindex/swift-collections.build/Debug-watchos/OrderedCollections-t.build/Objects-normal/arm64/OrderedCollections.SwiftFileList --source-file-list /Users/admin/builder/spi-builder-workspace/.derivedData/Build/Intermediates.noindex/swift-collections.build/Debug-watchos/OrderedCollections-t.build/Objects-normal/arm64_32/OrderedCollections.SwiftFileList --metadata-file-list /Users/admin/builder/spi-builder-workspace/.derivedData/Build/Intermediates.noindex/swift-collections.build/Debug-watchos/OrderedCollections-t.build/OrderedCollections.DependencyMetadataFileList --static-metadata-file-list /Users/admin/builder/spi-builder-workspace/.derivedData/Build/Intermediates.noindex/swift-collections.build/Debug-watchos/OrderedCollections-t.build/OrderedCollections.DependencyStaticMetadataFileList --swift-const-vals-list /Users/admin/builder/spi-builder-workspace/.derivedData/Build/Intermediates.noindex/swift-collections.build/Debug-watchos/OrderedCollections-t.build/Objects-normal/arm64/OrderedCollections.SwiftConstValuesFileList --swift-const-vals-list /Users/admin/builder/spi-builder-workspace/.derivedData/Build/Intermediates.noindex/swift-collections.build/Debug-watchos/OrderedCollections-t.build/Objects-normal/arm64_32/OrderedCollections.SwiftConstValuesFileList --force --compile-time-extraction --deployment-aware-processing --no-app-shortcuts-localization
2026-09-24 06:30:05.895 appintentsmetadataprocessor[1086:6228] Starting appintentsmetadataprocessor export
2026-09-24 06:30:05.998 appintentsmetadataprocessor[1086:6228] Extracted no relevant App Intents symbols, skipping writing output
SwiftEmitModule normal arm64 Emitting\ module\ for\ CleevioUI (in target 'CleevioUI' from project 'CleevioUI')
SwiftCompile normal arm64 (in target 'CleevioUI' from project 'CleevioUI')
    cd /Users/admin/builder/spi-builder-workspace/.swiftpm/xcode

SwiftCompile normal arm64 Compiling\ SegmentedControl.swift,\ SegmentedPreviews.swift,\ SegmentedTabView.swift,\ Selectable.swift /Users/admin/builder/spi-builder-workspace/.dependencies/checkouts/CleevioUI/Sources/CleevioUI/Views/Segmented/SegmentedControl.swift /Users/admin/builder/spi-builder-workspace/.dependencies/checkouts/CleevioUI/Sources/CleevioUI/Views/Segmented/SegmentedPreviews.swift /Users/admin/builder/spi-builder-workspace/.dependencies/checkouts/CleevioUI/Sources/CleevioUI/Views/Segmented/SegmentedTabView.swift /Users/admin/builder/spi-builder-workspace/.dependencies/checkouts/CleevioUI/Sources/CleevioUI/Views/Segmented/Selectable.swift (in target 'CleevioUI' from project 'CleevioUI')
SwiftCompile normal arm64 /Users/admin/builder/spi-builder-workspace/.dependencies/checkouts/CleevioUI/Sources/CleevioUI/Views/Segmented/SegmentedControl.swift (in target 'CleevioUI' from project 'CleevioUI')
    cd /Users/admin/builder/spi-builder-workspace/.swiftpm/xcode
    builtin-SwiftPerFileCompile SegmentedControl.swift
SwiftCompile normal arm64 /Users/admin/builder/spi-builder-workspace/.dependencies/checkouts/CleevioUI/Sources/CleevioUI/Views/Segmented/SegmentedPreviews.swift (in target 'CleevioUI' from project 'CleevioUI')
    cd /Users/admin/builder/spi-builder-workspace/.swiftpm/xcode
    builtin-SwiftPerFileCompile SegmentedPreviews.swift
SwiftCompile normal arm64 /Users/admin/builder/spi-builder-workspace/.dependencies/checkouts/CleevioUI/Sources/CleevioUI/Views/Segmented/SegmentedTabView.swift (in target 'CleevioUI' from project 'CleevioUI')
    cd /Users/admin/builder/spi-builder-workspace/.swiftpm/xcode
    builtin-SwiftPerFileCompile SegmentedTabView.swift
SwiftCompile normal arm64 /Users/admin/builder/spi-builder-workspace/.dependencies/checkouts/CleevioUI/Sources/CleevioUI/Views/Segmented/Selectable.swift (in target 'CleevioUI' from project 'CleevioUI')
    cd /Users/admin/builder/spi-builder-workspace/.swiftpm/xcode
    builtin-SwiftPerFileCompile Selectable.swift
SwiftCompile normal arm64 Compiling\ DotProgressViewStyle.swift,\ FloatingProgressViewStyle.swift,\ ClearBackgroundUIHostingController.swift,\ BaseUIViewControllerRepresentable.swift,\ CLStepperView.swift /Users/admin/builder/spi-builder-workspace/.dependencies/checkouts/CleevioUI/Sources/CleevioUI/ProgressViewStyles/DotProgressViewStyle.swift /Users/admin/builder/spi-builder-workspace/.dependencies/checkouts/CleevioUI/Sources/CleevioUI/ProgressViewStyles/FloatingProgressViewStyle.swift /Users/admin/builder/spi-builder-workspace/.dependencies/checkouts/CleevioUI/Sources/CleevioUI/ViewControllers/ClearBackgroundUIHostingController.swift /Users/admin/builder/spi-builder-workspace/.dependencies/checkouts/CleevioUI/Sources/CleevioUI/Views/BaseUIViewControllerRepresentable.swift /Users/admin/builder/spi-builder-workspace/.dependencies/checkouts/CleevioUI/Sources/CleevioUI/Views/CLStepperView.swift (in target 'CleevioUI' from project 'CleevioUI')
SwiftCompile normal arm64 /Users/admin/builder/spi-builder-workspace/.dependencies/checkouts/CleevioUI/Sources/CleevioUI/ProgressViewStyles/DotProgressViewStyle.swift (in target 'CleevioUI' from project 'CleevioUI')
    cd /Users/admin/builder/spi-builder-workspace/.swiftpm/xcode
    builtin-SwiftPerFileCompile DotProgressViewStyle.swift
SwiftCompile normal arm64 /Users/admin/builder/spi-builder-workspace/.dependencies/checkouts/CleevioUI/Sources/CleevioUI/ProgressViewStyles/FloatingProgressViewStyle.swift (in target 'CleevioUI' from project 'CleevioUI')
    cd /Users/admin/builder/spi-builder-workspace/.swiftpm/xcode
    builtin-SwiftPerFileCompile FloatingProgressViewStyle.swift
SwiftCompile normal arm64 /Users/admin/builder/spi-builder-workspace/.dependencies/checkouts/CleevioUI/Sources/CleevioUI/ViewControllers/ClearBackgroundUIHostingController.swift (in target 'CleevioUI' from project 'CleevioUI')
    cd /Users/admin/builder/spi-builder-workspace/.swiftpm/xcode
    builtin-SwiftPerFileCompile ClearBackgroundUIHostingController.swift
SwiftCompile normal arm64 /Users/admin/builder/spi-builder-workspace/.dependencies/checkouts/CleevioUI/Sources/CleevioUI/Views/BaseUIViewControllerRepresentable.swift (in target 'CleevioUI' from project 'CleevioUI')
    cd /Users/admin/builder/spi-builder-workspace/.swiftpm/xcode
    builtin-SwiftPerFileCompile BaseUIViewControllerRepresentable.swift
SwiftCompile normal arm64 /Users/admin/builder/spi-builder-workspace/.dependencies/checkouts/CleevioUI/Sources/CleevioUI/Views/CLStepperView.swift (in target 'CleevioUI' from project 'CleevioUI')
    cd /Users/admin/builder/spi-builder-workspace/.swiftpm/xcode
    builtin-SwiftPerFileCompile CLStepperView.swift
SwiftCompile normal arm64 Compiling\ FlowLayout.swift,\ AccessibilityContext.swift,\ AccessibilityIdentifier.swift,\ ContextAccessibilityModifier.swift,\ TextFieldType.swift /Users/admin/builder/spi-builder-workspace/.dependencies/checkouts/CleevioUI/Sources/CleevioUI/Layout/FlowLayout.swift /Users/admin/builder/spi-builder-workspace/.dependencies/checkouts/CleevioUI/Sources/CleevioUI/Models/Accessibility/AccessibilityContext.swift /Users/admin/builder/spi-builder-workspace/.dependencies/checkouts/CleevioUI/Sources/CleevioUI/Models/Accessibility/AccessibilityIdentifier.swift /Users/admin/builder/spi-builder-workspace/.dependencies/checkouts/CleevioUI/Sources/CleevioUI/Models/Accessibility/ContextAccessibilityModifier.swift /Users/admin/builder/spi-builder-workspace/.dependencies/checkouts/CleevioUI/Sources/CleevioUI/Models/TextFieldType.swift (in target 'CleevioUI' from project 'CleevioUI')
SwiftCompile normal arm64 /Users/admin/builder/spi-builder-workspace/.dependencies/checkouts/CleevioUI/Sources/CleevioUI/Layout/FlowLayout.swift (in target 'CleevioUI' from project 'CleevioUI')
    cd /Users/admin/builder/spi-builder-workspace/.swiftpm/xcode
    builtin-SwiftPerFileCompile FlowLayout.swift
SwiftCompile normal arm64 /Users/admin/builder/spi-builder-workspace/.dependencies/checkouts/CleevioUI/Sources/CleevioUI/Models/Accessibility/AccessibilityContext.swift (in target 'CleevioUI' from project 'CleevioUI')
    cd /Users/admin/builder/spi-builder-workspace/.swiftpm/xcode
    builtin-SwiftPerFileCompile AccessibilityContext.swift
SwiftCompile normal arm64 /Users/admin/builder/spi-builder-workspace/.dependencies/checkouts/CleevioUI/Sources/CleevioUI/Models/Accessibility/AccessibilityIdentifier.swift (in target 'CleevioUI' from project 'CleevioUI')
    cd /Users/admin/builder/spi-builder-workspace/.swiftpm/xcode
    builtin-SwiftPerFileCompile AccessibilityIdentifier.swift
SwiftCompile normal arm64 /Users/admin/builder/spi-builder-workspace/.dependencies/checkouts/CleevioUI/Sources/CleevioUI/Models/Accessibility/ContextAccessibilityModifier.swift (in target 'CleevioUI' from project 'CleevioUI')
    cd /Users/admin/builder/spi-builder-workspace/.swiftpm/xcode
    builtin-SwiftPerFileCompile ContextAccessibilityModifier.swift
SwiftCompile normal arm64 /Users/admin/builder/spi-builder-workspace/.dependencies/checkouts/CleevioUI/Sources/CleevioUI/Models/TextFieldType.swift (in target 'CleevioUI' from project 'CleevioUI')
    cd /Users/admin/builder/spi-builder-workspace/.swiftpm/xcode
    builtin-SwiftPerFileCompile TextFieldType.swift
SwiftCompile normal arm64 Compiling\ FieldState.swift,\ InputsPreviews.swift,\ UITextFieldRepresentable.swift,\ MapView.swift /Users/admin/builder/spi-builder-workspace/.dependencies/checkouts/CleevioUI/Sources/CleevioUI/Views/Inputs/FieldState.swift /Users/admin/builder/spi-builder-workspace/.dependencies/checkouts/CleevioUI/Sources/CleevioUI/Views/Inputs/InputsPreviews.swift /Users/admin/builder/spi-builder-workspace/.dependencies/checkouts/CleevioUI/Sources/CleevioUI/Views/Inputs/UITextFieldRepresentable.swift /Users/admin/builder/spi-builder-workspace/.dependencies/checkouts/CleevioUI/Sources/CleevioUI/Views/MapView.swift (in target 'CleevioUI' from project 'CleevioUI')
SwiftCompile normal arm64 /Users/admin/builder/spi-builder-workspace/.dependencies/checkouts/CleevioUI/Sources/CleevioUI/Views/Inputs/FieldState.swift (in target 'CleevioUI' from project 'CleevioUI')
    cd /Users/admin/builder/spi-builder-workspace/.swiftpm/xcode
    builtin-SwiftPerFileCompile FieldState.swift
SwiftCompile normal arm64 /Users/admin/builder/spi-builder-workspace/.dependencies/checkouts/CleevioUI/Sources/CleevioUI/Views/Inputs/InputsPreviews.swift (in target 'CleevioUI' from project 'CleevioUI')
    cd /Users/admin/builder/spi-builder-workspace/.swiftpm/xcode
    builtin-SwiftPerFileCompile InputsPreviews.swift
SwiftCompile normal arm64 /Users/admin/builder/spi-builder-workspace/.dependencies/checkouts/CleevioUI/Sources/CleevioUI/Views/Inputs/UITextFieldRepresentable.swift (in target 'CleevioUI' from project 'CleevioUI')
    cd /Users/admin/builder/spi-builder-workspace/.swiftpm/xcode
    builtin-SwiftPerFileCompile UITextFieldRepresentable.swift
SwiftCompile normal arm64 /Users/admin/builder/spi-builder-workspace/.dependencies/checkouts/CleevioUI/Sources/CleevioUI/Views/MapView.swift (in target 'CleevioUI' from project 'CleevioUI')
    cd /Users/admin/builder/spi-builder-workspace/.swiftpm/xcode
    builtin-SwiftPerFileCompile MapView.swift
SwiftCompile normal arm64 Compiling\ SolidButtonStyle+.swift,\ SolidButtonStyle.swift,\ LoadingKey.swift,\ StringError.swift,\ UIWindow+topViewController.swift /Users/admin/builder/spi-builder-workspace/.dependencies/checkouts/CleevioUI/Sources/CleevioUI/ButtonStyles/SolidButtonStyle+.swift /Users/admin/builder/spi-builder-workspace/.dependencies/checkouts/CleevioUI/Sources/CleevioUI/ButtonStyles/SolidButtonStyle.swift /Users/admin/builder/spi-builder-workspace/.dependencies/checkouts/CleevioUI/Sources/CleevioUI/Environment/LoadingKey.swift /Users/admin/builder/spi-builder-workspace/.dependencies/checkouts/CleevioUI/Sources/CleevioUI/Environment/StringError.swift /Users/admin/builder/spi-builder-workspace/.dependencies/checkouts/CleevioUI/Sources/CleevioUI/Extensions/UIWindow+topViewController.swift (in target 'CleevioUI' from project 'CleevioUI')
SwiftCompile normal arm64 /Users/admin/builder/spi-builder-workspace/.dependencies/checkouts/CleevioUI/Sources/CleevioUI/ButtonStyles/SolidButtonStyle+.swift (in target 'CleevioUI' from project 'CleevioUI')
    cd /Users/admin/builder/spi-builder-workspace/.swiftpm/xcode
    builtin-SwiftPerFileCompile SolidButtonStyle+.swift
SwiftCompile normal arm64 /Users/admin/builder/spi-builder-workspace/.dependencies/checkouts/CleevioUI/Sources/CleevioUI/ButtonStyles/SolidButtonStyle.swift (in target 'CleevioUI' from project 'CleevioUI')
    cd /Users/admin/builder/spi-builder-workspace/.swiftpm/xcode
    builtin-SwiftPerFileCompile SolidButtonStyle.swift
SwiftCompile normal arm64 /Users/admin/builder/spi-builder-workspace/.dependencies/checkouts/CleevioUI/Sources/CleevioUI/Environment/LoadingKey.swift (in target 'CleevioUI' from project 'CleevioUI')
    cd /Users/admin/builder/spi-builder-workspace/.swiftpm/xcode
    builtin-SwiftPerFileCompile LoadingKey.swift
SwiftCompile normal arm64 /Users/admin/builder/spi-builder-workspace/.dependencies/checkouts/CleevioUI/Sources/CleevioUI/Environment/StringError.swift (in target 'CleevioUI' from project 'CleevioUI')
    cd /Users/admin/builder/spi-builder-workspace/.swiftpm/xcode
    builtin-SwiftPerFileCompile StringError.swift
SwiftCompile normal arm64 /Users/admin/builder/spi-builder-workspace/.dependencies/checkouts/CleevioUI/Sources/CleevioUI/Extensions/UIWindow+topViewController.swift (in target 'CleevioUI' from project 'CleevioUI')
    cd /Users/admin/builder/spi-builder-workspace/.swiftpm/xcode
    builtin-SwiftPerFileCompile UIWindow+topViewController.swift
SwiftCompile normal arm64 Compiling\ AsyncButton.swift,\ ButtonStateColorSet.swift,\ ButtonStylesPreviews.swift,\ IsLoadingPrimitiveButtonStyle.swift,\ RoundedStroke.swift /Users/admin/builder/spi-builder-workspace/.dependencies/checkouts/CleevioUI/Sources/CleevioUI/AsyncButton.swift /Users/admin/builder/spi-builder-workspace/.dependencies/checkouts/CleevioUI/Sources/CleevioUI/ButtonStyles/ButtonStateColorSet.swift /Users/admin/builder/spi-builder-workspace/.dependencies/checkouts/CleevioUI/Sources/CleevioUI/ButtonStyles/ButtonStylesPreviews.swift /Users/admin/builder/spi-builder-workspace/.dependencies/checkouts/CleevioUI/Sources/CleevioUI/ButtonStyles/IsLoadingPrimitiveButtonStyle.swift /Users/admin/builder/spi-builder-workspace/.dependencies/checkouts/CleevioUI/Sources/CleevioUI/ButtonStyles/RoundedStroke.swift (in target 'CleevioUI' from project 'CleevioUI')
SwiftCompile normal arm64 /Users/admin/builder/spi-builder-workspace/.dependencies/checkouts/CleevioUI/Sources/CleevioUI/AsyncButton.swift (in target 'CleevioUI' from project 'CleevioUI')
    cd /Users/admin/builder/spi-builder-workspace/.swiftpm/xcode
    builtin-SwiftPerFileCompile AsyncButton.swift
SwiftCompile normal arm64 /Users/admin/builder/spi-builder-workspace/.dependencies/checkouts/CleevioUI/Sources/CleevioUI/ButtonStyles/ButtonStateColorSet.swift (in target 'CleevioUI' from project 'CleevioUI')
    cd /Users/admin/builder/spi-builder-workspace/.swiftpm/xcode
    builtin-SwiftPerFileCompile ButtonStateColorSet.swift
SwiftCompile normal arm64 /Users/admin/builder/spi-builder-workspace/.dependencies/checkouts/CleevioUI/Sources/CleevioUI/ButtonStyles/ButtonStylesPreviews.swift (in target 'CleevioUI' from project 'CleevioUI')
    cd /Users/admin/builder/spi-builder-workspace/.swiftpm/xcode
    builtin-SwiftPerFileCompile ButtonStylesPreviews.swift
SwiftCompile normal arm64 /Users/admin/builder/spi-builder-workspace/.dependencies/checkouts/CleevioUI/Sources/CleevioUI/ButtonStyles/IsLoadingPrimitiveButtonStyle.swift (in target 'CleevioUI' from project 'CleevioUI')
    cd /Users/admin/builder/spi-builder-workspace/.swiftpm/xcode
    builtin-SwiftPerFileCompile IsLoadingPrimitiveButtonStyle.swift
SwiftCompile normal arm64 /Users/admin/builder/spi-builder-workspace/.dependencies/checkouts/CleevioUI/Sources/CleevioUI/ButtonStyles/RoundedStroke.swift (in target 'CleevioUI' from project 'CleevioUI')
    cd /Users/admin/builder/spi-builder-workspace/.swiftpm/xcode
    builtin-SwiftPerFileCompile RoundedStroke.swift
SwiftCompile normal arm64 Compiling\ CorneredBorder.swift,\ Frame.swift,\ Overlay.swift,\ ReadSize.swift,\ Shadow.swift /Users/admin/builder/spi-builder-workspace/.dependencies/checkouts/CleevioUI/Sources/CleevioUI/Modifiers/CorneredBorder.swift /Users/admin/builder/spi-builder-workspace/.dependencies/checkouts/CleevioUI/Sources/CleevioUI/Modifiers/Frame.swift /Users/admin/builder/spi-builder-workspace/.dependencies/checkouts/CleevioUI/Sources/CleevioUI/Modifiers/Overlay.swift /Users/admin/builder/spi-builder-workspace/.dependencies/checkouts/CleevioUI/Sources/CleevioUI/Modifiers/ReadSize.swift /Users/admin/builder/spi-builder-workspace/.dependencies/checkouts/CleevioUI/Sources/CleevioUI/Modifiers/Shadow.swift (in target 'CleevioUI' from project 'CleevioUI')
SwiftCompile normal arm64 /Users/admin/builder/spi-builder-workspace/.dependencies/checkouts/CleevioUI/Sources/CleevioUI/Modifiers/CorneredBorder.swift (in target 'CleevioUI' from project 'CleevioUI')
    cd /Users/admin/builder/spi-builder-workspace/.swiftpm/xcode
    builtin-SwiftPerFileCompile CorneredBorder.swift
SwiftCompile normal arm64 /Users/admin/builder/spi-builder-workspace/.dependencies/checkouts/CleevioUI/Sources/CleevioUI/Modifiers/Frame.swift (in target 'CleevioUI' from project 'CleevioUI')
    cd /Users/admin/builder/spi-builder-workspace/.swiftpm/xcode
    builtin-SwiftPerFileCompile Frame.swift
SwiftCompile normal arm64 /Users/admin/builder/spi-builder-workspace/.dependencies/checkouts/CleevioUI/Sources/CleevioUI/Modifiers/Overlay.swift (in target 'CleevioUI' from project 'CleevioUI')
    cd /Users/admin/builder/spi-builder-workspace/.swiftpm/xcode
    builtin-SwiftPerFileCompile Overlay.swift
SwiftCompile normal arm64 /Users/admin/builder/spi-builder-workspace/.dependencies/checkouts/CleevioUI/Sources/CleevioUI/Modifiers/ReadSize.swift (in target 'CleevioUI' from project 'CleevioUI')
    cd /Users/admin/builder/spi-builder-workspace/.swiftpm/xcode
    builtin-SwiftPerFileCompile ReadSize.swift
SwiftCompile normal arm64 /Users/admin/builder/spi-builder-workspace/.dependencies/checkouts/CleevioUI/Sources/CleevioUI/Modifiers/Shadow.swift (in target 'CleevioUI' from project 'CleevioUI')
    cd /Users/admin/builder/spi-builder-workspace/.swiftpm/xcode
    builtin-SwiftPerFileCompile Shadow.swift
SwiftEmitModule normal arm64 Emitting\ module\ for\ FlowPilot (in target 'FlowPilot' from project 'FlowPilot')
/Users/admin/builder/spi-builder-workspace/.dependencies/checkouts/FlowPilot/Sources/FlowPilot/AnyRouter.swift:19:25: error: cannot find type 'PlatformViewController' in scope
17 |     /// The closure to invoke when presenting a view controller.
18 |     @usableFromInline
19 |     let presentAction: (PlatformViewController, Bool) -> Void
   |                         `- error: cannot find type 'PlatformViewController' in scope
20 |
21 |     /// The closure to invoke when dismissing a view controller.
/Users/admin/builder/spi-builder-workspace/.dependencies/checkouts/FlowPilot/Sources/FlowPilot/AnyRouter.swift:39:47: error: cannot find type 'PlatformViewController' in scope
37 |      */
38 |     @inlinable
39 |     init(presentAction: @escaping @MainActor (PlatformViewController, Bool) -> Void,
   |                                               `- error: cannot find type 'PlatformViewController' in scope
40 |          dismissAction: @escaping @MainActor (Bool, (() -> Void)?) -> Void,
41 |          dismissRouterAction: @escaping @MainActor (Bool, (() -> Void)?) -> Void) {
/Users/admin/builder/spi-builder-workspace/.dependencies/checkouts/FlowPilot/Sources/FlowPilot/AnyRouter.swift:57:43: error: cannot find type 'PlatformViewController' in scope
55 |      */
56 |     @inlinable
57 |     public func present(_ viewController: PlatformViewController, animated: Bool) {
   |                                           `- error: cannot find type 'PlatformViewController' in scope
58 |         presentAction(viewController, animated)
59 |     }
/Users/admin/builder/spi-builder-workspace/.dependencies/checkouts/FlowPilot/Sources/FlowPilot/Router.swift:20:47: error: cannot find type 'PlatformViewController' in scope
18 |     ///   - viewController: The view controller to present.
19 |     ///   - animated: A Boolean value that indicates whether the presentation should be animated.
20 |     @MainActor func present(_ viewController: PlatformViewController, animated: Bool)
   |                                               `- error: cannot find type 'PlatformViewController' in scope
21 |
22 |     /// Dismisses a view controller.
/Users/admin/builder/spi-builder-workspace/.dependencies/checkouts/FlowPilot/Sources/FlowPilot/Coordinators/Coordinator.swift:96:62: error: cannot find type 'PlatformViewController' in scope
 94 |
 95 |     /// The view controllers that this coordinator manages. The lifetime of this `Coordinator` object is tied to the lifetime of the view controllers.
 96 |     public private(set) final var viewControllers: WeakArray<PlatformViewController> = .init([])
    |                                                              `- error: cannot find type 'PlatformViewController' in scope
 97 |
 98 |     /// The root view controller managed by this coordinator.
/Users/admin/builder/spi-builder-workspace/.dependencies/checkouts/FlowPilot/Sources/FlowPilot/Coordinators/Coordinator.swift:99:34: error: cannot find type 'PlatformViewController' in scope
 97 |
 98 |     /// The root view controller managed by this coordinator.
 99 |     open var rootViewController: PlatformViewController {
    |                                  `- error: cannot find type 'PlatformViewController' in scope
100 |         get throws {
101 |             guard let rootViewController = viewControllers.lazy.compactMap({ $0 }).first else {
/Users/admin/builder/spi-builder-workspace/.dependencies/checkouts/FlowPilot/Sources/FlowPilot/Coordinators/Coordinator.swift:100:9: error: getter of noncopyable type cannot be 'async' or 'throws'
 98 |     /// The root view controller managed by this coordinator.
 99 |     open var rootViewController: PlatformViewController {
100 |         get throws {
    |         `- error: getter of noncopyable type cannot be 'async' or 'throws'
101 |             guard let rootViewController = viewControllers.lazy.compactMap({ $0 }).first else {
102 |                 throw RootViewControllerNotFound(viewControllerCount: viewControllers.count)
/Users/admin/builder/spi-builder-workspace/.dependencies/checkouts/FlowPilot/Sources/FlowPilot/Coordinators/Coordinator.swift:130:69: error: cannot find type 'PlatformViewController' in scope
128 |     ///
129 |     /// - Parameter viewController: The associated `PlatformViewController`.
130 |     public final func setAssociatedViewController(_ viewController: PlatformViewController) {
    |                                                                     `- error: cannot find type 'PlatformViewController' in scope
131 |         setAssociatedObject(base: viewController, key: &id, value: self)
132 |         viewControllers.append(viewController)
/Users/admin/builder/spi-builder-workspace/.dependencies/checkouts/FlowPilot/Sources/FlowPilot/Coordinators/RouterCoordinator.swift:71:46: error: cannot find type 'PlatformViewController' in scope
69 |      */
70 |     @inlinable
71 |     open func present(_ viewController: some PlatformViewController, animated: Bool) {
   |                                              `- error: cannot find type 'PlatformViewController' in scope
72 |         setAssociatedViewController(viewController)
73 |         #if canImport(UIKit)
/Users/admin/builder/spi-builder-workspace/.dependencies/checkouts/FlowPilot/Sources/FlowPilot/shouldAnimateTransition.swift:13:64: error: 'isReduceMotionEnabled' is unavailable in watchOS
11 | @MainActor
12 | public func shouldAnimateTransition(preference: Bool, respectsUserReduceMotion: Bool) -> Bool {
13 |     preference && (respectsUserReduceMotion ? !UIAccessibility.isReduceMotionEnabled : true)
   |                                                                `- error: 'isReduceMotionEnabled' is unavailable in watchOS
14 | }
15 | #endif
UIKit.UIAccessibility.isReduceMotionEnabled:3:32: note: 'isReduceMotionEnabled' has been explicitly marked unavailable here
1 | struct UIAccessibility {
2 | @available(watchOS, unavailable)
3 |   @MainActor public static var isReduceMotionEnabled: Bool { get }}
  |                                `- note: 'isReduceMotionEnabled' has been explicitly marked unavailable here
4 |
Failed frontend command:
/Applications/Xcode-27.0.0-Release.Candidate.app/Contents/Developer/Toolchains/XcodeDefault.xctoolchain/usr/bin/swift-frontend -frontend -emit-module -experimental-skip-non-inlinable-function-bodies-without-types /Users/admin/builder/spi-builder-workspace/.dependencies/checkouts/FlowPilot/Sources/FlowPilot/AnyRouter.swift /Users/admin/builder/spi-builder-workspace/.dependencies/checkouts/FlowPilot/Sources/FlowPilot/Coordinators/Coordinator.swift /Users/admin/builder/spi-builder-workspace/.dependencies/checkouts/FlowPilot/Sources/FlowPilot/Coordinators/CoordinatorPreview.swift /Users/admin/builder/spi-builder-workspace/.dependencies/checkouts/FlowPilot/Sources/FlowPilot/Coordinators/ParametersRouterCoordinator.swift /Users/admin/builder/spi-builder-workspace/.dependencies/checkouts/FlowPilot/Sources/FlowPilot/Coordinators/ResponseParametersCoordinator.swift /Users/admin/builder/spi-builder-workspace/.dependencies/checkouts/FlowPilot/Sources/FlowPilot/Coordinators/ResponseRouterCoordinator.swift /Users/admin/builder/spi-builder-workspace/.dependencies/checkouts/FlowPilot/Sources/FlowPilot/Coordinators/RouterCoordinator.swift /Users/admin/builder/spi-builder-workspace/.dependencies/checkouts/FlowPilot/Sources/FlowPilot/IdentifiedHashableType.swift /Users/admin/builder/spi-builder-workspace/.dependencies/checkouts/FlowPilot/Sources/FlowPilot/ModalNavigationRouter.swift /Users/admin/builder/spi-builder-workspace/.dependencies/checkouts/FlowPilot/Sources/FlowPilot/ModalRouter.swift /Users/admin/builder/spi-builder-workspace/.dependencies/checkouts/FlowPilot/Sources/FlowPilot/NavigationRouter.swift /Users/admin/builder/spi-builder-workspace/.dependencies/checkouts/FlowPilot/Sources/FlowPilot/NavigationRouterWrapper.swift /Users/admin/builder/spi-builder-workspace/.dependencies/checkouts/FlowPilot/Sources/FlowPilot/Router.swift /Users/admin/builder/spi-builder-workspace/.dependencies/checkouts/FlowPilot/Sources/FlowPilot/WindowLevelRouter.swift /Users/admin/builder/spi-builder-workspace/.dependencies/checkouts/FlowPilot/Sources/FlowPilot/WindowNavigationRouter.swift /Users/admin/builder/spi-builder-workspace/.dependencies/checkouts/FlowPilot/Sources/FlowPilot/WindowRouter.swift /Users/admin/builder/spi-builder-workspace/.dependencies/checkouts/FlowPilot/Sources/FlowPilot/shouldAnimateTransition.swift -target arm64-apple-watchos9.0 -module-can-import-version UIKit 9127.0.84.1 9127.0.84 -disable-cross-import-overlay-search -load-resolved-plugin /Applications/Xcode-27.0.0-Release.Candidate.app/Contents/Developer/Platforms/WatchOS.platform/Developer/usr/lib/swift/host/plugins/libFoundationMacros.dylib\#/Applications/Xcode-27.0.0-Release.Candidate.app/Contents/Developer/Platforms/WatchOS.platform/Developer/usr/bin/swift-plugin-server\#FoundationMacros -load-resolved-plugin /Applications/Xcode-27.0.0-Release.Candidate.app/Contents/Developer/Platforms/WatchOS.platform/Developer/usr/lib/swift/host/plugins/libObservationMacros.dylib\#/Applications/Xcode-27.0.0-Release.Candidate.app/Contents/Developer/Platforms/WatchOS.platform/Developer/usr/bin/swift-plugin-server\#ObservationMacros -load-resolved-plugin /Applications/Xcode-27.0.0-Release.Candidate.app/Contents/Developer/Platforms/WatchOS.platform/Developer/usr/lib/swift/host/plugins/libPreviewsMacros.dylib\#/Applications/Xcode-27.0.0-Release.Candidate.app/Contents/Developer/Platforms/WatchOS.platform/Developer/usr/bin/swift-plugin-server\#PreviewsMacros -load-resolved-plugin /Applications/Xcode-27.0.0-Release.Candidate.app/Contents/Developer/Platforms/WatchOS.platform/Developer/usr/lib/swift/host/plugins/libSwiftMacros.dylib\#/Applications/Xcode-27.0.0-Release.Candidate.app/Contents/Developer/Platforms/WatchOS.platform/Developer/usr/bin/swift-plugin-server\#SwiftMacros -load-resolved-plugin /Applications/Xcode-27.0.0-Release.Candidate.app/Contents/Developer/Platforms/WatchOS.platform/Developer/usr/lib/swift/host/plugins/libSwiftUIMacros.dylib\#/Applications/Xcode-27.0.0-Release.Candidate.app/Contents/Developer/Platforms/WatchOS.platform/Developer/usr/bin/swift-plugin-server\#SwiftUIMacros -disable-implicit-swift-modules -Xcc -fno-implicit-modules -Xcc -fno-implicit-module-maps -explicit-swift-module-map-file /Users/admin/builder/spi-builder-workspace/.derivedData/Build/Intermediates.noindex/FlowPilot.build/Debug-watchos/FlowPilot-t.build/Objects-normal/arm64/FlowPilot-dependencies-1.json -Xllvm -aarch64-use-tbi -enable-objc-interop -stack-check -sdk /Applications/Xcode-27.0.0-Release.Candidate.app/Contents/Developer/Platforms/WatchOS.platform/Developer/SDKs/WatchOS27.0.sdk -I /Users/admin/builder/spi-builder-workspace/.derivedData/Build/Products/Debug-watchos -Isystem /Applications/Xcode-27.0.0-Release.Candidate.app/Contents/Developer/Platforms/WatchOS.platform/Developer/usr/lib -F /Users/admin/builder/spi-builder-workspace/.derivedData/Build/Products/Debug-watchos/PackageFrameworks -F /Users/admin/builder/spi-builder-workspace/.derivedData/Build/Products/Debug-watchos -F /Applications/Xcode-27.0.0-Release.Candidate.app/Contents/Developer/Platforms/WatchOS.platform/Developer/Library/Frameworks -F /Applications/Xcode-27.0.0-Release.Candidate.app/Contents/Developer/Platforms/WatchOS.platform/Developer/SDKs/WatchOS27.0.sdk/Developer/Library/Frameworks -module-cache-path /Users/admin/builder/spi-builder-workspace/.derivedData/Build/Intermediates.noindex/SwiftExplicitPrecompiledModules -no-color-diagnostics -Xcc -fno-color-diagnostics -enable-testing -g -debug-info-format\=dwarf -dwarf-version\=4 -suppress-warnings -profile-generate -profile-coverage-mapping -swift-version 6 -Onone -D SWIFT_PACKAGE -D DEBUG -D SWIFT_MODULE_RESOURCE_BUNDLE_UNAVAILABLE -D Xcode -serialize-debugging-options -enable-experimental-feature DebugDescriptionMacro -empty-abi-descriptor -user-module-version 3.2.2 -validate-clang-modules-once -clang-build-session-file /Users/admin/builder/spi-builder-workspace/.derivedData/ModuleCache.noindex/Session.modulevalidation -Xcc -working-directory -Xcc /Users/admin/builder/spi-builder-workspace/.swiftpm/xcode -enable-anonymous-context-mangled-names -file-compilation-dir /Users/admin/builder/spi-builder-workspace/.swiftpm/xcode -Xcc -D_LIBCPP_HARDENING_MODE\=_LIBCPP_HARDENING_MODE_DEBUG -Xcc -ivfsstatcache -Xcc /Users/admin/builder/spi-builder-workspace/.derivedData/SDKStatCaches.noindex/watchos27.0-24R360-e829b21a6f8c9b70876ba0858053c04477534ef55a1706bf4c1112bbb242f0a2.sdkstatcache -Xcc -fmodules-prune-interval\=86400 -Xcc -fmodules-prune-after\=345600 -Xcc -I/Users/admin/builder/spi-builder-workspace/.derivedData/Build/Products/Debug-watchos/include -Xcc -I/Users/admin/builder/spi-builder-workspace/.derivedData/Build/Intermediates.noindex/FlowPilot.build/Debug-watchos/FlowPilot-t.build/DerivedSources-normal/arm64 -Xcc -I/Users/admin/builder/spi-builder-workspace/.derivedData/Build/Intermediates.noindex/FlowPilot.build/Debug-watchos/FlowPilot-t.build/DerivedSources/arm64 -Xcc -I/Users/admin/builder/spi-builder-workspace/.derivedData/Build/Intermediates.noindex/FlowPilot.build/Debug-watchos/FlowPilot-t.build/DerivedSources -Xcc -DSWIFT_PACKAGE -Xcc -DDEBUG\=1 -no-auto-bridging-header-chaining -module-name FlowPilot -package-name flowpilot -const-gather-protocols-file /Users/admin/builder/spi-builder-workspace/.derivedData/Build/Intermediates.noindex/FlowPilot.build/Debug-watchos/FlowPilot-t.build/Objects-normal/arm64/FlowPilot_const_extract_protocols.json -disable-clang-spi -clang-target arm64-apple-watchos27.0 -target-sdk-version 27.0 -target-sdk-name watchos27.0 -in-process-plugin-server-path /Applications/Xcode-27.0.0-Release.Candidate.app/Contents/Developer/Toolchains/XcodeDefault.xctoolchain/usr/lib/swift/host/libSwiftInProcPluginServer.dylib -emit-module-doc-path /Users/admin/builder/spi-builder-workspace/.derivedData/Build/Intermediates.noindex/FlowPilot.build/Debug-watchos/FlowPilot-t.build/Objects-normal/arm64/FlowPilot.swiftdoc -emit-module-source-info-path /Users/admin/builder/spi-builder-workspace/.derivedData/Build/Intermediates.noindex/FlowPilot.build/Debug-watchos/FlowPilot-t.build/Objects-normal/arm64/FlowPilot.swiftsourceinfo -emit-objc-header-path /Users/admin/builder/spi-builder-workspace/.derivedData/Build/Intermediates.noindex/FlowPilot.build/Debug-watchos/FlowPilot-t.build/Objects-normal/arm64/FlowPilot-Swift.h -serialize-diagnostics-path /Users/admin/builder/spi-builder-workspace/.derivedData/Build/Intermediates.noindex/FlowPilot.build/Debug-watchos/FlowPilot-t.build/Objects-normal/arm64/FlowPilot-primary-emit-module.dia -emit-dependencies-path /Users/admin/builder/spi-builder-workspace/.derivedData/Build/Intermediates.noindex/FlowPilot.build/Debug-watchos/FlowPilot-t.build/Objects-normal/arm64/FlowPilot-primary-emit-module.d -parse-as-library -o /Users/admin/builder/spi-builder-workspace/.derivedData/Build/Intermediates.noindex/FlowPilot.build/Debug-watchos/FlowPilot-t.build/Objects-normal/arm64/FlowPilot.swiftmodule -emit-abi-descriptor-path /Users/admin/builder/spi-builder-workspace/.derivedData/Build/Intermediates.noindex/FlowPilot.build/Debug-watchos/FlowPilot-t.build/Objects-normal/arm64/FlowPilot.abi.json
SwiftCompile normal arm64 (in target 'FlowPilot' from project 'FlowPilot')
    cd /Users/admin/builder/spi-builder-workspace/.swiftpm/xcode

SwiftCompile normal arm64 Compiling\ ModalNavigationRouter.swift,\ ModalRouter.swift /Users/admin/builder/spi-builder-workspace/.dependencies/checkouts/FlowPilot/Sources/FlowPilot/ModalNavigationRouter.swift /Users/admin/builder/spi-builder-workspace/.dependencies/checkouts/FlowPilot/Sources/FlowPilot/ModalRouter.swift (in target 'FlowPilot' from project 'FlowPilot')
SwiftCompile normal arm64 /Users/admin/builder/spi-builder-workspace/.dependencies/checkouts/FlowPilot/Sources/FlowPilot/ModalNavigationRouter.swift (in target 'FlowPilot' from project 'FlowPilot')
    cd /Users/admin/builder/spi-builder-workspace/.swiftpm/xcode
    builtin-SwiftPerFileCompile ModalNavigationRouter.swift
SwiftCompile normal arm64 /Users/admin/builder/spi-builder-workspace/.dependencies/checkouts/FlowPilot/Sources/FlowPilot/ModalRouter.swift (in target 'FlowPilot' from project 'FlowPilot')
    cd /Users/admin/builder/spi-builder-workspace/.swiftpm/xcode
    builtin-SwiftPerFileCompile ModalRouter.swift
SwiftExplicitDependencyGeneratePcm arm64_32 /Users/admin/builder/spi-builder-workspace/.derivedData/SDKExplicitPrecompiledModules/HomeKit-DXH34ZWEY4P4FEELCOH3LXVCR.pcm
PruneExplicitPrecompiledModules /Users/admin/builder/spi-builder-workspace/.derivedData/Build/Intermediates.noindex/SwiftExplicitPrecompiledModules
PruneExplicitPrecompiledModules /Users/admin/builder/spi-builder-workspace/.derivedData/Build/Intermediates.noindex/ExplicitPrecompiledModules
PruneExplicitPrecompiledModules /Users/admin/builder/spi-builder-workspace/.derivedData/SDKExplicitPrecompiledModules
2026-09-24 06:29:58.119 xcodebuild[831:4864] [MT] IDERunDestination: Supported platforms for the buildables in the current scheme is empty.
** BUILD FAILED **
The following build commands failed:
	SwiftEmitModule normal arm64 Emitting\ module\ for\ FlowPilot (in target 'FlowPilot' from project 'FlowPilot')
	SwiftCompile normal arm64 (in target 'FlowPilot' from project 'FlowPilot')
	Building workspace FlowPilotInfoBar with scheme FlowPilotInfoBar
(3 failures)
Command line invocation:
    /Applications/Xcode-27.0.0-Release.Candidate.app/Contents/Developer/usr/bin/xcodebuild -IDEClonedSourcePackagesDirPathOverride=/Users/admin/builder/spi-builder-workspace/.dependencies -resolvePackageDependencies
Resolve Package Graph
Resolved source packages:
  FlowPilotInfoBar: /Users/admin/builder/spi-builder-workspace
  CleevioCore: https://github.com/cleevio/CleevioCore.git @ 2.2.0
  FloatingPanel: https://github.com/scenee/FloatingPanel @ 3.0.1
  CleevioUI: https://github.com/cleevio/CleevioUI.git @ 3.2.0
  swift-collections: https://github.com/apple/swift-collections @ 1.7.0
  FlowPilot: https://github.com/cleevio/FlowPilot.git @ 3.2.2
resolved source packages: FlowPilotInfoBar, CleevioCore, FloatingPanel, CleevioUI, swift-collections, FlowPilot
2026-09-24 06:30:07.574 xcodebuild[1101:6324] [MT] IDERunDestination: Supported platforms for the buildables in the current scheme is empty.
{
  "dependencies" : [
    {
      "identity" : "cleeviocore",
      "requirement" : {
        "range" : [
          {
            "lower_bound" : "2.0.0",
            "upper_bound" : "3.0.0"
          }
        ]
      },
      "type" : "sourceControl",
      "url" : "https://github.com/cleevio/CleevioCore.git"
    },
    {
      "identity" : "flowpilot",
      "requirement" : {
        "range" : [
          {
            "lower_bound" : "3.0.0",
            "upper_bound" : "4.0.0"
          }
        ]
      },
      "type" : "sourceControl",
      "url" : "https://github.com/cleevio/FlowPilot.git"
    },
    {
      "identity" : "cleevioui",
      "requirement" : {
        "range" : [
          {
            "lower_bound" : "2.0.0",
            "upper_bound" : "4.0.0"
          }
        ]
      },
      "type" : "sourceControl",
      "url" : "https://github.com/cleevio/CleevioUI.git"
    }
  ],
  "manifest_display_name" : "FlowPilotInfoBar",
  "name" : "FlowPilotInfoBar",
  "path" : "/Users/admin/builder/spi-builder-workspace",
  "platforms" : [
    {
      "name" : "ios",
      "version" : "13.0"
    }
  ],
  "products" : [
    {
      "name" : "FlowPilotInfoBar",
      "targets" : [
        "FlowPilotInfoBar"
      ],
      "type" : {
        "library" : [
          "automatic"
        ]
      }
    }
  ],
  "swift_languages_versions" : [
    "5",
    "6"
  ],
  "targets" : [
    {
      "c99name" : "FlowPilotInfoBarTests",
      "module_type" : "SwiftTarget",
      "name" : "FlowPilotInfoBarTests",
      "path" : "Tests/FlowPilotInfoBarTests",
      "sources" : [
        "cleevioinfobarTests.swift"
      ],
      "target_dependencies" : [
        "FlowPilotInfoBar"
      ],
      "type" : "test"
    },
    {
      "c99name" : "FlowPilotInfoBar",
      "module_type" : "SwiftTarget",
      "name" : "FlowPilotInfoBar",
      "path" : "Sources/FlowPilotInfoBar",
      "product_dependencies" : [
        "CleevioCore",
        "FlowPilot",
        "CleevioUI"
      ],
      "product_memberships" : [
        "FlowPilotInfoBar"
      ],
      "sources" : [
        "InfoBarCoordinator.swift",
        "InfoBarView.swift",
        "InfoBarViewContent.swift",
        "InfoBarViewController.swift",
        "InfoBarViewModel.swift",
        "InfoBarWindowRouter.swift",
        "UIWindow+alertWindowRouter.swift"
      ],
      "type" : "library"
    }
  ],
  "tools_version" : "6.0"
}
{
  "workspace" : {
    "name" : "FlowPilotInfoBar",
    "schemes" : [
      "FlowPilotInfoBar"
    ]
  }
}
2026-09-24 06:30:09.155 xcodebuild[1109:6391] [MT] IDERunDestination: Supported platforms for the buildables in the current scheme is empty.
Running build ...
env DEVELOPER_DIR=/Applications/Xcode-27.0.0-Release.Candidate.app xcrun xcodebuild -IDEClonedSourcePackagesDirPathOverride=$PWD/.dependencies -skipMacroValidation -skipPackagePluginValidation -derivedDataPath $PWD/.derivedData build -scheme FlowPilotInfoBar -destination generic/platform=watchOS
Command line invocation:
    /Applications/Xcode-27.0.0-Release.Candidate.app/Contents/Developer/usr/bin/xcodebuild -IDEClonedSourcePackagesDirPathOverride=/Users/admin/builder/spi-builder-workspace/.dependencies -skipMacroValidation -skipPackagePluginValidation -derivedDataPath /Users/admin/builder/spi-builder-workspace/.derivedData build -scheme FlowPilotInfoBar -destination generic/platform=watchOS
Resolve Package Graph
Resolved source packages:
  swift-collections: https://github.com/apple/swift-collections @ 1.7.0
  FlowPilot: https://github.com/cleevio/FlowPilot.git @ 3.2.2
  CleevioCore: https://github.com/cleevio/CleevioCore.git @ 2.2.0
  FlowPilotInfoBar: /Users/admin/builder/spi-builder-workspace
  FloatingPanel: https://github.com/scenee/FloatingPanel @ 3.0.1
  CleevioUI: https://github.com/cleevio/CleevioUI.git @ 3.2.0
ComputePackagePrebuildTargetDependencyGraph
Prepare packages
CreateBuildRequest
SendProjectDescription
CreateBuildOperation
ComputeTargetDependencyGraph
note: Building targets in dependency order
note: Target dependency graph (11 targets)
    Target 'FlowPilotInfoBar-product' in project 'FlowPilotInfoBar'
        ➜ Explicit dependency on target 'FlowPilotInfoBar' in project 'FlowPilotInfoBar'
        ➜ Explicit dependency on target 'CleevioCore-product' in project 'CleevioCore'
        ➜ Explicit dependency on target 'FlowPilot-product' in project 'FlowPilot'
        ➜ Explicit dependency on target 'CleevioUI-product' in project 'CleevioUI'
    Target 'FlowPilotInfoBar' in project 'FlowPilotInfoBar'
        ➜ Explicit dependency on target 'CleevioCore-product' in project 'CleevioCore'
        ➜ Explicit dependency on target 'FlowPilot-product' in project 'FlowPilot'
        ➜ Explicit dependency on target 'CleevioUI-product' in project 'CleevioUI'
    Target 'CleevioUI-product' in project 'CleevioUI'
        ➜ Explicit dependency on target 'CleevioUI' in project 'CleevioUI'
    Target 'CleevioUI' in project 'CleevioUI' (no dependencies)
    Target 'FlowPilot-product' in project 'FlowPilot'
        ➜ Explicit dependency on target 'FlowPilot' in project 'FlowPilot'
        ➜ Explicit dependency on target 'CleevioCore-product' in project 'CleevioCore'
        ➜ Explicit dependency on target 'OrderedCollections-product' in project 'swift-collections'
    Target 'FlowPilot' in project 'FlowPilot'
        ➜ Explicit dependency on target 'CleevioCore-product' in project 'CleevioCore'
        ➜ Explicit dependency on target 'OrderedCollections-product' in project 'swift-collections'
    Target 'OrderedCollections-product' in project 'swift-collections'
        ➜ Explicit dependency on target 'OrderedCollections' in project 'swift-collections'
        ➜ Explicit dependency on target 'InternalCollectionsUtilities' in project 'swift-collections'
    Target 'OrderedCollections' in project 'swift-collections'
        ➜ Explicit dependency on target 'InternalCollectionsUtilities' in project 'swift-collections'
    Target 'InternalCollectionsUtilities' in project 'swift-collections' (no dependencies)
    Target 'CleevioCore-product' in project 'CleevioCore'
        ➜ Explicit dependency on target 'CleevioCore' in project 'CleevioCore'
    Target 'CleevioCore' in project 'CleevioCore' (no dependencies)
GatherProvisioningInputs
CreateBuildDescription
ClangStatCache /Applications/Xcode-27.0.0-Release.Candidate.app/Contents/Developer/Toolchains/XcodeDefault.xctoolchain/usr/bin/clang-stat-cache /Applications/Xcode-27.0.0-Release.Candidate.app/Contents/Developer/Platforms/WatchOS.platform/Developer/SDKs/WatchOS27.0.sdk /Users/admin/builder/spi-builder-workspace/.derivedData/SDKStatCaches.noindex/watchos27.0-24R360-e829b21a6f8c9b70876ba0858053c04477534ef55a1706bf4c1112bbb242f0a2.sdkstatcache
    cd /Users/admin/builder/spi-builder-workspace/.swiftpm/xcode
    /Applications/Xcode-27.0.0-Release.Candidate.app/Contents/Developer/Toolchains/XcodeDefault.xctoolchain/usr/bin/clang-stat-cache /Applications/Xcode-27.0.0-Release.Candidate.app/Contents/Developer/Platforms/WatchOS.platform/Developer/SDKs/WatchOS27.0.sdk -o /Users/admin/builder/spi-builder-workspace/.derivedData/SDKStatCaches.noindex/watchos27.0-24R360-e829b21a6f8c9b70876ba0858053c04477534ef55a1706bf4c1112bbb242f0a2.sdkstatcache
SwiftDriver CleevioUI normal arm64_32 com.apple.xcode.tools.swift.compiler (in target 'CleevioUI' from project 'CleevioUI')
    cd /Users/admin/builder/spi-builder-workspace/.swiftpm/xcode
    builtin-SwiftDriver -- /Applications/Xcode-27.0.0-Release.Candidate.app/Contents/Developer/Toolchains/XcodeDefault.xctoolchain/usr/bin/swiftc -parse-as-library -module-name CleevioUI -Onone @/Users/admin/builder/spi-builder-workspace/.derivedData/Build/Intermediates.noindex/CleevioUI.build/Debug-watchos/CleevioUI-t.build/Objects-normal/arm64_32/CleevioUI.SwiftFileList -DSWIFT_PACKAGE -DDEBUG -DSWIFT_MODULE_RESOURCE_BUNDLE_UNAVAILABLE -DXcode -plugin-path /Applications/Xcode-27.0.0-Release.Candidate.app/Contents/Developer/Toolchains/XcodeDefault.xctoolchain/usr/lib/swift/host/plugins/testing -enable-experimental-feature DebugDescriptionMacro -sdk /Applications/Xcode-27.0.0-Release.Candidate.app/Contents/Developer/Platforms/WatchOS.platform/Developer/SDKs/WatchOS27.0.sdk -target arm64_32-apple-watchos9.0 -g -module-cache-path /Users/admin/builder/spi-builder-workspace/.derivedData/ModuleCache.noindex -Xfrontend -serialize-debugging-options -profile-coverage-mapping -profile-generate -enable-testing -suppress-warnings -index-store-path /Users/admin/builder/spi-builder-workspace/.derivedData/Index.noindex/DataStore -Xcc -D_LIBCPP_HARDENING_MODE\=_LIBCPP_HARDENING_MODE_DEBUG -swift-version 6 -I /Users/admin/builder/spi-builder-workspace/.derivedData/Build/Products/Debug-watchos -Isystem /Applications/Xcode-27.0.0-Release.Candidate.app/Contents/Developer/Platforms/WatchOS.platform/Developer/usr/lib -F /Users/admin/builder/spi-builder-workspace/.derivedData/Build/Products/Debug-watchos -F /Applications/Xcode-27.0.0-Release.Candidate.app/Contents/Developer/Platforms/WatchOS.platform/Developer/Library/Frameworks -F /Applications/Xcode-27.0.0-Release.Candidate.app/Contents/Developer/Platforms/WatchOS.platform/Developer/SDKs/WatchOS27.0.sdk/Developer/Library/Frameworks -c -j10 -enable-batch-mode -incremental -Xcc -ivfsstatcache -Xcc /Users/admin/builder/spi-builder-workspace/.derivedData/SDKStatCaches.noindex/watchos27.0-24R360-e829b21a6f8c9b70876ba0858053c04477534ef55a1706bf4c1112bbb242f0a2.sdkstatcache -output-file-map /Users/admin/builder/spi-builder-workspace/.derivedData/Build/Intermediates.noindex/CleevioUI.build/Debug-watchos/CleevioUI-t.build/Objects-normal/arm64_32/CleevioUI-OutputFileMap.json -save-temps -no-color-diagnostics -explicit-module-build -module-cache-path /Users/admin/builder/spi-builder-workspace/.derivedData/Build/Intermediates.noindex/SwiftExplicitPrecompiledModules -clang-scanner-module-cache-path /Users/admin/builder/spi-builder-workspace/.derivedData/ModuleCache.noindex -sdk-module-cache-path /Users/admin/builder/spi-builder-workspace/.derivedData/SDKExplicitPrecompiledModules -emit-dependencies -emit-module -emit-module-path /Users/admin/builder/spi-builder-workspace/.derivedData/Build/Intermediates.noindex/CleevioUI.build/Debug-watchos/CleevioUI-t.build/Objects-normal/arm64_32/CleevioUI.swiftmodule -serialize-diagnostics -dependency-scan-serialize-diagnostics-path /Users/admin/builder/spi-builder-workspace/.derivedData/Build/Intermediates.noindex/CleevioUI.build/Debug-watchos/CleevioUI-t.build/Objects-normal/arm64_32/CleevioUI-dependency-scan.dia -user-module-version 3.2.0 -validate-clang-modules-once -clang-build-session-file /Users/admin/builder/spi-builder-workspace/.derivedData/ModuleCache.noindex/Session.modulevalidation -Xcc -fmodules-prune-interval\=86400 -Xcc -fmodules-prune-after\=345600 -package-name cleevioui -emit-const-values -const-gather-protocols-list /Users/admin/builder/spi-builder-workspace/.derivedData/Build/Intermediates.noindex/CleevioUI.build/Debug-watchos/CleevioUI-t.build/Objects-normal/arm64_32/CleevioUI_const_extract_protocols.json -Xcc -I/Users/admin/builder/spi-builder-workspace/.derivedData/Build/Products/Debug-watchos/include -Xcc -I/Users/admin/builder/spi-builder-workspace/.derivedData/Build/Intermediates.noindex/CleevioUI.build/Debug-watchos/CleevioUI-t.build/DerivedSources-normal/arm64_32 -Xcc -I/Users/admin/builder/spi-builder-workspace/.derivedData/Build/Intermediates.noindex/CleevioUI.build/Debug-watchos/CleevioUI-t.build/DerivedSources/arm64_32 -Xcc -I/Users/admin/builder/spi-builder-workspace/.derivedData/Build/Intermediates.noindex/CleevioUI.build/Debug-watchos/CleevioUI-t.build/DerivedSources -Xcc -DSWIFT_PACKAGE -Xcc -DDEBUG\=1 -emit-objc-header -emit-objc-header-path /Users/admin/builder/spi-builder-workspace/.derivedData/Build/Intermediates.noindex/CleevioUI.build/Debug-watchos/CleevioUI-t.build/Objects-normal/arm64_32/CleevioUI-Swift.h -working-directory /Users/admin/builder/spi-builder-workspace/.swiftpm/xcode -experimental-emit-module-separately -disable-cmo
SwiftDriver FlowPilot normal arm64 com.apple.xcode.tools.swift.compiler (in target 'FlowPilot' from project 'FlowPilot')
    cd /Users/admin/builder/spi-builder-workspace/.swiftpm/xcode
    builtin-SwiftDriver -- /Applications/Xcode-27.0.0-Release.Candidate.app/Contents/Developer/Toolchains/XcodeDefault.xctoolchain/usr/bin/swiftc -parse-as-library -module-name FlowPilot -Onone @/Users/admin/builder/spi-builder-workspace/.derivedData/Build/Intermediates.noindex/FlowPilot.build/Debug-watchos/FlowPilot-t.build/Objects-normal/arm64/FlowPilot.SwiftFileList -DSWIFT_PACKAGE -DDEBUG -DSWIFT_MODULE_RESOURCE_BUNDLE_UNAVAILABLE -DXcode -plugin-path /Applications/Xcode-27.0.0-Release.Candidate.app/Contents/Developer/Toolchains/XcodeDefault.xctoolchain/usr/lib/swift/host/plugins/testing -enable-experimental-feature DebugDescriptionMacro -sdk /Applications/Xcode-27.0.0-Release.Candidate.app/Contents/Developer/Platforms/WatchOS.platform/Developer/SDKs/WatchOS27.0.sdk -target arm64-apple-watchos9.0 -g -module-cache-path /Users/admin/builder/spi-builder-workspace/.derivedData/ModuleCache.noindex -Xfrontend -serialize-debugging-options -profile-coverage-mapping -profile-generate -enable-testing -suppress-warnings -index-store-path /Users/admin/builder/spi-builder-workspace/.derivedData/Index.noindex/DataStore -Xcc -D_LIBCPP_HARDENING_MODE\=_LIBCPP_HARDENING_MODE_DEBUG -swift-version 6 -I /Users/admin/builder/spi-builder-workspace/.derivedData/Build/Products/Debug-watchos -Isystem /Applications/Xcode-27.0.0-Release.Candidate.app/Contents/Developer/Platforms/WatchOS.platform/Developer/usr/lib -F /Users/admin/builder/spi-builder-workspace/.derivedData/Build/Products/Debug-watchos/PackageFrameworks -F /Users/admin/builder/spi-builder-workspace/.derivedData/Build/Products/Debug-watchos -F /Applications/Xcode-27.0.0-Release.Candidate.app/Contents/Developer/Platforms/WatchOS.platform/Developer/Library/Frameworks -F /Applications/Xcode-27.0.0-Release.Candidate.app/Contents/Developer/Platforms/WatchOS.platform/Developer/SDKs/WatchOS27.0.sdk/Developer/Library/Frameworks -c -j10 -enable-batch-mode -incremental -Xcc -ivfsstatcache -Xcc /Users/admin/builder/spi-builder-workspace/.derivedData/SDKStatCaches.noindex/watchos27.0-24R360-e829b21a6f8c9b70876ba0858053c04477534ef55a1706bf4c1112bbb242f0a2.sdkstatcache -output-file-map /Users/admin/builder/spi-builder-workspace/.derivedData/Build/Intermediates.noindex/FlowPilot.build/Debug-watchos/FlowPilot-t.build/Objects-normal/arm64/FlowPilot-OutputFileMap.json -save-temps -no-color-diagnostics -explicit-module-build -module-cache-path /Users/admin/builder/spi-builder-workspace/.derivedData/Build/Intermediates.noindex/SwiftExplicitPrecompiledModules -clang-scanner-module-cache-path /Users/admin/builder/spi-builder-workspace/.derivedData/ModuleCache.noindex -sdk-module-cache-path /Users/admin/builder/spi-builder-workspace/.derivedData/SDKExplicitPrecompiledModules -emit-dependencies -emit-module -emit-module-path /Users/admin/builder/spi-builder-workspace/.derivedData/Build/Intermediates.noindex/FlowPilot.build/Debug-watchos/FlowPilot-t.build/Objects-normal/arm64/FlowPilot.swiftmodule -serialize-diagnostics -dependency-scan-serialize-diagnostics-path /Users/admin/builder/spi-builder-workspace/.derivedData/Build/Intermediates.noindex/FlowPilot.build/Debug-watchos/FlowPilot-t.build/Objects-normal/arm64/FlowPilot-dependency-scan.dia -user-module-version 3.2.2 -validate-clang-modules-once -clang-build-session-file /Users/admin/builder/spi-builder-workspace/.derivedData/ModuleCache.noindex/Session.modulevalidation -Xcc -fmodules-prune-interval\=86400 -Xcc -fmodules-prune-after\=345600 -package-name flowpilot -emit-const-values -const-gather-protocols-list /Users/admin/builder/spi-builder-workspace/.derivedData/Build/Intermediates.noindex/FlowPilot.build/Debug-watchos/FlowPilot-t.build/Objects-normal/arm64/FlowPilot_const_extract_protocols.json -Xcc -I/Users/admin/builder/spi-builder-workspace/.derivedData/Build/Products/Debug-watchos/include -Xcc -I/Users/admin/builder/spi-builder-workspace/.derivedData/Build/Intermediates.noindex/FlowPilot.build/Debug-watchos/FlowPilot-t.build/DerivedSources-normal/arm64 -Xcc -I/Users/admin/builder/spi-builder-workspace/.derivedData/Build/Intermediates.noindex/FlowPilot.build/Debug-watchos/FlowPilot-t.build/DerivedSources/arm64 -Xcc -I/Users/admin/builder/spi-builder-workspace/.derivedData/Build/Intermediates.noindex/FlowPilot.build/Debug-watchos/FlowPilot-t.build/DerivedSources -Xcc -DSWIFT_PACKAGE -Xcc -DDEBUG\=1 -emit-objc-header -emit-objc-header-path /Users/admin/builder/spi-builder-workspace/.derivedData/Build/Intermediates.noindex/FlowPilot.build/Debug-watchos/FlowPilot-t.build/Objects-normal/arm64/FlowPilot-Swift.h -working-directory /Users/admin/builder/spi-builder-workspace/.swiftpm/xcode -experimental-emit-module-separately -disable-cmo
SwiftDriver FlowPilot normal arm64_32 com.apple.xcode.tools.swift.compiler (in target 'FlowPilot' from project 'FlowPilot')
    cd /Users/admin/builder/spi-builder-workspace/.swiftpm/xcode
    builtin-SwiftDriver -- /Applications/Xcode-27.0.0-Release.Candidate.app/Contents/Developer/Toolchains/XcodeDefault.xctoolchain/usr/bin/swiftc -parse-as-library -module-name FlowPilot -Onone @/Users/admin/builder/spi-builder-workspace/.derivedData/Build/Intermediates.noindex/FlowPilot.build/Debug-watchos/FlowPilot-t.build/Objects-normal/arm64_32/FlowPilot.SwiftFileList -DSWIFT_PACKAGE -DDEBUG -DSWIFT_MODULE_RESOURCE_BUNDLE_UNAVAILABLE -DXcode -plugin-path /Applications/Xcode-27.0.0-Release.Candidate.app/Contents/Developer/Toolchains/XcodeDefault.xctoolchain/usr/lib/swift/host/plugins/testing -enable-experimental-feature DebugDescriptionMacro -sdk /Applications/Xcode-27.0.0-Release.Candidate.app/Contents/Developer/Platforms/WatchOS.platform/Developer/SDKs/WatchOS27.0.sdk -target arm64_32-apple-watchos9.0 -g -module-cache-path /Users/admin/builder/spi-builder-workspace/.derivedData/ModuleCache.noindex -Xfrontend -serialize-debugging-options -profile-coverage-mapping -profile-generate -enable-testing -suppress-warnings -index-store-path /Users/admin/builder/spi-builder-workspace/.derivedData/Index.noindex/DataStore -Xcc -D_LIBCPP_HARDENING_MODE\=_LIBCPP_HARDENING_MODE_DEBUG -swift-version 6 -I /Users/admin/builder/spi-builder-workspace/.derivedData/Build/Products/Debug-watchos -Isystem /Applications/Xcode-27.0.0-Release.Candidate.app/Contents/Developer/Platforms/WatchOS.platform/Developer/usr/lib -F /Users/admin/builder/spi-builder-workspace/.derivedData/Build/Products/Debug-watchos/PackageFrameworks -F /Users/admin/builder/spi-builder-workspace/.derivedData/Build/Products/Debug-watchos -F /Applications/Xcode-27.0.0-Release.Candidate.app/Contents/Developer/Platforms/WatchOS.platform/Developer/Library/Frameworks -F /Applications/Xcode-27.0.0-Release.Candidate.app/Contents/Developer/Platforms/WatchOS.platform/Developer/SDKs/WatchOS27.0.sdk/Developer/Library/Frameworks -c -j10 -enable-batch-mode -incremental -Xcc -ivfsstatcache -Xcc /Users/admin/builder/spi-builder-workspace/.derivedData/SDKStatCaches.noindex/watchos27.0-24R360-e829b21a6f8c9b70876ba0858053c04477534ef55a1706bf4c1112bbb242f0a2.sdkstatcache -output-file-map /Users/admin/builder/spi-builder-workspace/.derivedData/Build/Intermediates.noindex/FlowPilot.build/Debug-watchos/FlowPilot-t.build/Objects-normal/arm64_32/FlowPilot-OutputFileMap.json -save-temps -no-color-diagnostics -explicit-module-build -module-cache-path /Users/admin/builder/spi-builder-workspace/.derivedData/Build/Intermediates.noindex/SwiftExplicitPrecompiledModules -clang-scanner-module-cache-path /Users/admin/builder/spi-builder-workspace/.derivedData/ModuleCache.noindex -sdk-module-cache-path /Users/admin/builder/spi-builder-workspace/.derivedData/SDKExplicitPrecompiledModules -emit-dependencies -emit-module -emit-module-path /Users/admin/builder/spi-builder-workspace/.derivedData/Build/Intermediates.noindex/FlowPilot.build/Debug-watchos/FlowPilot-t.build/Objects-normal/arm64_32/FlowPilot.swiftmodule -serialize-diagnostics -dependency-scan-serialize-diagnostics-path /Users/admin/builder/spi-builder-workspace/.derivedData/Build/Intermediates.noindex/FlowPilot.build/Debug-watchos/FlowPilot-t.build/Objects-normal/arm64_32/FlowPilot-dependency-scan.dia -user-module-version 3.2.2 -validate-clang-modules-once -clang-build-session-file /Users/admin/builder/spi-builder-workspace/.derivedData/ModuleCache.noindex/Session.modulevalidation -Xcc -fmodules-prune-interval\=86400 -Xcc -fmodules-prune-after\=345600 -package-name flowpilot -emit-const-values -const-gather-protocols-list /Users/admin/builder/spi-builder-workspace/.derivedData/Build/Intermediates.noindex/FlowPilot.build/Debug-watchos/FlowPilot-t.build/Objects-normal/arm64_32/FlowPilot_const_extract_protocols.json -Xcc -I/Users/admin/builder/spi-builder-workspace/.derivedData/Build/Products/Debug-watchos/include -Xcc -I/Users/admin/builder/spi-builder-workspace/.derivedData/Build/Intermediates.noindex/FlowPilot.build/Debug-watchos/FlowPilot-t.build/DerivedSources-normal/arm64_32 -Xcc -I/Users/admin/builder/spi-builder-workspace/.derivedData/Build/Intermediates.noindex/FlowPilot.build/Debug-watchos/FlowPilot-t.build/DerivedSources/arm64_32 -Xcc -I/Users/admin/builder/spi-builder-workspace/.derivedData/Build/Intermediates.noindex/FlowPilot.build/Debug-watchos/FlowPilot-t.build/DerivedSources -Xcc -DSWIFT_PACKAGE -Xcc -DDEBUG\=1 -emit-objc-header -emit-objc-header-path /Users/admin/builder/spi-builder-workspace/.derivedData/Build/Intermediates.noindex/FlowPilot.build/Debug-watchos/FlowPilot-t.build/Objects-normal/arm64_32/FlowPilot-Swift.h -working-directory /Users/admin/builder/spi-builder-workspace/.swiftpm/xcode -experimental-emit-module-separately -disable-cmo
SwiftDriver CleevioUI normal arm64 com.apple.xcode.tools.swift.compiler (in target 'CleevioUI' from project 'CleevioUI')
    cd /Users/admin/builder/spi-builder-workspace/.swiftpm/xcode
    builtin-SwiftDriver -- /Applications/Xcode-27.0.0-Release.Candidate.app/Contents/Developer/Toolchains/XcodeDefault.xctoolchain/usr/bin/swiftc -parse-as-library -module-name CleevioUI -Onone @/Users/admin/builder/spi-builder-workspace/.derivedData/Build/Intermediates.noindex/CleevioUI.build/Debug-watchos/CleevioUI-t.build/Objects-normal/arm64/CleevioUI.SwiftFileList -DSWIFT_PACKAGE -DDEBUG -DSWIFT_MODULE_RESOURCE_BUNDLE_UNAVAILABLE -DXcode -plugin-path /Applications/Xcode-27.0.0-Release.Candidate.app/Contents/Developer/Toolchains/XcodeDefault.xctoolchain/usr/lib/swift/host/plugins/testing -enable-experimental-feature DebugDescriptionMacro -sdk /Applications/Xcode-27.0.0-Release.Candidate.app/Contents/Developer/Platforms/WatchOS.platform/Developer/SDKs/WatchOS27.0.sdk -target arm64-apple-watchos9.0 -g -module-cache-path /Users/admin/builder/spi-builder-workspace/.derivedData/ModuleCache.noindex -Xfrontend -serialize-debugging-options -profile-coverage-mapping -profile-generate -enable-testing -suppress-warnings -index-store-path /Users/admin/builder/spi-builder-workspace/.derivedData/Index.noindex/DataStore -Xcc -D_LIBCPP_HARDENING_MODE\=_LIBCPP_HARDENING_MODE_DEBUG -swift-version 6 -I /Users/admin/builder/spi-builder-workspace/.derivedData/Build/Products/Debug-watchos -Isystem /Applications/Xcode-27.0.0-Release.Candidate.app/Contents/Developer/Platforms/WatchOS.platform/Developer/usr/lib -F /Users/admin/builder/spi-builder-workspace/.derivedData/Build/Products/Debug-watchos -F /Applications/Xcode-27.0.0-Release.Candidate.app/Contents/Developer/Platforms/WatchOS.platform/Developer/Library/Frameworks -F /Applications/Xcode-27.0.0-Release.Candidate.app/Contents/Developer/Platforms/WatchOS.platform/Developer/SDKs/WatchOS27.0.sdk/Developer/Library/Frameworks -c -j10 -enable-batch-mode -incremental -Xcc -ivfsstatcache -Xcc /Users/admin/builder/spi-builder-workspace/.derivedData/SDKStatCaches.noindex/watchos27.0-24R360-e829b21a6f8c9b70876ba0858053c04477534ef55a1706bf4c1112bbb242f0a2.sdkstatcache -output-file-map /Users/admin/builder/spi-builder-workspace/.derivedData/Build/Intermediates.noindex/CleevioUI.build/Debug-watchos/CleevioUI-t.build/Objects-normal/arm64/CleevioUI-OutputFileMap.json -save-temps -no-color-diagnostics -explicit-module-build -module-cache-path /Users/admin/builder/spi-builder-workspace/.derivedData/Build/Intermediates.noindex/SwiftExplicitPrecompiledModules -clang-scanner-module-cache-path /Users/admin/builder/spi-builder-workspace/.derivedData/ModuleCache.noindex -sdk-module-cache-path /Users/admin/builder/spi-builder-workspace/.derivedData/SDKExplicitPrecompiledModules -emit-dependencies -emit-module -emit-module-path /Users/admin/builder/spi-builder-workspace/.derivedData/Build/Intermediates.noindex/CleevioUI.build/Debug-watchos/CleevioUI-t.build/Objects-normal/arm64/CleevioUI.swiftmodule -serialize-diagnostics -dependency-scan-serialize-diagnostics-path /Users/admin/builder/spi-builder-workspace/.derivedData/Build/Intermediates.noindex/CleevioUI.build/Debug-watchos/CleevioUI-t.build/Objects-normal/arm64/CleevioUI-dependency-scan.dia -user-module-version 3.2.0 -validate-clang-modules-once -clang-build-session-file /Users/admin/builder/spi-builder-workspace/.derivedData/ModuleCache.noindex/Session.modulevalidation -Xcc -fmodules-prune-interval\=86400 -Xcc -fmodules-prune-after\=345600 -package-name cleevioui -emit-const-values -const-gather-protocols-list /Users/admin/builder/spi-builder-workspace/.derivedData/Build/Intermediates.noindex/CleevioUI.build/Debug-watchos/CleevioUI-t.build/Objects-normal/arm64/CleevioUI_const_extract_protocols.json -Xcc -I/Users/admin/builder/spi-builder-workspace/.derivedData/Build/Products/Debug-watchos/include -Xcc -I/Users/admin/builder/spi-builder-workspace/.derivedData/Build/Intermediates.noindex/CleevioUI.build/Debug-watchos/CleevioUI-t.build/DerivedSources-normal/arm64 -Xcc -I/Users/admin/builder/spi-builder-workspace/.derivedData/Build/Intermediates.noindex/CleevioUI.build/Debug-watchos/CleevioUI-t.build/DerivedSources/arm64 -Xcc -I/Users/admin/builder/spi-builder-workspace/.derivedData/Build/Intermediates.noindex/CleevioUI.build/Debug-watchos/CleevioUI-t.build/DerivedSources -Xcc -DSWIFT_PACKAGE -Xcc -DDEBUG\=1 -emit-objc-header -emit-objc-header-path /Users/admin/builder/spi-builder-workspace/.derivedData/Build/Intermediates.noindex/CleevioUI.build/Debug-watchos/CleevioUI-t.build/Objects-normal/arm64/CleevioUI-Swift.h -working-directory /Users/admin/builder/spi-builder-workspace/.swiftpm/xcode -experimental-emit-module-separately -disable-cmo
SwiftCompile normal arm64 Compiling\ AnyRouter.swift,\ Coordinator.swift /Users/admin/builder/spi-builder-workspace/.dependencies/checkouts/FlowPilot/Sources/FlowPilot/AnyRouter.swift /Users/admin/builder/spi-builder-workspace/.dependencies/checkouts/FlowPilot/Sources/FlowPilot/Coordinators/Coordinator.swift (in target 'FlowPilot' from project 'FlowPilot')
SwiftCompile normal arm64 /Users/admin/builder/spi-builder-workspace/.dependencies/checkouts/FlowPilot/Sources/FlowPilot/AnyRouter.swift (in target 'FlowPilot' from project 'FlowPilot')
    cd /Users/admin/builder/spi-builder-workspace/.swiftpm/xcode
    builtin-SwiftPerFileCompile AnyRouter.swift
SwiftCompile normal arm64 /Users/admin/builder/spi-builder-workspace/.dependencies/checkouts/FlowPilot/Sources/FlowPilot/Coordinators/Coordinator.swift (in target 'FlowPilot' from project 'FlowPilot')
    cd /Users/admin/builder/spi-builder-workspace/.swiftpm/xcode
    builtin-SwiftPerFileCompile Coordinator.swift
/Users/admin/builder/spi-builder-workspace/.dependencies/checkouts/FlowPilot/Sources/FlowPilot/AnyRouter.swift:19:25: error: cannot find type 'PlatformViewController' in scope
17 |     /// The closure to invoke when presenting a view controller.
18 |     @usableFromInline
19 |     let presentAction: (PlatformViewController, Bool) -> Void
   |                         `- error: cannot find type 'PlatformViewController' in scope
20 |
21 |     /// The closure to invoke when dismissing a view controller.
/Users/admin/builder/spi-builder-workspace/.dependencies/checkouts/FlowPilot/Sources/FlowPilot/AnyRouter.swift:39:47: error: cannot find type 'PlatformViewController' in scope
37 |      */
38 |     @inlinable
39 |     init(presentAction: @escaping @MainActor (PlatformViewController, Bool) -> Void,
   |                                               `- error: cannot find type 'PlatformViewController' in scope
40 |          dismissAction: @escaping @MainActor (Bool, (() -> Void)?) -> Void,
41 |          dismissRouterAction: @escaping @MainActor (Bool, (() -> Void)?) -> Void) {
/Users/admin/builder/spi-builder-workspace/.dependencies/checkouts/FlowPilot/Sources/FlowPilot/AnyRouter.swift:57:43: error: cannot find type 'PlatformViewController' in scope
55 |      */
56 |     @inlinable
57 |     public func present(_ viewController: PlatformViewController, animated: Bool) {
   |                                           `- error: cannot find type 'PlatformViewController' in scope
58 |         presentAction(viewController, animated)
59 |     }
SwiftCompile normal arm64 Compiling\ CoordinatorPreview.swift,\ ParametersRouterCoordinator.swift /Users/admin/builder/spi-builder-workspace/.dependencies/checkouts/FlowPilot/Sources/FlowPilot/Coordinators/CoordinatorPreview.swift /Users/admin/builder/spi-builder-workspace/.dependencies/checkouts/FlowPilot/Sources/FlowPilot/Coordinators/ParametersRouterCoordinator.swift (in target 'FlowPilot' from project 'FlowPilot')
SwiftCompile normal arm64 /Users/admin/builder/spi-builder-workspace/.dependencies/checkouts/FlowPilot/Sources/FlowPilot/Coordinators/CoordinatorPreview.swift (in target 'FlowPilot' from project 'FlowPilot')
    cd /Users/admin/builder/spi-builder-workspace/.swiftpm/xcode
    builtin-SwiftPerFileCompile CoordinatorPreview.swift
SwiftCompile normal arm64 /Users/admin/builder/spi-builder-workspace/.dependencies/checkouts/FlowPilot/Sources/FlowPilot/Coordinators/ParametersRouterCoordinator.swift (in target 'FlowPilot' from project 'FlowPilot')
    cd /Users/admin/builder/spi-builder-workspace/.swiftpm/xcode
    builtin-SwiftPerFileCompile ParametersRouterCoordinator.swift
/Users/admin/builder/spi-builder-workspace/.dependencies/checkouts/FlowPilot/Sources/FlowPilot/Coordinators/Coordinator.swift:96:62: error: cannot find type 'PlatformViewController' in scope
 94 |
 95 |     /// The view controllers that this coordinator manages. The lifetime of this `Coordinator` object is tied to the lifetime of the view controllers.
 96 |     public private(set) final var viewControllers: WeakArray<PlatformViewController> = .init([])
    |                                                              `- error: cannot find type 'PlatformViewController' in scope
 97 |
 98 |     /// The root view controller managed by this coordinator.
/Users/admin/builder/spi-builder-workspace/.dependencies/checkouts/FlowPilot/Sources/FlowPilot/Coordinators/Coordinator.swift:99:34: error: cannot find type 'PlatformViewController' in scope
 97 |
 98 |     /// The root view controller managed by this coordinator.
 99 |     open var rootViewController: PlatformViewController {
    |                                  `- error: cannot find type 'PlatformViewController' in scope
100 |         get throws {
101 |             guard let rootViewController = viewControllers.lazy.compactMap({ $0 }).first else {
/Users/admin/builder/spi-builder-workspace/.dependencies/checkouts/FlowPilot/Sources/FlowPilot/Coordinators/Coordinator.swift:100:9: error: getter of noncopyable type cannot be 'async' or 'throws'
 98 |     /// The root view controller managed by this coordinator.
 99 |     open var rootViewController: PlatformViewController {
100 |         get throws {
    |         `- error: getter of noncopyable type cannot be 'async' or 'throws'
101 |             guard let rootViewController = viewControllers.lazy.compactMap({ $0 }).first else {
102 |                 throw RootViewControllerNotFound(viewControllerCount: viewControllers.count)
SwiftEmitModule normal arm64 Emitting\ module\ for\ FlowPilot (in target 'FlowPilot' from project 'FlowPilot')
/Users/admin/builder/spi-builder-workspace/.dependencies/checkouts/FlowPilot/Sources/FlowPilot/AnyRouter.swift:19:25: error: cannot find type 'PlatformViewController' in scope
17 |     /// The closure to invoke when presenting a view controller.
18 |     @usableFromInline
19 |     let presentAction: (PlatformViewController, Bool) -> Void
   |                         `- error: cannot find type 'PlatformViewController' in scope
20 |
21 |     /// The closure to invoke when dismissing a view controller.
/Users/admin/builder/spi-builder-workspace/.dependencies/checkouts/FlowPilot/Sources/FlowPilot/AnyRouter.swift:39:47: error: cannot find type 'PlatformViewController' in scope
37 |      */
38 |     @inlinable
39 |     init(presentAction: @escaping @MainActor (PlatformViewController, Bool) -> Void,
   |                                               `- error: cannot find type 'PlatformViewController' in scope
40 |          dismissAction: @escaping @MainActor (Bool, (() -> Void)?) -> Void,
41 |          dismissRouterAction: @escaping @MainActor (Bool, (() -> Void)?) -> Void) {
/Users/admin/builder/spi-builder-workspace/.dependencies/checkouts/FlowPilot/Sources/FlowPilot/AnyRouter.swift:57:43: error: cannot find type 'PlatformViewController' in scope
55 |      */
56 |     @inlinable
57 |     public func present(_ viewController: PlatformViewController, animated: Bool) {
   |                                           `- error: cannot find type 'PlatformViewController' in scope
58 |         presentAction(viewController, animated)
59 |     }
SwiftCompile normal arm64 (in target 'FlowPilot' from project 'FlowPilot')
    cd /Users/admin/builder/spi-builder-workspace/.swiftpm/xcode

SwiftCompile normal arm64 Compiling\ ResponseParametersCoordinator.swift,\ ResponseRouterCoordinator.swift /Users/admin/builder/spi-builder-workspace/.dependencies/checkouts/FlowPilot/Sources/FlowPilot/Coordinators/ResponseParametersCoordinator.swift /Users/admin/builder/spi-builder-workspace/.dependencies/checkouts/FlowPilot/Sources/FlowPilot/Coordinators/ResponseRouterCoordinator.swift (in target 'FlowPilot' from project 'FlowPilot')
/Users/admin/builder/spi-builder-workspace/.dependencies/checkouts/FlowPilot/Sources/FlowPilot/Coordinators/Coordinator.swift:96:62: error: cannot find type 'PlatformViewController' in scope
 94 |
 95 |     /// The view controllers that this coordinator manages. The lifetime of this `Coordinator` object is tied to the lifetime of the view controllers.
 96 |     public private(set) final var viewControllers: WeakArray<PlatformViewController> = .init([])
    |                                                              `- error: cannot find type 'PlatformViewController' in scope
 97 |
 98 |     /// The root view controller managed by this coordinator.
/Users/admin/builder/spi-builder-workspace/.dependencies/checkouts/FlowPilot/Sources/FlowPilot/Coordinators/Coordinator.swift:99:34: error: cannot find type 'PlatformViewController' in scope
 97 |
 98 |     /// The root view controller managed by this coordinator.
 99 |     open var rootViewController: PlatformViewController {
    |                                  `- error: cannot find type 'PlatformViewController' in scope
100 |         get throws {
101 |             guard let rootViewController = viewControllers.lazy.compactMap({ $0 }).first else {
SwiftCompile normal arm64 /Users/admin/builder/spi-builder-workspace/.dependencies/checkouts/FlowPilot/Sources/FlowPilot/Coordinators/ResponseParametersCoordinator.swift (in target 'FlowPilot' from project 'FlowPilot')
    cd /Users/admin/builder/spi-builder-workspace/.swiftpm/xcode
    builtin-SwiftPerFileCompile ResponseParametersCoordinator.swift
SwiftCompile normal arm64 /Users/admin/builder/spi-builder-workspace/.dependencies/checkouts/FlowPilot/Sources/FlowPilot/Coordinators/ResponseRouterCoordinator.swift (in target 'FlowPilot' from project 'FlowPilot')
    cd /Users/admin/builder/spi-builder-workspace/.swiftpm/xcode
    builtin-SwiftPerFileCompile ResponseRouterCoordinator.swift
SwiftCompile normal arm64 Compiling\ Router.swift,\ WindowLevelRouter.swift /Users/admin/builder/spi-builder-workspace/.dependencies/checkouts/FlowPilot/Sources/FlowPilot/Router.swift /Users/admin/builder/spi-builder-workspace/.dependencies/checkouts/FlowPilot/Sources/FlowPilot/WindowLevelRouter.swift (in target 'FlowPilot' from project 'FlowPilot')
/Users/admin/builder/spi-builder-workspace/.dependencies/checkouts/FlowPilot/Sources/FlowPilot/Router.swift:20:47: error: cannot find type 'PlatformViewController' in scope
18 |     ///   - viewController: The view controller to present.
19 |     ///   - animated: A Boolean value that indicates whether the presentation should be animated.
20 |     @MainActor func present(_ viewController: PlatformViewController, animated: Bool)
   |                                               `- error: cannot find type 'PlatformViewController' in scope
21 |
22 |     /// Dismisses a view controller.
/Users/admin/builder/spi-builder-workspace/.dependencies/checkouts/FlowPilot/Sources/FlowPilot/AnyRouter.swift:39:47: error: cannot find type 'PlatformViewController' in scope
37 |      */
38 |     @inlinable
39 |     init(presentAction: @escaping @MainActor (PlatformViewController, Bool) -> Void,
   |                                               `- error: cannot find type 'PlatformViewController' in scope
40 |          dismissAction: @escaping @MainActor (Bool, (() -> Void)?) -> Void,
41 |          dismissRouterAction: @escaping @MainActor (Bool, (() -> Void)?) -> Void) {
Failed frontend command:
/Applications/Xcode-27.0.0-Release.Candidate.app/Contents/Developer/Toolchains/XcodeDefault.xctoolchain/usr/bin/swift-frontend -frontend -c /Users/admin/builder/spi-builder-workspace/.dependencies/checkouts/FlowPilot/Sources/FlowPilot/AnyRouter.swift /Users/admin/builder/spi-builder-workspace/.dependencies/checkouts/FlowPilot/Sources/FlowPilot/Coordinators/Coordinator.swift /Users/admin/builder/spi-builder-workspace/.dependencies/checkouts/FlowPilot/Sources/FlowPilot/Coordinators/CoordinatorPreview.swift /Users/admin/builder/spi-builder-workspace/.dependencies/checkouts/FlowPilot/Sources/FlowPilot/Coordinators/ParametersRouterCoordinator.swift /Users/admin/builder/spi-builder-workspace/.dependencies/checkouts/FlowPilot/Sources/FlowPilot/Coordinators/ResponseParametersCoordinator.swift /Users/admin/builder/spi-builder-workspace/.dependencies/checkouts/FlowPilot/Sources/FlowPilot/Coordinators/ResponseRouterCoordinator.swift /Users/admin/builder/spi-builder-workspace/.dependencies/checkouts/FlowPilot/Sources/FlowPilot/Coordinators/RouterCoordinator.swift /Users/admin/builder/spi-builder-workspace/.dependencies/checkouts/FlowPilot/Sources/FlowPilot/IdentifiedHashableType.swift /Users/admin/builder/spi-builder-workspace/.dependencies/checkouts/FlowPilot/Sources/FlowPilot/ModalNavigationRouter.swift /Users/admin/builder/spi-builder-workspace/.dependencies/checkouts/FlowPilot/Sources/FlowPilot/ModalRouter.swift /Users/admin/builder/spi-builder-workspace/.dependencies/checkouts/FlowPilot/Sources/FlowPilot/NavigationRouter.swift /Users/admin/builder/spi-builder-workspace/.dependencies/checkouts/FlowPilot/Sources/FlowPilot/NavigationRouterWrapper.swift -primary-file /Users/admin/builder/spi-builder-workspace/.dependencies/checkouts/FlowPilot/Sources/FlowPilot/Router.swift -primary-file /Users/admin/builder/spi-builder-workspace/.dependencies/checkouts/FlowPilot/Sources/FlowPilot/WindowLevelRouter.swift /Users/admin/builder/spi-builder-workspace/.dependencies/checkouts/FlowPilot/Sources/FlowPilot/WindowNavigationRouter.swift /Users/admin/builder/spi-builder-workspace/.dependencies/checkouts/FlowPilot/Sources/FlowPilot/WindowRouter.swift /Users/admin/builder/spi-builder-workspace/.dependencies/checkouts/FlowPilot/Sources/FlowPilot/shouldAnimateTransition.swift -emit-dependencies-path /Users/admin/builder/spi-builder-workspace/.derivedData/Build/Intermediates.noindex/FlowPilot.build/Debug-watchos/FlowPilot-t.build/Objects-normal/arm64/Router.d -emit-const-values-path /Users/admin/builder/spi-builder-workspace/.derivedData/Build/Intermediates.noindex/FlowPilot.build/Debug-watchos/FlowPilot-t.build/Objects-normal/arm64/Router.swiftconstvalues -emit-reference-dependencies-path /Users/admin/builder/spi-builder-workspace/.derivedData/Build/Intermediates.noindex/FlowPilot.build/Debug-watchos/FlowPilot-t.build/Objects-normal/arm64/Router.swiftdeps -serialize-diagnostics-path /Users/admin/builder/spi-builder-workspace/.derivedData/Build/Intermediates.noindex/FlowPilot.build/Debug-watchos/FlowPilot-t.build/Objects-normal/arm64/Router.dia -emit-dependencies-path /Users/admin/builder/spi-builder-workspace/.derivedData/Build/Intermediates.noindex/FlowPilot.build/Debug-watchos/FlowPilot-t.build/Objects-normal/arm64/WindowLevelRouter.d -emit-const-values-path /Users/admin/builder/spi-builder-workspace/.derivedData/Build/Intermediates.noindex/FlowPilot.build/Debug-watchos/FlowPilot-t.build/Objects-normal/arm64/WindowLevelRouter.swiftconstvalues -emit-reference-dependencies-path /Users/admin/builder/spi-builder-workspace/.derivedData/Build/Intermediates.noindex/FlowPilot.build/Debug-watchos/FlowPilot-t.build/Objects-normal/arm64/WindowLevelRouter.swiftdeps -serialize-diagnostics-path /Users/admin/builder/spi-builder-workspace/.derivedData/Build/Intermediates.noindex/FlowPilot.build/Debug-watchos/FlowPilot-t.build/Objects-normal/arm64/WindowLevelRouter.dia -target arm64-apple-watchos9.0 -module-can-import-version UIKit 9127.0.84.1 9127.0.84 -disable-cross-import-overlay-search -load-resolved-plugin /Applications/Xcode-27.0.0-Release.Candidate.app/Contents/Developer/Platforms/WatchOS.platform/Developer/usr/lib/swift/host/plugins/libFoundationMacros.dylib\#/Applications/Xcode-27.0.0-Release.Candidate.app/Contents/Developer/Platforms/WatchOS.platform/Developer/usr/bin/swift-plugin-server\#FoundationMacros -load-resolved-plugin /Applications/Xcode-27.0.0-Release.Candidate.app/Contents/Developer/Platforms/WatchOS.platform/Developer/usr/lib/swift/host/plugins/libObservationMacros.dylib\#/Applications/Xcode-27.0.0-Release.Candidate.app/Contents/Developer/Platforms/WatchOS.platform/Developer/usr/bin/swift-plugin-server\#ObservationMacros -load-resolved-plugin /Applications/Xcode-27.0.0-Release.Candidate.app/Contents/Developer/Platforms/WatchOS.platform/Developer/usr/lib/swift/host/plugins/libPreviewsMacros.dylib\#/Applications/Xcode-27.0.0-Release.Candidate.app/Contents/Developer/Platforms/WatchOS.platform/Developer/usr/bin/swift-plugin-server\#PreviewsMacros -load-resolved-plugin /Applications/Xcode-27.0.0-Release.Candidate.app/Contents/Developer/Platforms/WatchOS.platform/Developer/usr/lib/swift/host/plugins/libSwiftMacros.dylib\#/Applications/Xcode-27.0.0-Release.Candidate.app/Contents/Developer/Platforms/WatchOS.platform/Developer/usr/bin/swift-plugin-server\#SwiftMacros -load-resolved-plugin /Applications/Xcode-27.0.0-Release.Candidate.app/Contents/Developer/Platforms/WatchOS.platform/Developer/usr/lib/swift/host/plugins/libSwiftUIMacros.dylib\#/Applications/Xcode-27.0.0-Release.Candidate.app/Contents/Developer/Platforms/WatchOS.platform/Developer/usr/bin/swift-plugin-server\#SwiftUIMacros -disable-implicit-swift-modules -Xcc -fno-implicit-modules -Xcc -fno-implicit-module-maps -explicit-swift-module-map-file /Users/admin/builder/spi-builder-workspace/.derivedData/Build/Intermediates.noindex/FlowPilot.build/Debug-watchos/FlowPilot-t.build/Objects-normal/arm64/FlowPilot-dependencies-1.json -Xllvm -aarch64-use-tbi -enable-objc-interop -stack-check -sdk /Applications/Xcode-27.0.0-Release.Candidate.app/Contents/Developer/Platforms/WatchOS.platform/Developer/SDKs/WatchOS27.0.sdk -I /Users/admin/builder/spi-builder-workspace/.derivedData/Build/Products/Debug-watchos -Isystem /Applications/Xcode-27.0.0-Release.Candidate.app/Contents/Developer/Platforms/WatchOS.platform/Developer/usr/lib -F /Users/admin/builder/spi-builder-workspace/.derivedData/Build/Products/Debug-watchos/PackageFrameworks -F /Users/admin/builder/spi-builder-workspace/.derivedData/Build/Products/Debug-watchos -F /Applications/Xcode-27.0.0-Release.Candidate.app/Contents/Developer/Platforms/WatchOS.platform/Developer/Library/Frameworks -F /Applications/Xcode-27.0.0-Release.Candidate.app/Contents/Developer/Platforms/WatchOS.platform/Developer/SDKs/WatchOS27.0.sdk/Developer/Library/Frameworks -module-cache-path /Users/admin/builder/spi-builder-workspace/.derivedData/Build/Intermediates.noindex/SwiftExplicitPrecompiledModules -no-color-diagnostics -Xcc -fno-color-diagnostics -enable-testing -g -debug-info-format\=dwarf -dwarf-version\=4 -suppress-warnings -profile-generate -profile-coverage-mapping -swift-version 6 -Onone -D SWIFT_PACKAGE -D DEBUG -D SWIFT_MODULE_RESOURCE_BUNDLE_UNAVAILABLE -D Xcode -serialize-debugging-options -enable-experimental-feature DebugDescriptionMacro -empty-abi-descriptor -user-module-version 3.2.2 -validate-clang-modules-once -clang-build-session-file /Users/admin/builder/spi-builder-workspace/.derivedData/ModuleCache.noindex/Session.modulevalidation -Xcc -working-directory -Xcc /Users/admin/builder/spi-builder-workspace/.swiftpm/xcode -enable-anonymous-context-mangled-names -file-compilation-dir /Users/admin/builder/spi-builder-workspace/.swiftpm/xcode -Xcc -D_LIBCPP_HARDENING_MODE\=_LIBCPP_HARDENING_MODE_DEBUG -Xcc -ivfsstatcache -Xcc /Users/admin/builder/spi-builder-workspace/.derivedData/SDKStatCaches.noindex/watchos27.0-24R360-e829b21a6f8c9b70876ba0858053c04477534ef55a1706bf4c1112bbb242f0a2.sdkstatcache -Xcc -fmodules-prune-interval\=86400 -Xcc -fmodules-prune-after\=345600 -Xcc -I/Users/admin/builder/spi-builder-workspace/.derivedData/Build/Products/Debug-watchos/include -Xcc -I/Users/admin/builder/spi-builder-workspace/.derivedData/Build/Intermediates.noindex/FlowPilot.build/Debug-watchos/FlowPilot-t.build/DerivedSources-normal/arm64 -Xcc -I/Users/admin/builder/spi-builder-workspace/.derivedData/Build/Intermediates.noindex/FlowPilot.build/Debug-watchos/FlowPilot-t.build/DerivedSources/arm64 -Xcc -I/Users/admin/builder/spi-builder-workspace/.derivedData/Build/Intermediates.noindex/FlowPilot.build/Debug-watchos/FlowPilot-t.build/DerivedSources -Xcc -DSWIFT_PACKAGE -Xcc -DDEBUG\=1 -no-auto-bridging-header-chaining -module-name FlowPilot -package-name flowpilot -const-gather-protocols-file /Users/admin/builder/spi-builder-workspace/.derivedData/Build/Intermediates.noindex/FlowPilot.build/Debug-watchos/FlowPilot-t.build/Objects-normal/arm64/FlowPilot_const_extract_protocols.json -disable-clang-spi -clang-target arm64-apple-watchos27.0 -target-sdk-version 27.0 -target-sdk-name watchos27.0 -in-process-plugin-server-path /Applications/Xcode-27.0.0-Release.Candidate.app/Contents/Developer/Toolchains/XcodeDefault.xctoolchain/usr/lib/swift/host/libSwiftInProcPluginServer.dylib -parse-as-library -o /Users/admin/builder/spi-builder-workspace/.derivedData/Build/Intermediates.noindex/FlowPilot.build/Debug-watchos/FlowPilot-t.build/Objects-normal/arm64/Router.o -o /Users/admin/builder/spi-builder-workspace/.derivedData/Build/Intermediates.noindex/FlowPilot.build/Debug-watchos/FlowPilot-t.build/Objects-normal/arm64/WindowLevelRouter.o -debug-module-path /Users/admin/builder/spi-builder-workspace/.derivedData/Build/Intermediates.noindex/FlowPilot.build/Debug-watchos/FlowPilot-t.build/Objects-normal/arm64/FlowPilot.swiftmodule -index-unit-output-path /FlowPilot.build/Debug-watchos/FlowPilot-t.build/Objects-normal/arm64/Router.o -index-unit-output-path /FlowPilot.build/Debug-watchos/FlowPilot-t.build/Objects-normal/arm64/WindowLevelRouter.o -index-store-path /Users/admin/builder/spi-builder-workspace/.derivedData/Index.noindex/DataStore -index-system-modules
SwiftCompile normal arm64 /Users/admin/builder/spi-builder-workspace/.dependencies/checkouts/FlowPilot/Sources/FlowPilot/Router.swift (in target 'FlowPilot' from project 'FlowPilot')
    cd /Users/admin/builder/spi-builder-workspace/.swiftpm/xcode
    builtin-SwiftPerFileCompile Router.swift
SwiftCompile normal arm64 /Users/admin/builder/spi-builder-workspace/.dependencies/checkouts/FlowPilot/Sources/FlowPilot/WindowLevelRouter.swift (in target 'FlowPilot' from project 'FlowPilot')
    cd /Users/admin/builder/spi-builder-workspace/.swiftpm/xcode
    builtin-SwiftPerFileCompile WindowLevelRouter.swift
SwiftCompile normal arm64 Compiling\ ModalNavigationRouter.swift,\ ModalRouter.swift /Users/admin/builder/spi-builder-workspace/.dependencies/checkouts/FlowPilot/Sources/FlowPilot/ModalNavigationRouter.swift /Users/admin/builder/spi-builder-workspace/.dependencies/checkouts/FlowPilot/Sources/FlowPilot/ModalRouter.swift (in target 'FlowPilot' from project 'FlowPilot')
SwiftCompile normal arm64 /Users/admin/builder/spi-builder-workspace/.dependencies/checkouts/FlowPilot/Sources/FlowPilot/ModalNavigationRouter.swift (in target 'FlowPilot' from project 'FlowPilot')
    cd /Users/admin/builder/spi-builder-workspace/.swiftpm/xcode
    builtin-SwiftPerFileCompile ModalNavigationRouter.swift
SwiftCompile normal arm64 /Users/admin/builder/spi-builder-workspace/.dependencies/checkouts/FlowPilot/Sources/FlowPilot/ModalRouter.swift (in target 'FlowPilot' from project 'FlowPilot')
    cd /Users/admin/builder/spi-builder-workspace/.swiftpm/xcode
    builtin-SwiftPerFileCompile ModalRouter.swift
SwiftExplicitDependencyGeneratePcm arm64_32 /Users/admin/builder/spi-builder-workspace/.derivedData/SDKExplicitPrecompiledModules/MapKit-3RCPMYWFYVKLOR1JJH1M1L7O6.pcm
SwiftCompile normal arm64 Compiling\ WindowNavigationRouter.swift /Users/admin/builder/spi-builder-workspace/.dependencies/checkouts/FlowPilot/Sources/FlowPilot/WindowNavigationRouter.swift (in target 'FlowPilot' from project 'FlowPilot')
SwiftCompile normal arm64 /Users/admin/builder/spi-builder-workspace/.dependencies/checkouts/FlowPilot/Sources/FlowPilot/WindowNavigationRouter.swift (in target 'FlowPilot' from project 'FlowPilot')
    cd /Users/admin/builder/spi-builder-workspace/.swiftpm/xcode
    builtin-SwiftPerFileCompile WindowNavigationRouter.swift
SwiftExplicitDependencyGeneratePcm arm64_32 /Users/admin/builder/spi-builder-workspace/.derivedData/SDKExplicitPrecompiledModules/HomeKit-DXH34ZWEY4P4FEELCOH3LXVCR.pcm
SwiftCompile normal arm64 Compiling\ shouldAnimateTransition.swift /Users/admin/builder/spi-builder-workspace/.dependencies/checkouts/FlowPilot/Sources/FlowPilot/shouldAnimateTransition.swift (in target 'FlowPilot' from project 'FlowPilot')
SwiftCompile normal arm64 /Users/admin/builder/spi-builder-workspace/.dependencies/checkouts/FlowPilot/Sources/FlowPilot/shouldAnimateTransition.swift (in target 'FlowPilot' from project 'FlowPilot')
    cd /Users/admin/builder/spi-builder-workspace/.swiftpm/xcode
    builtin-SwiftPerFileCompile shouldAnimateTransition.swift
SwiftEmitModule normal arm64 Emitting\ module\ for\ CleevioUI (in target 'CleevioUI' from project 'CleevioUI')
SwiftCompile normal arm64 (in target 'CleevioUI' from project 'CleevioUI')
    cd /Users/admin/builder/spi-builder-workspace/.swiftpm/xcode

SwiftDriverJobDiscovery normal arm64 Compiling WindowNavigationRouter.swift (in target 'FlowPilot' from project 'FlowPilot')
SwiftCompile normal arm64 Compiling\ RouterCoordinator.swift,\ IdentifiedHashableType.swift /Users/admin/builder/spi-builder-workspace/.dependencies/checkouts/FlowPilot/Sources/FlowPilot/Coordinators/RouterCoordinator.swift /Users/admin/builder/spi-builder-workspace/.dependencies/checkouts/FlowPilot/Sources/FlowPilot/IdentifiedHashableType.swift (in target 'FlowPilot' from project 'FlowPilot')
SwiftCompile normal arm64 /Users/admin/builder/spi-builder-workspace/.dependencies/checkouts/FlowPilot/Sources/FlowPilot/Coordinators/RouterCoordinator.swift (in target 'FlowPilot' from project 'FlowPilot')
    cd /Users/admin/builder/spi-builder-workspace/.swiftpm/xcode
    builtin-SwiftPerFileCompile RouterCoordinator.swift
SwiftCompile normal arm64 /Users/admin/builder/spi-builder-workspace/.dependencies/checkouts/FlowPilot/Sources/FlowPilot/IdentifiedHashableType.swift (in target 'FlowPilot' from project 'FlowPilot')
    cd /Users/admin/builder/spi-builder-workspace/.swiftpm/xcode
    builtin-SwiftPerFileCompile IdentifiedHashableType.swift
SwiftCompile normal arm64 Compiling\ WindowRouter.swift /Users/admin/builder/spi-builder-workspace/.dependencies/checkouts/FlowPilot/Sources/FlowPilot/WindowRouter.swift (in target 'FlowPilot' from project 'FlowPilot')
SwiftCompile normal arm64 /Users/admin/builder/spi-builder-workspace/.dependencies/checkouts/FlowPilot/Sources/FlowPilot/WindowRouter.swift (in target 'FlowPilot' from project 'FlowPilot')
    cd /Users/admin/builder/spi-builder-workspace/.swiftpm/xcode
    builtin-SwiftPerFileCompile WindowRouter.swift
PruneExplicitPrecompiledModules /Users/admin/builder/spi-builder-workspace/.derivedData/SDKExplicitPrecompiledModules
PruneExplicitPrecompiledModules /Users/admin/builder/spi-builder-workspace/.derivedData/Build/Intermediates.noindex/SwiftExplicitPrecompiledModules
PruneExplicitPrecompiledModules /Users/admin/builder/spi-builder-workspace/.derivedData/Build/Intermediates.noindex/ExplicitPrecompiledModules
2026-09-24 06:30:10.514 xcodebuild[1110:6422] [MT] IDERunDestination: Supported platforms for the buildables in the current scheme is empty.
** BUILD FAILED **
The following build commands failed:
	SwiftCompile normal arm64 Compiling\ Router.swift,\ WindowLevelRouter.swift /Users/admin/builder/spi-builder-workspace/.dependencies/checkouts/FlowPilot/Sources/FlowPilot/Router.swift /Users/admin/builder/spi-builder-workspace/.dependencies/checkouts/FlowPilot/Sources/FlowPilot/WindowLevelRouter.swift (in target 'FlowPilot' from project 'FlowPilot')
	SwiftCompile normal arm64 /Users/admin/builder/spi-builder-workspace/.dependencies/checkouts/FlowPilot/Sources/FlowPilot/Router.swift (in target 'FlowPilot' from project 'FlowPilot')
	Building workspace FlowPilotInfoBar with scheme FlowPilotInfoBar
(3 failures)
BUILD FAILURE 6.4 watchOS