Build Information
Failed to build GoogleCloudVectorSearchV1, reference 0.5.0 (815349), with Swift 6.2 for Android on 12 Oct 2026 01:17:29 UTC.
Build Command
bash -c docker run --pull=always --rm -v "checkouts-54344849-0":/host -w "$PWD" -e JAVA_HOME="/root/.sdkman/candidates/java/current" -e SPI_BUILD="1" -e SPI_PROCESSING="1" registry.gitlab.com/saguaro1/spi-images:android-6.2-latest swift build --swift-sdk aarch64-unknown-linux-android28 2>&1Build Log
========================================
RunAll
========================================
Builder version: 5.1.1
Interrupt handler set up.
========================================
Checkout
========================================
Clone URL: https://github.com/googleapis/swift-google-cloud-vectorsearch-v1.git
Reference: 0.5.0
Initialized empty Git repository in /host/spi-builder-workspace/.git/
hint: Using 'master' as the name for the initial branch. This default branch name
hint: is subject to change. To configure the initial branch name to use in all
hint: of your new repositories, which will suppress this warning, call:
hint:
hint: git config --global init.defaultBranch <name>
hint:
hint: Names commonly chosen instead of 'master' are 'main', 'trunk' and
hint: 'development'. The just-created branch can be renamed via this command:
hint:
hint: git branch -m <name>
From https://github.com/googleapis/swift-google-cloud-vectorsearch-v1
* tag 0.5.0 -> FETCH_HEAD
HEAD is now at 8153490 chore: release circa 2026-10-07 (#1382)
Cloned https://github.com/googleapis/swift-google-cloud-vectorsearch-v1.git
Revision (git rev-parse @):
8153490c6deeb53cd709b9403b774ef5fd75e299
SPI manifest file found: $PWD/.spi.yml
SUCCESS checkout https://github.com/googleapis/swift-google-cloud-vectorsearch-v1.git at 0.5.0
========================================
Build
========================================
Selected platform: android
Swift version: 6.2
Building package at path: $PWD
https://github.com/googleapis/swift-google-cloud-vectorsearch-v1.git
Running build ...
bash -c docker run --pull=always --rm -v "checkouts-54344849-0":/host -w "$PWD" -e JAVA_HOME="/root/.sdkman/candidates/java/current" -e SPI_BUILD="1" -e SPI_PROCESSING="1" registry.gitlab.com/saguaro1/spi-images:android-6.2-latest swift build --swift-sdk aarch64-unknown-linux-android28 2>&1
android-6.2-latest: Pulling from saguaro1/spi-images
Digest: sha256:a839c9ce201f1dacc8eb056626ec7ab0a1c6d53d7b77c83feda395f4507c51be
Status: Image is up to date for registry.gitlab.com/saguaro1/spi-images:android-6.2-latest
Fetching https://github.com/googleapis/swift-google-longrunning
Fetching https://github.com/googleapis/swift-google-rpc
Fetching https://github.com/apple/swift-log
Fetching https://github.com/googleapis/swift-google-wkt
Fetching https://github.com/googleapis/swift-google-gax
Fetching https://github.com/googleapis/swift-google-cloud-location
[1/552] Fetching swift-google-cloud-location
[553/8809] Fetching swift-google-cloud-location, swift-log
[554/9231] Fetching swift-google-cloud-location, swift-log, swift-google-rpc
Fetched https://github.com/googleapis/swift-google-cloud-location from cache (0.37s)
[206/8679] Fetching swift-log, swift-google-rpc
Fetching https://github.com/googleapis/swift-google-auth
[2157/10427] Fetching swift-log, swift-google-rpc, swift-google-gax
[2192/11450] Fetching swift-log, swift-google-rpc, swift-google-gax, swift-google-wkt
[6789/12069] Fetching swift-log, swift-google-rpc, swift-google-gax, swift-google-wkt, swift-google-longrunning
Fetched https://github.com/googleapis/swift-google-gax from cache (0.45s)
[9777/10321] Fetching swift-log, swift-google-rpc, swift-google-wkt, swift-google-longrunning
Fetched https://github.com/googleapis/swift-google-rpc from cache (0.51s)
Fetched https://github.com/googleapis/swift-google-wkt from cache (0.51s)
Fetched https://github.com/apple/swift-log from cache (0.51s)
[452/619] Fetching swift-google-longrunning
Fetched https://github.com/googleapis/swift-google-longrunning from cache (0.57s)
[1/1023] Fetching swift-google-auth
Fetched https://github.com/googleapis/swift-google-auth from cache (0.43s)
Computing version for https://github.com/googleapis/swift-google-wkt
Computed https://github.com/googleapis/swift-google-wkt at 0.5.0 (0.95s)
Fetching https://github.com/swift-extras/swift-extras-base64
[1/954] Fetching swift-extras-base64
Fetched https://github.com/swift-extras/swift-extras-base64 from cache (0.45s)
Computing version for https://github.com/googleapis/swift-google-rpc
Computed https://github.com/googleapis/swift-google-rpc at 0.5.0 (0.60s)
Computing version for https://github.com/googleapis/swift-google-longrunning
Computed https://github.com/googleapis/swift-google-longrunning at 0.5.0 (0.15s)
Computing version for https://github.com/googleapis/swift-google-gax
Computed https://github.com/googleapis/swift-google-gax at 0.5.0 (0.15s)
Fetching https://github.com/apple/swift-nio
Fetching https://github.com/swift-server/async-http-client.git
[1/16464] Fetching async-http-client
[16465/102838] Fetching async-http-client, swift-nio
Fetched https://github.com/swift-server/async-http-client.git from cache (1.01s)
[864/86374] Fetching swift-nio
Fetched https://github.com/apple/swift-nio from cache (3.52s)
Computing version for https://github.com/googleapis/swift-google-cloud-location
Computed https://github.com/googleapis/swift-google-cloud-location at 0.5.0 (3.67s)
Computing version for https://github.com/googleapis/swift-google-auth
Computed https://github.com/googleapis/swift-google-auth at 0.5.0 (0.14s)
Fetching https://github.com/vapor/jwt-kit.git
Fetching https://github.com/apple/swift-system.git
[1/7241] Fetching swift-system
[146/17495] Fetching swift-system, jwt-kit
Fetched https://github.com/vapor/jwt-kit.git from cache (0.85s)
Fetched https://github.com/apple/swift-system.git from cache (0.90s)
Computing version for https://github.com/swift-extras/swift-extras-base64
Computed https://github.com/swift-extras/swift-extras-base64 at 1.2.0 (1.04s)
Computing version for https://github.com/swift-server/async-http-client.git
Computed https://github.com/swift-server/async-http-client.git at 1.36.2 (0.17s)
Fetching https://github.com/apple/swift-nio-extras.git
Fetching https://github.com/apple/swift-configuration.git
Fetching https://github.com/apple/swift-nio-transport-services.git
Fetching https://github.com/apple/swift-service-context.git
Fetching https://github.com/apple/swift-distributed-tracing.git
Fetching https://github.com/apple/swift-atomics.git
[1/1889] Fetching swift-atomics
[512/3390] Fetching swift-atomics, swift-service-context
[603/6257] Fetching swift-atomics, swift-service-context, swift-nio-transport-services
[3814/12960] Fetching swift-atomics, swift-service-context, swift-nio-transport-services, swift-nio-extras
[6270/19511] Fetching swift-atomics, swift-service-context, swift-nio-transport-services, swift-nio-extras, swift-distributed-tracing
Fetched https://github.com/apple/swift-atomics.git from cache (0.49s)
Fetched https://github.com/apple/swift-nio-transport-services.git from cache (0.49s)
Fetching https://github.com/apple/swift-nio-ssl.git
Fetching https://github.com/apple/swift-nio-http2.git
[8206/18683] Fetching swift-service-context, swift-nio-extras, swift-distributed-tracing, swift-configuration
Fetched https://github.com/apple/swift-service-context.git from cache (0.89s)
[15415/17182] Fetching swift-nio-extras, swift-distributed-tracing, swift-configuration
Fetched https://github.com/apple/swift-distributed-tracing.git from cache (0.89s)
Fetching https://github.com/apple/swift-algorithms.git
[8982/10631] Fetching swift-nio-extras, swift-configuration
[10632/27511] Fetching swift-nio-extras, swift-configuration, swift-nio-ssl
Fetched https://github.com/apple/swift-configuration.git from cache (0.95s)
Fetched https://github.com/apple/swift-nio-extras.git from cache (0.95s)
[844/16880] Fetching swift-nio-ssl
[1521/29174] Fetching swift-nio-ssl, swift-nio-http2
[23277/35338] Fetching swift-nio-ssl, swift-nio-http2, swift-algorithms
Fetched https://github.com/apple/swift-algorithms.git from cache (0.52s)
Fetched https://github.com/apple/swift-nio-http2.git from cache (1.12s)
Fetched https://github.com/apple/swift-nio-ssl.git from cache (1.22s)
Computing version for https://github.com/apple/swift-service-context.git
Computed https://github.com/apple/swift-service-context.git at 1.3.0 (1.85s)
Computing version for https://github.com/apple/swift-algorithms.git
Computed https://github.com/apple/swift-algorithms.git at 1.2.1 (0.86s)
Fetching https://github.com/apple/swift-numerics.git
[1/6742] Fetching swift-numerics
Fetched https://github.com/apple/swift-numerics.git from cache (1.22s)
Computing version for https://github.com/apple/swift-log
Computed https://github.com/apple/swift-log at 1.16.1 (1.37s)
Computing version for https://github.com/apple/swift-distributed-tracing.git
Computed https://github.com/apple/swift-distributed-tracing.git at 1.5.0 (0.13s)
Computing version for https://github.com/apple/swift-atomics.git
Computed https://github.com/apple/swift-atomics.git at 1.3.1 (0.13s)
Computing version for https://github.com/apple/swift-numerics.git
Computed https://github.com/apple/swift-numerics.git at 1.1.1 (0.12s)
Computing version for https://github.com/apple/swift-nio
Computed https://github.com/apple/swift-nio at 2.104.0 (0.33s)
Fetching https://github.com/apple/swift-collections.git
[1/28703] Fetching swift-collections
Fetched https://github.com/apple/swift-collections.git from cache (1.66s)
Computing version for https://github.com/apple/swift-configuration.git
Computed https://github.com/apple/swift-configuration.git at 1.2.2 (2.44s)
Fetching https://github.com/swift-server/swift-service-lifecycle
[1/2867] Fetching swift-service-lifecycle
Fetched https://github.com/swift-server/swift-service-lifecycle from cache (0.47s)
Computing version for https://github.com/apple/swift-nio-transport-services.git
Computed https://github.com/apple/swift-nio-transport-services.git at 1.28.0 (0.63s)
Computing version for https://github.com/swift-server/swift-service-lifecycle
Computed https://github.com/swift-server/swift-service-lifecycle at 2.12.1 (0.14s)
Fetching https://github.com/apple/swift-async-algorithms.git
[1/6820] Fetching swift-async-algorithms
Fetched https://github.com/apple/swift-async-algorithms.git from cache (0.80s)
Computing version for https://github.com/apple/swift-async-algorithms.git
Computed https://github.com/apple/swift-async-algorithms.git at 1.1.7 (1.00s)
Computing version for https://github.com/apple/swift-collections.git
Computed https://github.com/apple/swift-collections.git at 1.7.2 (0.23s)
Computing version for https://github.com/apple/swift-nio-http2.git
Computed https://github.com/apple/swift-nio-http2.git at 1.46.0 (0.15s)
Computing version for https://github.com/vapor/jwt-kit.git
Computed https://github.com/vapor/jwt-kit.git at 5.7.1 (0.13s)
Fetching https://github.com/apple/swift-certificates.git
Fetching https://github.com/apple/swift-crypto.git
[1/18629] Fetching swift-crypto
[2/26242] Fetching swift-crypto, swift-certificates
Fetched https://github.com/apple/swift-certificates.git from cache (1.19s)
Fetched https://github.com/apple/swift-crypto.git from cache (1.20s)
Computing version for https://github.com/apple/swift-crypto.git
Computed https://github.com/apple/swift-crypto.git at 4.5.2 (1.79s)
Fetching https://github.com/apple/swift-asn1.git
[1/2009] Fetching swift-asn1
Fetched https://github.com/apple/swift-asn1.git from cache (0.39s)
Computing version for https://github.com/apple/swift-asn1.git
Computed https://github.com/apple/swift-asn1.git at 1.7.3 (0.56s)
Computing version for https://github.com/apple/swift-certificates.git
Computed https://github.com/apple/swift-certificates.git at 1.21.0 (0.19s)
Computing version for https://github.com/apple/swift-nio-ssl.git
Computed https://github.com/apple/swift-nio-ssl.git at 2.37.5 (0.17s)
Computing version for https://github.com/apple/swift-system.git
Computed https://github.com/apple/swift-system.git at 1.8.1 (0.16s)
Computing version for https://github.com/apple/swift-nio-extras.git
Computed https://github.com/apple/swift-nio-extras.git at 1.35.1 (0.24s)
Fetching https://github.com/apple/swift-http-types.git
Fetching https://github.com/apple/swift-http-structured-headers.git
[1/1253] Fetching swift-http-structured-headers
[1254/3192] Fetching swift-http-structured-headers, swift-http-types
Fetched https://github.com/apple/swift-http-structured-headers.git from cache (0.40s)
Fetched https://github.com/apple/swift-http-types.git from cache (0.40s)
Computing version for https://github.com/apple/swift-http-structured-headers.git
Computed https://github.com/apple/swift-http-structured-headers.git at 1.7.0 (0.54s)
Computing version for https://github.com/apple/swift-http-types.git
Computed https://github.com/apple/swift-http-types.git at 1.8.0 (0.16s)
Creating working copy for https://github.com/apple/swift-collections.git
Working copy of https://github.com/apple/swift-collections.git resolved at 1.7.2
Creating working copy for https://github.com/apple/swift-http-types.git
Working copy of https://github.com/apple/swift-http-types.git resolved at 1.8.0
Creating working copy for https://github.com/apple/swift-numerics.git
Working copy of https://github.com/apple/swift-numerics.git resolved at 1.1.1
Creating working copy for https://github.com/googleapis/swift-google-gax
Working copy of https://github.com/googleapis/swift-google-gax resolved at 0.5.0
Creating working copy for https://github.com/apple/swift-log
Working copy of https://github.com/apple/swift-log resolved at 1.16.1
Creating working copy for https://github.com/apple/swift-nio-http2.git
Working copy of https://github.com/apple/swift-nio-http2.git resolved at 1.46.0
Creating working copy for https://github.com/googleapis/swift-google-longrunning
Working copy of https://github.com/googleapis/swift-google-longrunning resolved at 0.5.0
Creating working copy for https://github.com/apple/swift-http-structured-headers.git
Working copy of https://github.com/apple/swift-http-structured-headers.git resolved at 1.7.0
Creating working copy for https://github.com/googleapis/swift-google-auth
Working copy of https://github.com/googleapis/swift-google-auth resolved at 0.5.0
Creating working copy for https://github.com/apple/swift-nio
Working copy of https://github.com/apple/swift-nio resolved at 2.104.0
Creating working copy for https://github.com/googleapis/swift-google-rpc
Working copy of https://github.com/googleapis/swift-google-rpc resolved at 0.5.0
Creating working copy for https://github.com/apple/swift-nio-ssl.git
Working copy of https://github.com/apple/swift-nio-ssl.git resolved at 2.37.5
Creating working copy for https://github.com/swift-server/swift-service-lifecycle
Working copy of https://github.com/swift-server/swift-service-lifecycle resolved at 2.12.1
Creating working copy for https://github.com/apple/swift-system.git
Working copy of https://github.com/apple/swift-system.git resolved at 1.8.1
Creating working copy for https://github.com/apple/swift-algorithms.git
Working copy of https://github.com/apple/swift-algorithms.git resolved at 1.2.1
Creating working copy for https://github.com/apple/swift-certificates.git
Working copy of https://github.com/apple/swift-certificates.git resolved at 1.21.0
Creating working copy for https://github.com/apple/swift-nio-extras.git
Working copy of https://github.com/apple/swift-nio-extras.git resolved at 1.35.1
Creating working copy for https://github.com/apple/swift-atomics.git
Working copy of https://github.com/apple/swift-atomics.git resolved at 1.3.1
Creating working copy for https://github.com/swift-extras/swift-extras-base64
Working copy of https://github.com/swift-extras/swift-extras-base64 resolved at 1.2.0
Creating working copy for https://github.com/apple/swift-asn1.git
Working copy of https://github.com/apple/swift-asn1.git resolved at 1.7.3
Creating working copy for https://github.com/swift-server/async-http-client.git
Working copy of https://github.com/swift-server/async-http-client.git resolved at 1.36.2
Creating working copy for https://github.com/apple/swift-service-context.git
Working copy of https://github.com/apple/swift-service-context.git resolved at 1.3.0
Creating working copy for https://github.com/vapor/jwt-kit.git
Working copy of https://github.com/vapor/jwt-kit.git resolved at 5.7.1
Creating working copy for https://github.com/apple/swift-nio-transport-services.git
Working copy of https://github.com/apple/swift-nio-transport-services.git resolved at 1.28.0
Creating working copy for https://github.com/apple/swift-distributed-tracing.git
Working copy of https://github.com/apple/swift-distributed-tracing.git resolved at 1.5.0
Creating working copy for https://github.com/googleapis/swift-google-wkt
Working copy of https://github.com/googleapis/swift-google-wkt resolved at 0.5.0
Creating working copy for https://github.com/apple/swift-async-algorithms.git
Working copy of https://github.com/apple/swift-async-algorithms.git resolved at 1.1.7
Creating working copy for https://github.com/apple/swift-crypto.git
Working copy of https://github.com/apple/swift-crypto.git resolved at 4.5.2
Creating working copy for https://github.com/apple/swift-configuration.git
Working copy of https://github.com/apple/swift-configuration.git resolved at 1.2.2
Creating working copy for https://github.com/googleapis/swift-google-cloud-location
Working copy of https://github.com/googleapis/swift-google-cloud-location resolved at 0.5.0
Building for debugging...
[0/1054] Compiling sha512-armv8-win.S
[1/1054] Compiling chacha-armv8-apple.S
[2/1054] Compiling aesv8-armv7-linux.S
[2/1054] Compiling chacha-x86-apple.S
[2/1054] Write sources
[15/1054] Compiling chacha-armv8-win.S
[17/1054] Write sources
[30/1054] Compiling ghashv8-armv8-apple.S
[30/1054] Write sources
[89/1054] Compiling _NumericsShims _NumericsShims.c
[90/1054] Compiling _AtomicsShims.c
[91/1054] Compiling chacha-armv8-linux.S
[92/1054] Compiling SimpleFIPS202.c
[93/1054] Compiling CXKCPShims shims.c
[94/1054] Compiling KeccakSponge.c
[95/1054] Compiling CNIOWindows shim.c
[96/1054] Compiling KeccakHash.c
[97/1054] Compiling CNIOWindows WSAStartup.c
[98/1054] Compiling CNIOWASI CNIOWASI.c
[99/1054] Compiling CNIOPosix event_loop_id.c
[100/1054] Compiling CNIOOpenBSD shim.c
[101/1054] Compiling CNIOLinux liburing_shims.c
[102/1054] Write swift-version--11D90AFD9DD3AB2.txt
[103/1054] Compiling CSystem shims.c
[104/1054] Compiling CNIOLLHTTP c_nio_http.c
[105/1054] Compiling CNIOLinux shim.c
[106/1060] Compiling CNIOLLHTTP c_nio_api.c
[107/1116] Compiling CNIOLLHTTP c_nio_llhttp.c
[108/1116] Compiling KeccakP-1600-opt64.c
[109/1119] Compiling errno.cc
[111/1130] Emitting module ServiceContextModule
[112/1141] Emitting module _NIODataStructures
[113/1141] Compiling RealModule RealFunctions.swift
[114/1142] Compiling Logging MultiplexLogHandler.swift
[115/1142] Compiling Logging StreamLogHandler.swift
[116/1142] Compiling Logging SwiftLogNoOpLogHandler.swift
[117/1142] Compiling Logging Locks.swift
[118/1142] Compiling Logging LogEvent.swift
[119/1142] Compiling Logging LogHandler.swift
[120/1142] Emitting module SystemPackage
[121/1147] Compiling SwiftASN1 TimeUtilities.swift
[122/1147] Compiling SwiftASN1 UTCTime.swift
[126/1149] Compiling RealModule RelaxedArithmetic.swift
[127/1149] Emitting module SwiftASN1
[128/1149] Compiling RealModule Real.swift
[129/1149] Compiling RealModule Float80+Real.swift
[130/1149] Compiling RealModule Float16+Real.swift
[131/1149] Compiling SwiftASN1 ASN1OctetString.swift
[132/1149] Compiling SwiftASN1 ASN1Strings.swift
[133/1149] Compiling SwiftASN1 ArraySliceBigint.swift
[134/1149] Compiling SwiftASN1 GeneralizedTime.swift
[135/1149] Compiling SwiftASN1 ASN1Integer.swift
[136/1149] Compiling SwiftASN1 ASN1Null.swift
[137/1149] Compiling Logging Logger+With.swift
[138/1150] Emitting module RealModule
[145/1150] Emitting module _CertificateInternals
[146/1150] Compiling _CertificateInternals _TinyArray.swift
[152/1151] Compiling Logging Logger.swift
[153/1152] Compiling Logging LoggingSystem.swift
[154/1152] Compiling ServiceContextModule ServiceContextKey.swift
[155/1152] Compiling ServiceContextModule ServiceContext.swift
[157/1152] Compiling _NIODataStructures PriorityQueue.swift
[163/1153] Compiling _NIODataStructures Heap.swift
[164/1153] Compiling _NIODataStructures _TinyArray.swift
[165/1154] Emitting module _NIOBase64
[166/1154] Compiling _NIOBase64 Base64.swift
[166/1155] Compiling CNIOFreeBSD shim.c
[169/1155] Compiling Logging Logger+Attributes.swift
[172/1176] Wrapping AST for _CertificateInternals for debugging
[173/1194] Wrapping AST for _NIODataStructures for debugging
[174/1194] Wrapping AST for _NIOBase64 for debugging
[176/1194] Compiling Instrumentation Instrument.swift
[176/1194] Wrapping AST for RealModule for debugging
[177/1194] Wrapping AST for ServiceContextModule for debugging
[178/1194] Compiling CNIOExtrasZlib zutil.c
[180/1194] Compiling Instrumentation MultiplexInstrument.swift
[181/1194] Compiling Instrumentation NoOpInstrument.swift
[182/1194] Compiling InternalCollectionsUtilities UnsafeMutablePointer+Extras.swift
[183/1194] Compiling InternalCollectionsUtilities UnsafeMutableRawBufferPointer+Extras.swift
[184/1194] Compiling InternalCollectionsUtilities UnsafePointer+Extras.swift
[185/1194] Emitting module Instrumentation
[186/1197] Compiling ExtrasBase64 Base64+Span.swift
[186/1197] Compiling CNIOExtrasZlib trees.c
[187/1197] Compiling CNIOExtrasZlib inftrees.c
[189/1197] Compiling InternalCollectionsUtilities UnsafeRawBufferPointer+Extras.swift
[190/1197] Compiling InternalCollectionsUtilities _SortedCollection.swift
[191/1197] Compiling InternalCollectionsUtilities _UniqueCollection.swift
[192/1197] Compiling InternalCollectionsUtilities Strideable+LimitHelpers.swift
[193/1197] Compiling InternalCollectionsUtilities String+Padding.swift
[194/1197] Compiling InternalCollectionsUtilities TemporaryAllocation.swift
[195/1197] Compiling InternalCollectionsUtilities _UnsafeBitSet+Index.swift
[195/1197] Compiling CNIOExtrasZlib inffast.c
[196/1197] Compiling CNIOExtrasZlib inflate.c
[197/1197] Compiling CNIOExtrasZlib deflate.c
[198/1197] Compiling CNIOExtrasZlib crc32.c
[199/1197] Compiling CNIOExtrasZlib adler32.c
[201/1197] Compiling InternalCollectionsUtilities Iterable+CopyContents.swift
[202/1197] Compiling InternalCollectionsUtilities Iterable+Equality.swift
[202/1197] Compiling CNIODarwin shim.c
[204/1197] Compiling InternalCollectionsUtilities FixedWidthInteger+roundUpToPowerOfTwo.swift
[204/1197] Compiling fiat_p256_adx_sqr.S
[205/1197] Compiling InternalCollectionsUtilities Integer rank.swift
[206/1197] Compiling InternalCollectionsUtilities UInt+first and last set bit.swift
[207/1197] Compiling InternalCollectionsUtilities UInt+reversed.swift
[209/1197] Compiling InternalCollectionsUtilities BorrowingIteratorProtocol+Equality.swift
[210/1197] Compiling InternalCollectionsUtilities BorrowingIteratorProtocol+Extras.swift
[211/1197] Compiling InternalCollectionsUtilities Debugging.swift
[212/1197] Compiling InternalCollectionsUtilities Descriptions.swift
[212/1197] Compiling fiat_p256_adx_mul.S
[216/1197] Compiling InternalCollectionsUtilities LifetimeOverride.swift
[217/1197] Compiling InternalCollectionsUtilities MutableRef.swift
[218/1197] Compiling InternalCollectionsUtilities MutableSpan+Extras.swift
[219/1197] Compiling InternalCollectionsUtilities OutputSpan+Extras.swift
[220/1197] Compiling InternalCollectionsUtilities RandomAccessCollection+Offsets.swift
[221/1197] Compiling InternalCollectionsUtilities Span+Extras.swift
[221/1197] Compiling fiat_curve25519_adx_square.S
[222/1197] Compiling fiat_curve25519_adx_mul.S
[224/1197] Compiling SystemPackage SystemString.swift
[225/1197] Compiling SystemPackage Util+StringArray.swift
[226/1197] Compiling SystemPackage Util.swift
[227/1197] Compiling SystemPackage UtilConsumers.swift
[228/1197] Compiling SystemPackage WinSDK+Overlay.swift
[228/1197] Compiling CNIOBoringSSLShims shims.c
[230/1197] Emitting module InternalCollectionsUtilities
[231/1197] Compiling InternalCollectionsUtilities _UnsafeBitSet+_Word.swift
[232/1197] Compiling InternalCollectionsUtilities _UnsafeBitSet.swift
[233/1197] Compiling InternalCollectionsUtilities UnsafeBufferPointer+Extras.swift
[234/1197] Compiling InternalCollectionsUtilities UnsafeMutableBufferPointer+Extras.swift
[236/1198] Compiling ExtrasBase64 Base32+Span.swift
[237/1198] Compiling ExtrasBase64 Base32.swift
[240/1198] Compiling Logging MetadataProvider.swift
[253/1203] Compiling SystemPackage Mocking.swift
[254/1203] Compiling SystemPackage RawBuffer.swift
[255/1203] Compiling SystemPackage Syscalls.swift
[256/1203] Compiling SystemPackage WindowsSyscallAdapters.swift
[257/1203] Compiling SystemPackage MachPort.swift
[258/1203] Compiling SystemPackage PlatformString.swift
[259/1203] Emitting module SpanPreview
[260/1203] Compiling SpanPreview MutableSpan+InputSpanHelpers.swift
[261/1203] Compiling SpanPreview OutputSpan+InputSpanHelpers.swift
[262/1203] Compiling Instrumentation Locks.swift
[263/1203] Compiling Instrumentation InstrumentationSystem.swift
[264/1203] Compiling SpanPreview InputSpan.swift
[277/1206] Wrapping AST for SwiftASN1 for debugging
[278/1215] Wrapping AST for SpanPreview for debugging
[280/1250] Emitting module Logging
[281/1253] Compiling DequeModule Deque+Codable.swift
[282/1253] Compiling DequeModule Deque+Collection.swift
[282/1257] Wrapping AST for SystemPackage for debugging
[283/1257] Wrapping AST for InternalCollectionsUtilities for debugging
[285/1257] Wrapping AST for Instrumentation for debugging
[286/1257] Wrapping AST for Logging for debugging
[288/1257] Compiling Tracing TracerProtocol.swift
[289/1258] Compiling Tracing InstrumentationSystem+Tracing.swift
[290/1258] Compiling Tracing NoOpTracer.swift
[291/1258] Compiling Tracing WithTracer.swift
[291/1258] Compiling tls_record.cc
[293/1258] Compiling Tracing TracingTime.swift
[294/1258] Compiling DequeModule RigidDeque+Descriptions.swift
[295/1258] Compiling DequeModule RigidDeque+Equatable.swift
[296/1258] Compiling DequeModule RigidDeque+Hashable.swift
[297/1258] Compiling DequeModule RigidDeque+Initializers.swift
[298/1258] Compiling DequeModule RigidDeque+Insertions.swift
[299/1258] Compiling DequeModule RigidDeque+Iterable.swift
[300/1263] Compiling Tracing TracerProtocol+Legacy.swift
[301/1263] Compiling Tracing Tracer.swift
[301/1263] Compiling tls_method.cc
[303/1263] Compiling DequeModule _DequeBuffer.swift
[304/1263] Compiling DequeModule _DequeBufferHeader.swift
[305/1263] Compiling DequeModule RigidDeque+Append.swift
[306/1263] Compiling DequeModule RigidDeque+Consumption.swift
[307/1263] Compiling DequeModule RigidDeque+ContainerOperations.swift
[308/1263] Compiling DequeModule RigidDeque+Deprecations.swift
[309/1263] Compiling DequeModule UniqueDeque+Consumption.swift
[310/1263] Compiling DequeModule UniqueDeque+ContainerOperations.swift
[311/1263] Compiling DequeModule UniqueDeque+Deprecations.swift
[312/1263] Compiling DequeModule UniqueDeque+Descriptions.swift
[313/1263] Compiling DequeModule UniqueDeque+Equatable.swift
[314/1263] Compiling DequeModule UniqueDeque+Hashable.swift
[315/1263] Compiling DequeModule UniqueDeque+Initializers.swift
[316/1263] Compiling DequeModule UniqueDeque+Insertions.swift
[317/1263] Compiling DequeModule UniqueDeque+Iterable.swift
[318/1263] Compiling DequeModule UniqueDeque+Prepend.swift
[319/1263] Compiling DequeModule UniqueDeque+Removals.swift
[320/1263] Compiling DequeModule RigidDeque+Prepend.swift
[321/1263] Compiling DequeModule RigidDeque+Removals.swift
[322/1263] Compiling DequeModule RigidDeque+Replacements.swift
[323/1263] Compiling DequeModule RigidDeque+Testing.swift
[324/1263] Compiling DequeModule RigidDeque.swift
[325/1263] Compiling DequeModule UniqueDeque+Append.swift
[326/1263] Compiling Tracing SpanProtocol.swift
[327/1263] Emitting module Tracing
[328/1264] Compiling tls13_server.cc
[329/1264] Wrapping AST for Tracing for debugging
[333/1264] Compiling DequeModule Deque+CustomReflectable.swift
[334/1264] Compiling DequeModule Deque+Descriptions.swift
[335/1264] Compiling DequeModule Deque+Equatable.swift
[336/1264] Compiling DequeModule Deque+ExpressibleByArrayLiteral.swift
[337/1264] Compiling DequeModule Deque+Extras.swift
[338/1264] Compiling DequeModule Deque+Hashable.swift
[339/1264] Compiling DequeModule Deque+Testing.swift
[340/1264] Compiling DequeModule Deque._Storage.swift
[341/1264] Compiling DequeModule Deque._UnsafeHandle.swift
[342/1264] Compiling DequeModule Deque.swift
[342/1264] Compiling t1_enc.cc
[343/1264] Compiling tls13_enc.cc
[344/1264] Compiling tls13_both.cc
[345/1264] Compiling tls13_client.cc
[346/1264] Compiling ssl_versions.cc
[347/1264] Compiling ssl_x509.cc
[349/1264] Emitting module DequeModule
[350/1264] Compiling DequeModule UniqueDeque+Replacements.swift
[351/1264] Compiling DequeModule UniqueDeque.swift
[352/1264] Compiling DequeModule _DequeSlot.swift
[353/1264] Compiling DequeModule _UnsafeDequeHandle.swift
[354/1264] Compiling DequeModule _UnsafeDequeSegments.swift
[354/1265] Compiling ssl_stat.cc
[356/1265] Compiling ssl_transcript.cc
[357/1265] Compiling ssl_session.cc
[358/1291] Wrapping AST for DequeModule for debugging
[359/1308] Compiling ssl_privkey.cc
[361/1308] Compiling Configuration Deprecations.swift
[362/1308] Compiling Configuration ExpressibleByConfigInt.swift
[363/1308] Compiling Configuration ExpressibleByConfigString.swift
[364/1308] Compiling Configuration CLIKeyEncoder.swift
[365/1308] Compiling Configuration ConfigKeyEncoder.swift
[366/1308] Compiling Configuration DotSeparatorKeyDecoder.swift
[367/1313] Emitting module Configuration
[367/1313] Compiling ssl_lib.cc
[369/1313] Emitting module ExtrasBase64
[370/1313] Compiling ExtrasBase64 Base64.swift
[370/1314] Compiling ssl_key_share.cc
[373/1314] Compiling Configuration EnvironmentKeyEncoder.swift
[374/1314] Compiling Configuration EnvironmentVariablesProvider.swift
[375/1314] Compiling Configuration CommonProviderFileSystem.swift
[376/1314] Compiling Configuration DirectoryFilesProvider.swift
[377/1314] Compiling Configuration FileProvider.swift
[378/1314] Compiling Configuration FileProviderSnapshot.swift
[378/1314] Compiling ssl_file.cc
[379/1314] Compiling ssl_cert.cc
[380/1314] Compiling ssl_credential.cc
[381/1314] Wrapping AST for ExtrasBase64 for debugging
[382/1345] Compiling ssl_cipher.cc
[383/1345] Compiling ssl_aead_ctx.cc
[384/1345] Compiling ssl_buffer.cc
[385/1345] Compiling ssl_asn1.cc
[387/1345] Emitting module GoogleWKT
[387/1349] Compiling s3_lib.cc
[388/1349] Compiling s3_pkt.cc
[390/1349] Compiling GoogleWKT WKTStringValue.swift
[391/1349] Compiling GoogleWKT WKTTimestamp.swift
[392/1349] Compiling GoogleWKT WKTUInt32Value.swift
[393/1349] Compiling GoogleWKT WKTUInt64Value.swift
[394/1349] Compiling GoogleWKT WKTDoubleValue.swift
[395/1349] Compiling GoogleWKT WKTDuration.swift
[396/1349] Compiling GoogleWKT UnknownFields.swift
[397/1349] Compiling GoogleWKT WKTAny.swift
[398/1349] Compiling GoogleWKT WKTAnyError.swift
[399/1349] Compiling GoogleWKT WKTBoolValue.swift
[400/1349] Compiling GoogleWKT WKTBytesValue.swift
[401/1349] Compiling GoogleWKT AnyPackable.swift
[402/1349] Compiling GoogleWKT WKTSourceContext.swift
[403/1349] Compiling GoogleWKT WKTSyntax.swift
[404/1349] Compiling GoogleWKT WKTType.swift
[405/1349] Compiling GoogleWKT PackageVersion.swift
[406/1349] Compiling Configuration YAMLSnapshot.swift
[407/1349] Compiling Configuration InMemoryProvider.swift
[408/1349] Compiling Configuration MutableInMemoryProvider.swift
[409/1349] Compiling Configuration ConfigProvider+Operators.swift
[410/1349] Compiling Configuration KeyMappingProvider.swift
[411/1349] Compiling Configuration SecretsSpecifier.swift
[412/1349] Compiling Configuration AsyncCombineLatestManySequence.swift
[413/1349] Compiling Configuration CombineLatestManyStateMachine.swift
[414/1349] Compiling Configuration CombineLatestManyStorage.swift
[415/1349] Compiling Configuration AsyncSequences.swift
[416/1349] Compiling Configuration FoundationExtensions.swift
[417/1349] Compiling Configuration Span.swift
[418/1349] Compiling Configuration ConfigBytesFromStringDecoder.swift
[424/1349] Compiling GoogleWKT WKTFloatValue.swift
[425/1349] Compiling GoogleWKT WKTInt32Value.swift
[426/1349] Compiling GoogleWKT WKTInt64Value.swift
[427/1349] Compiling GoogleWKT WKTRecursive.swift
[428/1349] Compiling GoogleWKT WKTValue.swift
[429/1349] Compiling GoogleWKT WKTApi.swift
[430/1349] Compiling GoogleWKT WKTEnum.swift
[431/1349] Compiling GoogleWKT WKTEnumValue.swift
[431/1349] Compiling s3_both.cc
[433/1349] Compiling GoogleWKT WKTField.swift
[434/1349] Compiling GoogleWKT WKTMethod.swift
[435/1349] Compiling GoogleWKT WKTMixin.swift
[436/1349] Compiling GoogleWKT WKTOption.swift
[439/1349] Compiling GoogleWKT WKTEmpty.swift
[440/1349] Compiling GoogleWKT WKTFieldMask.swift
[444/1349] Compiling handshake_server.cc
[445/1349] Compiling handshake_client.cc
[452/1349] Compiling GoogleWKT DecodeToDefault.swift
[453/1349] Compiling GoogleWKT DiscoveryBase64.swift
[454/1349] Compiling GoogleWKT ProtoJSONDecoder.swift
[455/1349] Compiling GoogleWKT ProtoJSONEncoder.swift
[455/1349] Compiling handshake.cc
[458/1365] Compiling GoogleRpc Help.swift
[459/1365] Compiling GoogleRpc HttpHeader.swift
[460/1365] Compiling GoogleRpc LocalizedMessage.swift
[461/1365] Compiling GoogleRpc PackageVersion.swift
[462/1365] Compiling GoogleRpc PreconditionFailure.swift
[463/1365] Compiling GoogleRpc QuotaFailure.swift
[464/1366] Wrapping AST for GoogleWKT for debugging
[465/1366] Wrapping AST for Configuration for debugging
[468/1368] Compiling handoff.cc
[470/1368] Compiling GoogleRpc DebugInfo.swift
[471/1368] Compiling GoogleRpc ErrorInfo.swift
[472/1368] Emitting module GoogleRpc
[473/1368] Compiling GoogleRpc RequestInfo.swift
[474/1368] Compiling GoogleRpc ResourceInfo.swift
[477/1368] Compiling GoogleRpc HttpRequest.swift
[478/1368] Compiling GoogleRpc HttpResponse.swift
[479/1368] Compiling GoogleRpc RetryInfo.swift
[480/1368] Compiling GoogleRpc Status.swift
[481/1368] Compiling GoogleRpc BadRequest.swift
[482/1368] Compiling GoogleRpc Code.swift
[482/1368] Compiling extensions.cc
[486/1369] Compiling encrypted_client_hello.cc
[487/1369] Wrapping AST for GoogleRpc for debugging
[488/1369] Compiling dtls_method.cc
[489/1369] Compiling dtls_record.cc
[490/1369] Compiling md5-x86_64-linux.S
[491/1369] Compiling md5-x86_64-apple.S
[492/1369] Compiling md5-586-linux.S
[493/1369] Compiling md5-586-apple.S
[494/1369] Compiling chacha20_poly1305_x86_64-linux.S
[495/1369] Compiling d1_srtp.cc
[496/1369] Compiling chacha20_poly1305_x86_64-apple.S
[497/1369] Compiling chacha20_poly1305_armv8-win.S
[498/1369] Compiling chacha20_poly1305_armv8-apple.S
[499/1369] Compiling chacha-x86_64-linux.S
[499/1369] Compiling chacha20_poly1305_armv8-linux.S
[501/1369] Compiling chacha-x86_64-apple.S
[502/1369] Compiling chacha-x86-linux.S
[503/1369] Compiling chacha-x86-apple.S
[504/1369] Compiling chacha-armv8-win.S
[505/1369] Compiling chacha-armv8-apple.S
[506/1369] Compiling chacha-armv4-linux.S
[507/1369] Compiling chacha-armv8-linux.S
[508/1369] Compiling aes128gcmsiv-x86_64-linux.S
[509/1369] Compiling aes128gcmsiv-x86_64-apple.S
[510/1369] Compiling x86_64-mont5-linux.S
[511/1369] Compiling x86_64-mont5-apple.S
[512/1369] Compiling x86_64-mont-linux.S
[513/1369] Compiling x86_64-mont-apple.S
[514/1369] Compiling x86-mont-linux.S
[515/1369] Compiling x86-mont-apple.S
[516/1369] Compiling vpaes-x86_64-linux.S
[517/1369] Compiling vpaes-x86_64-apple.S
[517/1369] Compiling vpaes-x86-linux.S
[519/1369] Compiling vpaes-x86-apple.S
[520/1369] Compiling vpaes-armv8-win.S
[521/1369] Compiling vpaes-armv8-linux.S
[522/1369] Compiling d1_pkt.cc
[522/1369] Compiling vpaes-armv8-apple.S
[524/1369] Compiling err_data.cc
[525/1369] Compiling vpaes-armv7-linux.S
[526/1369] Compiling sha512-x86_64-linux.S
[527/1369] Compiling sha512-x86_64-apple.S
[528/1369] Compiling sha512-armv8-win.S
[529/1369] Compiling sha512-armv8-apple.S
[530/1369] Compiling sha512-armv4-linux.S
[531/1369] Compiling sha512-armv8-linux.S
[532/1369] Compiling d1_lib.cc
[533/1369] Compiling sha512-586-linux.S
[534/1369] Compiling sha512-586-apple.S
[535/1369] Compiling sha256-x86_64-linux.S
[536/1369] Compiling sha256-x86_64-apple.S
[537/1369] Compiling sha256-armv8-win.S
[538/1369] Compiling sha256-armv8-apple.S
[539/1369] Compiling sha256-armv4-linux.S
[540/1369] Compiling sha256-armv8-linux.S
[541/1369] Compiling sha256-586-linux.S
[542/1369] Compiling sha256-586-apple.S
[543/1369] Compiling sha1-x86_64-linux.S
[544/1369] Compiling sha1-x86_64-apple.S
[545/1369] Compiling sha1-armv8-win.S
[546/1369] Compiling sha1-armv8-apple.S
[547/1369] Compiling sha1-armv4-large-linux.S
[548/1369] Compiling sha1-armv8-linux.S
[549/1369] Compiling sha1-586-apple.S
[549/1369] Compiling sha1-586-linux.S
[551/1369] Compiling rsaz-avx2-linux.S
[552/1369] Compiling rdrand-x86_64-linux.S
[553/1369] Compiling rsaz-avx2-apple.S
[554/1369] Compiling rdrand-x86_64-apple.S
[554/1369] Compiling p256_beeu-x86_64-asm-linux.S
[556/1369] Compiling bio_ssl.cc
[557/1369] Compiling p256_beeu-x86_64-asm-apple.S
[558/1369] Compiling p256_beeu-armv8-asm-win.S
[559/1369] Compiling p256_beeu-armv8-asm-apple.S
[560/1369] Compiling p256_beeu-armv8-asm-linux.S
[561/1369] Compiling p256-x86_64-asm-apple.S
[562/1369] Compiling p256-x86_64-asm-linux.S
[562/1369] Compiling p256-armv8-asm-win.S
[564/1369] Compiling p256-armv8-asm-apple.S
[565/1369] Compiling p256-armv8-asm-linux.S
[566/1369] Compiling ghashv8-armv8-win.S
[567/1369] Compiling ghashv8-armv8-linux.S
[568/1369] Compiling ghashv8-armv7-linux.S
[569/1369] Compiling ghash-x86_64-linux.S
[570/1369] Compiling ghash-x86_64-apple.S
[571/1369] Compiling ghash-x86-apple.S
[572/1369] Compiling ghash-x86-linux.S
[573/1369] Compiling ghash-ssse3-x86_64-linux.S
[574/1369] Compiling ghash-ssse3-x86_64-apple.S
[575/1369] Compiling ghash-ssse3-x86-linux.S
[576/1369] Compiling ghash-ssse3-x86-apple.S
[577/1369] Compiling ghash-neon-armv8-win.S
[578/1369] Compiling ghash-armv4-linux.S
[579/1369] Compiling ghash-neon-armv8-linux.S
[580/1369] Compiling co-586-linux.S
[581/1369] Compiling ghash-neon-armv8-apple.S
[582/1369] Compiling co-586-apple.S
[583/1369] Compiling bsaes-armv7-linux.S
[584/1369] Compiling bn-armv8-win.S
[585/1369] Compiling bn-armv8-apple.S
[586/1369] Compiling bn-armv8-linux.S
[587/1369] Compiling bn-586-apple.S
[588/1369] Compiling bn-586-linux.S
[589/1369] Compiling armv8-mont-win.S
[590/1369] Compiling armv8-mont-apple.S
[591/1369] Compiling armv4-mont-linux.S
[592/1369] Compiling armv8-mont-linux.S
[592/1369] Compiling aesv8-gcm-armv8-win.S
[594/1369] Compiling aesv8-gcm-armv8-apple.S
[595/1369] Compiling aesv8-armv8-win.S
[596/1369] Compiling aesv8-gcm-armv8-linux.S
[597/1369] Compiling aesv8-armv8-linux.S
[598/1369] Compiling aesni-x86_64-linux.S
[599/1369] Compiling aesni-x86_64-apple.S
[600/1369] Compiling aesni-gcm-x86_64-linux.S
[601/1369] Compiling aesni-x86-apple.S
[602/1369] Compiling aesv8-armv8-apple.S
[603/1369] Compiling aesni-x86-linux.S
[604/1369] Compiling aesni-gcm-x86_64-apple.S
[605/1369] Compiling aes-gcm-avx2-x86_64-linux.S
[606/1369] Compiling aes-gcm-avx2-x86_64-apple.S
[607/1369] Compiling aes-gcm-avx10-x86_64-linux.S
[608/1369] Compiling d1_both.cc
[609/1369] Compiling aes-gcm-avx10-x86_64-apple.S
[610/1369] Compiling x_x509a.cc
[611/1369] Compiling x_val.cc
[612/1369] Compiling x_sig.cc
[613/1369] Compiling x_x509.cc
[614/1369] Compiling x_spki.cc
[615/1369] Compiling x_pubkey.cc
[616/1369] Compiling x_req.cc
[617/1369] Compiling x_name.cc
[618/1369] Compiling x_attrib.cc
[619/1369] Compiling x509spki.cc
[620/1369] Compiling x_algor.cc
[621/1369] Compiling x_exten.cc
[622/1369] Compiling x509rset.cc
[623/1369] Compiling x_crl.cc
[624/1369] Compiling x_all.cc
[625/1369] Compiling x509name.cc
[626/1369] Compiling x509cset.cc
[627/1369] Compiling x509_vpm.cc
[628/1369] Compiling x509_txt.cc
[629/1369] Compiling x509_v3.cc
[630/1369] Compiling x509_trs.cc
[631/1369] Compiling x509_vfy.cc
[632/1369] Compiling x509_req.cc
[632/1369] Compiling x509_set.cc
[634/1369] Compiling x509_obj.cc
[634/1369] Compiling x509_d2.cc
[636/1369] Compiling x509_def.cc
[637/1369] Compiling x509_lu.cc
[638/1369] Compiling x509_ext.cc
[639/1369] Compiling x509.cc
[640/1369] Compiling x509_att.cc
[640/1369] Compiling x509_cmp.cc
[642/1369] Compiling v3_skey.cc
[643/1369] Compiling v3_prn.cc
[644/1369] Compiling v3_pmaps.cc
[645/1369] Compiling v3_ocsp.cc
[646/1369] Compiling v3_purp.cc
[647/1369] Compiling v3_pcons.cc
[648/1369] Compiling v3_utl.cc
[649/1369] Compiling v3_ncons.cc
[650/1369] Compiling v3_int.cc
[651/1369] Compiling v3_lib.cc
[652/1369] Compiling v3_ia5.cc
[653/1369] Compiling v3_info.cc
[654/1369] Compiling v3_genn.cc
[654/1369] Compiling v3_enum.cc
[656/1369] Compiling v3_extku.cc
[657/1369] Compiling v3_crld.cc
[658/1369] Compiling v3_cpols.cc
[659/1369] Compiling v3_conf.cc
[660/1369] Compiling v3_akeya.cc
[661/1369] Compiling v3_bitst.cc
[661/1369] Compiling v3_bcons.cc
[663/1369] Compiling v3_akey.cc
[664/1369] Compiling v3_alt.cc
[665/1369] Compiling t_x509a.cc
[666/1369] Compiling i2d_pr.cc
[667/1369] Compiling t_crl.cc
[668/1369] Compiling t_x509.cc
[669/1369] Compiling t_req.cc
[670/1369] Compiling name_print.cc
[671/1369] Compiling rsa_pss.cc
[672/1369] Compiling policy.cc
[673/1369] Compiling by_file.cc
[674/1369] Compiling by_dir.cc
[675/1369] Compiling algorithm.cc
[676/1369] Compiling asn1_gen.cc
[677/1369] Compiling a_verify.cc
[678/1369] Compiling trust_token.cc
[679/1369] Compiling a_sign.cc
[680/1369] Compiling voprf.cc
[681/1369] Compiling a_digest.cc
[682/1369] Compiling thread_win.cc
[683/1369] Compiling thread.cc
[684/1369] Compiling thread_none.cc
[685/1369] Compiling thread_pthread.cc
[686/1369] Compiling stack.cc
[687/1369] Compiling pmbtoken.cc
[688/1369] Compiling slhdsa.cc
[689/1369] Compiling spake2plus.cc
[690/1369] Compiling sha512.cc
[691/1369] Compiling sha1.cc
[692/1369] Compiling sha256.cc
[693/1369] Compiling siphash.cc
[694/1369] Compiling rsa_print.cc
[695/1369] Compiling rsa_extra.cc
[696/1369] Compiling rsa_crypt.cc
[697/1369] Compiling rc4.cc
[698/1369] Compiling refcount.cc
[699/1369] Compiling windows.cc
[700/1369] Compiling urandom.cc
[701/1369] Compiling trusty.cc
[702/1369] Compiling rand.cc
[703/1369] Compiling rsa_asn1.cc
[704/1369] Compiling passive.cc
[705/1369] Compiling poly1305_arm_asm.S
[706/1369] Compiling ios.cc
[707/1369] Compiling getentropy.cc
[708/1369] Compiling forkunsafe.cc
[709/1369] Compiling fork_detect.cc
[710/1369] Compiling deterministic.cc
[711/1369] Compiling poly1305_vec.cc
[712/1369] Compiling pool.cc
[713/1369] Compiling poly1305_arm.cc
[714/1369] Compiling poly1305.cc
[715/1369] Compiling pkcs7.cc
[716/1369] Compiling pkcs8.cc
[717/1369] Compiling p5_pbev2.cc
[718/1369] Compiling pkcs7_x509.cc
[719/1369] Compiling pkcs8_x509.cc
[720/1369] Compiling pem_xaux.cc
[721/1369] Compiling pem_x509.cc
[721/1369] Compiling pem_pkey.cc
[723/1369] Compiling pem_oth.cc
[724/1369] Compiling pem_pk8.cc
[725/1369] Compiling pem_lib.cc
[725/1369] Compiling pem_info.cc
[727/1369] Compiling mlkem.cc
[728/1369] Compiling pem_all.cc
[729/1369] Compiling obj_xref.cc
[730/1369] Compiling obj.cc
[731/1369] Compiling mldsa.cc
[732/1369] Compiling poly_rq_mul.S
[733/1369] Compiling fips_shared_support.cc
[734/1369] Compiling mem.cc
[735/1369] Compiling md5.cc
[736/1369] Compiling lhash.cc
[736/1369] Compiling md4.cc
[738/1369] Compiling kyber.cc
[739/1369] Compiling hrss.cc
[740/1369] Compiling ex_data.cc
[741/1369] Compiling sign.cc
[742/1369] Compiling scrypt.cc
[743/1369] Compiling print.cc
[744/1369] Compiling hpke.cc
[745/1369] Compiling pbkdf.cc
[746/1369] Compiling p_x25519.cc
[747/1369] Compiling p_x25519_asn1.cc
[748/1369] Compiling p_rsa_asn1.cc
[749/1369] Compiling p_rsa.cc
[750/1369] Compiling p_hkdf.cc
[751/1369] Compiling p_ed25519.cc
[752/1369] Compiling p_ed25519_asn1.cc
[753/1369] Compiling p_ec.cc
[754/1369] Compiling p_ec_asn1.cc
[755/1369] Compiling p_dh_asn1.cc
[756/1369] Compiling p_dh.cc
[757/1369] Compiling evp_ctx.cc
[758/1369] Compiling p_dsa_asn1.cc
[759/1369] Compiling evp_asn1.cc
[760/1369] Compiling err.cc
[760/1369] Compiling evp.cc
[762/1369] Compiling engine.cc
[763/1369] Compiling ecdh.cc
[764/1369] Compiling hash_to_curve.cc
[764/1369] Compiling ecdsa_asn1.cc
[766/1369] Compiling ec_derive.cc
[767/1369] Compiling dsa.cc
[768/1369] Compiling ec_asn1.cc
[769/1369] Compiling dsa_asn1.cc
[770/1369] Compiling params.cc
[771/1369] Compiling x25519-asm-arm.S
[772/1369] Compiling digest_extra.cc
[773/1369] Compiling bcm.cc
[774/1369] Compiling dh_asn1.cc
[775/1369] Compiling des.cc
[776/1369] Compiling curve25519_64_adx.cc
[777/1369] Compiling cpu_intel.cc
[778/1369] Compiling spake25519.cc
[779/1369] Compiling crypto.cc
[780/1369] Compiling cpu_arm_linux.cc
[781/1369] Compiling curve25519.cc
[782/1369] Compiling cpu_aarch64_win.cc
[783/1369] Compiling cpu_arm_freebsd.cc
[784/1369] Compiling cpu_aarch64_sysreg.cc
[785/1369] Compiling cpu_aarch64_openbsd.cc
[786/1369] Compiling cpu_aarch64_linux.cc
[787/1369] Compiling cpu_aarch64_fuchsia.cc
[788/1369] Compiling cpu_aarch64_apple.cc
[789/1369] Compiling conf.cc
[790/1369] Compiling get_cipher.cc
[791/1369] Compiling tls_cbc.cc
[792/1369] Compiling e_tls.cc
[793/1369] Compiling e_rc4.cc
[794/1369] Compiling e_null.cc
[795/1369] Compiling e_rc2.cc
[796/1369] Compiling e_des.cc
[797/1369] Compiling e_chacha20poly1305.cc
[798/1369] Compiling e_aesgcmsiv.cc
[799/1369] Compiling e_aesctrhmac.cc
[800/1369] Compiling derive_key.cc
[801/1369] Compiling chacha.cc
[802/1369] Compiling unicode.cc
[803/1369] Compiling buf.cc
[804/1369] Compiling cbb.cc
[805/1369] Compiling cbs.cc
[806/1369] Compiling ber.cc
[807/1369] Compiling asn1_compat.cc
[808/1369] Compiling convert.cc
[809/1369] Compiling bn_asn1.cc
[810/1369] Compiling blake2.cc
[811/1369] Compiling socket_helper.cc
[812/1369] Compiling socket.cc
[813/1369] Compiling printf.cc
[814/1369] Compiling hexdump.cc
[815/1369] Compiling pair.cc
[816/1369] Compiling fd.cc
[816/1369] Compiling file.cc
[818/1369] Compiling errno.cc
[819/1369] Compiling connect.cc
[820/1369] Compiling bio_mem.cc
[821/1369] Compiling bio.cc
[822/1369] Compiling base64.cc
[823/1369] Compiling tasn_typ.cc
[824/1369] Compiling tasn_utl.cc
[825/1369] Compiling tasn_fre.cc
[826/1369] Compiling tasn_enc.cc
[827/1369] Compiling tasn_new.cc
[828/1369] Compiling posix_time.cc
[829/1369] Compiling f_string.cc
[830/1369] Compiling tasn_dec.cc
[831/1369] Compiling f_int.cc
[832/1369] Compiling asn1_par.cc
[833/1369] Compiling asn_pack.cc
[834/1369] Compiling asn1_lib.cc
[835/1369] Compiling a_utctm.cc
[836/1369] Compiling a_type.cc
[837/1369] Compiling a_time.cc
[838/1369] Compiling a_octet.cc
[839/1369] Compiling a_strnid.cc
[840/1369] Compiling a_strex.cc
[841/1369] Compiling a_object.cc
[842/1369] Compiling a_i2d_fp.cc
[843/1369] Compiling a_dup.cc
[844/1369] Compiling a_mbstr.cc
[845/1369] Compiling a_d2i_fp.cc
[846/1369] Compiling CGoogleGaxCRC32C CGoogleGaxCRC32C.c
[847/1369] Compiling a_int.cc
[848/1369] Compiling fiat_p256_adx_sqr.S
[849/1369] Compiling a_gentm.cc
[850/1369] Compiling fiat_p256_adx_mul.S
[851/1369] Compiling fiat_curve25519_adx_mul.S
[852/1369] Compiling fiat_curve25519_adx_square.S
[853/1369] Compiling md5-x86_64-linux.S
[854/1369] Compiling md5-x86_64-apple.S
[855/1369] Compiling md5-586-linux.S
[856/1369] Compiling md5-586-apple.S
[857/1369] Compiling a_bitstr.cc
[858/1369] Compiling chacha20_poly1305_x86_64-linux.S
[859/1369] Compiling chacha20_poly1305_x86_64-apple.S
[860/1369] Compiling chacha20_poly1305_armv8-win.S
[861/1369] Compiling chacha20_poly1305_armv8-apple.S
[862/1369] Compiling CCryptoBoringSSLShims shims.c
[862/1369] Compiling chacha-x86_64-linux.S
[864/1369] Compiling chacha20_poly1305_armv8-linux.S
[865/1369] Compiling chacha-x86_64-apple.S
[866/1369] Compiling chacha-x86-linux.S
[867/1369] Compiling chacha-armv4-linux.S
[868/1369] Compiling a_bool.cc
[869/1369] Compiling aes128gcmsiv-x86_64-linux.S
[870/1369] Compiling aes128gcmsiv-x86_64-apple.S
[871/1369] Compiling x86_64-mont5-apple.S
[871/1369] Compiling x86_64-mont5-linux.S
[873/1369] Compiling x86_64-mont-apple.S
[874/1369] Compiling x86_64-mont-linux.S
[875/1369] Compiling x86-mont-linux.S
[876/1369] Compiling vpaes-x86_64-linux.S
[877/1369] Compiling x86-mont-apple.S
[878/1369] Compiling vpaes-x86_64-apple.S
[879/1369] Compiling vpaes-x86-linux.S
[880/1369] Compiling vpaes-x86-apple.S
[881/1369] Compiling vpaes-armv8-win.S
[882/1369] Compiling vpaes-armv8-apple.S
[883/1369] Compiling vpaes-armv8-linux.S
[884/1369] Compiling vpaes-armv7-linux.S
[885/1369] Compiling sha512-x86_64-linux.S
[886/1369] Compiling sha512-x86_64-apple.S
[887/1369] Compiling sha512-586-linux.S
[888/1369] Compiling sha512-armv4-linux.S
[889/1369] Compiling sha512-armv8-apple.S
[890/1369] Compiling sha512-armv8-linux.S
[891/1369] Compiling sha512-586-apple.S
[892/1369] Compiling sha256-x86_64-apple.S
[892/1369] Compiling sha256-x86_64-linux.S
[894/1369] Compiling sha256-armv8-win.S
[895/1369] Compiling sha256-armv8-apple.S
[896/1369] Compiling sha256-armv4-linux.S
[897/1369] Compiling err_data.cc
[898/1369] Compiling sha256-586-linux.S
[899/1369] Compiling sha256-armv8-linux.S
[900/1369] Compiling sha256-586-apple.S
[901/1369] Compiling sha1-x86_64-linux.S
[902/1369] Compiling sha1-x86_64-apple.S
[903/1369] Compiling sha1-armv8-win.S
[904/1369] Compiling sha1-armv8-apple.S
[905/1369] Compiling sha1-armv4-large-linux.S
[906/1369] Compiling sha1-armv8-linux.S
[907/1369] Compiling rsaz-avx2-linux.S
[908/1369] Compiling sha1-586-linux.S
[909/1369] Compiling sha1-586-apple.S
[910/1369] Compiling rsaz-avx2-apple.S
[911/1369] Compiling rdrand-x86_64-linux.S
[912/1369] Compiling rdrand-x86_64-apple.S
[913/1369] Compiling p256_beeu-x86_64-asm-apple.S
[914/1369] Compiling p256_beeu-x86_64-asm-linux.S
[915/1369] Compiling p256_beeu-armv8-asm-win.S
[916/1369] Compiling p256_beeu-armv8-asm-linux.S
[917/1369] Compiling p256-x86_64-asm-linux.S
[918/1369] Compiling p256_beeu-armv8-asm-apple.S
[919/1369] Compiling p256-armv8-asm-win.S
[920/1369] Compiling p256-x86_64-asm-apple.S
[921/1369] Compiling ghashv8-armv8-win.S
[922/1369] Compiling p256-armv8-asm-apple.S
[923/1369] Compiling p256-armv8-asm-linux.S
[924/1369] Compiling ghashv8-armv8-linux.S
[925/1369] Compiling ghashv8-armv7-linux.S
[926/1369] Compiling ghashv8-armv8-apple.S
[926/1369] Compiling ghash-x86_64-linux.S
[928/1369] Compiling ghash-x86_64-apple.S
[929/1369] Compiling ghash-x86-linux.S
[930/1369] Compiling ghash-x86-apple.S
[931/1369] Compiling ghash-ssse3-x86_64-apple.S
[932/1369] Compiling ghash-ssse3-x86_64-linux.S
[933/1369] Compiling ghash-ssse3-x86-apple.S
[934/1369] Compiling ghash-ssse3-x86-linux.S
[935/1369] Compiling ghash-neon-armv8-win.S
[936/1369] Compiling ghash-armv4-linux.S
[937/1369] Compiling ghash-neon-armv8-linux.S
[938/1369] Compiling co-586-linux.S
[939/1369] Compiling co-586-apple.S
[940/1369] Compiling ghash-neon-armv8-apple.S
[941/1369] Compiling bsaes-armv7-linux.S
[942/1369] Compiling bn-armv8-linux.S
[943/1369] Compiling bn-586-linux.S
[944/1369] Compiling bn-armv8-win.S
[945/1369] Compiling bn-armv8-apple.S
[946/1369] Compiling bn-586-apple.S
[947/1369] Compiling armv8-mont-apple.S
[947/1369] Compiling armv8-mont-win.S
[949/1369] Compiling armv4-mont-linux.S
[950/1369] Compiling armv8-mont-linux.S
[951/1369] Compiling aesv8-gcm-armv8-win.S
[952/1369] Compiling aesv8-gcm-armv8-linux.S
[953/1369] Compiling aesv8-armv8-win.S
[954/1369] Compiling aesv8-armv8-linux.S
[954/1369] Compiling aesv8-gcm-armv8-apple.S
[956/1369] Compiling aesv8-armv7-linux.S
[957/1369] Compiling aesv8-armv8-apple.S
[958/1369] Compiling aesni-x86_64-apple.S
[959/1369] Compiling aesni-x86-apple.S
[960/1369] Compiling aesni-x86_64-linux.S
[961/1369] Compiling aesni-gcm-x86_64-linux.S
[961/1369] Compiling aesni-x86-linux.S
[963/1369] Compiling aesni-gcm-x86_64-apple.S
[964/1369] Compiling aes-gcm-avx512-x86_64-linux.S
[965/1369] Compiling aes-gcm-avx512-x86_64-apple.S
[965/1369] Compiling aes-gcm-avx2-x86_64-linux.S
[967/1369] Compiling aes-gcm-avx2-x86_64-apple.S
[968/1369] Compiling xwing.cc
[969/1369] Compiling x_sig.cc
[970/1369] Compiling x_x509a.cc
[971/1369] Compiling x_req.cc
[972/1369] Compiling x_spki.cc
[973/1369] Compiling x_x509.cc
[974/1369] Compiling c-nioatomics.c
[975/1369] Compiling x_pubkey.cc
[976/1369] Compiling x_exten.cc
[977/1369] Compiling x_name.cc
[977/1369] Compiling x_crl.cc
[979/1369] Compiling c-atomics.c
[980/1369] Compiling x_attrib.cc
[981/1376] Compiling x_all.cc
[983/1376] Compiling NIOConcurrencyHelpers NIOLockedValueBox.swift
[983/1376] Compiling x_algor.cc
[984/1376] Compiling x509spki.cc
[986/1376] Compiling NIOConcurrencyHelpers NIOLock.swift
[987/1376] Compiling NIOConcurrencyHelpers NIOAtomic.swift
[988/1376] Compiling NIOConcurrencyHelpers lock.swift
[989/1376] Emitting module NIOConcurrencyHelpers
[989/1376] Compiling x509rset.cc
[991/1376] Compiling NIOConcurrencyHelpers NIOThreadPoolWorkAvailable.swift
[991/1376] Compiling x509cset.cc
[993/1376] Compiling NIOConcurrencyHelpers atomics.swift
[993/1376] Compiling x509name.cc
[994/1377] Compiling x509_vpm.cc
[996/1377] Compiling x509_vfy.cc
[997/1377] Wrapping AST for NIOConcurrencyHelpers for debugging
[998/1377] Compiling x509_v3.cc
[999/1377] Compiling x509_txt.cc
[1000/1377] Compiling x509_trs.cc
[1001/1377] Compiling x509_set.cc
[1002/1377] Compiling x509_obj.cc
[1003/1377] Compiling x509_req.cc
[1004/1377] Compiling x509_lu.cc
[1005/1377] Compiling x509_ext.cc
[1006/1377] Compiling x509_def.cc
[1007/1377] Compiling x509_d2.cc
[1008/1377] Compiling x509_cmp.cc
[1009/1377] Compiling x509.cc
[1010/1377] Compiling x509_att.cc
[1011/1377] Compiling v3_utl.cc
[1012/1377] Compiling v3_skey.cc
[1013/1377] Compiling v3_purp.cc
[1014/1377] Compiling v3_prn.cc
[1015/1377] Compiling v3_pmaps.cc
[1016/1377] Compiling v3_pcons.cc
[1017/1377] Compiling v3_ocsp.cc
[1018/1377] Compiling v3_ncons.cc
[1019/1377] Compiling v3_lib.cc
[1020/1377] Compiling v3_int.cc
[1021/1377] Compiling v3_info.cc
[1022/1377] Compiling v3_ia5.cc
[1023/1377] Compiling v3_genn.cc
[1024/1377] Compiling v3_extku.cc
[1025/1377] Compiling v3_enum.cc
[1026/1377] Compiling v3_crld.cc
[1027/1377] Compiling v3_cpols.cc
[1028/1377] Compiling v3_conf.cc
[1029/1377] Compiling v3_bitst.cc
[1030/1377] Compiling v3_bcons.cc
[1031/1377] Compiling v3_alt.cc
[1032/1377] Compiling v3_akeya.cc
[1033/1377] Compiling v3_akey.cc
[1034/1377] Compiling t_x509a.cc
[1035/1377] Compiling t_x509.cc
[1036/1377] Compiling t_req.cc
[1037/1377] Compiling t_crl.cc
[1038/1377] Compiling rsa_pss.cc
[1039/1377] Compiling i2d_pr.cc
[1040/1377] Compiling policy.cc
[1041/1377] Compiling name_print.cc
[1042/1377] Compiling by_file.cc
[1043/1377] Compiling by_dir.cc
[1044/1377] Compiling asn1_gen.cc
[1045/1377] Compiling algorithm.cc
[1046/1377] Compiling a_verify.cc
[1047/1377] Compiling a_sign.cc
[1048/1377] Compiling a_digest.cc
[1049/1377] Compiling voprf.cc
[1050/1377] Compiling thread_win.cc
[1051/1377] Compiling thread_pthread.cc
[1052/1377] Compiling trust_token.cc
[1053/1377] Compiling thread_none.cc
[1054/1377] Compiling thread.cc
[1055/1377] Compiling pmbtoken.cc
[1056/1377] Compiling stack.cc
[1057/1377] Compiling sha512.cc
[1057/1377] Compiling siphash.cc
[1059/1377] Compiling slhdsa.cc
[1060/1377] Compiling sha256.cc
[1061/1377] Compiling sha1.cc
[1062/1377] Compiling spake2plus.cc
[1063/1377] Compiling rsa_print.cc
[1064/1377] Compiling rsa_extra.cc
[1065/1377] Compiling rc4.cc
[1066/1377] Compiling rsa_crypt.cc
[1067/1377] Compiling refcount.cc
[1068/1377] Compiling windows.cc
[1069/1377] Compiling trusty.cc
[1070/1377] Compiling urandom.cc
[1071/1377] Compiling rand.cc
[1072/1377] Compiling rsa_asn1.cc
[1073/1377] Compiling ios.cc
[1074/1377] Compiling getentropy.cc
[1074/1377] Compiling poly1305_arm_asm.S
[1076/1377] Compiling passive.cc
[1077/1377] Compiling forkunsafe.cc
[1078/1377] Compiling deterministic.cc
[1079/1377] Compiling fork_detect.cc
[1080/1377] Compiling poly1305_vec.cc
[1081/1377] Compiling pool.cc
[1082/1377] Compiling poly1305_arm.cc
[1083/1377] Compiling poly1305.cc
[1084/1377] Compiling pkcs8.cc
[1084/1377] Compiling p5_pbev2.cc
[1086/1377] Compiling pkcs8_x509.cc
[1087/1377] Compiling pkcs7_x509.cc
[1088/1377] Compiling pkcs7.cc
[1089/1377] Compiling pem_xaux.cc
[1090/1377] Compiling pem_x509.cc
[1091/1377] Compiling pem_pkey.cc
[1092/1377] Compiling pem_oth.cc
[1092/1377] Compiling pem_pk8.cc
[1094/1377] Compiling mlkem.cc
[1095/1377] Compiling pem_info.cc
[1096/1377] Compiling pem_lib.cc
[1097/1377] Compiling obj_xref.cc
[1098/1377] Compiling pem_all.cc
[1099/1377] Compiling obj.cc
[1100/1377] Compiling poly_rq_mul.S
[1101/1377] Compiling mldsa.cc
[1102/1377] Compiling mem.cc
[1103/1377] Compiling fips_shared_support.cc
[1104/1377] Compiling lhash.cc
[1105/1377] Compiling md5.cc
[1106/1377] Compiling md4.cc
[1107/1377] Compiling kyber.cc
[1108/1377] Compiling fuzzer_mode.cc
[1109/1377] Compiling hrss.cc
[1110/1377] Compiling ex_data.cc
[1111/1377] Compiling hpke.cc
[1112/1377] Compiling scrypt.cc
[1113/1377] Compiling print.cc
[1114/1377] Compiling pbkdf.cc
[1115/1377] Compiling sign.cc
[1116/1377] Compiling p_x25519_asn1.cc
[1117/1377] Compiling p_x25519.cc
[1118/1377] Compiling p_rsa_asn1.cc
[1119/1377] Compiling p_rsa.cc
[1120/1377] Compiling p_ed25519_asn1.cc
[1121/1377] Compiling p_hkdf.cc
[1122/1377] Compiling p_ed25519.cc
[1123/1377] Compiling p_ec_asn1.cc
[1124/1377] Compiling p_ec.cc
[1125/1377] Compiling p_dsa_asn1.cc
[1126/1377] Compiling p_dh.cc
[1127/1377] Compiling p_dh_asn1.cc
[1128/1377] Compiling evp_ctx.cc
[1129/1377] Compiling evp_asn1.cc
[1130/1377] Compiling err.cc
[1131/1377] Compiling ecdsa_p1363.cc
[1132/1377] Compiling engine.cc
[1133/1377] Compiling evp.cc
[1134/1377] Compiling ecdh.cc
[1135/1377] Compiling ecdsa_asn1.cc
[1136/1377] Compiling ec_derive.cc
[1137/1377] Compiling hash_to_curve.cc
[1138/1377] Compiling dsa.cc
[1139/1377] Compiling ec_asn1.cc
[1140/1377] Compiling dsa_asn1.cc
[1141/1377] Compiling digest_extra.cc
[1142/1377] Compiling x25519-asm-arm.S
[1143/1377] Compiling curve25519_64_adx.cc
[1144/1377] Compiling params.cc
[1145/1377] Compiling des.cc
[1146/1377] Compiling dh_asn1.cc
[1147/1377] Compiling spake25519.cc
[1148/1377] Compiling cpu_intel.cc
[1149/1377] Compiling curve25519.cc
[1150/1377] Compiling crypto.cc
[1151/1377] Compiling cpu_arm_linux.cc
[1152/1377] Compiling cpu_arm_freebsd.cc
[1153/1377] Compiling cpu_aarch64_win.cc
[1154/1377] Compiling cpu_aarch64_sysreg.cc
[1155/1377] Compiling cpu_aarch64_openbsd.cc
[1156/1377] Compiling cpu_aarch64_linux.cc
[1157/1377] Compiling cpu_aarch64_fuchsia.cc
[1158/1377] Compiling cpu_aarch64_apple.cc
[1159/1377] Compiling conf.cc
[1160/1377] Compiling get_cipher.cc
[1161/1377] Compiling tls_cbc.cc
[1162/1377] Compiling e_tls.cc
[1163/1377] Compiling e_rc4.cc
[1164/1377] Compiling e_rc2.cc
[1165/1377] Compiling cms.cc
[1166/1377] Compiling e_null.cc
[1167/1377] Compiling e_des.cc
[1168/1377] Compiling e_chacha20poly1305.cc
[1169/1377] Compiling e_aesgcmsiv.cc
[1170/1377] Compiling e_aeseax.cc
[1171/1377] Compiling e_aesctrhmac.cc
[1172/1377] Compiling derive_key.cc
[1173/1377] Compiling chacha.cc
[1174/1377] Compiling unicode.cc
[1175/1377] Compiling sqrt.cc
[1176/1377] Compiling buf.cc
[1177/1377] Compiling cbs.cc
[1178/1377] Compiling exponentiation.cc
[1179/1377] Compiling ber.cc
[1180/1377] Compiling asn1_compat.cc
[1181/1377] Compiling cbb.cc
[1182/1377] Compiling div.cc
[1183/1377] Compiling blake2.cc
[1184/1377] Compiling printf.cc
[1185/1377] Compiling pair.cc
[1186/1377] Compiling hexdump.cc
[1187/1377] Compiling bn_asn1.cc
[1188/1377] Compiling convert.cc
[1189/1377] Compiling file.cc
[1190/1377] Compiling fd.cc
[1191/1377] Compiling bio_mem.cc
[1192/1377] Compiling base64.cc
[1193/1377] Compiling bio.cc
[1194/1377] Compiling tasn_typ.cc
[1195/1377] Compiling tasn_utl.cc
[1196/1377] Compiling tasn_fre.cc
[1197/1377] Compiling tasn_enc.cc
[1198/1377] Compiling posix_time.cc
[1199/1377] Compiling tasn_new.cc
[1200/1377] Compiling f_string.cc
[1201/1377] Compiling tasn_dec.cc
[1202/1377] Compiling f_int.cc
[1203/1377] Compiling asn_pack.cc
[1204/1377] Compiling asn1_par.cc
[1205/1377] Compiling a_utctm.cc
[1206/1377] Compiling asn1_lib.cc
[1207/1377] Compiling a_type.cc
[1208/1377] Compiling a_octet.cc
[1209/1377] Compiling a_time.cc
[1210/1377] Compiling a_strnid.cc
[1211/1377] Compiling a_strex.cc
[1212/1377] Compiling bcm.cc
[1213/1377] Compiling a_i2d_fp.cc
[1214/1377] Compiling a_mbstr.cc
[1215/1377] Compiling a_dup.cc
[1216/1377] Compiling a_object.cc
[1217/1377] Write sources
[1218/1377] Compiling a_d2i_fp.cc
[1219/1377] Write sources
[1221/1377] Compiling CAsyncHTTPClient CAsyncHTTPClient.c
[1222/1420] Compiling a_int.cc
[1223/1420] Compiling a_gentm.cc
[1224/1420] Compiling a_bool.cc
[1226/1420] Compiling Atomics UnsafeAtomic.swift
[1227/1420] Compiling Atomics UnsafeAtomicLazyReference.swift
[1228/1422] Compiling Algorithms Intersperse.swift
[1229/1422] Compiling Algorithms Partition.swift
[1230/1422] Compiling Algorithms Grouped.swift
[1231/1422] Compiling Algorithms Indexed.swift
[1231/1422] Compiling aes.cc
[1232/1422] Compiling a_bitstr.cc
[1234/1422] Compiling Atomics AtomicMemoryOrderings.swift
[1235/1422] Compiling Algorithms Reductions.swift
[1236/1422] Compiling Algorithms EitherSequence.swift
[1237/1422] Compiling Algorithms FirstNonNil.swift
[1238/1422] Compiling Algorithms FlattenCollection.swift
[1239/1422] Compiling Atomics IntegerOperations.swift
[1240/1422] Compiling Atomics Unmanaged extensions.swift
[1241/1430] Compiling Algorithms Split.swift
[1242/1430] Compiling Algorithms Stride.swift
[1243/1430] Compiling Algorithms Suffix.swift
[1247/1433] Compiling CryptoBoringWrapper RandomBytes.swift
[1248/1433] Compiling CryptoBoringWrapper BoringSSLAEAD.swift
[1249/1433] Emitting module CryptoBoringWrapper
[1251/1433] Compiling Algorithms Keyed.swift
[1252/1433] Compiling Algorithms MinMax.swift
[1260/1433] Compiling Algorithms Trim.swift
[1261/1433] Compiling Algorithms Unique.swift
[1262/1433] Compiling Algorithms Windows.swift
[1263/1433] Compiling CryptoBoringWrapper FiniteFieldArithmeticContext.swift
[1264/1433] Compiling CryptoBoringWrapper EllipticCurve.swift
[1265/1433] Compiling CryptoBoringWrapper EllipticCurvePoint.swift
[1266/1433] Compiling CryptoBoringWrapper ArbitraryPrecisionInteger.swift
[1267/1433] Compiling CryptoBoringWrapper CryptoKitErrors_boring.swift
[1268/1434] Wrapping AST for CryptoBoringWrapper for debugging
[1270/1518] Compiling Crypto AES-GCM.swift
[1271/1518] Compiling Crypto AES-GCM_boring.swift
[1272/1518] Compiling Crypto ChaChaPoly_boring.swift
[1273/1518] Compiling Crypto ChaChaPoly.swift
[1274/1518] Compiling Crypto Cipher.swift
[1275/1518] Compiling Crypto Nonces.swift
[1276/1518] Emitting module Atomics
[1280/1519] Compiling Crypto ASN1.swift
[1281/1519] Compiling Crypto ASN1Any.swift
[1282/1519] Emitting module Algorithms
[1287/1520] Wrapping AST for Atomics for debugging
[1288/1560] Wrapping AST for Algorithms for debugging
[1290/1584] Compiling NIOCore IntegerTypes.swift
[1291/1584] Compiling NIOCore Interfaces.swift
[1292/1584] Compiling NIOCore Linux.swift
[1293/1584] Compiling NIOCore MarkedCircularBuffer.swift
[1294/1584] Compiling NIOCore MulticastChannel.swift
[1295/1584] Compiling NIOCore NIOAny.swift
[1296/1584] Compiling NIOCore NIOCloseOnErrorHandler.swift
[1297/1584] Compiling NIOCore NIOCoreSendableMetatype.swift
[1298/1584] Compiling NIOCore NIODecodedAsyncSequence.swift
[1299/1584] Compiling NIOCore NIOLoopBound.swift
[1300/1584] Compiling NIOCore NIOPooledRecvBufferAllocator.swift
[1301/1584] Compiling NIOCore NIOScheduledCallback.swift
[1307/1595] Compiling NIOCore NIOSendable.swift
[1308/1595] Compiling NIOCore NIOSplitLinesMessageDecoder.swift
[1309/1595] Compiling NIOCore NIOTransportAccessibleChannelCore.swift
[1310/1595] Compiling NIOCore RecvByteBufferAllocator.swift
[1311/1603] Compiling NIOCore NIOThrowingAsyncSequenceProducer.swift
[1312/1603] Compiling NIOCore BSDSocketAPI.swift
[1313/1603] Compiling NIOCore ByteBuffer-aux.swift
[1314/1603] Compiling NIOCore ByteBuffer-binaryEncodedLengthPrefix.swift
[1315/1603] Compiling NIOCore ByteBuffer-conversions.swift
[1316/1603] Compiling NIOCore ByteBuffer-core.swift
[1317/1603] Compiling NIOCore ByteBuffer-hex.swift
[1318/1603] Compiling NIOCore ByteBuffer-int.swift
[1319/1603] Compiling NIOCore ByteBuffer-lengthPrefix.swift
[1320/1603] Compiling NIOCore AddressedEnvelope.swift
[1321/1603] Compiling NIOCore AsyncAwaitSupport.swift
[1322/1603] Compiling NIOCore AsyncChannel.swift
[1323/1603] Emitting module Crypto
[1324/1603] Compiling NIOCore IPProtocol.swift
[1325/1603] Compiling NIOCore IntegerBitPacking.swift
[1333/1603] Compiling NIOCore EventLoopFuture+Deprecated.swift
[1334/1603] Compiling NIOCore EventLoopFuture+WithEventLoop.swift
[1335/1603] Compiling NIOCore EventLoopFuture.swift
[1336/1603] Compiling NIOCore FileDescriptor.swift
[1337/1603] Compiling NIOCore FileHandle.swift
[1338/1603] Compiling NIOCore FileRegion.swift
[1339/1603] Compiling NIOCore GlobalSingletons.swift
[1340/1603] Compiling NIOCore IO.swift
[1341/1603] Compiling NIOCore IOData.swift
[1342/1603] Compiling Crypto Signature.swift
[1343/1603] Compiling Crypto CryptoKitErrors_boring.swift
[1344/1603] Compiling Crypto Optional+withUnsafeBytes_boring.swift
[1345/1603] Compiling Crypto RNG_boring.swift
[1346/1603] Compiling Crypto SafeCompare_boring.swift
[1347/1603] Compiling Crypto Zeroization_boring.swift
[1348/1603] Compiling Crypto _CryptoModuleAnchor.swift
[1349/1603] Compiling Crypto PrettyBytes.swift
[1350/1603] Compiling Crypto SafeCompare.swift
[1351/1603] Compiling Crypto SecureBytes.swift
[1352/1603] Compiling Crypto Zeroization.swift
[1353/1603] Compiling NIOCore ChannelInvoker.swift
[1354/1603] Compiling NIOCore ChannelOption.swift
[1355/1603] Compiling NIOCore ChannelPipeline.swift
[1356/1603] Compiling NIOCore CircularBuffer.swift
[1357/1603] Compiling NIOCore Codec.swift
[1358/1603] Compiling NIOCore ConvenienceOptionSupport.swift
[1359/1603] Compiling NIOCore DeadChannel.swift
[1360/1603] Compiling NIOCore DispatchQueue+WithFuture.swift
[1361/1603] Compiling NIOCore EventLoop+Deprecated.swift
[1362/1603] Compiling NIOCore EventLoop+SerialExecutor.swift
[1363/1603] Compiling NIOCore EventLoop.swift
[1364/1603] Compiling NIOCore EventLoopFuture+AssumeIsolated.swift
[1365/1603] Compiling NIOCore AsyncChannelHandler.swift
[1366/1603] Compiling NIOCore AsyncChannelInboundStream.swift
[1367/1603] Compiling NIOCore AsyncChannelOutboundWriter.swift
[1368/1603] Compiling NIOCore NIOAsyncSequenceProducer.swift
[1369/1603] Compiling NIOCore NIOAsyncSequenceProducerStrategies.swift
[1370/1603] Compiling NIOCore NIOAsyncWriter.swift
[1371/1603] Compiling NIOCore ByteBuffer-multi-int.swift
[1372/1603] Compiling NIOCore ByteBuffer-quicBinaryEncodingStrategy.swift
[1373/1603] Compiling NIOCore ByteBuffer-views.swift
[1374/1603] Compiling NIOCore Channel.swift
[1375/1603] Compiling NIOCore ChannelHandler.swift
[1376/1603] Compiling NIOCore ChannelHandlers.swift
[1377/1603] Compiling Crypto HKDF.swift
[1378/1603] Compiling Crypto AESWrap.swift
[1379/1603] Compiling Crypto AESWrap_boring.swift
[1380/1603] Compiling Crypto Ed25519_boring.swift
[1381/1603] Compiling Crypto NISTCurvesKeys_boring.swift
[1382/1603] Compiling Crypto X25519Keys_boring.swift
[1383/1603] Compiling Crypto Curve25519.swift
[1384/1603] Compiling Crypto Ed25519Keys.swift
[1385/1603] Compiling Crypto NISTCurvesKeys.swift
[1386/1603] Compiling Crypto X25519Keys.swift
[1387/1603] Compiling Crypto SymmetricKeys.swift
[1388/1603] Compiling Crypto HMAC.swift
[1404/1603] Compiling NIOCore SingleStepByteToMessageDecoder.swift
[1405/1603] Compiling NIOCore SocketAddresses.swift
[1406/1603] Compiling NIOCore SocketOptionProvider.swift
[1407/1603] Compiling NIOCore SystemCallHelpers.swift
[1408/1603] Compiling NIOCore TimeAmount+Duration.swift
[1409/1603] Compiling NIOCore TypeAssistedChannelHandler.swift
[1410/1603] Compiling NIOCore UniversalBootstrapSupport.swift
[1411/1603] Compiling NIOCore Utilities.swift
[1421/1604] Wrapping AST for Crypto for debugging
[1431/1666] Compiling CryptoExtras CMAC.swift
[1432/1666] Compiling CryptoExtras ARC+API.swift
[1433/1666] Compiling CryptoExtras ARC.swift
[1434/1666] Compiling CryptoExtras ARCCredential.swift
[1435/1666] Compiling CryptoExtras ARCEncoding.swift
[1436/1666] Compiling CryptoExtras ARCPrecredential.swift
[1437/1666] Compiling CryptoExtras ARCPresentation.swift
[1438/1666] Compiling CryptoExtras ARCRequest.swift
[1439/1666] Compiling CryptoExtras ARCResponse.swift
[1440/1666] Compiling CryptoExtras Data+Extensions.swift
[1441/1666] Compiling CryptoExtras DigestType.swift
[1442/1666] Compiling CryptoExtras Error.swift
[1443/1666] Compiling CryptoExtras I2OSP.swift
[1444/1666] Compiling CryptoExtras IntegerEncoding.swift
[1445/1666] Compiling CryptoExtras PEMDocument.swift
[1446/1666] Compiling CryptoExtras PrettyBytes.swift
[1447/1666] Compiling CryptoExtras SubjectPublicKeyInfo.swift
[1448/1674] Emitting module CryptoExtras
[1449/1674] Compiling CryptoExtras AES_CBC.swift
[1450/1674] Compiling CryptoExtras AES_CFB.swift
[1451/1674] Compiling CryptoExtras AES_CTR.swift
[1452/1674] Compiling CryptoExtras AES_GCM_SIV.swift
[1453/1674] Compiling CryptoExtras Block Function.swift
[1454/1674] Compiling CryptoExtras AES_CBC_boring.swift
[1455/1674] Compiling CryptoExtras AES_CFB_boring.swift
[1456/1674] Compiling CryptoExtras AES_CTR_boring.swift
[1457/1674] Compiling CryptoExtras AES_GCM_SIV_boring.swift
[1458/1674] Compiling CryptoExtras PBKDF2.swift
[1459/1674] Compiling CryptoExtras Scrypt_boring.swift
[1460/1674] Compiling CryptoExtras Scrypt.swift
[1461/1674] Compiling CryptoExtras OPRF.swift
[1462/1674] Compiling CryptoExtras OPRFClient.swift
[1463/1674] Compiling CryptoExtras OPRFServer.swift
[1464/1674] Compiling CryptoExtras VOPRF+API.swift
[1465/1674] Compiling CryptoExtras VOPRFClient.swift
[1466/1674] Compiling CryptoExtras VOPRFServer.swift
[1467/1674] Compiling CryptoExtras ThreadOps.swift
[1468/1674] Compiling CryptoExtras ThreadPosix.swift
[1469/1674] Compiling CryptoExtras ThreadSpecific.swift
[1470/1674] Compiling CryptoExtras ThreadWindows.swift
[1471/1674] Compiling CryptoExtras DLEQ.swift
[1472/1674] Compiling CryptoExtras Prover.swift
[1473/1674] Compiling CryptoExtras Verifier.swift
[1474/1674] Compiling CryptoExtras ZKPToolbox.swift
[1484/1674] Compiling CryptoExtras ARCServer.swift
[1485/1674] Compiling CryptoExtras ChaCha20CTR_boring.swift
[1486/1674] Compiling CryptoExtras ChaCha20CTR.swift
[1487/1674] Compiling CryptoExtras BoringSSLSHA512256Context.swift
[1488/1674] Compiling CryptoExtras BoringSSLSHA512256HashFunction.swift
[1489/1674] Compiling CryptoExtras SHA512256.swift
[1490/1674] Compiling CryptoExtras SHA512256Digest.swift
[1491/1674] Compiling CryptoExtras Curve25519+PEM.swift
[1492/1674] Compiling CryptoExtras ObjectIdentifier.swift
[1493/1674] Compiling CryptoExtras BoringSSLPassphraseCallbackManager.swift
[1494/1674] Compiling CryptoExtras RSA+BlindSigning.swift
[1495/1674] Compiling CryptoExtras RSA.swift
[1496/1674] Compiling CryptoExtras RSA_boring.swift
[1497/1674] Compiling CryptoExtras Reexport.swift
[1498/1674] Compiling CryptoExtras Zeroization_boring.swift
[1499/1674] Compiling CryptoExtras BoringSSLHelpers.swift
[1500/1674] Compiling CryptoExtras CryptoKitErrors_boring.swift
[1501/1674] Compiling CryptoExtras PKCS8DERRepresentation.swift
[1502/1674] Compiling CryptoExtras PKCS8PrivateKey.swift
[1503/1674] Compiling CryptoExtras RFC8410AlgorithmIdentifier.swift
[1504/1674] Compiling CryptoExtras ECToolbox_boring.swift
[1505/1674] Compiling CryptoExtras ECToolbox.swift
[1506/1674] Compiling CryptoExtras HashToField.swift
[1507/1674] Compiling CryptoExtras KDF.swift
[1508/1674] Compiling CryptoExtras PBKDF2_boring.swift
[1509/1674] Compiling CryptoExtras PBKDF2_commoncrypto.swift
[1510/1675] Wrapping AST for CryptoExtras for debugging
[1512/1677] Compiling _CryptoExtras Exports.swift
[1513/1677] Emitting module _CryptoExtras
[1514/1678] Wrapping AST for _CryptoExtras for debugging
[1516/1773] Compiling X509 CMSSignerIdentifier.swift
[1517/1773] Compiling X509 CMSSignerInfo.swift
[1518/1773] Compiling X509 CMSVersion.swift
[1519/1773] Compiling X509 Curve25519+DER.swift
[1520/1773] Compiling X509 CustomPrivateKey.swift
[1521/1773] Compiling X509 Digests.swift
[1522/1773] Compiling X509 DistinguishedName.swift
[1523/1773] Compiling X509 CommonName.swift
[1524/1773] Compiling X509 CountryName.swift
[1525/1773] Compiling X509 CertificateSerialNumber.swift
[1526/1773] Compiling X509 CertificateVersion.swift
[1527/1773] Compiling X509 CMSAttribute.swift
[1528/1773] Compiling X509 CMSContentInfo.swift
[1529/1773] Compiling X509 CMSEncapsulatedContentInfo.swift
[1530/1773] Compiling X509 CMSIssuerAndSerialNumber.swift
[1531/1773] Compiling X509 CMSOperations.swift
[1532/1773] Compiling X509 CMSSignature.swift
[1533/1773] Compiling X509 CMSSignedData.swift
[1534/1773] Emitting module NIOCore
[1535/1782] Wrapping AST for NIOCore for debugging
[1537/1831] Compiling NIOFoundationEssentialsCompat Codable+ByteBuffer.swift
[1538/1831] Emitting module NIOEmbedded
[1539/1831] Compiling NIOEmbedded AsyncTestingChannel.swift
[1540/1831] Emitting module NIOFoundationEssentialsCompat
[1541/1831] Compiling NIOFoundationEssentialsCompat ByteBuffer-foundation.swift
[1543/1832] Compiling X509 PKCS8PrivateKey.swift
[1544/1832] Compiling X509 PromiseAndFuture.swift
[1545/1832] Compiling X509 RDNAttribute.swift
[1546/1832] Compiling X509 RandomNumberGenerator+bytes.swift
[1547/1832] Compiling X509 RelativeDistinguishedName.swift
[1548/1832] Compiling X509 SEC1PrivateKey.swift
[1549/1832] Compiling X509 SecKeyWrapper.swift
[1550/1832] Compiling X509 Signature.swift
[1551/1832] Compiling X509 SignatureAlgorithm.swift
[1552/1832] Compiling X509 AllOfPolicies.swift
[1553/1832] Compiling X509 AnyPolicy.swift
[1554/1832] Compiling X509 CertificateStore.swift
[1555/1832] Compiling X509 CustomCertificateStore.swift
[1555/1845] Wrapping AST for NIOFoundationEssentialsCompat for debugging
[1557/1845] Compiling X509 OCSPExtensionID.swift
[1558/1845] Compiling X509 OCSPNonce.swift
[1559/1845] Compiling X509 OCSPPolicy.swift
[1560/1845] Compiling X509 OCSPRequest.swift
[1561/1845] Compiling X509 OCSPResponse.swift
[1562/1845] Compiling X509 OCSPResponseBytes.swift
[1563/1845] Compiling X509 OCSPResponseData.swift
[1564/1845] Compiling X509 OCSPResponseStatus.swift
[1565/1845] Compiling X509 OCSPSignature.swift
[1566/1845] Compiling X509 OCSPSingleRequest.swift
[1567/1845] Compiling X509 OCSPSingleResponse.swift
[1568/1845] Compiling X509 OCSPTBSRequest.swift
[1569/1845] Compiling X509 OCSPVersion.swift
[1570/1845] Compiling NIOPosix Resolver.swift
[1571/1845] Compiling NIOPosix SelectorWSAPoll.swift
[1572/1845] Compiling NIOPosix ServerSocket.swift
[1573/1845] Compiling NIOPosix Socket.swift
[1574/1845] Compiling NIOPosix SocketChannel.swift
[1575/1845] Compiling NIOPosix SocketProtocols.swift
[1576/1845] Compiling NIOPosix StructuredConcurrencyHelpers.swift
[1577/1845] Compiling NIOPosix System.swift
[1578/1845] Compiling X509 AuthorityInformationAccess.swift
[1579/1845] Compiling X509 AuthorityKeyIdentifier.swift
[1580/1845] Compiling X509 BasicConstraints.swift
[1581/1845] Compiling X509 ExtendedKeyUsage.swift
[1582/1845] Compiling X509 ExtensionIdentifiers.swift
[1583/1845] Compiling X509 KeyUsage.swift
[1584/1845] Compiling NIOPosix BaseStreamSocketChannel.swift
[1585/1845] Compiling NIOPosix Bootstrap.swift
[1586/1845] Compiling NIOPosix ControlMessage.swift
[1587/1845] Compiling NIOPosix DatagramVectorReadManager.swift
[1588/1845] Compiling NIOPosix Errors+Any.swift
[1589/1845] Compiling NIOPosix FileDescriptor.swift
[1590/1845] Compiling NIOPosix GetaddrinfoResolver.swift
[1591/1845] Compiling NIOPosix BSDSocketAPICommon.swift
[1592/1845] Compiling NIOPosix BSDSocketAPIPosix.swift
[1593/1845] Compiling NIOPosix BSDSocketAPIWindows.swift
[1594/1845] Compiling NIOPosix BaseSocket.swift
[1595/1845] Compiling NIOPosix BaseSocketChannel+AccessibleTransport.swift
[1596/1845] Compiling NIOPosix BaseSocketChannel+SocketOptionProvider.swift
[1597/1845] Compiling NIOPosix BaseSocketChannel.swift
[1598/1845] Compiling NIOEmbedded Embedded.swift
[1599/1845] Compiling NIOEmbedded AsyncTestingEventLoop.swift
[1600/1846] Wrapping AST for NIOEmbedded for debugging
[1602/1846] Compiling NIOPosix Selectable.swift
[1603/1846] Compiling NIOPosix SelectableChannel.swift
[1604/1846] Compiling NIOPosix SelectableEventLoop.swift
[1605/1846] Compiling NIOPosix SelectorEpoll.swift
[1606/1846] Compiling NIOPosix SelectorGeneric.swift
[1607/1846] Compiling NIOPosix SelectorKqueue.swift
[1608/1846] Compiling NIOPosix SelectorUring.swift
[1609/1846] Compiling NIOPosix PipeChannel.swift
[1610/1846] Compiling NIOPosix PipePair.swift
[1611/1846] Compiling NIOPosix Pool.swift
[1612/1846] Compiling NIOPosix PosixSingletons+ConcurrencyTakeOver.swift
[1613/1846] Compiling NIOPosix PosixSingletons.swift
[1614/1846] Compiling NIOPosix RawSocketBootstrap.swift
[1615/1846] Compiling X509 OneOfPolicies.swift
[1616/1846] Compiling X509 PolicyBuilder.swift
[1617/1846] Compiling X509 BasicConstraintsPolicy.swift
[1618/1846] Compiling X509 DNSNames.swift
[1619/1846] Compiling X509 ExpiryPolicy.swift
[1620/1846] Compiling X509 IPConstraints.swift
[1621/1846] Compiling X509 NameConstraintsPolicy.swift
[1622/1846] Compiling X509 RFC5280Policy.swift
[1623/1846] Compiling X509 URIConstraints.swift
[1624/1846] Compiling X509 VersionPolicy.swift
[1625/1846] Compiling X509 ServerIdentityPolicy.swift
[1626/1846] Compiling X509 TrustRootLoading.swift
[1627/1846] Compiling X509 UnverifiedChain.swift
[1628/1846] Compiling NIOPosix HappyEyeballs.swift
[1629/1846] Compiling NIOPosix IO.swift
[1630/1846] Compiling NIOPosix IntegerBitPacking.swift
[1631/1846] Compiling NIOPosix IntegerTypes.swift
[1632/1846] Compiling NIOPosix Linux.swift
[1633/1846] Compiling NIOPosix LinuxCPUSet.swift
[1634/1846] Compiling NIOPosix LinuxUring.swift
[1635/1846] Compiling NIOPosix MultiThreadedEventLoopGroup.swift
[1636/1846] Compiling NIOPosix NIOPosixSendableMetatype.swift
[1637/1846] Compiling NIOPosix NIORandomizedDNSResolver.swift
[1638/1846] Compiling NIOPosix NIOThreadPool.swift
[1639/1846] Compiling NIOPosix NonBlockingFileIO.swift
[1640/1846] Compiling NIOPosix PendingDatagramWritesManager.swift
[1641/1846] Compiling NIOPosix PendingWritesManager.swift
[1677/1853] Emitting module X509
[1678/1853] Compiling NIOPosix Thread.swift
[1679/1853] Compiling NIOPosix ThreadPosix.swift
[1680/1853] Compiling NIOPosix ThreadWindows.swift
[1681/1853] Compiling NIOPosix Utilities.swift
[1682/1853] Compiling NIOPosix VsockAddress.swift
[1683/1853] Compiling NIOPosix VsockChannelEvents.swift
[1684/1853] Compiling NIOPosix Windows.swift
[1692/1853] Emitting module NIOPosix
[1700/1854] Wrapping AST for NIOPosix for debugging
[1702/1856] Emitting module NIO
[1703/1856] Compiling NIO Exports.swift
[1704/1857] Wrapping AST for NIO for debugging
[1706/1896] Compiling NIOTLS TLSEvents.swift
[1707/1896] Emitting module NIOFoundationCompat
[1708/1896] Compiling X509 ValidatedCertificateChain.swift
[1709/1896] Compiling X509 VerificationDiagnostic.swift
[1710/1896] Compiling X509 Verifier.swift
[1711/1896] Compiling X509 VerifierPolicy.swift
[1712/1896] Compiling X509 AlgorithmIdentifier.swift
[1713/1896] Compiling X509 ECDSASignature.swift
[1714/1896] Compiling X509 RSAPKCS1PublicKey.swift
[1715/1896] Compiling X509 SubjectPublicKeyInfo.swift
[1716/1896] Compiling X509 TBSCertificate.swift
[1717/1896] Compiling X509 Time.swift
[1718/1896] Compiling X509 TimeCalculations.swift
[1719/1896] Compiling X509 Validity.swift
[1720/1896] Compiling X509 X509SendableMetatype.swift
[1721/1896] Emitting module NIOTLS
[1723/1897] Compiling NIOFoundationCompat JSONSerialization+ByteBuffer.swift
[1724/1897] Compiling NIOFoundationCompat WaitSpinningRunLoop.swift
[1725/1897] Compiling NIOSOCKS SelectedAuthenticationMethod.swift
[1726/1897] Compiling NIOSOCKS ClientStateMachine.swift
[1727/1897] Compiling NIOFoundationCompat Exports.swift
[1728/1898] Compiling NIOSOCKS SOCKSResponse.swift
[1729/1898] Compiling NIOTLS SNIHandler.swift
[1730/1898] Emitting module NIOSOCKS
[1731/1898] Compiling NIOTLS ApplicationProtocolNegotiationHandler.swift
[1732/1898] Compiling NIOTLS ProtocolNegotiationHandlerStateMachine.swift
[1733/1898] Compiling NIOTLS NIOTypedApplicationProtocolNegotiationHandler.swift
[1735/1900] Wrapping AST for X509 for debugging
[1737/1905] Compiling NIOHTTP1 HTTPServerRequestMethodQueue.swift
[1738/1905] Compiling NIOHTTP1 HTTPServerUpgradeHandler.swift
[1739/1909] Compiling JWTKit ECDSASigningAlgorithm.swift
[1740/1909] Compiling JWTKit JWTKeyCollection+ECDSA.swift
[1741/1909] Compiling JWTKit P256+CurveType.swift
[1742/1909] Compiling JWTKit P384+CurveType.swift
[1743/1909] Compiling JWTKit P521+CurveType.swift
[1744/1909] Compiling JWTKit EdDSA.swift
[1744/1910] Wrapping AST for NIOFoundationCompat for debugging
[1745/1925] Wrapping AST for NIOTLS for debugging
[1747/1997] Compiling NIOSSL AndroidCABundle.swift
[1748/1997] Compiling NIOSSL ByteBufferBIO.swift
[1749/1997] Compiling NIOSSL CustomPrivateKey.swift
[1750/1999] Compiling NIOSOCKS ServerStateMachine.swift
[1752/2000] Compiling NIOSSL SSLErrors.swift
[1753/2000] Compiling NIOSSL SSLInit.swift
[1754/2000] Compiling NIOSSL SSLCallbacks.swift
[1755/2000] Compiling NIOSSL SSLContext.swift
[1755/2000] Wrapping AST for NIOSOCKS for debugging
[1760/2000] Compiling NIOSSL FreeBSDCABundle.swift
[1761/2000] Compiling NIOSSL IdentityVerification.swift
[1762/2000] Compiling NIOSSL LinuxCABundle.swift
[1763/2000] Compiling NIOSSL NIOSSLClientHandler.swift
[1764/2000] Compiling NIOSSL NIOSSLHandler+Configuration.swift
[1765/2000] Compiling NIOSSL NIOSSLHandler.swift
[1766/2000] Compiling NIOSSL NIOSSLServerHandler.swift
[1767/2009] Compiling JWTKit MLDSAType.swift
[1768/2009] Compiling JWTKit JWTKeyCollection+UnsecuredNone.swift
[1769/2009] Compiling JWTKit UnsecuredNoneSigner.swift
[1770/2009] Compiling JWTKit JWTKeyCollection+RSA.swift
[1771/2009] Compiling JWTKit RSA.swift
[1772/2009] Compiling JWTKit RSAError.swift
[1773/2009] Compiling JWTKit RSASigner.swift
[1774/2009] Compiling JWTKit Base64URL.swift
[1775/2009] Compiling JWTKit CryptoSigner.swift
[1776/2009] Compiling JWTKit JWTSerializer.swift
[1777/2009] Compiling JWTKit JWTSigner.swift
[1778/2009] Compiling JWTKit JWTKeyCollection+MLDSA.swift
[1779/2009] Compiling JWTKit MLDSA.swift
[1780/2009] Compiling JWTKit MLDSA65+MLDSAKey.swift
[1781/2009] Compiling JWTKit MLDSA87+MLDSAKey.swift
[1782/2009] Compiling JWTKit MLDSAError.swift
[1783/2009] Compiling JWTKit MLDSAKey.swift
[1784/2009] Compiling JWTKit MLDSASigner.swift
[1785/2009] Compiling NIOSSL ObjectIdentifier.swift
[1786/2009] Compiling NIOSSL PosixPort.swift
[1791/2009] Compiling NIOSSL SSLConnection.swift
[1792/2009] Compiling NIOSSL SSLPrivateKey.swift
[1793/2009] Compiling NIOSSL SSLPublicKey.swift
[1794/2009] Compiling NIOSSL SecurityFrameworkCertificateVerification.swift
[1795/2009] Compiling NIOSSL String+unsafeUninitializedCapacity.swift
[1796/2009] Compiling NIOSSL SubjectAlternativeName.swift
[1797/2009] Compiling NIOSSL NIOSSLSecureBytes.swift
[1798/2009] Compiling NIOSSL RNG.swift
[1799/2009] Compiling NIOSSL SafeCompare.swift
[1800/2009] Compiling JWTKit ECDSASigner.swift
[1807/2009] Compiling NIOHTTP1 NIOTypedHTTPServerUpgradeHandler.swift
[1808/2009] Compiling NIOHTTP1 NIOTypedHTTPServerUpgraderStateMachine.swift
[1809/2009] Compiling NIOSSL SSLCertificateExtensions.swift
[1810/2009] Compiling NIOSSL SSLCertificateName.swift
[1811/2009] Emitting module JWTKit
[1814/2009] Emitting module NIOSSL
[1819/2013] Emitting module NIOHTTP1
[1823/2014] Wrapping AST for NIOHTTP1 for debugging
[1825/2031] Compiling NIOSSL TLSConfiguration.swift
[1826/2031] Compiling NIOSSL UniversalBootstrapSupport.swift
[1827/2031] Compiling NIOSSL UnsafeKeyAndChainTarget.swift
[1828/2031] Compiling JWTKit JWTKeyCollection+HMAC.swift
[1829/2031] Compiling JWTKit Insecure.swift
[1830/2031] Compiling JWTKit JWK.swift
[1831/2031] Compiling JWTKit JWKIdentifier.swift
[1832/2031] Compiling JWTKit JWKS.swift
[1833/2031] Compiling JWTKit JWKSigner.swift
[1834/2031] Compiling JWTKit JWTAlgorithm.swift
[1835/2031] Compiling JWTKit JWTError.swift
[1836/2031] Compiling JWTKit JWTHeader+CommonFields.swift
[1837/2031] Compiling JWTKit JWTHeader.swift
[1838/2031] Compiling JWTKit JWTHeaderField.swift
[1839/2031] Compiling JWTKit JWTKeyCollection.swift
[1840/2031] Compiling JWTKit JWTParser+MandatoryVerificationFields.swift
[1841/2031] Compiling JWTKit JWTParser.swift
[1842/2031] Compiling JWTKit JWTPayload.swift
[1843/2031] Compiling NIOHPACK HPACKEncoder.swift
[1844/2031] Compiling NIOHPACK HPACKErrors.swift
[1845/2031] Compiling NIOHPACK DynamicHeaderTable.swift
[1846/2031] Compiling NIOHPACK HPACKDecoder.swift
[1847/2031] Compiling NIOHPACK HPACKHeader.swift
[1848/2031] Compiling NIOHPACK HeaderTables.swift
[1852/2031] Compiling JWTKit CustomizedJSONCoders.swift
[1853/2031] Compiling JWTKit Utilities.swift
[1854/2031] Compiling JWTKit AppleIdentityToken.swift
[1855/2031] Compiling JWTKit FirebaseAuthIdentityToken.swift
[1856/2031] Compiling JWTKit GoogleIdentityToken.swift
[1857/2031] Compiling JWTKit MicrosoftIdentityToken.swift
[1858/2031] Compiling JWTKit EmptyPolicy.swift
[1859/2031] Compiling JWTKit ValidationTimePayload.swift
[1860/2031] Compiling JWTKit X5CVerifier.swift
[1861/2031] Compiling NIOHTTPCompression HTTPRequestCompressor.swift
[1862/2032] Compiling NIOHTTPCompression HTTPDecompressor.swift
[1864/2032] Compiling NIOHPACK IndexedHeaderTable.swift
[1865/2032] Compiling NIOHPACK IntegerCoding.swift
[1866/2033] Compiling NIOHTTPCompression HTTPResponseCompressor.swift
[1866/2033] Wrapping AST for JWTKit for debugging
[1868/2033] Compiling NIOHPACK HuffmanCoding.swift
[1869/2033] Compiling NIOHPACK HuffmanTables.swift
[1870/2033] Compiling NIOHTTPCompression HTTPDecompression.swift
[1879/2033] Emitting module NIOHTTPCompression
[1880/2033] Compiling NIOHTTPCompression HTTPCompression.swift
[1882/2034] Emitting module NIOHPACK
[1882/2034] Wrapping AST for NIOHTTPCompression for debugging
[1884/2034] Compiling NIOHPACK StaticHeaderTable.swift
[1899/2035] Wrapping AST for NIOHPACK for debugging
[1901/2035] Compiling NIOSSL Zeroization.swift
[1905/2099] Wrapping AST for NIOSSL for debugging
[1907/2099] Compiling NIOHTTP2 MaySendFrames.swift
[1908/2099] Compiling NIOHTTP2 SendingDataState.swift
[1909/2099] Compiling NIOHTTP2 SendingGoawayState.swift
[1910/2099] Compiling NIOHTTP2 SendingHeadersState.swift
[1911/2099] Compiling NIOHTTP2 SendingPushPromiseState.swift
[1912/2099] Compiling NIOHTTP2 SendingRstStreamState.swift
[1913/2099] Compiling NIOHTTP2 SendingWindowUpdateState.swift
[1914/2099] Compiling NIOHTTP2 HTTP2SettingsState.swift
[1915/2099] Compiling NIOHTTP2 HasExtendedConnectSettings.swift
[1916/2107] Emitting module NIOHTTP2
[1917/2107] Compiling NIOHTTP2 NIOHTTP2ServerConnectionManagementHandler.swift
[1918/2107] Compiling NIOHTTP2 StreamChannelFlowController.swift
[1919/2107] Compiling NIOHTTP2 StreamChannelList.swift
[1920/2107] Compiling NIOHTTP2 StreamMap.swift
[1921/2107] Compiling NIOHTTP2 StreamStateMachine.swift
[1922/2107] Compiling NIOHTTP2 Timer.swift
[1923/2107] Compiling NIOHTTP2 UnsafeTransfer.swift
[1924/2107] Compiling NIOHTTP2 WatermarkedFlowController.swift
[1925/2107] Compiling NIOHTTP2 ConnectionStateMachine.swift
[1926/2107] Compiling NIOHTTP2 ConnectionStreamsState.swift
[1927/2107] Compiling NIOHTTP2 MayReceiveFrames.swift
[1928/2107] Compiling NIOHTTP2 ReceivingDataState.swift
[1929/2107] Compiling NIOHTTP2 ReceivingGoAwayState.swift
[1930/2107] Compiling NIOHTTP2 ReceivingHeadersState.swift
[1931/2107] Compiling NIOHTTP2 ReceivingPushPromiseState.swift
[1932/2107] Compiling NIOHTTP2 ReceivingRstStreamState.swift
[1933/2107] Compiling NIOHTTP2 ReceivingWindowUpdateState.swift
[1934/2107] Compiling NIOHTTP2 HasFlowControlWindows.swift
[1935/2107] Compiling NIOHTTP2 HasLocalSettings.swift
[1936/2107] Compiling NIOHTTP2 HasRemoteSettings.swift
[1937/2107] Compiling NIOHTTP2 LocallyQuiescingState.swift
[1938/2107] Compiling NIOHTTP2 QuiescingState.swift
[1939/2107] Compiling NIOHTTP2 RemotelyQuiescingState.swift
[1940/2107] Compiling NIOHTTP2 SendAndReceiveGoawayState.swift
[1941/2107] Compiling NIOHTTP2 StateMachineResult.swift
[1942/2107] Compiling NIOHTTP2 ContentLengthVerifier.swift
[1943/2107] Compiling NIOHTTP2 HTTP2FrameParser.swift
[1944/2107] Compiling NIOHTTP2 HTTP2PingData.swift
[1945/2107] Compiling NIOHTTP2 HTTP2PipelineHelpers.swift
[1946/2107] Compiling NIOHTTP2 HTTP2Settings.swift
[1947/2107] Compiling NIOHTTP2 HTTP2Stream.swift
[1948/2107] Compiling NIOHTTP2 HTTP2StreamChannel+OutboundStreamMultiplexer.swift
[1949/2107] Compiling NIOHTTP2 HTTP2StreamChannel.swift
[1950/2107] Compiling NIOHTTP2 HTTP2StreamDelegate.swift
[1951/2107] Compiling NIOHTTP2 HTTP2StreamID.swift
[1952/2107] Compiling NIOHTTP2 HTTP2StreamMultiplexer.swift
[1953/2107] Compiling NIOHTTP2 HTTP2ToHTTP1Codec.swift
[1954/2107] Compiling NIOHTTP2 HTTP2UserEvents.swift
[1955/2107] Compiling NIOHTTP2 InboundEventBuffer.swift
[1956/2107] Compiling NIOHTTP2 InboundWindowManager.swift
[1957/2107] Compiling NIOHTTP2 MultiplexerAbstractChannel.swift
[1958/2107] Compiling NIOHTTP2 NIOHTTP2FrameDelegate.swift
[1959/2107] Compiling NIOHTTP2 NIOHTTP2ServerConnectionManagementHandler+StateMachine.swift
[1960/2107] Compiling NIOHTTP2 DOSHeuristics.swift
[1961/2107] Compiling NIOHTTP2 Error+Any.swift
[1962/2107] Compiling NIOHTTP2 ConcurrentStreamBuffer.swift
[1963/2107] Compiling NIOHTTP2 ControlFrameBuffer.swift
[1964/2107] Compiling NIOHTTP2 OutboundFlowControlBuffer.swift
[1965/2107] Compiling NIOHTTP2 OutboundFrameBuffer.swift
[1966/2107] Compiling NIOHTTP2 GlitchesMonitor.swift
[1967/2107] Compiling NIOHTTP2 HPACKHeaders+Validation.swift
[1968/2107] Compiling NIOHTTP2 HTTP2ChannelHandler+InboundStreamMultiplexer.swift
[1969/2107] Compiling NIOHTTP2 HTTP2ChannelHandler+InlineStreamMultiplexer.swift
[1970/2107] Compiling NIOHTTP2 HTTP2ChannelHandler.swift
[1971/2107] Compiling NIOHTTP2 HTTP2CommonInboundStreamMultiplexer.swift
[1972/2107] Compiling NIOHTTP2 HTTP2ConnectionStateChange.swift
[1973/2107] Compiling NIOHTTP2 HTTP2Error.swift
[1974/2107] Compiling NIOHTTP2 HTTP2ErrorCode.swift
[1975/2107] Compiling NIOHTTP2 HTTP2FlowControlWindow.swift
[1976/2107] Compiling NIOHTTP2 HTTP2Frame.swift
[1977/2107] Compiling NIOHTTP2 HTTP2FrameEncoder.swift
[1978/2108] Wrapping AST for NIOHTTP2 for debugging
[1980/2172] Compiling AsyncHTTPClient AnyAsyncSequence.swift
[1981/2172] Compiling AsyncHTTPClient AnyAsyncSequenceProucerDelete.swift
[1982/2172] Compiling AsyncHTTPClient AsyncLazySequence.swift
[1983/2172] Compiling AsyncHTTPClient HTTPClient+execute.swift
[1984/2172] Compiling AsyncHTTPClient HTTPClient+shutdown.swift
[1985/2172] Compiling AsyncHTTPClient HTTPClient+tracing.swift
[1986/2172] Compiling AsyncHTTPClient HTTPClientRequest+Prepared.swift
[1987/2172] Compiling AsyncHTTPClient HTTPClientRequest+auth.swift
[1988/2172] Compiling AsyncHTTPClient HTTPClientRequest.swift
[1989/2172] Emitting module AsyncHTTPClient
[1990/2180] Compiling AsyncHTTPClient RequestValidation.swift
[1991/2180] Compiling AsyncHTTPClient SSLContextCache.swift
[1992/2180] Compiling AsyncHTTPClient Scheme.swift
[1993/2180] Compiling AsyncHTTPClient Singleton.swift
[1994/2180] Compiling AsyncHTTPClient StringConvertibleInstances.swift
[1995/2180] Compiling AsyncHTTPClient StructuredConcurrencyHelpers.swift
[1996/2180] Compiling AsyncHTTPClient TracingSupport.swift
[1997/2180] Compiling AsyncHTTPClient Utils.swift
[1998/2180] Compiling AsyncHTTPClient RequestOptions.swift
[1999/2180] Compiling AsyncHTTPClient HTTPConnectionPool+Backoff.swift
[2000/2180] Compiling AsyncHTTPClient HTTPConnectionPool+HTTP1Connections.swift
[2001/2180] Compiling AsyncHTTPClient HTTPConnectionPool+HTTP1StateMachine.swift
[2002/2180] Compiling AsyncHTTPClient HTTPConnectionPool+HTTP2Connections.swift
[2003/2180] Compiling AsyncHTTPClient HTTPConnectionPool+HTTP2StateMachine.swift
[2004/2180] Compiling AsyncHTTPClient HTTPConnectionPool+RequestQueue.swift
[2005/2180] Compiling AsyncHTTPClient HTTPConnectionPool+StateMachine.swift
[2006/2180] Compiling AsyncHTTPClient ConnectionTarget.swift
[2007/2180] Compiling AsyncHTTPClient HTTPClientResponse.swift
[2008/2180] Compiling AsyncHTTPClient SingleIteratorPrecondition.swift
[2009/2180] Compiling AsyncHTTPClient Transaction+StateMachine.swift
[2010/2180] Compiling AsyncHTTPClient Transaction.swift
[2011/2180] Compiling AsyncHTTPClient Base64.swift
[2012/2180] Compiling AsyncHTTPClient BasicAuth.swift
[2013/2180] Compiling AsyncHTTPClient BestEffortHashableTLSConfiguration.swift
[2014/2180] Compiling AsyncHTTPClient Configuration+BrowserLike.swift
[2015/2180] Compiling AsyncHTTPClient ConnectionPool.swift
[2016/2180] Compiling AsyncHTTPClient HTTPConnectionEvent.swift
[2017/2180] Compiling AsyncHTTPClient HTTPConnectionPool+Factory.swift
[2018/2180] Compiling AsyncHTTPClient HTTPConnectionPool+Manager.swift
[2019/2180] Compiling AsyncHTTPClient HTTPConnectionPool.swift
[2020/2180] Compiling AsyncHTTPClient HTTPExecutableRequest.swift
[2021/2180] Compiling AsyncHTTPClient HTTPRequestStateMachine+Demand.swift
[2022/2180] Compiling AsyncHTTPClient HTTPRequestStateMachine.swift
[2023/2180] Compiling AsyncHTTPClient RequestBodyLength.swift
[2024/2180] Compiling AsyncHTTPClient RequestFramingMetadata.swift
[2025/2180] Compiling AsyncHTTPClient HTTP1ProxyConnectHandler.swift
[2026/2180] Compiling AsyncHTTPClient SOCKSEventsHandler.swift
[2027/2180] Compiling AsyncHTTPClient TLSEventsHandler.swift
[2028/2180] Compiling AsyncHTTPClient HTTP1ClientChannelHandler.swift
[2029/2180] Compiling AsyncHTTPClient HTTP1Connection.swift
[2030/2180] Compiling AsyncHTTPClient HTTP1ConnectionStateMachine.swift
[2031/2180] Compiling AsyncHTTPClient HTTP2ClientRequestHandler.swift
[2032/2180] Compiling AsyncHTTPClient HTTP2Connection.swift
[2033/2180] Compiling AsyncHTTPClient HTTP2IdleHandler.swift
[2034/2180] Compiling AsyncHTTPClient LRUCache.swift
[2035/2180] Compiling AsyncHTTPClient NIOLoopBound+Execute.swift
[2036/2180] Compiling AsyncHTTPClient NWErrorHandler.swift
[2037/2180] Compiling AsyncHTTPClient NWWaitingHandler.swift
[2038/2180] Compiling AsyncHTTPClient TLSConfiguration.swift
[2039/2180] Compiling AsyncHTTPClient RedirectState.swift
[2040/2180] Compiling AsyncHTTPClient RequestBag+StateMachine.swift
[2041/2180] Compiling AsyncHTTPClient RequestBag+Tracing.swift
[2042/2180] Compiling AsyncHTTPClient RequestBag.swift
[2043/2180] Compiling AsyncHTTPClient DeconstructedURL.swift
[2044/2180] Compiling AsyncHTTPClient FileDownloadDelegate.swift
[2045/2180] Compiling AsyncHTTPClient FoundationExtensions.swift
[2046/2180] Compiling AsyncHTTPClient HTTPClient+HTTPCookie.swift
[2047/2180] Compiling AsyncHTTPClient HTTPClient+Proxy.swift
[2048/2180] Compiling AsyncHTTPClient HTTPClient+StructuredConcurrency.swift
[2049/2180] Compiling AsyncHTTPClient HTTPClient.swift
[2050/2180] Compiling AsyncHTTPClient HTTPClientConfiguration+SwiftConfiguration.swift
[2051/2180] Compiling AsyncHTTPClient HTTPHandler.swift
[2052/2181] Wrapping AST for AsyncHTTPClient for debugging
[2054/2204] Compiling GoogleAuth ADC.swift
[2055/2204] Compiling GoogleAuth ADCPath.swift
[2056/2204] Compiling GoogleAuth ADCResolver.swift
[2057/2204] Compiling GoogleAuth AuthHeaders.swift
[2058/2207] Emitting module GoogleAuth
[2059/2207] Compiling GoogleAuth CredentialParserRegistry.swift
[2060/2207] Compiling GoogleAuth Credentials.swift
[2061/2207] Compiling GoogleAuth CredentialsError.swift
[2062/2207] Compiling GoogleAuth UserAccountData.swift
[2063/2207] Compiling GoogleAuth UserAccountTokenProvider.swift
[2064/2207] Compiling GoogleAuth UserCredentials.swift
[2065/2207] Compiling GoogleAuth ServiceAccountCredentials.swift
[2066/2207] Compiling GoogleAuth ServiceAccountData.swift
[2067/2207] Compiling GoogleAuth ServiceAccountTokenProvider.swift
[2068/2207] Compiling GoogleAuth SubjectTokenProvider.swift
[2069/2207] Compiling GoogleAuth MDSAccessTokenProvider.swift
[2070/2207] Compiling GoogleAuth MDSCredentials.swift
[2071/2207] Compiling GoogleAuth AnonymousCredentials.swift
[2072/2207] Compiling GoogleAuth ApiKeyCredentials.swift
[2073/2207] Compiling GoogleAuth ExternalAccountCredentials.swift
[2074/2207] Compiling GoogleAuth AuthHTTPClient.swift
[2075/2207] Compiling GoogleAuth AuthHTTPError.swift
[2076/2207] Compiling GoogleAuth RetryEngine.swift
[2077/2207] Compiling GoogleAuth STSHandler.swift
[2078/2207] Compiling GoogleAuth TokenCache.swift
[2079/2207] Compiling GoogleAuth PackageVersion.swift
[2080/2208] Wrapping AST for GoogleAuth for debugging
[2082/2266] Compiling GoogleGax LimitedAttemptCount+PollingErrorPolicy.swift
[2083/2266] Compiling GoogleGax LimitedAttemptCount+RetryPolicy.swift
[2084/2266] Compiling GoogleGax LimitedAttemptCount.swift
[2085/2266] Compiling GoogleGax LimitedElapsedTime+PollingErrorPolicy.swift
[2086/2266] Compiling GoogleGax LimitedElapsedTime+RetryPolicy.swift
[2087/2266] Compiling GoogleGax LimitedElapsedTime.swift
[2088/2266] Compiling GoogleGax LongRunningOperations.swift
[2089/2266] Compiling GoogleGax NeverRetry.swift
[2090/2274] Emitting module GoogleGax
[2091/2274] Compiling GoogleGax RequestOptions.swift
[2092/2274] Compiling GoogleGax RetryLoop.swift
[2093/2274] Compiling GoogleGax RetryPolicy.swift
[2094/2274] Compiling GoogleGax RetryResult.swift
[2095/2274] Compiling GoogleGax RetryState.swift
[2096/2274] Compiling GoogleGax RetryThrottler.swift
[2097/2274] Compiling GoogleGax RetryThrottlerError.swift
[2098/2274] Compiling GoogleGax RoutingMatcher.swift
[2099/2274] Compiling GoogleGax BaseRetryPolicy.swift
[2100/2274] Compiling GoogleGax BindingError.swift
[2101/2274] Compiling GoogleGax CRC32C.swift
[2102/2274] Compiling GoogleGax CircuitBreaker.swift
[2103/2274] Compiling GoogleGax ClientError.swift
[2104/2274] Compiling GoogleGax ClientOptions.swift
[2105/2274] Compiling GoogleGax ContinueOnIO+PollingErrorPolicy.swift
[2106/2274] Compiling GoogleGax ContinueOnIO+RetryPolicy.swift
[2107/2274] Compiling GoogleGax AIP194+PollingErrorPolicy.swift
[2108/2274] Compiling GoogleGax AIP194+RetryPolicy.swift
[2109/2274] Compiling GoogleGax AIP194.swift
[2110/2274] Compiling GoogleGax AdaptiveThrottler.swift
[2111/2274] Compiling GoogleGax AlwaysPoll.swift
[2112/2274] Compiling GoogleGax AlwaysRetry.swift
[2113/2274] Compiling GoogleGax ApiClientHeader.swift
[2114/2274] Compiling GoogleGax BackoffPolicy.swift
[2115/2274] Compiling GoogleGax BasePollingErrorPolicy.swift
[2116/2274] Compiling GoogleGax HTTPClientProtocol.swift
[2117/2274] Compiling GoogleGax HTTPClientRequest.swift
[2118/2274] Compiling GoogleGax HTTPClientResponse.swift
[2119/2274] Compiling GoogleGax HTTPHeaders.swift
[2120/2274] Compiling GoogleGax HTTPResponseBody.swift
[2121/2274] Compiling GoogleGax HeaderNames.swift
[2122/2274] Compiling GoogleGax Host.swift
[2123/2274] Compiling GoogleGax InProgressResult.swift
[2124/2274] Compiling GoogleGax ContinueOnIO.swift
[2125/2274] Compiling GoogleGax CredentialsProtocol.swift
[2126/2274] Compiling GoogleGax ErrorWrapper.swift
[2127/2274] Compiling GoogleGax ExponentialBackoff+BackoffPolicy.swift
[2128/2274] Compiling GoogleGax ExponentialBackoff+PollingBackoffPolicy.swift
[2129/2274] Compiling GoogleGax ExponentialBackoff.swift
[2130/2274] Compiling GoogleGax HTTPClient.swift
[2131/2274] Compiling GoogleGax HTTPClientHolder.swift
[2132/2274] Compiling GoogleGax Pagination.swift
/host/spi-builder-workspace/.build/checkouts/swift-google-gax/Sources/GoogleGax/Pagination.swift:44:22: error: cannot convert '@Sendable (String) async throws -> (response: ResponseType, items: [Item], nextToken: String)' to 'nonisolated(nonsending) @Sendable (String) async throws -> (response: ResponseType, items: [Item], nextToken: String)' because crossing of an isolation boundary requires parameter and result types to conform to 'Sendable' protocol
42 | ) where ResponseType: _PaginatedResponse<Item> {
43 | self.initialPageToken = initialPageToken ?? ""
44 | self.fetchPage = { token in
| |- error: cannot convert '@Sendable (String) async throws -> (response: ResponseType, items: [Item], nextToken: String)' to 'nonisolated(nonsending) @Sendable (String) async throws -> (response: ResponseType, items: [Item], nextToken: String)' because crossing of an isolation boundary requires parameter and result types to conform to 'Sendable' protocol
| `- note: type 'Item' does not conform to 'Sendable' protocol
45 | let response = try await listRpc(token)
46 | return (response, response._getPaginatedItems(), response._nextPageToken())
[2133/2274] Compiling GoogleGax PollingBackoffPolicy.swift
/host/spi-builder-workspace/.build/checkouts/swift-google-gax/Sources/GoogleGax/Pagination.swift:44:22: error: cannot convert '@Sendable (String) async throws -> (response: ResponseType, items: [Item], nextToken: String)' to 'nonisolated(nonsending) @Sendable (String) async throws -> (response: ResponseType, items: [Item], nextToken: String)' because crossing of an isolation boundary requires parameter and result types to conform to 'Sendable' protocol
42 | ) where ResponseType: _PaginatedResponse<Item> {
43 | self.initialPageToken = initialPageToken ?? ""
44 | self.fetchPage = { token in
| |- error: cannot convert '@Sendable (String) async throws -> (response: ResponseType, items: [Item], nextToken: String)' to 'nonisolated(nonsending) @Sendable (String) async throws -> (response: ResponseType, items: [Item], nextToken: String)' because crossing of an isolation boundary requires parameter and result types to conform to 'Sendable' protocol
| `- note: type 'Item' does not conform to 'Sendable' protocol
45 | let response = try await listRpc(token)
46 | return (response, response._getPaginatedItems(), response._nextPageToken())
[2134/2274] Compiling GoogleGax PollingErrorPolicy.swift
/host/spi-builder-workspace/.build/checkouts/swift-google-gax/Sources/GoogleGax/Pagination.swift:44:22: error: cannot convert '@Sendable (String) async throws -> (response: ResponseType, items: [Item], nextToken: String)' to 'nonisolated(nonsending) @Sendable (String) async throws -> (response: ResponseType, items: [Item], nextToken: String)' because crossing of an isolation boundary requires parameter and result types to conform to 'Sendable' protocol
42 | ) where ResponseType: _PaginatedResponse<Item> {
43 | self.initialPageToken = initialPageToken ?? ""
44 | self.fetchPage = { token in
| |- error: cannot convert '@Sendable (String) async throws -> (response: ResponseType, items: [Item], nextToken: String)' to 'nonisolated(nonsending) @Sendable (String) async throws -> (response: ResponseType, items: [Item], nextToken: String)' because crossing of an isolation boundary requires parameter and result types to conform to 'Sendable' protocol
| `- note: type 'Item' does not conform to 'Sendable' protocol
45 | let response = try await listRpc(token)
46 | return (response, response._getPaginatedItems(), response._nextPageToken())
[2135/2274] Compiling GoogleGax PollingResult.swift
/host/spi-builder-workspace/.build/checkouts/swift-google-gax/Sources/GoogleGax/Pagination.swift:44:22: error: cannot convert '@Sendable (String) async throws -> (response: ResponseType, items: [Item], nextToken: String)' to 'nonisolated(nonsending) @Sendable (String) async throws -> (response: ResponseType, items: [Item], nextToken: String)' because crossing of an isolation boundary requires parameter and result types to conform to 'Sendable' protocol
42 | ) where ResponseType: _PaginatedResponse<Item> {
43 | self.initialPageToken = initialPageToken ?? ""
44 | self.fetchPage = { token in
| |- error: cannot convert '@Sendable (String) async throws -> (response: ResponseType, items: [Item], nextToken: String)' to 'nonisolated(nonsending) @Sendable (String) async throws -> (response: ResponseType, items: [Item], nextToken: String)' because crossing of an isolation boundary requires parameter and result types to conform to 'Sendable' protocol
| `- note: type 'Item' does not conform to 'Sendable' protocol
45 | let response = try await listRpc(token)
46 | return (response, response._getPaginatedItems(), response._nextPageToken())
[2136/2274] Compiling GoogleGax PollingState.swift
/host/spi-builder-workspace/.build/checkouts/swift-google-gax/Sources/GoogleGax/Pagination.swift:44:22: error: cannot convert '@Sendable (String) async throws -> (response: ResponseType, items: [Item], nextToken: String)' to 'nonisolated(nonsending) @Sendable (String) async throws -> (response: ResponseType, items: [Item], nextToken: String)' because crossing of an isolation boundary requires parameter and result types to conform to 'Sendable' protocol
42 | ) where ResponseType: _PaginatedResponse<Item> {
43 | self.initialPageToken = initialPageToken ?? ""
44 | self.fetchPage = { token in
| |- error: cannot convert '@Sendable (String) async throws -> (response: ResponseType, items: [Item], nextToken: String)' to 'nonisolated(nonsending) @Sendable (String) async throws -> (response: ResponseType, items: [Item], nextToken: String)' because crossing of an isolation boundary requires parameter and result types to conform to 'Sendable' protocol
| `- note: type 'Item' does not conform to 'Sendable' protocol
45 | let response = try await listRpc(token)
46 | return (response, response._getPaginatedItems(), response._nextPageToken())
[2137/2274] Compiling GoogleGax ProtobufConversionError.swift
/host/spi-builder-workspace/.build/checkouts/swift-google-gax/Sources/GoogleGax/Pagination.swift:44:22: error: cannot convert '@Sendable (String) async throws -> (response: ResponseType, items: [Item], nextToken: String)' to 'nonisolated(nonsending) @Sendable (String) async throws -> (response: ResponseType, items: [Item], nextToken: String)' because crossing of an isolation boundary requires parameter and result types to conform to 'Sendable' protocol
42 | ) where ResponseType: _PaginatedResponse<Item> {
43 | self.initialPageToken = initialPageToken ?? ""
44 | self.fetchPage = { token in
| |- error: cannot convert '@Sendable (String) async throws -> (response: ResponseType, items: [Item], nextToken: String)' to 'nonisolated(nonsending) @Sendable (String) async throws -> (response: ResponseType, items: [Item], nextToken: String)' because crossing of an isolation boundary requires parameter and result types to conform to 'Sendable' protocol
| `- note: type 'Item' does not conform to 'Sendable' protocol
45 | let response = try await listRpc(token)
46 | return (response, response._getPaginatedItems(), response._nextPageToken())
[2138/2274] Compiling GoogleGax QueryParameter.swift
/host/spi-builder-workspace/.build/checkouts/swift-google-gax/Sources/GoogleGax/Pagination.swift:44:22: error: cannot convert '@Sendable (String) async throws -> (response: ResponseType, items: [Item], nextToken: String)' to 'nonisolated(nonsending) @Sendable (String) async throws -> (response: ResponseType, items: [Item], nextToken: String)' because crossing of an isolation boundary requires parameter and result types to conform to 'Sendable' protocol
42 | ) where ResponseType: _PaginatedResponse<Item> {
43 | self.initialPageToken = initialPageToken ?? ""
44 | self.fetchPage = { token in
| |- error: cannot convert '@Sendable (String) async throws -> (response: ResponseType, items: [Item], nextToken: String)' to 'nonisolated(nonsending) @Sendable (String) async throws -> (response: ResponseType, items: [Item], nextToken: String)' because crossing of an isolation boundary requires parameter and result types to conform to 'Sendable' protocol
| `- note: type 'Item' does not conform to 'Sendable' protocol
45 | let response = try await listRpc(token)
46 | return (response, response._getPaginatedItems(), response._nextPageToken())
[2139/2274] Compiling GoogleGax RequestError.swift
/host/spi-builder-workspace/.build/checkouts/swift-google-gax/Sources/GoogleGax/Pagination.swift:44:22: error: cannot convert '@Sendable (String) async throws -> (response: ResponseType, items: [Item], nextToken: String)' to 'nonisolated(nonsending) @Sendable (String) async throws -> (response: ResponseType, items: [Item], nextToken: String)' because crossing of an isolation boundary requires parameter and result types to conform to 'Sendable' protocol
42 | ) where ResponseType: _PaginatedResponse<Item> {
43 | self.initialPageToken = initialPageToken ?? ""
44 | self.fetchPage = { token in
| |- error: cannot convert '@Sendable (String) async throws -> (response: ResponseType, items: [Item], nextToken: String)' to 'nonisolated(nonsending) @Sendable (String) async throws -> (response: ResponseType, items: [Item], nextToken: String)' because crossing of an isolation boundary requires parameter and result types to conform to 'Sendable' protocol
| `- note: type 'Item' does not conform to 'Sendable' protocol
45 | let response = try await listRpc(token)
46 | return (response, response._getPaginatedItems(), response._nextPageToken())
[2140/2274] Compiling GoogleGax ServiceError.swift
[2141/2274] Compiling GoogleGax StatusDetail.swift
[2142/2274] Compiling GoogleGax StrictIdempotency.swift
[2143/2274] Compiling GoogleGax ThrottleResult.swift
[2144/2274] Compiling GoogleGax TooManyRequests+PollingErrorPolicy.swift
[2145/2274] Compiling GoogleGax TooManyRequests+RetryPolicy.swift
[2146/2274] Compiling GoogleGax TooManyRequests.swift
[2147/2274] Compiling GoogleGax PackageVersion.swift
BUILD FAILURE 6.2 android