Build Information
Failed to build WKCodable, reference master (7f4a5d), with Swift 6.4 for watchOS using Xcode 27.0 on 17 Sep 2026 02:18:16 UTC.
Build Command
env DEVELOPER_DIR=/Applications/Xcode-27.0.0-Release.Candidate.app xcrun xcodebuild -IDEClonedSourcePackagesDirPathOverride=$PWD/.dependencies -skipMacroValidation -skipPackagePluginValidation -derivedDataPath $PWD/.derivedData build -scheme WKCodable -destination generic/platform=watchOSBuild Log
========================================
RunAll
========================================
Builder version: 5.1.0
Interrupt handler set up.
========================================
Checkout
========================================
Clone URL: https://github.com/plarson/WKCodable.git
Reference: master
Initialized empty Git repository in /Users/admin/builder/spi-builder-workspace/.git/
From https://github.com/plarson/WKCodable
* branch master -> FETCH_HEAD
* [new branch] master -> origin/master
HEAD is now at 7f4a5d5 Add x,y initializer
Cloned https://github.com/plarson/WKCodable.git
Revision (git rev-parse @):
7f4a5d567f743dc767aefde99feb743f9a4459e8
SUCCESS checkout https://github.com/plarson/WKCodable.git at master
========================================
Build
========================================
Selected platform: watchOS
Swift version: 6.4
Building package at path: $PWD
https://github.com/plarson/WKCodable.git
Command line invocation:
/Applications/Xcode-27.0.0-Release.Candidate.app/Contents/Developer/usr/bin/xcodebuild -IDEClonedSourcePackagesDirPathOverride=/Users/admin/builder/spi-builder-workspace/.dependencies -resolvePackageDependencies
Resolve Package Graph
Resolve Package Graph
Resolved source packages:
WKCodable: /Users/admin/builder/spi-builder-workspace
resolved source packages: WKCodable
2026-09-16 22:17:25.180 xcodebuild[529:3024] [MT] IDERunDestination: Supported platforms for the buildables in the current scheme is empty.
{
"dependencies" : [
],
"manifest_display_name" : "WKCodable",
"name" : "WKCodable",
"path" : "/Users/admin/builder/spi-builder-workspace",
"platforms" : [
],
"products" : [
{
"name" : "WKCodable",
"targets" : [
"WKCodable"
],
"type" : {
"library" : [
"automatic"
]
}
}
],
"targets" : [
{
"c99name" : "WKCodableTests",
"module_type" : "SwiftTarget",
"name" : "WKCodableTests",
"path" : "Tests/WKCodableTests",
"sources" : [
"WKBCodableLittleEndianTests.swift",
"WKBCodableTests.swift",
"WKTCodableTests.swift",
"XCTestManifests.swift"
],
"target_dependencies" : [
"WKCodable"
],
"type" : "test"
},
{
"c99name" : "WKCodable",
"module_type" : "SwiftTarget",
"name" : "WKCodable",
"path" : "Sources/WKCodable",
"product_memberships" : [
"WKCodable"
],
"sources" : [
"Types.swift",
"WKBDecoder.swift",
"WKBEncoder.swift",
"WKTDecoder.swift",
"WKTEncoder.swift"
],
"type" : "library"
}
],
"tools_version" : "4.1"
}
{
"workspace" : {
"name" : "WKCodable",
"schemes" : [
"WKCodable"
]
}
}
2026-09-16 22:18:06.985 xcodebuild[647:4130] [MT] IDERunDestination: Supported platforms for the buildables in the current scheme is empty.
Running build ...
env DEVELOPER_DIR=/Applications/Xcode-27.0.0-Release.Candidate.app xcrun xcodebuild -IDEClonedSourcePackagesDirPathOverride=$PWD/.dependencies -skipMacroValidation -skipPackagePluginValidation -derivedDataPath $PWD/.derivedData build -scheme WKCodable -destination generic/platform=watchOS
Command line invocation:
/Applications/Xcode-27.0.0-Release.Candidate.app/Contents/Developer/usr/bin/xcodebuild -IDEClonedSourcePackagesDirPathOverride=/Users/admin/builder/spi-builder-workspace/.dependencies -skipMacroValidation -skipPackagePluginValidation -derivedDataPath /Users/admin/builder/spi-builder-workspace/.derivedData build -scheme WKCodable -destination generic/platform=watchOS
Resolve Package Graph
Resolved source packages:
WKCodable: /Users/admin/builder/spi-builder-workspace
ComputePackagePrebuildTargetDependencyGraph
Prepare packages
CreateBuildRequest
SendProjectDescription
CreateBuildOperation
ComputeTargetDependencyGraph
note: Building targets in dependency order
note: Target dependency graph (2 targets)
Target 'WKCodable-product' in project 'WKCodable'
➜ Explicit dependency on target 'WKCodable' in project 'WKCodable'
Target 'WKCodable' in project 'WKCodable' (no dependencies)
GatherProvisioningInputs
CreateBuildDescription
ExecuteExternalTool /Applications/Xcode-27.0.0-Release.Candidate.app/Contents/Developer/Toolchains/XcodeDefault.xctoolchain/usr/bin/clang -v -E -dM -isysroot /Applications/Xcode-27.0.0-Release.Candidate.app/Contents/Developer/Platforms/WatchOS.platform/Developer/SDKs/WatchOS27.0.sdk -x c -c /dev/null
ExecuteExternalTool /Applications/Xcode-27.0.0-Release.Candidate.app/Contents/Developer/Toolchains/XcodeDefault.xctoolchain/usr/bin/swiftc --version
ExecuteExternalTool /Applications/Xcode-27.0.0-Release.Candidate.app/Contents/Developer/Toolchains/XcodeDefault.xctoolchain/usr/bin/ld -version_details
Build description signature: a7ea9be36ab2777a69547a4776d22590
Build description path: /Users/admin/builder/spi-builder-workspace/.derivedData/Build/Intermediates.noindex/XCBuildData/a7ea9be36ab2777a69547a4776d22590.xcbuilddata
CreateBuildDirectory /Users/admin/builder/spi-builder-workspace/.derivedData/ModuleCache.noindex
cd /Users/admin/builder/spi-builder-workspace/.swiftpm/xcode
builtin-create-build-directory /Users/admin/builder/spi-builder-workspace/.derivedData/ModuleCache.noindex
CreateBuildDirectory /Users/admin/builder/spi-builder-workspace/.derivedData/SDKExplicitPrecompiledModules
cd /Users/admin/builder/spi-builder-workspace/.swiftpm/xcode
builtin-create-build-directory /Users/admin/builder/spi-builder-workspace/.derivedData/SDKExplicitPrecompiledModules
CreateBuildDirectory /Users/admin/builder/spi-builder-workspace/.derivedData/CompilationCache.noindex
cd /Users/admin/builder/spi-builder-workspace/.swiftpm/xcode
builtin-create-build-directory /Users/admin/builder/spi-builder-workspace/.derivedData/CompilationCache.noindex
CreateBuildDirectory /Users/admin/builder/spi-builder-workspace/.derivedData/Build/Intermediates.noindex
cd /Users/admin/builder/spi-builder-workspace/.swiftpm/xcode
builtin-create-build-directory /Users/admin/builder/spi-builder-workspace/.derivedData/Build/Intermediates.noindex
CreateBuildDirectory /Users/admin/builder/spi-builder-workspace/.derivedData/Build/Products
cd /Users/admin/builder/spi-builder-workspace/.swiftpm/xcode
builtin-create-build-directory /Users/admin/builder/spi-builder-workspace/.derivedData/Build/Products
ClangStatCache /Applications/Xcode-27.0.0-Release.Candidate.app/Contents/Developer/Toolchains/XcodeDefault.xctoolchain/usr/bin/clang-stat-cache /Applications/Xcode-27.0.0-Release.Candidate.app/Contents/Developer/Platforms/WatchOS.platform/Developer/SDKs/WatchOS27.0.sdk /Users/admin/builder/spi-builder-workspace/.derivedData/SDKStatCaches.noindex/watchos27.0-24R360-e829b21a6f8c9b70876ba0858053c04477534ef55a1706bf4c1112bbb242f0a2.sdkstatcache
cd /Users/admin/builder/spi-builder-workspace/.swiftpm/xcode
/Applications/Xcode-27.0.0-Release.Candidate.app/Contents/Developer/Toolchains/XcodeDefault.xctoolchain/usr/bin/clang-stat-cache /Applications/Xcode-27.0.0-Release.Candidate.app/Contents/Developer/Platforms/WatchOS.platform/Developer/SDKs/WatchOS27.0.sdk -o /Users/admin/builder/spi-builder-workspace/.derivedData/SDKStatCaches.noindex/watchos27.0-24R360-e829b21a6f8c9b70876ba0858053c04477534ef55a1706bf4c1112bbb242f0a2.sdkstatcache
CreateBuildDirectory /Users/admin/builder/spi-builder-workspace/.derivedData/Build/Intermediates.noindex/SwiftExplicitPrecompiledModules
cd /Users/admin/builder/spi-builder-workspace/.swiftpm/xcode
builtin-create-build-directory /Users/admin/builder/spi-builder-workspace/.derivedData/Build/Intermediates.noindex/SwiftExplicitPrecompiledModules
CreateBuildDirectory /Users/admin/builder/spi-builder-workspace/.derivedData/Build/Intermediates.noindex/PrecompiledHeaders
cd /Users/admin/builder/spi-builder-workspace/.swiftpm/xcode
builtin-create-build-directory /Users/admin/builder/spi-builder-workspace/.derivedData/Build/Intermediates.noindex/PrecompiledHeaders
CreateBuildDirectory /Users/admin/builder/spi-builder-workspace/.derivedData/Build/Intermediates.noindex/ExplicitPrecompiledModules
cd /Users/admin/builder/spi-builder-workspace/.swiftpm/xcode
builtin-create-build-directory /Users/admin/builder/spi-builder-workspace/.derivedData/Build/Intermediates.noindex/ExplicitPrecompiledModules
CreateBuildDirectory /Users/admin/builder/spi-builder-workspace/.derivedData/Build/Intermediates.noindex/EagerLinkingTBDs/Debug-watchos
cd /Users/admin/builder/spi-builder-workspace/.swiftpm/xcode
builtin-create-build-directory /Users/admin/builder/spi-builder-workspace/.derivedData/Build/Intermediates.noindex/EagerLinkingTBDs/Debug-watchos
CreateBuildDirectory /Users/admin/builder/spi-builder-workspace/.derivedData/Build/Products/Debug-watchos
cd /Users/admin/builder/spi-builder-workspace/.swiftpm/xcode
builtin-create-build-directory /Users/admin/builder/spi-builder-workspace/.derivedData/Build/Products/Debug-watchos
CreateBuildDirectory /Users/admin/builder/spi-builder-workspace/.derivedData/Build/Products/Debug-watchos/PackageFrameworks
cd /Users/admin/builder/spi-builder-workspace/.swiftpm/xcode
builtin-create-build-directory /Users/admin/builder/spi-builder-workspace/.derivedData/Build/Products/Debug-watchos/PackageFrameworks
WriteAuxiliaryFile /Users/admin/builder/spi-builder-workspace/.derivedData/Build/Intermediates.noindex/WKCodable.build/Debug-watchos/WKCodable-t.build/WKCodable.modulemap (in target 'WKCodable' from project 'WKCodable')
cd /Users/admin/builder/spi-builder-workspace
write-file /Users/admin/builder/spi-builder-workspace/.derivedData/Build/Intermediates.noindex/WKCodable.build/Debug-watchos/WKCodable-t.build/WKCodable.modulemap
WriteAuxiliaryFile /Users/admin/builder/spi-builder-workspace/.derivedData/Build/Intermediates.noindex/WKCodable.build/Debug-watchos/WKCodable-t.build/WKCodable.DependencyStaticMetadataFileList (in target 'WKCodable' from project 'WKCodable')
cd /Users/admin/builder/spi-builder-workspace
write-file /Users/admin/builder/spi-builder-workspace/.derivedData/Build/Intermediates.noindex/WKCodable.build/Debug-watchos/WKCodable-t.build/WKCodable.DependencyStaticMetadataFileList
WriteAuxiliaryFile /Users/admin/builder/spi-builder-workspace/.derivedData/Build/Intermediates.noindex/WKCodable.build/Debug-watchos/WKCodable-t.build/Objects-normal/arm64_32/WKCodable.SwiftFileList (in target 'WKCodable' from project 'WKCodable')
cd /Users/admin/builder/spi-builder-workspace
write-file /Users/admin/builder/spi-builder-workspace/.derivedData/Build/Intermediates.noindex/WKCodable.build/Debug-watchos/WKCodable-t.build/Objects-normal/arm64_32/WKCodable.SwiftFileList
WriteAuxiliaryFile /Users/admin/builder/spi-builder-workspace/.derivedData/Build/Intermediates.noindex/WKCodable.build/Debug-watchos/WKCodable-t.build/Objects-normal/arm64_32/WKCodable-OutputFileMap.json (in target 'WKCodable' from project 'WKCodable')
cd /Users/admin/builder/spi-builder-workspace
write-file /Users/admin/builder/spi-builder-workspace/.derivedData/Build/Intermediates.noindex/WKCodable.build/Debug-watchos/WKCodable-t.build/Objects-normal/arm64_32/WKCodable-OutputFileMap.json
WriteAuxiliaryFile /Users/admin/builder/spi-builder-workspace/.derivedData/Build/Intermediates.noindex/WKCodable.build/Debug-watchos/WKCodable-t.build/Objects-normal/arm64/WKCodable.SwiftConstValuesFileList (in target 'WKCodable' from project 'WKCodable')
cd /Users/admin/builder/spi-builder-workspace
write-file /Users/admin/builder/spi-builder-workspace/.derivedData/Build/Intermediates.noindex/WKCodable.build/Debug-watchos/WKCodable-t.build/Objects-normal/arm64/WKCodable.SwiftConstValuesFileList
WriteAuxiliaryFile /Users/admin/builder/spi-builder-workspace/.derivedData/Build/Intermediates.noindex/WKCodable.build/Debug-watchos/WKCodable-t.build/Objects-normal/arm64_32/WKCodable.SwiftConstValuesFileList (in target 'WKCodable' from project 'WKCodable')
cd /Users/admin/builder/spi-builder-workspace
write-file /Users/admin/builder/spi-builder-workspace/.derivedData/Build/Intermediates.noindex/WKCodable.build/Debug-watchos/WKCodable-t.build/Objects-normal/arm64_32/WKCodable.SwiftConstValuesFileList
WriteAuxiliaryFile /Users/admin/builder/spi-builder-workspace/.derivedData/Build/Intermediates.noindex/WKCodable.build/Debug-watchos/WKCodable-t.build/Objects-normal/arm64_32/WKCodable.LinkFileList (in target 'WKCodable' from project 'WKCodable')
cd /Users/admin/builder/spi-builder-workspace
write-file /Users/admin/builder/spi-builder-workspace/.derivedData/Build/Intermediates.noindex/WKCodable.build/Debug-watchos/WKCodable-t.build/Objects-normal/arm64_32/WKCodable.LinkFileList
WriteAuxiliaryFile /Users/admin/builder/spi-builder-workspace/.derivedData/Build/Intermediates.noindex/WKCodable.build/Debug-watchos/WKCodable-t.build/Objects-normal/arm64_32/WKCodable_const_extract_protocols.json (in target 'WKCodable' from project 'WKCodable')
cd /Users/admin/builder/spi-builder-workspace
write-file /Users/admin/builder/spi-builder-workspace/.derivedData/Build/Intermediates.noindex/WKCodable.build/Debug-watchos/WKCodable-t.build/Objects-normal/arm64_32/WKCodable_const_extract_protocols.json
WriteAuxiliaryFile /Users/admin/builder/spi-builder-workspace/.derivedData/Build/Intermediates.noindex/WKCodable.build/Debug-watchos/WKCodable-t.build/Objects-normal/arm64/WKCodable_const_extract_protocols.json (in target 'WKCodable' from project 'WKCodable')
cd /Users/admin/builder/spi-builder-workspace
write-file /Users/admin/builder/spi-builder-workspace/.derivedData/Build/Intermediates.noindex/WKCodable.build/Debug-watchos/WKCodable-t.build/Objects-normal/arm64/WKCodable_const_extract_protocols.json
WriteAuxiliaryFile /Users/admin/builder/spi-builder-workspace/.derivedData/Build/Intermediates.noindex/WKCodable.build/Debug-watchos/WKCodable-t.build/WKCodable.DependencyMetadataFileList (in target 'WKCodable' from project 'WKCodable')
cd /Users/admin/builder/spi-builder-workspace
write-file /Users/admin/builder/spi-builder-workspace/.derivedData/Build/Intermediates.noindex/WKCodable.build/Debug-watchos/WKCodable-t.build/WKCodable.DependencyMetadataFileList
WriteAuxiliaryFile /Users/admin/builder/spi-builder-workspace/.derivedData/Build/Intermediates.noindex/WKCodable.build/Debug-watchos/WKCodable-t.build/Objects-normal/arm64/WKCodable.SwiftFileList (in target 'WKCodable' from project 'WKCodable')
cd /Users/admin/builder/spi-builder-workspace
write-file /Users/admin/builder/spi-builder-workspace/.derivedData/Build/Intermediates.noindex/WKCodable.build/Debug-watchos/WKCodable-t.build/Objects-normal/arm64/WKCodable.SwiftFileList
WriteAuxiliaryFile /Users/admin/builder/spi-builder-workspace/.derivedData/Build/Intermediates.noindex/WKCodable.build/Debug-watchos/WKCodable-t.build/Objects-normal/arm64/WKCodable.LinkFileList (in target 'WKCodable' from project 'WKCodable')
cd /Users/admin/builder/spi-builder-workspace
write-file /Users/admin/builder/spi-builder-workspace/.derivedData/Build/Intermediates.noindex/WKCodable.build/Debug-watchos/WKCodable-t.build/Objects-normal/arm64/WKCodable.LinkFileList
WriteAuxiliaryFile /Users/admin/builder/spi-builder-workspace/.derivedData/Build/Intermediates.noindex/WKCodable.build/Debug-watchos/WKCodable-t.build/Objects-normal/arm64/WKCodable-OutputFileMap.json (in target 'WKCodable' from project 'WKCodable')
cd /Users/admin/builder/spi-builder-workspace
write-file /Users/admin/builder/spi-builder-workspace/.derivedData/Build/Intermediates.noindex/WKCodable.build/Debug-watchos/WKCodable-t.build/Objects-normal/arm64/WKCodable-OutputFileMap.json
Copy /Users/admin/builder/spi-builder-workspace/.derivedData/Build/Intermediates.noindex/GeneratedModuleMaps-watchos/WKCodable.modulemap /Users/admin/builder/spi-builder-workspace/.derivedData/Build/Intermediates.noindex/WKCodable.build/Debug-watchos/WKCodable-t.build/WKCodable.modulemap (in target 'WKCodable' from project 'WKCodable')
cd /Users/admin/builder/spi-builder-workspace
builtin-copy -exclude .DS_Store -exclude CVS -exclude .svn -exclude .git -exclude .hg -resolve-src-symlinks /Users/admin/builder/spi-builder-workspace/.derivedData/Build/Intermediates.noindex/WKCodable.build/Debug-watchos/WKCodable-t.build/WKCodable.modulemap /Users/admin/builder/spi-builder-workspace/.derivedData/Build/Intermediates.noindex/GeneratedModuleMaps-watchos
SwiftDriver WKCodable normal arm64_32 com.apple.xcode.tools.swift.compiler (in target 'WKCodable' from project 'WKCodable')
cd /Users/admin/builder/spi-builder-workspace/.swiftpm/xcode
builtin-SwiftDriver -- /Applications/Xcode-27.0.0-Release.Candidate.app/Contents/Developer/Toolchains/XcodeDefault.xctoolchain/usr/bin/swiftc -parse-as-library -module-name WKCodable -Onone @/Users/admin/builder/spi-builder-workspace/.derivedData/Build/Intermediates.noindex/WKCodable.build/Debug-watchos/WKCodable-t.build/Objects-normal/arm64_32/WKCodable.SwiftFileList -DSWIFT_PACKAGE -DDEBUG -DSWIFT_MODULE_RESOURCE_BUNDLE_UNAVAILABLE -DXcode -plugin-path /Applications/Xcode-27.0.0-Release.Candidate.app/Contents/Developer/Toolchains/XcodeDefault.xctoolchain/usr/lib/swift/host/plugins/testing -enable-experimental-feature DebugDescriptionMacro -sdk /Applications/Xcode-27.0.0-Release.Candidate.app/Contents/Developer/Platforms/WatchOS.platform/Developer/SDKs/WatchOS27.0.sdk -target arm64_32-apple-watchos9.0 -g -module-cache-path /Users/admin/builder/spi-builder-workspace/.derivedData/ModuleCache.noindex -Xfrontend -serialize-debugging-options -profile-coverage-mapping -profile-generate -enable-testing -index-store-path /Users/admin/builder/spi-builder-workspace/.derivedData/Index.noindex/DataStore -Xcc -D_LIBCPP_HARDENING_MODE\=_LIBCPP_HARDENING_MODE_DEBUG -swift-version 4 -I /Users/admin/builder/spi-builder-workspace/.derivedData/Build/Products/Debug-watchos -Isystem /Applications/Xcode-27.0.0-Release.Candidate.app/Contents/Developer/Platforms/WatchOS.platform/Developer/usr/lib -F /Users/admin/builder/spi-builder-workspace/.derivedData/Build/Products/Debug-watchos -F /Applications/Xcode-27.0.0-Release.Candidate.app/Contents/Developer/Platforms/WatchOS.platform/Developer/Library/Frameworks -F /Applications/Xcode-27.0.0-Release.Candidate.app/Contents/Developer/Platforms/WatchOS.platform/Developer/SDKs/WatchOS27.0.sdk/Developer/Library/Frameworks -c -j10 -enable-batch-mode -incremental -Xcc -ivfsstatcache -Xcc /Users/admin/builder/spi-builder-workspace/.derivedData/SDKStatCaches.noindex/watchos27.0-24R360-e829b21a6f8c9b70876ba0858053c04477534ef55a1706bf4c1112bbb242f0a2.sdkstatcache -output-file-map /Users/admin/builder/spi-builder-workspace/.derivedData/Build/Intermediates.noindex/WKCodable.build/Debug-watchos/WKCodable-t.build/Objects-normal/arm64_32/WKCodable-OutputFileMap.json -save-temps -no-color-diagnostics -emit-dependencies -emit-module -emit-module-path /Users/admin/builder/spi-builder-workspace/.derivedData/Build/Intermediates.noindex/WKCodable.build/Debug-watchos/WKCodable-t.build/Objects-normal/arm64_32/WKCodable.swiftmodule -serialize-diagnostics -validate-clang-modules-once -clang-build-session-file /Users/admin/builder/spi-builder-workspace/.derivedData/ModuleCache.noindex/Session.modulevalidation -Xcc -fmodules-prune-interval\=86400 -Xcc -fmodules-prune-after\=345600 -emit-const-values -const-gather-protocols-list /Users/admin/builder/spi-builder-workspace/.derivedData/Build/Intermediates.noindex/WKCodable.build/Debug-watchos/WKCodable-t.build/Objects-normal/arm64_32/WKCodable_const_extract_protocols.json -Xcc -I/Users/admin/builder/spi-builder-workspace/.derivedData/Build/Products/Debug-watchos/include -Xcc -I/Users/admin/builder/spi-builder-workspace/.derivedData/Build/Intermediates.noindex/WKCodable.build/Debug-watchos/WKCodable-t.build/DerivedSources-normal/arm64_32 -Xcc -I/Users/admin/builder/spi-builder-workspace/.derivedData/Build/Intermediates.noindex/WKCodable.build/Debug-watchos/WKCodable-t.build/DerivedSources/arm64_32 -Xcc -I/Users/admin/builder/spi-builder-workspace/.derivedData/Build/Intermediates.noindex/WKCodable.build/Debug-watchos/WKCodable-t.build/DerivedSources -Xcc -DSWIFT_PACKAGE -Xcc -DDEBUG\=1 -emit-objc-header -emit-objc-header-path /Users/admin/builder/spi-builder-workspace/.derivedData/Build/Intermediates.noindex/WKCodable.build/Debug-watchos/WKCodable-t.build/Objects-normal/arm64_32/WKCodable-Swift.h -working-directory /Users/admin/builder/spi-builder-workspace/.swiftpm/xcode -experimental-emit-module-separately -disable-cmo
SwiftDriver WKCodable normal arm64 com.apple.xcode.tools.swift.compiler (in target 'WKCodable' from project 'WKCodable')
cd /Users/admin/builder/spi-builder-workspace/.swiftpm/xcode
builtin-SwiftDriver -- /Applications/Xcode-27.0.0-Release.Candidate.app/Contents/Developer/Toolchains/XcodeDefault.xctoolchain/usr/bin/swiftc -parse-as-library -module-name WKCodable -Onone @/Users/admin/builder/spi-builder-workspace/.derivedData/Build/Intermediates.noindex/WKCodable.build/Debug-watchos/WKCodable-t.build/Objects-normal/arm64/WKCodable.SwiftFileList -DSWIFT_PACKAGE -DDEBUG -DSWIFT_MODULE_RESOURCE_BUNDLE_UNAVAILABLE -DXcode -plugin-path /Applications/Xcode-27.0.0-Release.Candidate.app/Contents/Developer/Toolchains/XcodeDefault.xctoolchain/usr/lib/swift/host/plugins/testing -enable-experimental-feature DebugDescriptionMacro -sdk /Applications/Xcode-27.0.0-Release.Candidate.app/Contents/Developer/Platforms/WatchOS.platform/Developer/SDKs/WatchOS27.0.sdk -target arm64-apple-watchos9.0 -g -module-cache-path /Users/admin/builder/spi-builder-workspace/.derivedData/ModuleCache.noindex -Xfrontend -serialize-debugging-options -profile-coverage-mapping -profile-generate -enable-testing -index-store-path /Users/admin/builder/spi-builder-workspace/.derivedData/Index.noindex/DataStore -Xcc -D_LIBCPP_HARDENING_MODE\=_LIBCPP_HARDENING_MODE_DEBUG -swift-version 4 -I /Users/admin/builder/spi-builder-workspace/.derivedData/Build/Products/Debug-watchos -Isystem /Applications/Xcode-27.0.0-Release.Candidate.app/Contents/Developer/Platforms/WatchOS.platform/Developer/usr/lib -F /Users/admin/builder/spi-builder-workspace/.derivedData/Build/Products/Debug-watchos -F /Applications/Xcode-27.0.0-Release.Candidate.app/Contents/Developer/Platforms/WatchOS.platform/Developer/Library/Frameworks -F /Applications/Xcode-27.0.0-Release.Candidate.app/Contents/Developer/Platforms/WatchOS.platform/Developer/SDKs/WatchOS27.0.sdk/Developer/Library/Frameworks -c -j10 -enable-batch-mode -incremental -Xcc -ivfsstatcache -Xcc /Users/admin/builder/spi-builder-workspace/.derivedData/SDKStatCaches.noindex/watchos27.0-24R360-e829b21a6f8c9b70876ba0858053c04477534ef55a1706bf4c1112bbb242f0a2.sdkstatcache -output-file-map /Users/admin/builder/spi-builder-workspace/.derivedData/Build/Intermediates.noindex/WKCodable.build/Debug-watchos/WKCodable-t.build/Objects-normal/arm64/WKCodable-OutputFileMap.json -save-temps -no-color-diagnostics -emit-dependencies -emit-module -emit-module-path /Users/admin/builder/spi-builder-workspace/.derivedData/Build/Intermediates.noindex/WKCodable.build/Debug-watchos/WKCodable-t.build/Objects-normal/arm64/WKCodable.swiftmodule -serialize-diagnostics -validate-clang-modules-once -clang-build-session-file /Users/admin/builder/spi-builder-workspace/.derivedData/ModuleCache.noindex/Session.modulevalidation -Xcc -fmodules-prune-interval\=86400 -Xcc -fmodules-prune-after\=345600 -emit-const-values -const-gather-protocols-list /Users/admin/builder/spi-builder-workspace/.derivedData/Build/Intermediates.noindex/WKCodable.build/Debug-watchos/WKCodable-t.build/Objects-normal/arm64/WKCodable_const_extract_protocols.json -Xcc -I/Users/admin/builder/spi-builder-workspace/.derivedData/Build/Products/Debug-watchos/include -Xcc -I/Users/admin/builder/spi-builder-workspace/.derivedData/Build/Intermediates.noindex/WKCodable.build/Debug-watchos/WKCodable-t.build/DerivedSources-normal/arm64 -Xcc -I/Users/admin/builder/spi-builder-workspace/.derivedData/Build/Intermediates.noindex/WKCodable.build/Debug-watchos/WKCodable-t.build/DerivedSources/arm64 -Xcc -I/Users/admin/builder/spi-builder-workspace/.derivedData/Build/Intermediates.noindex/WKCodable.build/Debug-watchos/WKCodable-t.build/DerivedSources -Xcc -DSWIFT_PACKAGE -Xcc -DDEBUG\=1 -emit-objc-header -emit-objc-header-path /Users/admin/builder/spi-builder-workspace/.derivedData/Build/Intermediates.noindex/WKCodable.build/Debug-watchos/WKCodable-t.build/Objects-normal/arm64/WKCodable-Swift.h -working-directory /Users/admin/builder/spi-builder-workspace/.swiftpm/xcode -experimental-emit-module-separately -disable-cmo
SwiftEmitModule normal arm64_32 Emitting\ module\ for\ WKCodable (in target 'WKCodable' from project 'WKCodable')
SwiftCompile normal arm64_32 (in target 'WKCodable' from project 'WKCodable')
cd /Users/admin/builder/spi-builder-workspace/.swiftpm/xcode
/Users/admin/builder/spi-builder-workspace/Sources/WKCodable/WKBEncoder.swift:21:5: warning: 'public' modifier is redundant for instance method declared in a public extension
19 | // MARK: - Public
20 |
21 | public func encode(_ value: Geometry) -> Data {
| `- warning: 'public' modifier is redundant for instance method declared in a public extension
22 | data = Data()
23 | encode(value, withSrid: true)
/Users/admin/builder/spi-builder-workspace/Sources/WKCodable/WKTDecoder.swift:20:5: warning: 'public' modifier is redundant for instance method declared in a public extension
18 | // MARK: - Public
19 |
20 | public func decode<T>(from value: String) throws -> T {
| `- warning: 'public' modifier is redundant for instance method declared in a public extension
21 | scanner = Scanner(string: value)
22 | scanner.charactersToBeSkipped = CharacterSet.whitespaces
/Users/admin/builder/spi-builder-workspace/Sources/WKCodable/WKTEncoder.swift:12:5: warning: 'public' modifier is redundant for instance method declared in a public extension
10 | // MARK: - Public
11 |
12 | public func encode(_ value: Geometry) -> String {
| `- warning: 'public' modifier is redundant for instance method declared in a public extension
13 | result = String()
14 | encode(value, withSrid: true)
SwiftCompile normal arm64_32 Compiling\ WKBDecoder.swift /Users/admin/builder/spi-builder-workspace/Sources/WKCodable/WKBDecoder.swift (in target 'WKCodable' from project 'WKCodable')
SwiftCompile normal arm64_32 /Users/admin/builder/spi-builder-workspace/Sources/WKCodable/WKBDecoder.swift (in target 'WKCodable' from project 'WKCodable')
cd /Users/admin/builder/spi-builder-workspace/.swiftpm/xcode
builtin-SwiftPerFileCompile WKBDecoder.swift
SwiftCompile normal arm64_32 Compiling\ WKTDecoder.swift /Users/admin/builder/spi-builder-workspace/Sources/WKCodable/WKTDecoder.swift (in target 'WKCodable' from project 'WKCodable')
/Users/admin/builder/spi-builder-workspace/Sources/WKCodable/WKTDecoder.swift:20:5: warning: 'public' modifier is redundant for instance method declared in a public extension
18 | // MARK: - Public
19 |
20 | public func decode<T>(from value: String) throws -> T {
| `- warning: 'public' modifier is redundant for instance method declared in a public extension
21 | scanner = Scanner(string: value)
22 | scanner.charactersToBeSkipped = CharacterSet.whitespaces
/Users/admin/builder/spi-builder-workspace/Sources/WKCodable/WKTDecoder.swift:34:21: warning: 'scanString(_:into:)' was deprecated in watchOS 6.0 [#DeprecatedDeclaration]
32 |
33 | func scanSRID() throws -> UInt {
34 | if !scanner.scanString("SRID=", into: nil) {
| `- warning: 'scanString(_:into:)' was deprecated in watchOS 6.0 [#DeprecatedDeclaration]
35 | throw Error.dataCorrupted
36 | }
/Users/admin/builder/spi-builder-workspace/Sources/WKCodable/WKTDecoder.swift:39:21: warning: 'scanInt32' was deprecated in watchOS 6.0 [#DeprecatedDeclaration]
37 |
38 | var srid: Int32 = 0
39 | if !scanner.scanInt32(&srid) {
| `- warning: 'scanInt32' was deprecated in watchOS 6.0 [#DeprecatedDeclaration]
40 | throw Error.dataCorrupted
41 | }
/Users/admin/builder/spi-builder-workspace/Sources/WKCodable/WKTDecoder.swift:43:21: warning: 'scanString(_:into:)' was deprecated in watchOS 6.0 [#DeprecatedDeclaration]
41 | }
42 |
43 | if !scanner.scanString(";", into: nil) {
| `- warning: 'scanString(_:into:)' was deprecated in watchOS 6.0 [#DeprecatedDeclaration]
44 | throw Error.dataCorrupted
45 | }
/Users/admin/builder/spi-builder-workspace/Sources/WKCodable/WKTDecoder.swift:88:31: warning: 'scanString(_:into:)' was deprecated in watchOS 6.0 [#DeprecatedDeclaration]
86 | } else {
87 | var points: [Point] = []
88 | while scanner.scanString("(", into: nil), let point = scanPoint() {
| `- warning: 'scanString(_:into:)' was deprecated in watchOS 6.0 [#DeprecatedDeclaration]
89 | points.append(point)
90 | if !scanner.scanString(",", into: nil) {
/Users/admin/builder/spi-builder-workspace/Sources/WKCodable/WKTDecoder.swift:90:33: warning: 'scanString(_:into:)' was deprecated in watchOS 6.0 [#DeprecatedDeclaration]
88 | while scanner.scanString("(", into: nil), let point = scanPoint() {
89 | points.append(point)
90 | if !scanner.scanString(",", into: nil) {
| `- warning: 'scanString(_:into:)' was deprecated in watchOS 6.0 [#DeprecatedDeclaration]
91 | break
92 | }
/Users/admin/builder/spi-builder-workspace/Sources/WKCodable/WKTDecoder.swift:123:51: warning: 'scanString(_:into:)' was deprecated in watchOS 6.0 [#DeprecatedDeclaration]
121 | while let geometry = try scanGeometry() {
122 | geometries.append(geometry)
123 | if scanner.isAtEnd || scanner.scanString(")", into: nil) {
| `- warning: 'scanString(_:into:)' was deprecated in watchOS 6.0 [#DeprecatedDeclaration]
124 | break
125 | }
/Users/admin/builder/spi-builder-workspace/Sources/WKCodable/WKTDecoder.swift:139:61: error: cannot convert value of type 'String?' to expected argument type 'NSString?'
137 | #endif
138 | let boundarySet = CharacterSet.whitespaces.union(CharacterSet(charactersIn: "("))
139 | scanner.scanUpToCharacters(from: boundarySet, into: &rawType)
| |- error: cannot convert value of type 'String?' to expected argument type 'NSString?'
| `- note: arguments to generic parameter 'Wrapped' ('String' and 'NSString') are expected to be equal
140 |
141 | guard let type = WKTTypeCode(rawValue: String(rawType!)) else {
/Users/admin/builder/spi-builder-workspace/Sources/WKCodable/WKTDecoder.swift:149:36: warning: 'scanLocation' was deprecated in watchOS 6.0 [#DeprecatedDeclaration]
147 |
148 | func scanEmpty() -> Bool {
149 | let scanLocation = scanner.scanLocation
| `- warning: 'scanLocation' was deprecated in watchOS 6.0 [#DeprecatedDeclaration]
150 | if scanner.scanString("EMPTY", into: nil) {
151 | return true
/Users/admin/builder/spi-builder-workspace/Sources/WKCodable/WKTDecoder.swift:150:20: warning: 'scanString(_:into:)' was deprecated in watchOS 6.0 [#DeprecatedDeclaration]
148 | func scanEmpty() -> Bool {
149 | let scanLocation = scanner.scanLocation
150 | if scanner.scanString("EMPTY", into: nil) {
| `- warning: 'scanString(_:into:)' was deprecated in watchOS 6.0 [#DeprecatedDeclaration]
151 | return true
152 | }
/Users/admin/builder/spi-builder-workspace/Sources/WKCodable/WKTDecoder.swift:153:17: warning: 'scanLocation' was deprecated in watchOS 6.0 [#DeprecatedDeclaration]
151 | return true
152 | }
153 | scanner.scanLocation = scanLocation
| `- warning: 'scanLocation' was deprecated in watchOS 6.0 [#DeprecatedDeclaration]
154 | if !scanner.scanString("(", into: nil) {
155 | scanner.scanLocation = scanLocation
/Users/admin/builder/spi-builder-workspace/Sources/WKCodable/WKTDecoder.swift:154:21: warning: 'scanString(_:into:)' was deprecated in watchOS 6.0 [#DeprecatedDeclaration]
152 | }
153 | scanner.scanLocation = scanLocation
154 | if !scanner.scanString("(", into: nil) {
| `- warning: 'scanString(_:into:)' was deprecated in watchOS 6.0 [#DeprecatedDeclaration]
155 | scanner.scanLocation = scanLocation
156 | }
/Users/admin/builder/spi-builder-workspace/Sources/WKCodable/WKTDecoder.swift:155:21: warning: 'scanLocation' was deprecated in watchOS 6.0 [#DeprecatedDeclaration]
153 | scanner.scanLocation = scanLocation
154 | if !scanner.scanString("(", into: nil) {
155 | scanner.scanLocation = scanLocation
| `- warning: 'scanLocation' was deprecated in watchOS 6.0 [#DeprecatedDeclaration]
156 | }
157 | return false
/Users/admin/builder/spi-builder-workspace/Sources/WKCodable/WKTDecoder.swift:164:24: warning: 'scanString(_:into:)' was deprecated in watchOS 6.0 [#DeprecatedDeclaration]
162 | var number: Double = 0.0
163 |
164 | while !scanner.scanString(")", into: nil)
| `- warning: 'scanString(_:into:)' was deprecated in watchOS 6.0 [#DeprecatedDeclaration]
165 | && !scanner.scanString(",", into: nil)
166 | && scanner.scanDouble(&number) {
/Users/admin/builder/spi-builder-workspace/Sources/WKCodable/WKTDecoder.swift:165:25: warning: 'scanString(_:into:)' was deprecated in watchOS 6.0 [#DeprecatedDeclaration]
163 |
164 | while !scanner.scanString(")", into: nil)
165 | && !scanner.scanString(",", into: nil)
| `- warning: 'scanString(_:into:)' was deprecated in watchOS 6.0 [#DeprecatedDeclaration]
166 | && scanner.scanDouble(&number) {
167 | vector.append(number)
/Users/admin/builder/spi-builder-workspace/Sources/WKCodable/WKTDecoder.swift:166:24: warning: 'scanDouble' was deprecated in watchOS 6.0 [#DeprecatedDeclaration]
164 | while !scanner.scanString(")", into: nil)
165 | && !scanner.scanString(",", into: nil)
166 | && scanner.scanDouble(&number) {
| `- warning: 'scanDouble' was deprecated in watchOS 6.0 [#DeprecatedDeclaration]
167 | vector.append(number)
168 | }
/Users/admin/builder/spi-builder-workspace/Sources/WKCodable/WKTDecoder.swift:180:17: warning: 'scanString(_:into:)' was deprecated in watchOS 6.0 [#DeprecatedDeclaration]
178 | var points: [Point] = []
179 |
180 | scanner.scanString("(", into: nil)
| `- warning: 'scanString(_:into:)' was deprecated in watchOS 6.0 [#DeprecatedDeclaration]
181 | while let point = scanPoint() {
182 | points.append(point)
/Users/admin/builder/spi-builder-workspace/Sources/WKCodable/WKTDecoder.swift:195:17: warning: 'scanString(_:into:)' was deprecated in watchOS 6.0 [#DeprecatedDeclaration]
193 | var lineStrings: [LineString] = []
194 |
195 | scanner.scanString("(", into: nil)
| `- warning: 'scanString(_:into:)' was deprecated in watchOS 6.0 [#DeprecatedDeclaration]
196 | while let lineString = scanLineString() {
197 | lineStrings.append(lineString)
[#DeprecatedDeclaration]: <https://docs.swift.org/compiler/documentation/diagnostics/deprecated-declaration>
SwiftCompile normal arm64_32 /Users/admin/builder/spi-builder-workspace/Sources/WKCodable/WKTDecoder.swift (in target 'WKCodable' from project 'WKCodable')
cd /Users/admin/builder/spi-builder-workspace/.swiftpm/xcode
builtin-SwiftPerFileCompile WKTDecoder.swift
SwiftCompile normal arm64_32 Compiling\ WKTEncoder.swift /Users/admin/builder/spi-builder-workspace/Sources/WKCodable/WKTEncoder.swift (in target 'WKCodable' from project 'WKCodable')
SwiftCompile normal arm64_32 /Users/admin/builder/spi-builder-workspace/Sources/WKCodable/WKTEncoder.swift (in target 'WKCodable' from project 'WKCodable')
cd /Users/admin/builder/spi-builder-workspace/.swiftpm/xcode
builtin-SwiftPerFileCompile WKTEncoder.swift
SwiftCompile normal arm64_32 Compiling\ WKBEncoder.swift /Users/admin/builder/spi-builder-workspace/Sources/WKCodable/WKBEncoder.swift (in target 'WKCodable' from project 'WKCodable')
SwiftCompile normal arm64_32 /Users/admin/builder/spi-builder-workspace/Sources/WKCodable/WKBEncoder.swift (in target 'WKCodable' from project 'WKCodable')
cd /Users/admin/builder/spi-builder-workspace/.swiftpm/xcode
builtin-SwiftPerFileCompile WKBEncoder.swift
SwiftCompile normal arm64 Compiling\ Types.swift /Users/admin/builder/spi-builder-workspace/Sources/WKCodable/Types.swift (in target 'WKCodable' from project 'WKCodable')
SwiftCompile normal arm64 /Users/admin/builder/spi-builder-workspace/Sources/WKCodable/Types.swift (in target 'WKCodable' from project 'WKCodable')
cd /Users/admin/builder/spi-builder-workspace/.swiftpm/xcode
builtin-SwiftPerFileCompile Types.swift
SwiftCompile normal arm64 Compiling\ WKTDecoder.swift /Users/admin/builder/spi-builder-workspace/Sources/WKCodable/WKTDecoder.swift (in target 'WKCodable' from project 'WKCodable')
/Users/admin/builder/spi-builder-workspace/Sources/WKCodable/WKTDecoder.swift:20:5: warning: 'public' modifier is redundant for instance method declared in a public extension
18 | // MARK: - Public
19 |
20 | public func decode<T>(from value: String) throws -> T {
| `- warning: 'public' modifier is redundant for instance method declared in a public extension
21 | scanner = Scanner(string: value)
22 | scanner.charactersToBeSkipped = CharacterSet.whitespaces
/Users/admin/builder/spi-builder-workspace/Sources/WKCodable/WKTDecoder.swift:34:21: warning: 'scanString(_:into:)' was deprecated in watchOS 6.0 [#DeprecatedDeclaration]
32 |
33 | func scanSRID() throws -> UInt {
34 | if !scanner.scanString("SRID=", into: nil) {
| `- warning: 'scanString(_:into:)' was deprecated in watchOS 6.0 [#DeprecatedDeclaration]
35 | throw Error.dataCorrupted
36 | }
/Users/admin/builder/spi-builder-workspace/Sources/WKCodable/WKTDecoder.swift:39:21: warning: 'scanInt32' was deprecated in watchOS 6.0 [#DeprecatedDeclaration]
37 |
38 | var srid: Int32 = 0
39 | if !scanner.scanInt32(&srid) {
| `- warning: 'scanInt32' was deprecated in watchOS 6.0 [#DeprecatedDeclaration]
40 | throw Error.dataCorrupted
41 | }
/Users/admin/builder/spi-builder-workspace/Sources/WKCodable/WKTDecoder.swift:43:21: warning: 'scanString(_:into:)' was deprecated in watchOS 6.0 [#DeprecatedDeclaration]
41 | }
42 |
43 | if !scanner.scanString(";", into: nil) {
| `- warning: 'scanString(_:into:)' was deprecated in watchOS 6.0 [#DeprecatedDeclaration]
44 | throw Error.dataCorrupted
45 | }
/Users/admin/builder/spi-builder-workspace/Sources/WKCodable/WKTDecoder.swift:88:31: warning: 'scanString(_:into:)' was deprecated in watchOS 6.0 [#DeprecatedDeclaration]
86 | } else {
87 | var points: [Point] = []
88 | while scanner.scanString("(", into: nil), let point = scanPoint() {
| `- warning: 'scanString(_:into:)' was deprecated in watchOS 6.0 [#DeprecatedDeclaration]
89 | points.append(point)
90 | if !scanner.scanString(",", into: nil) {
/Users/admin/builder/spi-builder-workspace/Sources/WKCodable/WKTDecoder.swift:90:33: warning: 'scanString(_:into:)' was deprecated in watchOS 6.0 [#DeprecatedDeclaration]
88 | while scanner.scanString("(", into: nil), let point = scanPoint() {
89 | points.append(point)
90 | if !scanner.scanString(",", into: nil) {
| `- warning: 'scanString(_:into:)' was deprecated in watchOS 6.0 [#DeprecatedDeclaration]
91 | break
92 | }
/Users/admin/builder/spi-builder-workspace/Sources/WKCodable/WKTDecoder.swift:123:51: warning: 'scanString(_:into:)' was deprecated in watchOS 6.0 [#DeprecatedDeclaration]
121 | while let geometry = try scanGeometry() {
122 | geometries.append(geometry)
123 | if scanner.isAtEnd || scanner.scanString(")", into: nil) {
| `- warning: 'scanString(_:into:)' was deprecated in watchOS 6.0 [#DeprecatedDeclaration]
124 | break
125 | }
/Users/admin/builder/spi-builder-workspace/Sources/WKCodable/WKTDecoder.swift:139:61: error: cannot convert value of type 'String?' to expected argument type 'NSString?'
137 | #endif
138 | let boundarySet = CharacterSet.whitespaces.union(CharacterSet(charactersIn: "("))
139 | scanner.scanUpToCharacters(from: boundarySet, into: &rawType)
| |- error: cannot convert value of type 'String?' to expected argument type 'NSString?'
| `- note: arguments to generic parameter 'Wrapped' ('String' and 'NSString') are expected to be equal
140 |
141 | guard let type = WKTTypeCode(rawValue: String(rawType!)) else {
/Users/admin/builder/spi-builder-workspace/Sources/WKCodable/WKTDecoder.swift:149:36: warning: 'scanLocation' was deprecated in watchOS 6.0 [#DeprecatedDeclaration]
147 |
148 | func scanEmpty() -> Bool {
149 | let scanLocation = scanner.scanLocation
| `- warning: 'scanLocation' was deprecated in watchOS 6.0 [#DeprecatedDeclaration]
150 | if scanner.scanString("EMPTY", into: nil) {
151 | return true
/Users/admin/builder/spi-builder-workspace/Sources/WKCodable/WKTDecoder.swift:150:20: warning: 'scanString(_:into:)' was deprecated in watchOS 6.0 [#DeprecatedDeclaration]
148 | func scanEmpty() -> Bool {
149 | let scanLocation = scanner.scanLocation
150 | if scanner.scanString("EMPTY", into: nil) {
| `- warning: 'scanString(_:into:)' was deprecated in watchOS 6.0 [#DeprecatedDeclaration]
151 | return true
152 | }
/Users/admin/builder/spi-builder-workspace/Sources/WKCodable/WKTDecoder.swift:153:17: warning: 'scanLocation' was deprecated in watchOS 6.0 [#DeprecatedDeclaration]
151 | return true
152 | }
153 | scanner.scanLocation = scanLocation
| `- warning: 'scanLocation' was deprecated in watchOS 6.0 [#DeprecatedDeclaration]
154 | if !scanner.scanString("(", into: nil) {
155 | scanner.scanLocation = scanLocation
/Users/admin/builder/spi-builder-workspace/Sources/WKCodable/WKTDecoder.swift:154:21: warning: 'scanString(_:into:)' was deprecated in watchOS 6.0 [#DeprecatedDeclaration]
152 | }
153 | scanner.scanLocation = scanLocation
154 | if !scanner.scanString("(", into: nil) {
| `- warning: 'scanString(_:into:)' was deprecated in watchOS 6.0 [#DeprecatedDeclaration]
155 | scanner.scanLocation = scanLocation
156 | }
/Users/admin/builder/spi-builder-workspace/Sources/WKCodable/WKTDecoder.swift:155:21: warning: 'scanLocation' was deprecated in watchOS 6.0 [#DeprecatedDeclaration]
153 | scanner.scanLocation = scanLocation
154 | if !scanner.scanString("(", into: nil) {
155 | scanner.scanLocation = scanLocation
| `- warning: 'scanLocation' was deprecated in watchOS 6.0 [#DeprecatedDeclaration]
156 | }
157 | return false
/Users/admin/builder/spi-builder-workspace/Sources/WKCodable/WKTDecoder.swift:164:24: warning: 'scanString(_:into:)' was deprecated in watchOS 6.0 [#DeprecatedDeclaration]
162 | var number: Double = 0.0
163 |
164 | while !scanner.scanString(")", into: nil)
| `- warning: 'scanString(_:into:)' was deprecated in watchOS 6.0 [#DeprecatedDeclaration]
165 | && !scanner.scanString(",", into: nil)
166 | && scanner.scanDouble(&number) {
/Users/admin/builder/spi-builder-workspace/Sources/WKCodable/WKTDecoder.swift:165:25: warning: 'scanString(_:into:)' was deprecated in watchOS 6.0 [#DeprecatedDeclaration]
163 |
164 | while !scanner.scanString(")", into: nil)
165 | && !scanner.scanString(",", into: nil)
| `- warning: 'scanString(_:into:)' was deprecated in watchOS 6.0 [#DeprecatedDeclaration]
166 | && scanner.scanDouble(&number) {
167 | vector.append(number)
/Users/admin/builder/spi-builder-workspace/Sources/WKCodable/WKTDecoder.swift:166:24: warning: 'scanDouble' was deprecated in watchOS 6.0 [#DeprecatedDeclaration]
164 | while !scanner.scanString(")", into: nil)
165 | && !scanner.scanString(",", into: nil)
166 | && scanner.scanDouble(&number) {
| `- warning: 'scanDouble' was deprecated in watchOS 6.0 [#DeprecatedDeclaration]
167 | vector.append(number)
168 | }
/Users/admin/builder/spi-builder-workspace/Sources/WKCodable/WKTDecoder.swift:180:17: warning: 'scanString(_:into:)' was deprecated in watchOS 6.0 [#DeprecatedDeclaration]
178 | var points: [Point] = []
179 |
180 | scanner.scanString("(", into: nil)
| `- warning: 'scanString(_:into:)' was deprecated in watchOS 6.0 [#DeprecatedDeclaration]
181 | while let point = scanPoint() {
182 | points.append(point)
/Users/admin/builder/spi-builder-workspace/Sources/WKCodable/WKTDecoder.swift:195:17: warning: 'scanString(_:into:)' was deprecated in watchOS 6.0 [#DeprecatedDeclaration]
193 | var lineStrings: [LineString] = []
194 |
195 | scanner.scanString("(", into: nil)
| `- warning: 'scanString(_:into:)' was deprecated in watchOS 6.0 [#DeprecatedDeclaration]
196 | while let lineString = scanLineString() {
197 | lineStrings.append(lineString)
[#DeprecatedDeclaration]: <https://docs.swift.org/compiler/documentation/diagnostics/deprecated-declaration>
Failed frontend command:
/Applications/Xcode-27.0.0-Release.Candidate.app/Contents/Developer/Toolchains/XcodeDefault.xctoolchain/usr/bin/swift-frontend -frontend -c /Users/admin/builder/spi-builder-workspace/Sources/WKCodable/Types.swift /Users/admin/builder/spi-builder-workspace/Sources/WKCodable/WKBDecoder.swift /Users/admin/builder/spi-builder-workspace/Sources/WKCodable/WKBEncoder.swift -primary-file /Users/admin/builder/spi-builder-workspace/Sources/WKCodable/WKTDecoder.swift /Users/admin/builder/spi-builder-workspace/Sources/WKCodable/WKTEncoder.swift -emit-dependencies-path /Users/admin/builder/spi-builder-workspace/.derivedData/Build/Intermediates.noindex/WKCodable.build/Debug-watchos/WKCodable-t.build/Objects-normal/arm64/WKTDecoder.d -emit-const-values-path /Users/admin/builder/spi-builder-workspace/.derivedData/Build/Intermediates.noindex/WKCodable.build/Debug-watchos/WKCodable-t.build/Objects-normal/arm64/WKTDecoder.swiftconstvalues -emit-reference-dependencies-path /Users/admin/builder/spi-builder-workspace/.derivedData/Build/Intermediates.noindex/WKCodable.build/Debug-watchos/WKCodable-t.build/Objects-normal/arm64/WKTDecoder.swiftdeps -serialize-diagnostics-path /Users/admin/builder/spi-builder-workspace/.derivedData/Build/Intermediates.noindex/WKCodable.build/Debug-watchos/WKCodable-t.build/Objects-normal/arm64/WKTDecoder.dia -target arm64-apple-watchos9.0 -Xllvm -aarch64-use-tbi -enable-objc-interop -stack-check -sdk /Applications/Xcode-27.0.0-Release.Candidate.app/Contents/Developer/Platforms/WatchOS.platform/Developer/SDKs/WatchOS27.0.sdk -I /Users/admin/builder/spi-builder-workspace/.derivedData/Build/Products/Debug-watchos -Isystem /Applications/Xcode-27.0.0-Release.Candidate.app/Contents/Developer/Platforms/WatchOS.platform/Developer/usr/lib -F /Users/admin/builder/spi-builder-workspace/.derivedData/Build/Products/Debug-watchos -F /Applications/Xcode-27.0.0-Release.Candidate.app/Contents/Developer/Platforms/WatchOS.platform/Developer/Library/Frameworks -F /Applications/Xcode-27.0.0-Release.Candidate.app/Contents/Developer/Platforms/WatchOS.platform/Developer/SDKs/WatchOS27.0.sdk/Developer/Library/Frameworks -module-cache-path /Users/admin/builder/spi-builder-workspace/.derivedData/ModuleCache.noindex -no-color-diagnostics -Xcc -fno-color-diagnostics -enable-testing -g -debug-info-format\=dwarf -dwarf-version\=4 -profile-generate -profile-coverage-mapping -swift-version 4 -Onone -D SWIFT_PACKAGE -D DEBUG -D SWIFT_MODULE_RESOURCE_BUNDLE_UNAVAILABLE -D Xcode -serialize-debugging-options -enable-experimental-feature DebugDescriptionMacro -empty-abi-descriptor -plugin-path /Applications/Xcode-27.0.0-Release.Candidate.app/Contents/Developer/Toolchains/XcodeDefault.xctoolchain/usr/lib/swift/host/plugins/testing -validate-clang-modules-once -clang-build-session-file /Users/admin/builder/spi-builder-workspace/.derivedData/ModuleCache.noindex/Session.modulevalidation -Xcc -working-directory -Xcc /Users/admin/builder/spi-builder-workspace/.swiftpm/xcode -enable-anonymous-context-mangled-names -file-compilation-dir /Users/admin/builder/spi-builder-workspace/.swiftpm/xcode -Xcc -D_LIBCPP_HARDENING_MODE\=_LIBCPP_HARDENING_MODE_DEBUG -Xcc -ivfsstatcache -Xcc /Users/admin/builder/spi-builder-workspace/.derivedData/SDKStatCaches.noindex/watchos27.0-24R360-e829b21a6f8c9b70876ba0858053c04477534ef55a1706bf4c1112bbb242f0a2.sdkstatcache -Xcc -fmodules-prune-interval\=86400 -Xcc -fmodules-prune-after\=345600 -Xcc -I/Users/admin/builder/spi-builder-workspace/.derivedData/Build/Products/Debug-watchos/include -Xcc -I/Users/admin/builder/spi-builder-workspace/.derivedData/Build/Intermediates.noindex/WKCodable.build/Debug-watchos/WKCodable-t.build/DerivedSources-normal/arm64 -Xcc -I/Users/admin/builder/spi-builder-workspace/.derivedData/Build/Intermediates.noindex/WKCodable.build/Debug-watchos/WKCodable-t.build/DerivedSources/arm64 -Xcc -I/Users/admin/builder/spi-builder-workspace/.derivedData/Build/Intermediates.noindex/WKCodable.build/Debug-watchos/WKCodable-t.build/DerivedSources -Xcc -DSWIFT_PACKAGE -Xcc -DDEBUG\=1 -no-auto-bridging-header-chaining -module-name WKCodable -const-gather-protocols-file /Users/admin/builder/spi-builder-workspace/.derivedData/Build/Intermediates.noindex/WKCodable.build/Debug-watchos/WKCodable-t.build/Objects-normal/arm64/WKCodable_const_extract_protocols.json -disable-clang-spi -target-sdk-version 27.0 -target-sdk-name watchos27.0 -external-plugin-path /Applications/Xcode-27.0.0-Release.Candidate.app/Contents/Developer/Platforms/WatchOS.platform/Developer/usr/lib/swift/host/plugins\#/Applications/Xcode-27.0.0-Release.Candidate.app/Contents/Developer/Platforms/WatchOS.platform/Developer/usr/bin/swift-plugin-server -external-plugin-path /Applications/Xcode-27.0.0-Release.Candidate.app/Contents/Developer/Platforms/WatchOS.platform/Developer/usr/local/lib/swift/host/plugins\#/Applications/Xcode-27.0.0-Release.Candidate.app/Contents/Developer/Platforms/WatchOS.platform/Developer/usr/bin/swift-plugin-server -in-process-plugin-server-path /Applications/Xcode-27.0.0-Release.Candidate.app/Contents/Developer/Toolchains/XcodeDefault.xctoolchain/usr/lib/swift/host/libSwiftInProcPluginServer.dylib -plugin-path /Applications/Xcode-27.0.0-Release.Candidate.app/Contents/Developer/Toolchains/XcodeDefault.xctoolchain/usr/lib/swift/host/plugins -plugin-path /Applications/Xcode-27.0.0-Release.Candidate.app/Contents/Developer/Toolchains/XcodeDefault.xctoolchain/usr/local/lib/swift/host/plugins -parse-as-library -o /Users/admin/builder/spi-builder-workspace/.derivedData/Build/Intermediates.noindex/WKCodable.build/Debug-watchos/WKCodable-t.build/Objects-normal/arm64/WKTDecoder.o -index-unit-output-path /WKCodable.build/Debug-watchos/WKCodable-t.build/Objects-normal/arm64/WKTDecoder.o -index-store-path /Users/admin/builder/spi-builder-workspace/.derivedData/Index.noindex/DataStore -index-system-modules
SwiftCompile normal arm64 /Users/admin/builder/spi-builder-workspace/Sources/WKCodable/WKTDecoder.swift (in target 'WKCodable' from project 'WKCodable')
cd /Users/admin/builder/spi-builder-workspace/.swiftpm/xcode
builtin-SwiftPerFileCompile WKTDecoder.swift
SwiftCompile normal arm64 Compiling\ WKBEncoder.swift /Users/admin/builder/spi-builder-workspace/Sources/WKCodable/WKBEncoder.swift (in target 'WKCodable' from project 'WKCodable')
SwiftCompile normal arm64 /Users/admin/builder/spi-builder-workspace/Sources/WKCodable/WKBEncoder.swift (in target 'WKCodable' from project 'WKCodable')
cd /Users/admin/builder/spi-builder-workspace/.swiftpm/xcode
builtin-SwiftPerFileCompile WKBEncoder.swift
SwiftEmitModule normal arm64 Emitting\ module\ for\ WKCodable (in target 'WKCodable' from project 'WKCodable')
/Users/admin/builder/spi-builder-workspace/Sources/WKCodable/WKBEncoder.swift:21:5: warning: 'public' modifier is redundant for instance method declared in a public extension
19 | // MARK: - Public
20 |
21 | public func encode(_ value: Geometry) -> Data {
| `- warning: 'public' modifier is redundant for instance method declared in a public extension
22 | data = Data()
23 | encode(value, withSrid: true)
/Users/admin/builder/spi-builder-workspace/Sources/WKCodable/WKTDecoder.swift:20:5: warning: 'public' modifier is redundant for instance method declared in a public extension
18 | // MARK: - Public
19 |
20 | public func decode<T>(from value: String) throws -> T {
| `- warning: 'public' modifier is redundant for instance method declared in a public extension
21 | scanner = Scanner(string: value)
22 | scanner.charactersToBeSkipped = CharacterSet.whitespaces
/Users/admin/builder/spi-builder-workspace/Sources/WKCodable/WKTEncoder.swift:12:5: warning: 'public' modifier is redundant for instance method declared in a public extension
10 | // MARK: - Public
11 |
12 | public func encode(_ value: Geometry) -> String {
| `- warning: 'public' modifier is redundant for instance method declared in a public extension
13 | result = String()
14 | encode(value, withSrid: true)
SwiftCompile normal arm64 (in target 'WKCodable' from project 'WKCodable')
cd /Users/admin/builder/spi-builder-workspace/.swiftpm/xcode
SwiftCompile normal arm64 Compiling\ WKTEncoder.swift /Users/admin/builder/spi-builder-workspace/Sources/WKCodable/WKTEncoder.swift (in target 'WKCodable' from project 'WKCodable')
SwiftCompile normal arm64 /Users/admin/builder/spi-builder-workspace/Sources/WKCodable/WKTEncoder.swift (in target 'WKCodable' from project 'WKCodable')
cd /Users/admin/builder/spi-builder-workspace/.swiftpm/xcode
builtin-SwiftPerFileCompile WKTEncoder.swift
SwiftCompile normal arm64 Compiling\ WKBDecoder.swift /Users/admin/builder/spi-builder-workspace/Sources/WKCodable/WKBDecoder.swift (in target 'WKCodable' from project 'WKCodable')
SwiftCompile normal arm64 /Users/admin/builder/spi-builder-workspace/Sources/WKCodable/WKBDecoder.swift (in target 'WKCodable' from project 'WKCodable')
cd /Users/admin/builder/spi-builder-workspace/.swiftpm/xcode
builtin-SwiftPerFileCompile WKBDecoder.swift
SwiftDriverJobDiscovery normal arm64 Emitting module for WKCodable (in target 'WKCodable' from project 'WKCodable')
SwiftDriver\ Compilation\ Requirements WKCodable normal arm64 com.apple.xcode.tools.swift.compiler (in target 'WKCodable' from project 'WKCodable')
cd /Users/admin/builder/spi-builder-workspace/.swiftpm/xcode
builtin-Swift-Compilation-Requirements -- /Applications/Xcode-27.0.0-Release.Candidate.app/Contents/Developer/Toolchains/XcodeDefault.xctoolchain/usr/bin/swiftc -parse-as-library -module-name WKCodable -Onone @/Users/admin/builder/spi-builder-workspace/.derivedData/Build/Intermediates.noindex/WKCodable.build/Debug-watchos/WKCodable-t.build/Objects-normal/arm64/WKCodable.SwiftFileList -DSWIFT_PACKAGE -DDEBUG -DSWIFT_MODULE_RESOURCE_BUNDLE_UNAVAILABLE -DXcode -plugin-path /Applications/Xcode-27.0.0-Release.Candidate.app/Contents/Developer/Toolchains/XcodeDefault.xctoolchain/usr/lib/swift/host/plugins/testing -enable-experimental-feature DebugDescriptionMacro -sdk /Applications/Xcode-27.0.0-Release.Candidate.app/Contents/Developer/Platforms/WatchOS.platform/Developer/SDKs/WatchOS27.0.sdk -target arm64-apple-watchos9.0 -g -module-cache-path /Users/admin/builder/spi-builder-workspace/.derivedData/ModuleCache.noindex -Xfrontend -serialize-debugging-options -profile-coverage-mapping -profile-generate -enable-testing -index-store-path /Users/admin/builder/spi-builder-workspace/.derivedData/Index.noindex/DataStore -Xcc -D_LIBCPP_HARDENING_MODE\=_LIBCPP_HARDENING_MODE_DEBUG -swift-version 4 -I /Users/admin/builder/spi-builder-workspace/.derivedData/Build/Products/Debug-watchos -Isystem /Applications/Xcode-27.0.0-Release.Candidate.app/Contents/Developer/Platforms/WatchOS.platform/Developer/usr/lib -F /Users/admin/builder/spi-builder-workspace/.derivedData/Build/Products/Debug-watchos -F /Applications/Xcode-27.0.0-Release.Candidate.app/Contents/Developer/Platforms/WatchOS.platform/Developer/Library/Frameworks -F /Applications/Xcode-27.0.0-Release.Candidate.app/Contents/Developer/Platforms/WatchOS.platform/Developer/SDKs/WatchOS27.0.sdk/Developer/Library/Frameworks -c -j10 -enable-batch-mode -incremental -Xcc -ivfsstatcache -Xcc /Users/admin/builder/spi-builder-workspace/.derivedData/SDKStatCaches.noindex/watchos27.0-24R360-e829b21a6f8c9b70876ba0858053c04477534ef55a1706bf4c1112bbb242f0a2.sdkstatcache -output-file-map /Users/admin/builder/spi-builder-workspace/.derivedData/Build/Intermediates.noindex/WKCodable.build/Debug-watchos/WKCodable-t.build/Objects-normal/arm64/WKCodable-OutputFileMap.json -save-temps -no-color-diagnostics -emit-dependencies -emit-module -emit-module-path /Users/admin/builder/spi-builder-workspace/.derivedData/Build/Intermediates.noindex/WKCodable.build/Debug-watchos/WKCodable-t.build/Objects-normal/arm64/WKCodable.swiftmodule -serialize-diagnostics -validate-clang-modules-once -clang-build-session-file /Users/admin/builder/spi-builder-workspace/.derivedData/ModuleCache.noindex/Session.modulevalidation -Xcc -fmodules-prune-interval\=86400 -Xcc -fmodules-prune-after\=345600 -emit-const-values -const-gather-protocols-list /Users/admin/builder/spi-builder-workspace/.derivedData/Build/Intermediates.noindex/WKCodable.build/Debug-watchos/WKCodable-t.build/Objects-normal/arm64/WKCodable_const_extract_protocols.json -Xcc -I/Users/admin/builder/spi-builder-workspace/.derivedData/Build/Products/Debug-watchos/include -Xcc -I/Users/admin/builder/spi-builder-workspace/.derivedData/Build/Intermediates.noindex/WKCodable.build/Debug-watchos/WKCodable-t.build/DerivedSources-normal/arm64 -Xcc -I/Users/admin/builder/spi-builder-workspace/.derivedData/Build/Intermediates.noindex/WKCodable.build/Debug-watchos/WKCodable-t.build/DerivedSources/arm64 -Xcc -I/Users/admin/builder/spi-builder-workspace/.derivedData/Build/Intermediates.noindex/WKCodable.build/Debug-watchos/WKCodable-t.build/DerivedSources -Xcc -DSWIFT_PACKAGE -Xcc -DDEBUG\=1 -emit-objc-header -emit-objc-header-path /Users/admin/builder/spi-builder-workspace/.derivedData/Build/Intermediates.noindex/WKCodable.build/Debug-watchos/WKCodable-t.build/Objects-normal/arm64/WKCodable-Swift.h -working-directory /Users/admin/builder/spi-builder-workspace/.swiftpm/xcode -experimental-emit-module-separately -disable-cmo
SwiftDriverJobDiscovery normal arm64_32 Emitting module for WKCodable (in target 'WKCodable' from project 'WKCodable')
SwiftDriver\ Compilation\ Requirements WKCodable normal arm64_32 com.apple.xcode.tools.swift.compiler (in target 'WKCodable' from project 'WKCodable')
cd /Users/admin/builder/spi-builder-workspace/.swiftpm/xcode
builtin-Swift-Compilation-Requirements -- /Applications/Xcode-27.0.0-Release.Candidate.app/Contents/Developer/Toolchains/XcodeDefault.xctoolchain/usr/bin/swiftc -parse-as-library -module-name WKCodable -Onone @/Users/admin/builder/spi-builder-workspace/.derivedData/Build/Intermediates.noindex/WKCodable.build/Debug-watchos/WKCodable-t.build/Objects-normal/arm64_32/WKCodable.SwiftFileList -DSWIFT_PACKAGE -DDEBUG -DSWIFT_MODULE_RESOURCE_BUNDLE_UNAVAILABLE -DXcode -plugin-path /Applications/Xcode-27.0.0-Release.Candidate.app/Contents/Developer/Toolchains/XcodeDefault.xctoolchain/usr/lib/swift/host/plugins/testing -enable-experimental-feature DebugDescriptionMacro -sdk /Applications/Xcode-27.0.0-Release.Candidate.app/Contents/Developer/Platforms/WatchOS.platform/Developer/SDKs/WatchOS27.0.sdk -target arm64_32-apple-watchos9.0 -g -module-cache-path /Users/admin/builder/spi-builder-workspace/.derivedData/ModuleCache.noindex -Xfrontend -serialize-debugging-options -profile-coverage-mapping -profile-generate -enable-testing -index-store-path /Users/admin/builder/spi-builder-workspace/.derivedData/Index.noindex/DataStore -Xcc -D_LIBCPP_HARDENING_MODE\=_LIBCPP_HARDENING_MODE_DEBUG -swift-version 4 -I /Users/admin/builder/spi-builder-workspace/.derivedData/Build/Products/Debug-watchos -Isystem /Applications/Xcode-27.0.0-Release.Candidate.app/Contents/Developer/Platforms/WatchOS.platform/Developer/usr/lib -F /Users/admin/builder/spi-builder-workspace/.derivedData/Build/Products/Debug-watchos -F /Applications/Xcode-27.0.0-Release.Candidate.app/Contents/Developer/Platforms/WatchOS.platform/Developer/Library/Frameworks -F /Applications/Xcode-27.0.0-Release.Candidate.app/Contents/Developer/Platforms/WatchOS.platform/Developer/SDKs/WatchOS27.0.sdk/Developer/Library/Frameworks -c -j10 -enable-batch-mode -incremental -Xcc -ivfsstatcache -Xcc /Users/admin/builder/spi-builder-workspace/.derivedData/SDKStatCaches.noindex/watchos27.0-24R360-e829b21a6f8c9b70876ba0858053c04477534ef55a1706bf4c1112bbb242f0a2.sdkstatcache -output-file-map /Users/admin/builder/spi-builder-workspace/.derivedData/Build/Intermediates.noindex/WKCodable.build/Debug-watchos/WKCodable-t.build/Objects-normal/arm64_32/WKCodable-OutputFileMap.json -save-temps -no-color-diagnostics -emit-dependencies -emit-module -emit-module-path /Users/admin/builder/spi-builder-workspace/.derivedData/Build/Intermediates.noindex/WKCodable.build/Debug-watchos/WKCodable-t.build/Objects-normal/arm64_32/WKCodable.swiftmodule -serialize-diagnostics -validate-clang-modules-once -clang-build-session-file /Users/admin/builder/spi-builder-workspace/.derivedData/ModuleCache.noindex/Session.modulevalidation -Xcc -fmodules-prune-interval\=86400 -Xcc -fmodules-prune-after\=345600 -emit-const-values -const-gather-protocols-list /Users/admin/builder/spi-builder-workspace/.derivedData/Build/Intermediates.noindex/WKCodable.build/Debug-watchos/WKCodable-t.build/Objects-normal/arm64_32/WKCodable_const_extract_protocols.json -Xcc -I/Users/admin/builder/spi-builder-workspace/.derivedData/Build/Products/Debug-watchos/include -Xcc -I/Users/admin/builder/spi-builder-workspace/.derivedData/Build/Intermediates.noindex/WKCodable.build/Debug-watchos/WKCodable-t.build/DerivedSources-normal/arm64_32 -Xcc -I/Users/admin/builder/spi-builder-workspace/.derivedData/Build/Intermediates.noindex/WKCodable.build/Debug-watchos/WKCodable-t.build/DerivedSources/arm64_32 -Xcc -I/Users/admin/builder/spi-builder-workspace/.derivedData/Build/Intermediates.noindex/WKCodable.build/Debug-watchos/WKCodable-t.build/DerivedSources -Xcc -DSWIFT_PACKAGE -Xcc -DDEBUG\=1 -emit-objc-header -emit-objc-header-path /Users/admin/builder/spi-builder-workspace/.derivedData/Build/Intermediates.noindex/WKCodable.build/Debug-watchos/WKCodable-t.build/Objects-normal/arm64_32/WKCodable-Swift.h -working-directory /Users/admin/builder/spi-builder-workspace/.swiftpm/xcode -experimental-emit-module-separately -disable-cmo
SwiftCompile normal arm64_32 Compiling\ Types.swift /Users/admin/builder/spi-builder-workspace/Sources/WKCodable/Types.swift (in target 'WKCodable' from project 'WKCodable')
SwiftCompile normal arm64_32 /Users/admin/builder/spi-builder-workspace/Sources/WKCodable/Types.swift (in target 'WKCodable' from project 'WKCodable')
cd /Users/admin/builder/spi-builder-workspace/.swiftpm/xcode
builtin-SwiftPerFileCompile Types.swift
SwiftMergeGeneratedHeaders /Users/admin/builder/spi-builder-workspace/.derivedData/Build/Intermediates.noindex/GeneratedModuleMaps-watchos/WKCodable-Swift.h /Users/admin/builder/spi-builder-workspace/.derivedData/Build/Intermediates.noindex/WKCodable.build/Debug-watchos/WKCodable-t.build/Objects-normal/arm64/WKCodable-Swift.h /Users/admin/builder/spi-builder-workspace/.derivedData/Build/Intermediates.noindex/WKCodable.build/Debug-watchos/WKCodable-t.build/Objects-normal/arm64_32/WKCodable-Swift.h (in target 'WKCodable' from project 'WKCodable')
cd /Users/admin/builder/spi-builder-workspace
builtin-swiftHeaderTool -arch arm64 /Users/admin/builder/spi-builder-workspace/.derivedData/Build/Intermediates.noindex/WKCodable.build/Debug-watchos/WKCodable-t.build/Objects-normal/arm64/WKCodable-Swift.h -arch arm64_32 /Users/admin/builder/spi-builder-workspace/.derivedData/Build/Intermediates.noindex/WKCodable.build/Debug-watchos/WKCodable-t.build/Objects-normal/arm64_32/WKCodable-Swift.h -o /Users/admin/builder/spi-builder-workspace/.derivedData/Build/Intermediates.noindex/GeneratedModuleMaps-watchos/WKCodable-Swift.h
PruneExplicitPrecompiledModules /Users/admin/builder/spi-builder-workspace/.derivedData/SDKExplicitPrecompiledModules
PruneExplicitPrecompiledModules /Users/admin/builder/spi-builder-workspace/.derivedData/Build/Intermediates.noindex/ExplicitPrecompiledModules
PruneExplicitPrecompiledModules /Users/admin/builder/spi-builder-workspace/.derivedData/Build/Intermediates.noindex/SwiftExplicitPrecompiledModules
2026-09-16 22:18:08.564 xcodebuild[648:4172] [MT] IDERunDestination: Supported platforms for the buildables in the current scheme is empty.
** BUILD FAILED **
The following build commands failed:
SwiftCompile normal arm64 Compiling\ WKTDecoder.swift /Users/admin/builder/spi-builder-workspace/Sources/WKCodable/WKTDecoder.swift (in target 'WKCodable' from project 'WKCodable')
SwiftCompile normal arm64 /Users/admin/builder/spi-builder-workspace/Sources/WKCodable/WKTDecoder.swift (in target 'WKCodable' from project 'WKCodable')
Building workspace WKCodable with scheme WKCodable
(3 failures)
Command line invocation:
/Applications/Xcode-27.0.0-Release.Candidate.app/Contents/Developer/usr/bin/xcodebuild -IDEClonedSourcePackagesDirPathOverride=/Users/admin/builder/spi-builder-workspace/.dependencies -resolvePackageDependencies
Resolve Package Graph
Resolved source packages:
WKCodable: /Users/admin/builder/spi-builder-workspace
resolved source packages: WKCodable
2026-09-16 22:18:14.018 xcodebuild[675:4390] [MT] IDERunDestination: Supported platforms for the buildables in the current scheme is empty.
{
"dependencies" : [
],
"manifest_display_name" : "WKCodable",
"name" : "WKCodable",
"path" : "/Users/admin/builder/spi-builder-workspace",
"platforms" : [
],
"products" : [
{
"name" : "WKCodable",
"targets" : [
"WKCodable"
],
"type" : {
"library" : [
"automatic"
]
}
}
],
"targets" : [
{
"c99name" : "WKCodableTests",
"module_type" : "SwiftTarget",
"name" : "WKCodableTests",
"path" : "Tests/WKCodableTests",
"sources" : [
"WKBCodableLittleEndianTests.swift",
"WKBCodableTests.swift",
"WKTCodableTests.swift",
"XCTestManifests.swift"
],
"target_dependencies" : [
"WKCodable"
],
"type" : "test"
},
{
"c99name" : "WKCodable",
"module_type" : "SwiftTarget",
"name" : "WKCodable",
"path" : "Sources/WKCodable",
"product_memberships" : [
"WKCodable"
],
"sources" : [
"Types.swift",
"WKBDecoder.swift",
"WKBEncoder.swift",
"WKTDecoder.swift",
"WKTEncoder.swift"
],
"type" : "library"
}
],
"tools_version" : "4.1"
}
{
"workspace" : {
"name" : "WKCodable",
"schemes" : [
"WKCodable"
]
}
}
2026-09-16 22:18:15.174 xcodebuild[683:4453] [MT] IDERunDestination: Supported platforms for the buildables in the current scheme is empty.
Running build ...
env DEVELOPER_DIR=/Applications/Xcode-27.0.0-Release.Candidate.app xcrun xcodebuild -IDEClonedSourcePackagesDirPathOverride=$PWD/.dependencies -skipMacroValidation -skipPackagePluginValidation -derivedDataPath $PWD/.derivedData build -scheme WKCodable -destination generic/platform=watchOS
Command line invocation:
/Applications/Xcode-27.0.0-Release.Candidate.app/Contents/Developer/usr/bin/xcodebuild -IDEClonedSourcePackagesDirPathOverride=/Users/admin/builder/spi-builder-workspace/.dependencies -skipMacroValidation -skipPackagePluginValidation -derivedDataPath /Users/admin/builder/spi-builder-workspace/.derivedData build -scheme WKCodable -destination generic/platform=watchOS
Resolve Package Graph
Resolved source packages:
WKCodable: /Users/admin/builder/spi-builder-workspace
ComputePackagePrebuildTargetDependencyGraph
Prepare packages
CreateBuildRequest
SendProjectDescription
CreateBuildOperation
ComputeTargetDependencyGraph
note: Building targets in dependency order
note: Target dependency graph (2 targets)
Target 'WKCodable-product' in project 'WKCodable'
➜ Explicit dependency on target 'WKCodable' in project 'WKCodable'
Target 'WKCodable' in project 'WKCodable' (no dependencies)
GatherProvisioningInputs
CreateBuildDescription
ClangStatCache /Applications/Xcode-27.0.0-Release.Candidate.app/Contents/Developer/Toolchains/XcodeDefault.xctoolchain/usr/bin/clang-stat-cache /Applications/Xcode-27.0.0-Release.Candidate.app/Contents/Developer/Platforms/WatchOS.platform/Developer/SDKs/WatchOS27.0.sdk /Users/admin/builder/spi-builder-workspace/.derivedData/SDKStatCaches.noindex/watchos27.0-24R360-e829b21a6f8c9b70876ba0858053c04477534ef55a1706bf4c1112bbb242f0a2.sdkstatcache
cd /Users/admin/builder/spi-builder-workspace/.swiftpm/xcode
/Applications/Xcode-27.0.0-Release.Candidate.app/Contents/Developer/Toolchains/XcodeDefault.xctoolchain/usr/bin/clang-stat-cache /Applications/Xcode-27.0.0-Release.Candidate.app/Contents/Developer/Platforms/WatchOS.platform/Developer/SDKs/WatchOS27.0.sdk -o /Users/admin/builder/spi-builder-workspace/.derivedData/SDKStatCaches.noindex/watchos27.0-24R360-e829b21a6f8c9b70876ba0858053c04477534ef55a1706bf4c1112bbb242f0a2.sdkstatcache
SwiftMergeGeneratedHeaders /Users/admin/builder/spi-builder-workspace/.derivedData/Build/Intermediates.noindex/GeneratedModuleMaps-watchos/WKCodable-Swift.h /Users/admin/builder/spi-builder-workspace/.derivedData/Build/Intermediates.noindex/WKCodable.build/Debug-watchos/WKCodable-t.build/Objects-normal/arm64/WKCodable-Swift.h /Users/admin/builder/spi-builder-workspace/.derivedData/Build/Intermediates.noindex/WKCodable.build/Debug-watchos/WKCodable-t.build/Objects-normal/arm64_32/WKCodable-Swift.h (in target 'WKCodable' from project 'WKCodable')
cd /Users/admin/builder/spi-builder-workspace
builtin-swiftHeaderTool -arch arm64 /Users/admin/builder/spi-builder-workspace/.derivedData/Build/Intermediates.noindex/WKCodable.build/Debug-watchos/WKCodable-t.build/Objects-normal/arm64/WKCodable-Swift.h -arch arm64_32 /Users/admin/builder/spi-builder-workspace/.derivedData/Build/Intermediates.noindex/WKCodable.build/Debug-watchos/WKCodable-t.build/Objects-normal/arm64_32/WKCodable-Swift.h -o /Users/admin/builder/spi-builder-workspace/.derivedData/Build/Intermediates.noindex/GeneratedModuleMaps-watchos/WKCodable-Swift.h
SwiftDriver WKCodable normal arm64_32 com.apple.xcode.tools.swift.compiler (in target 'WKCodable' from project 'WKCodable')
cd /Users/admin/builder/spi-builder-workspace/.swiftpm/xcode
builtin-SwiftDriver -- /Applications/Xcode-27.0.0-Release.Candidate.app/Contents/Developer/Toolchains/XcodeDefault.xctoolchain/usr/bin/swiftc -parse-as-library -module-name WKCodable -Onone @/Users/admin/builder/spi-builder-workspace/.derivedData/Build/Intermediates.noindex/WKCodable.build/Debug-watchos/WKCodable-t.build/Objects-normal/arm64_32/WKCodable.SwiftFileList -DSWIFT_PACKAGE -DDEBUG -DSWIFT_MODULE_RESOURCE_BUNDLE_UNAVAILABLE -DXcode -plugin-path /Applications/Xcode-27.0.0-Release.Candidate.app/Contents/Developer/Toolchains/XcodeDefault.xctoolchain/usr/lib/swift/host/plugins/testing -enable-experimental-feature DebugDescriptionMacro -sdk /Applications/Xcode-27.0.0-Release.Candidate.app/Contents/Developer/Platforms/WatchOS.platform/Developer/SDKs/WatchOS27.0.sdk -target arm64_32-apple-watchos9.0 -g -module-cache-path /Users/admin/builder/spi-builder-workspace/.derivedData/ModuleCache.noindex -Xfrontend -serialize-debugging-options -profile-coverage-mapping -profile-generate -enable-testing -index-store-path /Users/admin/builder/spi-builder-workspace/.derivedData/Index.noindex/DataStore -Xcc -D_LIBCPP_HARDENING_MODE\=_LIBCPP_HARDENING_MODE_DEBUG -swift-version 4 -I /Users/admin/builder/spi-builder-workspace/.derivedData/Build/Products/Debug-watchos -Isystem /Applications/Xcode-27.0.0-Release.Candidate.app/Contents/Developer/Platforms/WatchOS.platform/Developer/usr/lib -F /Users/admin/builder/spi-builder-workspace/.derivedData/Build/Products/Debug-watchos -F /Applications/Xcode-27.0.0-Release.Candidate.app/Contents/Developer/Platforms/WatchOS.platform/Developer/Library/Frameworks -F /Applications/Xcode-27.0.0-Release.Candidate.app/Contents/Developer/Platforms/WatchOS.platform/Developer/SDKs/WatchOS27.0.sdk/Developer/Library/Frameworks -c -j10 -enable-batch-mode -incremental -Xcc -ivfsstatcache -Xcc /Users/admin/builder/spi-builder-workspace/.derivedData/SDKStatCaches.noindex/watchos27.0-24R360-e829b21a6f8c9b70876ba0858053c04477534ef55a1706bf4c1112bbb242f0a2.sdkstatcache -output-file-map /Users/admin/builder/spi-builder-workspace/.derivedData/Build/Intermediates.noindex/WKCodable.build/Debug-watchos/WKCodable-t.build/Objects-normal/arm64_32/WKCodable-OutputFileMap.json -save-temps -no-color-diagnostics -emit-dependencies -emit-module -emit-module-path /Users/admin/builder/spi-builder-workspace/.derivedData/Build/Intermediates.noindex/WKCodable.build/Debug-watchos/WKCodable-t.build/Objects-normal/arm64_32/WKCodable.swiftmodule -serialize-diagnostics -validate-clang-modules-once -clang-build-session-file /Users/admin/builder/spi-builder-workspace/.derivedData/ModuleCache.noindex/Session.modulevalidation -Xcc -fmodules-prune-interval\=86400 -Xcc -fmodules-prune-after\=345600 -emit-const-values -const-gather-protocols-list /Users/admin/builder/spi-builder-workspace/.derivedData/Build/Intermediates.noindex/WKCodable.build/Debug-watchos/WKCodable-t.build/Objects-normal/arm64_32/WKCodable_const_extract_protocols.json -Xcc -I/Users/admin/builder/spi-builder-workspace/.derivedData/Build/Products/Debug-watchos/include -Xcc -I/Users/admin/builder/spi-builder-workspace/.derivedData/Build/Intermediates.noindex/WKCodable.build/Debug-watchos/WKCodable-t.build/DerivedSources-normal/arm64_32 -Xcc -I/Users/admin/builder/spi-builder-workspace/.derivedData/Build/Intermediates.noindex/WKCodable.build/Debug-watchos/WKCodable-t.build/DerivedSources/arm64_32 -Xcc -I/Users/admin/builder/spi-builder-workspace/.derivedData/Build/Intermediates.noindex/WKCodable.build/Debug-watchos/WKCodable-t.build/DerivedSources -Xcc -DSWIFT_PACKAGE -Xcc -DDEBUG\=1 -emit-objc-header -emit-objc-header-path /Users/admin/builder/spi-builder-workspace/.derivedData/Build/Intermediates.noindex/WKCodable.build/Debug-watchos/WKCodable-t.build/Objects-normal/arm64_32/WKCodable-Swift.h -working-directory /Users/admin/builder/spi-builder-workspace/.swiftpm/xcode -experimental-emit-module-separately -disable-cmo
Copy /Users/admin/builder/spi-builder-workspace/.derivedData/Build/Products/Debug-watchos/WKCodable.swiftmodule/arm64-apple-watchos.swiftmodule /Users/admin/builder/spi-builder-workspace/.derivedData/Build/Intermediates.noindex/WKCodable.build/Debug-watchos/WKCodable-t.build/Objects-normal/arm64/WKCodable.swiftmodule (in target 'WKCodable' from project 'WKCodable')
cd /Users/admin/builder/spi-builder-workspace
builtin-copy -exclude .DS_Store -exclude CVS -exclude .svn -exclude .git -exclude .hg -resolve-src-symlinks -rename /Users/admin/builder/spi-builder-workspace/.derivedData/Build/Intermediates.noindex/WKCodable.build/Debug-watchos/WKCodable-t.build/Objects-normal/arm64/WKCodable.swiftmodule /Users/admin/builder/spi-builder-workspace/.derivedData/Build/Products/Debug-watchos/WKCodable.swiftmodule/arm64-apple-watchos.swiftmodule
Copy /Users/admin/builder/spi-builder-workspace/.derivedData/Build/Products/Debug-watchos/WKCodable.swiftmodule/arm64_32-apple-watchos.swiftmodule /Users/admin/builder/spi-builder-workspace/.derivedData/Build/Intermediates.noindex/WKCodable.build/Debug-watchos/WKCodable-t.build/Objects-normal/arm64_32/WKCodable.swiftmodule (in target 'WKCodable' from project 'WKCodable')
cd /Users/admin/builder/spi-builder-workspace
builtin-copy -exclude .DS_Store -exclude CVS -exclude .svn -exclude .git -exclude .hg -resolve-src-symlinks -rename /Users/admin/builder/spi-builder-workspace/.derivedData/Build/Intermediates.noindex/WKCodable.build/Debug-watchos/WKCodable-t.build/Objects-normal/arm64_32/WKCodable.swiftmodule /Users/admin/builder/spi-builder-workspace/.derivedData/Build/Products/Debug-watchos/WKCodable.swiftmodule/arm64_32-apple-watchos.swiftmodule
Copy /Users/admin/builder/spi-builder-workspace/.derivedData/Build/Products/Debug-watchos/WKCodable.swiftmodule/arm64_32-apple-watchos.abi.json /Users/admin/builder/spi-builder-workspace/.derivedData/Build/Intermediates.noindex/WKCodable.build/Debug-watchos/WKCodable-t.build/Objects-normal/arm64_32/WKCodable.abi.json (in target 'WKCodable' from project 'WKCodable')
cd /Users/admin/builder/spi-builder-workspace
builtin-copy -exclude .DS_Store -exclude CVS -exclude .svn -exclude .git -exclude .hg -resolve-src-symlinks -rename /Users/admin/builder/spi-builder-workspace/.derivedData/Build/Intermediates.noindex/WKCodable.build/Debug-watchos/WKCodable-t.build/Objects-normal/arm64_32/WKCodable.abi.json /Users/admin/builder/spi-builder-workspace/.derivedData/Build/Products/Debug-watchos/WKCodable.swiftmodule/arm64_32-apple-watchos.abi.json
Copy /Users/admin/builder/spi-builder-workspace/.derivedData/Build/Products/Debug-watchos/WKCodable.swiftmodule/arm64-apple-watchos.abi.json /Users/admin/builder/spi-builder-workspace/.derivedData/Build/Intermediates.noindex/WKCodable.build/Debug-watchos/WKCodable-t.build/Objects-normal/arm64/WKCodable.abi.json (in target 'WKCodable' from project 'WKCodable')
cd /Users/admin/builder/spi-builder-workspace
builtin-copy -exclude .DS_Store -exclude CVS -exclude .svn -exclude .git -exclude .hg -resolve-src-symlinks -rename /Users/admin/builder/spi-builder-workspace/.derivedData/Build/Intermediates.noindex/WKCodable.build/Debug-watchos/WKCodable-t.build/Objects-normal/arm64/WKCodable.abi.json /Users/admin/builder/spi-builder-workspace/.derivedData/Build/Products/Debug-watchos/WKCodable.swiftmodule/arm64-apple-watchos.abi.json
Copy /Users/admin/builder/spi-builder-workspace/.derivedData/Build/Products/Debug-watchos/WKCodable.swiftmodule/arm64-apple-watchos.swiftdoc /Users/admin/builder/spi-builder-workspace/.derivedData/Build/Intermediates.noindex/WKCodable.build/Debug-watchos/WKCodable-t.build/Objects-normal/arm64/WKCodable.swiftdoc (in target 'WKCodable' from project 'WKCodable')
cd /Users/admin/builder/spi-builder-workspace
builtin-copy -exclude .DS_Store -exclude CVS -exclude .svn -exclude .git -exclude .hg -resolve-src-symlinks -rename /Users/admin/builder/spi-builder-workspace/.derivedData/Build/Intermediates.noindex/WKCodable.build/Debug-watchos/WKCodable-t.build/Objects-normal/arm64/WKCodable.swiftdoc /Users/admin/builder/spi-builder-workspace/.derivedData/Build/Products/Debug-watchos/WKCodable.swiftmodule/arm64-apple-watchos.swiftdoc
Copy /Users/admin/builder/spi-builder-workspace/.derivedData/Build/Products/Debug-watchos/WKCodable.swiftmodule/arm64_32-apple-watchos.swiftdoc /Users/admin/builder/spi-builder-workspace/.derivedData/Build/Intermediates.noindex/WKCodable.build/Debug-watchos/WKCodable-t.build/Objects-normal/arm64_32/WKCodable.swiftdoc (in target 'WKCodable' from project 'WKCodable')
cd /Users/admin/builder/spi-builder-workspace
builtin-copy -exclude .DS_Store -exclude CVS -exclude .svn -exclude .git -exclude .hg -resolve-src-symlinks -rename /Users/admin/builder/spi-builder-workspace/.derivedData/Build/Intermediates.noindex/WKCodable.build/Debug-watchos/WKCodable-t.build/Objects-normal/arm64_32/WKCodable.swiftdoc /Users/admin/builder/spi-builder-workspace/.derivedData/Build/Products/Debug-watchos/WKCodable.swiftmodule/arm64_32-apple-watchos.swiftdoc
Copy /Users/admin/builder/spi-builder-workspace/.derivedData/Build/Products/Debug-watchos/WKCodable.swiftmodule/Project/arm64-apple-watchos.swiftsourceinfo /Users/admin/builder/spi-builder-workspace/.derivedData/Build/Intermediates.noindex/WKCodable.build/Debug-watchos/WKCodable-t.build/Objects-normal/arm64/WKCodable.swiftsourceinfo (in target 'WKCodable' from project 'WKCodable')
cd /Users/admin/builder/spi-builder-workspace
builtin-copy -exclude .DS_Store -exclude CVS -exclude .svn -exclude .git -exclude .hg -resolve-src-symlinks -rename /Users/admin/builder/spi-builder-workspace/.derivedData/Build/Intermediates.noindex/WKCodable.build/Debug-watchos/WKCodable-t.build/Objects-normal/arm64/WKCodable.swiftsourceinfo /Users/admin/builder/spi-builder-workspace/.derivedData/Build/Products/Debug-watchos/WKCodable.swiftmodule/Project/arm64-apple-watchos.swiftsourceinfo
Copy /Users/admin/builder/spi-builder-workspace/.derivedData/Build/Products/Debug-watchos/WKCodable.swiftmodule/Project/arm64_32-apple-watchos.swiftsourceinfo /Users/admin/builder/spi-builder-workspace/.derivedData/Build/Intermediates.noindex/WKCodable.build/Debug-watchos/WKCodable-t.build/Objects-normal/arm64_32/WKCodable.swiftsourceinfo (in target 'WKCodable' from project 'WKCodable')
cd /Users/admin/builder/spi-builder-workspace
builtin-copy -exclude .DS_Store -exclude CVS -exclude .svn -exclude .git -exclude .hg -resolve-src-symlinks -rename /Users/admin/builder/spi-builder-workspace/.derivedData/Build/Intermediates.noindex/WKCodable.build/Debug-watchos/WKCodable-t.build/Objects-normal/arm64_32/WKCodable.swiftsourceinfo /Users/admin/builder/spi-builder-workspace/.derivedData/Build/Products/Debug-watchos/WKCodable.swiftmodule/Project/arm64_32-apple-watchos.swiftsourceinfo
SwiftDriver WKCodable normal arm64 com.apple.xcode.tools.swift.compiler (in target 'WKCodable' from project 'WKCodable')
cd /Users/admin/builder/spi-builder-workspace/.swiftpm/xcode
builtin-SwiftDriver -- /Applications/Xcode-27.0.0-Release.Candidate.app/Contents/Developer/Toolchains/XcodeDefault.xctoolchain/usr/bin/swiftc -parse-as-library -module-name WKCodable -Onone @/Users/admin/builder/spi-builder-workspace/.derivedData/Build/Intermediates.noindex/WKCodable.build/Debug-watchos/WKCodable-t.build/Objects-normal/arm64/WKCodable.SwiftFileList -DSWIFT_PACKAGE -DDEBUG -DSWIFT_MODULE_RESOURCE_BUNDLE_UNAVAILABLE -DXcode -plugin-path /Applications/Xcode-27.0.0-Release.Candidate.app/Contents/Developer/Toolchains/XcodeDefault.xctoolchain/usr/lib/swift/host/plugins/testing -enable-experimental-feature DebugDescriptionMacro -sdk /Applications/Xcode-27.0.0-Release.Candidate.app/Contents/Developer/Platforms/WatchOS.platform/Developer/SDKs/WatchOS27.0.sdk -target arm64-apple-watchos9.0 -g -module-cache-path /Users/admin/builder/spi-builder-workspace/.derivedData/ModuleCache.noindex -Xfrontend -serialize-debugging-options -profile-coverage-mapping -profile-generate -enable-testing -index-store-path /Users/admin/builder/spi-builder-workspace/.derivedData/Index.noindex/DataStore -Xcc -D_LIBCPP_HARDENING_MODE\=_LIBCPP_HARDENING_MODE_DEBUG -swift-version 4 -I /Users/admin/builder/spi-builder-workspace/.derivedData/Build/Products/Debug-watchos -Isystem /Applications/Xcode-27.0.0-Release.Candidate.app/Contents/Developer/Platforms/WatchOS.platform/Developer/usr/lib -F /Users/admin/builder/spi-builder-workspace/.derivedData/Build/Products/Debug-watchos -F /Applications/Xcode-27.0.0-Release.Candidate.app/Contents/Developer/Platforms/WatchOS.platform/Developer/Library/Frameworks -F /Applications/Xcode-27.0.0-Release.Candidate.app/Contents/Developer/Platforms/WatchOS.platform/Developer/SDKs/WatchOS27.0.sdk/Developer/Library/Frameworks -c -j10 -enable-batch-mode -incremental -Xcc -ivfsstatcache -Xcc /Users/admin/builder/spi-builder-workspace/.derivedData/SDKStatCaches.noindex/watchos27.0-24R360-e829b21a6f8c9b70876ba0858053c04477534ef55a1706bf4c1112bbb242f0a2.sdkstatcache -output-file-map /Users/admin/builder/spi-builder-workspace/.derivedData/Build/Intermediates.noindex/WKCodable.build/Debug-watchos/WKCodable-t.build/Objects-normal/arm64/WKCodable-OutputFileMap.json -save-temps -no-color-diagnostics -emit-dependencies -emit-module -emit-module-path /Users/admin/builder/spi-builder-workspace/.derivedData/Build/Intermediates.noindex/WKCodable.build/Debug-watchos/WKCodable-t.build/Objects-normal/arm64/WKCodable.swiftmodule -serialize-diagnostics -validate-clang-modules-once -clang-build-session-file /Users/admin/builder/spi-builder-workspace/.derivedData/ModuleCache.noindex/Session.modulevalidation -Xcc -fmodules-prune-interval\=86400 -Xcc -fmodules-prune-after\=345600 -emit-const-values -const-gather-protocols-list /Users/admin/builder/spi-builder-workspace/.derivedData/Build/Intermediates.noindex/WKCodable.build/Debug-watchos/WKCodable-t.build/Objects-normal/arm64/WKCodable_const_extract_protocols.json -Xcc -I/Users/admin/builder/spi-builder-workspace/.derivedData/Build/Products/Debug-watchos/include -Xcc -I/Users/admin/builder/spi-builder-workspace/.derivedData/Build/Intermediates.noindex/WKCodable.build/Debug-watchos/WKCodable-t.build/DerivedSources-normal/arm64 -Xcc -I/Users/admin/builder/spi-builder-workspace/.derivedData/Build/Intermediates.noindex/WKCodable.build/Debug-watchos/WKCodable-t.build/DerivedSources/arm64 -Xcc -I/Users/admin/builder/spi-builder-workspace/.derivedData/Build/Intermediates.noindex/WKCodable.build/Debug-watchos/WKCodable-t.build/DerivedSources -Xcc -DSWIFT_PACKAGE -Xcc -DDEBUG\=1 -emit-objc-header -emit-objc-header-path /Users/admin/builder/spi-builder-workspace/.derivedData/Build/Intermediates.noindex/WKCodable.build/Debug-watchos/WKCodable-t.build/Objects-normal/arm64/WKCodable-Swift.h -working-directory /Users/admin/builder/spi-builder-workspace/.swiftpm/xcode -experimental-emit-module-separately -disable-cmo
SwiftCompile normal arm64_32 Compiling\ Types.swift /Users/admin/builder/spi-builder-workspace/Sources/WKCodable/Types.swift (in target 'WKCodable' from project 'WKCodable')
SwiftCompile normal arm64_32 /Users/admin/builder/spi-builder-workspace/Sources/WKCodable/Types.swift (in target 'WKCodable' from project 'WKCodable')
cd /Users/admin/builder/spi-builder-workspace/.swiftpm/xcode
builtin-SwiftPerFileCompile Types.swift
SwiftCompile normal arm64_32 Compiling\ WKTEncoder.swift /Users/admin/builder/spi-builder-workspace/Sources/WKCodable/WKTEncoder.swift (in target 'WKCodable' from project 'WKCodable')
SwiftCompile normal arm64_32 /Users/admin/builder/spi-builder-workspace/Sources/WKCodable/WKTEncoder.swift (in target 'WKCodable' from project 'WKCodable')
cd /Users/admin/builder/spi-builder-workspace/.swiftpm/xcode
builtin-SwiftPerFileCompile WKTEncoder.swift
SwiftEmitModule normal arm64_32 Emitting\ module\ for\ WKCodable (in target 'WKCodable' from project 'WKCodable')
/Users/admin/builder/spi-builder-workspace/Sources/WKCodable/WKBEncoder.swift:21:5: warning: 'public' modifier is redundant for instance method declared in a public extension
19 | // MARK: - Public
20 |
21 | public func encode(_ value: Geometry) -> Data {
| `- warning: 'public' modifier is redundant for instance method declared in a public extension
22 | data = Data()
23 | encode(value, withSrid: true)
/Users/admin/builder/spi-builder-workspace/Sources/WKCodable/WKTDecoder.swift:20:5: warning: 'public' modifier is redundant for instance method declared in a public extension
18 | // MARK: - Public
19 |
20 | public func decode<T>(from value: String) throws -> T {
| `- warning: 'public' modifier is redundant for instance method declared in a public extension
21 | scanner = Scanner(string: value)
22 | scanner.charactersToBeSkipped = CharacterSet.whitespaces
/Users/admin/builder/spi-builder-workspace/Sources/WKCodable/WKTEncoder.swift:12:5: warning: 'public' modifier is redundant for instance method declared in a public extension
10 | // MARK: - Public
11 |
12 | public func encode(_ value: Geometry) -> String {
| `- warning: 'public' modifier is redundant for instance method declared in a public extension
13 | result = String()
14 | encode(value, withSrid: true)
SwiftCompile normal arm64_32 (in target 'WKCodable' from project 'WKCodable')
cd /Users/admin/builder/spi-builder-workspace/.swiftpm/xcode
SwiftCompile normal arm64_32 Compiling\ WKBEncoder.swift /Users/admin/builder/spi-builder-workspace/Sources/WKCodable/WKBEncoder.swift (in target 'WKCodable' from project 'WKCodable')
SwiftCompile normal arm64_32 /Users/admin/builder/spi-builder-workspace/Sources/WKCodable/WKBEncoder.swift (in target 'WKCodable' from project 'WKCodable')
cd /Users/admin/builder/spi-builder-workspace/.swiftpm/xcode
builtin-SwiftPerFileCompile WKBEncoder.swift
SwiftCompile normal arm64_32 Compiling\ WKBDecoder.swift /Users/admin/builder/spi-builder-workspace/Sources/WKCodable/WKBDecoder.swift (in target 'WKCodable' from project 'WKCodable')
SwiftCompile normal arm64_32 /Users/admin/builder/spi-builder-workspace/Sources/WKCodable/WKBDecoder.swift (in target 'WKCodable' from project 'WKCodable')
cd /Users/admin/builder/spi-builder-workspace/.swiftpm/xcode
builtin-SwiftPerFileCompile WKBDecoder.swift
SwiftCompile normal arm64_32 Compiling\ WKTDecoder.swift /Users/admin/builder/spi-builder-workspace/Sources/WKCodable/WKTDecoder.swift (in target 'WKCodable' from project 'WKCodable')
/Users/admin/builder/spi-builder-workspace/Sources/WKCodable/WKTDecoder.swift:20:5: warning: 'public' modifier is redundant for instance method declared in a public extension
18 | // MARK: - Public
19 |
20 | public func decode<T>(from value: String) throws -> T {
| `- warning: 'public' modifier is redundant for instance method declared in a public extension
21 | scanner = Scanner(string: value)
22 | scanner.charactersToBeSkipped = CharacterSet.whitespaces
/Users/admin/builder/spi-builder-workspace/Sources/WKCodable/WKTDecoder.swift:34:21: warning: 'scanString(_:into:)' was deprecated in watchOS 6.0 [#DeprecatedDeclaration]
32 |
33 | func scanSRID() throws -> UInt {
34 | if !scanner.scanString("SRID=", into: nil) {
| `- warning: 'scanString(_:into:)' was deprecated in watchOS 6.0 [#DeprecatedDeclaration]
35 | throw Error.dataCorrupted
36 | }
/Users/admin/builder/spi-builder-workspace/Sources/WKCodable/WKTDecoder.swift:39:21: warning: 'scanInt32' was deprecated in watchOS 6.0 [#DeprecatedDeclaration]
37 |
38 | var srid: Int32 = 0
39 | if !scanner.scanInt32(&srid) {
| `- warning: 'scanInt32' was deprecated in watchOS 6.0 [#DeprecatedDeclaration]
40 | throw Error.dataCorrupted
41 | }
/Users/admin/builder/spi-builder-workspace/Sources/WKCodable/WKTDecoder.swift:43:21: warning: 'scanString(_:into:)' was deprecated in watchOS 6.0 [#DeprecatedDeclaration]
41 | }
42 |
43 | if !scanner.scanString(";", into: nil) {
| `- warning: 'scanString(_:into:)' was deprecated in watchOS 6.0 [#DeprecatedDeclaration]
44 | throw Error.dataCorrupted
45 | }
/Users/admin/builder/spi-builder-workspace/Sources/WKCodable/WKTDecoder.swift:88:31: warning: 'scanString(_:into:)' was deprecated in watchOS 6.0 [#DeprecatedDeclaration]
86 | } else {
87 | var points: [Point] = []
88 | while scanner.scanString("(", into: nil), let point = scanPoint() {
| `- warning: 'scanString(_:into:)' was deprecated in watchOS 6.0 [#DeprecatedDeclaration]
89 | points.append(point)
90 | if !scanner.scanString(",", into: nil) {
/Users/admin/builder/spi-builder-workspace/Sources/WKCodable/WKTDecoder.swift:90:33: warning: 'scanString(_:into:)' was deprecated in watchOS 6.0 [#DeprecatedDeclaration]
88 | while scanner.scanString("(", into: nil), let point = scanPoint() {
89 | points.append(point)
90 | if !scanner.scanString(",", into: nil) {
| `- warning: 'scanString(_:into:)' was deprecated in watchOS 6.0 [#DeprecatedDeclaration]
91 | break
92 | }
/Users/admin/builder/spi-builder-workspace/Sources/WKCodable/WKTDecoder.swift:123:51: warning: 'scanString(_:into:)' was deprecated in watchOS 6.0 [#DeprecatedDeclaration]
121 | while let geometry = try scanGeometry() {
122 | geometries.append(geometry)
123 | if scanner.isAtEnd || scanner.scanString(")", into: nil) {
| `- warning: 'scanString(_:into:)' was deprecated in watchOS 6.0 [#DeprecatedDeclaration]
124 | break
125 | }
/Users/admin/builder/spi-builder-workspace/Sources/WKCodable/WKTDecoder.swift:139:61: error: cannot convert value of type 'String?' to expected argument type 'NSString?'
137 | #endif
138 | let boundarySet = CharacterSet.whitespaces.union(CharacterSet(charactersIn: "("))
139 | scanner.scanUpToCharacters(from: boundarySet, into: &rawType)
| |- error: cannot convert value of type 'String?' to expected argument type 'NSString?'
| `- note: arguments to generic parameter 'Wrapped' ('String' and 'NSString') are expected to be equal
140 |
141 | guard let type = WKTTypeCode(rawValue: String(rawType!)) else {
/Users/admin/builder/spi-builder-workspace/Sources/WKCodable/WKTDecoder.swift:149:36: warning: 'scanLocation' was deprecated in watchOS 6.0 [#DeprecatedDeclaration]
147 |
148 | func scanEmpty() -> Bool {
149 | let scanLocation = scanner.scanLocation
| `- warning: 'scanLocation' was deprecated in watchOS 6.0 [#DeprecatedDeclaration]
150 | if scanner.scanString("EMPTY", into: nil) {
151 | return true
/Users/admin/builder/spi-builder-workspace/Sources/WKCodable/WKTDecoder.swift:150:20: warning: 'scanString(_:into:)' was deprecated in watchOS 6.0 [#DeprecatedDeclaration]
148 | func scanEmpty() -> Bool {
149 | let scanLocation = scanner.scanLocation
150 | if scanner.scanString("EMPTY", into: nil) {
| `- warning: 'scanString(_:into:)' was deprecated in watchOS 6.0 [#DeprecatedDeclaration]
151 | return true
152 | }
/Users/admin/builder/spi-builder-workspace/Sources/WKCodable/WKTDecoder.swift:153:17: warning: 'scanLocation' was deprecated in watchOS 6.0 [#DeprecatedDeclaration]
151 | return true
152 | }
153 | scanner.scanLocation = scanLocation
| `- warning: 'scanLocation' was deprecated in watchOS 6.0 [#DeprecatedDeclaration]
154 | if !scanner.scanString("(", into: nil) {
155 | scanner.scanLocation = scanLocation
/Users/admin/builder/spi-builder-workspace/Sources/WKCodable/WKTDecoder.swift:154:21: warning: 'scanString(_:into:)' was deprecated in watchOS 6.0 [#DeprecatedDeclaration]
152 | }
153 | scanner.scanLocation = scanLocation
154 | if !scanner.scanString("(", into: nil) {
| `- warning: 'scanString(_:into:)' was deprecated in watchOS 6.0 [#DeprecatedDeclaration]
155 | scanner.scanLocation = scanLocation
156 | }
/Users/admin/builder/spi-builder-workspace/Sources/WKCodable/WKTDecoder.swift:155:21: warning: 'scanLocation' was deprecated in watchOS 6.0 [#DeprecatedDeclaration]
153 | scanner.scanLocation = scanLocation
154 | if !scanner.scanString("(", into: nil) {
155 | scanner.scanLocation = scanLocation
| `- warning: 'scanLocation' was deprecated in watchOS 6.0 [#DeprecatedDeclaration]
156 | }
157 | return false
/Users/admin/builder/spi-builder-workspace/Sources/WKCodable/WKTDecoder.swift:164:24: warning: 'scanString(_:into:)' was deprecated in watchOS 6.0 [#DeprecatedDeclaration]
162 | var number: Double = 0.0
163 |
164 | while !scanner.scanString(")", into: nil)
| `- warning: 'scanString(_:into:)' was deprecated in watchOS 6.0 [#DeprecatedDeclaration]
165 | && !scanner.scanString(",", into: nil)
166 | && scanner.scanDouble(&number) {
/Users/admin/builder/spi-builder-workspace/Sources/WKCodable/WKTDecoder.swift:165:25: warning: 'scanString(_:into:)' was deprecated in watchOS 6.0 [#DeprecatedDeclaration]
163 |
164 | while !scanner.scanString(")", into: nil)
165 | && !scanner.scanString(",", into: nil)
| `- warning: 'scanString(_:into:)' was deprecated in watchOS 6.0 [#DeprecatedDeclaration]
166 | && scanner.scanDouble(&number) {
167 | vector.append(number)
/Users/admin/builder/spi-builder-workspace/Sources/WKCodable/WKTDecoder.swift:166:24: warning: 'scanDouble' was deprecated in watchOS 6.0 [#DeprecatedDeclaration]
164 | while !scanner.scanString(")", into: nil)
165 | && !scanner.scanString(",", into: nil)
166 | && scanner.scanDouble(&number) {
| `- warning: 'scanDouble' was deprecated in watchOS 6.0 [#DeprecatedDeclaration]
167 | vector.append(number)
168 | }
/Users/admin/builder/spi-builder-workspace/Sources/WKCodable/WKTDecoder.swift:180:17: warning: 'scanString(_:into:)' was deprecated in watchOS 6.0 [#DeprecatedDeclaration]
178 | var points: [Point] = []
179 |
180 | scanner.scanString("(", into: nil)
| `- warning: 'scanString(_:into:)' was deprecated in watchOS 6.0 [#DeprecatedDeclaration]
181 | while let point = scanPoint() {
182 | points.append(point)
/Users/admin/builder/spi-builder-workspace/Sources/WKCodable/WKTDecoder.swift:195:17: warning: 'scanString(_:into:)' was deprecated in watchOS 6.0 [#DeprecatedDeclaration]
193 | var lineStrings: [LineString] = []
194 |
195 | scanner.scanString("(", into: nil)
| `- warning: 'scanString(_:into:)' was deprecated in watchOS 6.0 [#DeprecatedDeclaration]
196 | while let lineString = scanLineString() {
197 | lineStrings.append(lineString)
[#DeprecatedDeclaration]: <https://docs.swift.org/compiler/documentation/diagnostics/deprecated-declaration>
Failed frontend command:
/Applications/Xcode-27.0.0-Release.Candidate.app/Contents/Developer/Toolchains/XcodeDefault.xctoolchain/usr/bin/swift-frontend -frontend -c /Users/admin/builder/spi-builder-workspace/Sources/WKCodable/Types.swift /Users/admin/builder/spi-builder-workspace/Sources/WKCodable/WKBDecoder.swift /Users/admin/builder/spi-builder-workspace/Sources/WKCodable/WKBEncoder.swift -primary-file /Users/admin/builder/spi-builder-workspace/Sources/WKCodable/WKTDecoder.swift /Users/admin/builder/spi-builder-workspace/Sources/WKCodable/WKTEncoder.swift -emit-dependencies-path /Users/admin/builder/spi-builder-workspace/.derivedData/Build/Intermediates.noindex/WKCodable.build/Debug-watchos/WKCodable-t.build/Objects-normal/arm64_32/WKTDecoder.d -emit-const-values-path /Users/admin/builder/spi-builder-workspace/.derivedData/Build/Intermediates.noindex/WKCodable.build/Debug-watchos/WKCodable-t.build/Objects-normal/arm64_32/WKTDecoder.swiftconstvalues -emit-reference-dependencies-path /Users/admin/builder/spi-builder-workspace/.derivedData/Build/Intermediates.noindex/WKCodable.build/Debug-watchos/WKCodable-t.build/Objects-normal/arm64_32/WKTDecoder.swiftdeps -serialize-diagnostics-path /Users/admin/builder/spi-builder-workspace/.derivedData/Build/Intermediates.noindex/WKCodable.build/Debug-watchos/WKCodable-t.build/Objects-normal/arm64_32/WKTDecoder.dia -target arm64_32-apple-watchos9.0 -enable-objc-interop -sdk /Applications/Xcode-27.0.0-Release.Candidate.app/Contents/Developer/Platforms/WatchOS.platform/Developer/SDKs/WatchOS27.0.sdk -I /Users/admin/builder/spi-builder-workspace/.derivedData/Build/Products/Debug-watchos -Isystem /Applications/Xcode-27.0.0-Release.Candidate.app/Contents/Developer/Platforms/WatchOS.platform/Developer/usr/lib -F /Users/admin/builder/spi-builder-workspace/.derivedData/Build/Products/Debug-watchos -F /Applications/Xcode-27.0.0-Release.Candidate.app/Contents/Developer/Platforms/WatchOS.platform/Developer/Library/Frameworks -F /Applications/Xcode-27.0.0-Release.Candidate.app/Contents/Developer/Platforms/WatchOS.platform/Developer/SDKs/WatchOS27.0.sdk/Developer/Library/Frameworks -module-cache-path /Users/admin/builder/spi-builder-workspace/.derivedData/ModuleCache.noindex -no-color-diagnostics -Xcc -fno-color-diagnostics -enable-testing -g -debug-info-format\=dwarf -dwarf-version\=4 -profile-generate -profile-coverage-mapping -swift-version 4 -Onone -D SWIFT_PACKAGE -D DEBUG -D SWIFT_MODULE_RESOURCE_BUNDLE_UNAVAILABLE -D Xcode -serialize-debugging-options -enable-experimental-feature DebugDescriptionMacro -empty-abi-descriptor -plugin-path /Applications/Xcode-27.0.0-Release.Candidate.app/Contents/Developer/Toolchains/XcodeDefault.xctoolchain/usr/lib/swift/host/plugins/testing -validate-clang-modules-once -clang-build-session-file /Users/admin/builder/spi-builder-workspace/.derivedData/ModuleCache.noindex/Session.modulevalidation -Xcc -working-directory -Xcc /Users/admin/builder/spi-builder-workspace/.swiftpm/xcode -enable-anonymous-context-mangled-names -file-compilation-dir /Users/admin/builder/spi-builder-workspace/.swiftpm/xcode -Xcc -D_LIBCPP_HARDENING_MODE\=_LIBCPP_HARDENING_MODE_DEBUG -Xcc -ivfsstatcache -Xcc /Users/admin/builder/spi-builder-workspace/.derivedData/SDKStatCaches.noindex/watchos27.0-24R360-e829b21a6f8c9b70876ba0858053c04477534ef55a1706bf4c1112bbb242f0a2.sdkstatcache -Xcc -fmodules-prune-interval\=86400 -Xcc -fmodules-prune-after\=345600 -Xcc -I/Users/admin/builder/spi-builder-workspace/.derivedData/Build/Products/Debug-watchos/include -Xcc -I/Users/admin/builder/spi-builder-workspace/.derivedData/Build/Intermediates.noindex/WKCodable.build/Debug-watchos/WKCodable-t.build/DerivedSources-normal/arm64_32 -Xcc -I/Users/admin/builder/spi-builder-workspace/.derivedData/Build/Intermediates.noindex/WKCodable.build/Debug-watchos/WKCodable-t.build/DerivedSources/arm64_32 -Xcc -I/Users/admin/builder/spi-builder-workspace/.derivedData/Build/Intermediates.noindex/WKCodable.build/Debug-watchos/WKCodable-t.build/DerivedSources -Xcc -DSWIFT_PACKAGE -Xcc -DDEBUG\=1 -no-auto-bridging-header-chaining -module-name WKCodable -const-gather-protocols-file /Users/admin/builder/spi-builder-workspace/.derivedData/Build/Intermediates.noindex/WKCodable.build/Debug-watchos/WKCodable-t.build/Objects-normal/arm64_32/WKCodable_const_extract_protocols.json -disable-clang-spi -target-sdk-version 27.0 -target-sdk-name watchos27.0 -external-plugin-path /Applications/Xcode-27.0.0-Release.Candidate.app/Contents/Developer/Platforms/WatchOS.platform/Developer/usr/lib/swift/host/plugins\#/Applications/Xcode-27.0.0-Release.Candidate.app/Contents/Developer/Platforms/WatchOS.platform/Developer/usr/bin/swift-plugin-server -external-plugin-path /Applications/Xcode-27.0.0-Release.Candidate.app/Contents/Developer/Platforms/WatchOS.platform/Developer/usr/local/lib/swift/host/plugins\#/Applications/Xcode-27.0.0-Release.Candidate.app/Contents/Developer/Platforms/WatchOS.platform/Developer/usr/bin/swift-plugin-server -in-process-plugin-server-path /Applications/Xcode-27.0.0-Release.Candidate.app/Contents/Developer/Toolchains/XcodeDefault.xctoolchain/usr/lib/swift/host/libSwiftInProcPluginServer.dylib -plugin-path /Applications/Xcode-27.0.0-Release.Candidate.app/Contents/Developer/Toolchains/XcodeDefault.xctoolchain/usr/lib/swift/host/plugins -plugin-path /Applications/Xcode-27.0.0-Release.Candidate.app/Contents/Developer/Toolchains/XcodeDefault.xctoolchain/usr/local/lib/swift/host/plugins -parse-as-library -o /Users/admin/builder/spi-builder-workspace/.derivedData/Build/Intermediates.noindex/WKCodable.build/Debug-watchos/WKCodable-t.build/Objects-normal/arm64_32/WKTDecoder.o -index-unit-output-path /WKCodable.build/Debug-watchos/WKCodable-t.build/Objects-normal/arm64_32/WKTDecoder.o -index-store-path /Users/admin/builder/spi-builder-workspace/.derivedData/Index.noindex/DataStore -index-system-modules
SwiftCompile normal arm64_32 /Users/admin/builder/spi-builder-workspace/Sources/WKCodable/WKTDecoder.swift (in target 'WKCodable' from project 'WKCodable')
cd /Users/admin/builder/spi-builder-workspace/.swiftpm/xcode
builtin-SwiftPerFileCompile WKTDecoder.swift
SwiftCompile normal arm64 Compiling\ WKBEncoder.swift /Users/admin/builder/spi-builder-workspace/Sources/WKCodable/WKBEncoder.swift (in target 'WKCodable' from project 'WKCodable')
SwiftCompile normal arm64 /Users/admin/builder/spi-builder-workspace/Sources/WKCodable/WKBEncoder.swift (in target 'WKCodable' from project 'WKCodable')
cd /Users/admin/builder/spi-builder-workspace/.swiftpm/xcode
builtin-SwiftPerFileCompile WKBEncoder.swift
SwiftCompile normal arm64 Compiling\ WKTEncoder.swift /Users/admin/builder/spi-builder-workspace/Sources/WKCodable/WKTEncoder.swift (in target 'WKCodable' from project 'WKCodable')
SwiftCompile normal arm64 /Users/admin/builder/spi-builder-workspace/Sources/WKCodable/WKTEncoder.swift (in target 'WKCodable' from project 'WKCodable')
cd /Users/admin/builder/spi-builder-workspace/.swiftpm/xcode
builtin-SwiftPerFileCompile WKTEncoder.swift
SwiftCompile normal arm64 Compiling\ Types.swift /Users/admin/builder/spi-builder-workspace/Sources/WKCodable/Types.swift (in target 'WKCodable' from project 'WKCodable')
SwiftCompile normal arm64 /Users/admin/builder/spi-builder-workspace/Sources/WKCodable/Types.swift (in target 'WKCodable' from project 'WKCodable')
cd /Users/admin/builder/spi-builder-workspace/.swiftpm/xcode
builtin-SwiftPerFileCompile Types.swift
SwiftCompile normal arm64 Compiling\ WKBDecoder.swift /Users/admin/builder/spi-builder-workspace/Sources/WKCodable/WKBDecoder.swift (in target 'WKCodable' from project 'WKCodable')
SwiftCompile normal arm64 /Users/admin/builder/spi-builder-workspace/Sources/WKCodable/WKBDecoder.swift (in target 'WKCodable' from project 'WKCodable')
cd /Users/admin/builder/spi-builder-workspace/.swiftpm/xcode
builtin-SwiftPerFileCompile WKBDecoder.swift
SwiftEmitModule normal arm64 Emitting\ module\ for\ WKCodable (in target 'WKCodable' from project 'WKCodable')
SwiftCompile normal arm64 (in target 'WKCodable' from project 'WKCodable')
cd /Users/admin/builder/spi-builder-workspace/.swiftpm/xcode
PruneExplicitPrecompiledModules /Users/admin/builder/spi-builder-workspace/.derivedData/Build/Intermediates.noindex/ExplicitPrecompiledModules
PruneExplicitPrecompiledModules /Users/admin/builder/spi-builder-workspace/.derivedData/Build/Intermediates.noindex/SwiftExplicitPrecompiledModules
PruneExplicitPrecompiledModules /Users/admin/builder/spi-builder-workspace/.derivedData/SDKExplicitPrecompiledModules
2026-09-16 22:18:16.071 xcodebuild[684:4476] [MT] IDERunDestination: Supported platforms for the buildables in the current scheme is empty.
** BUILD FAILED **
The following build commands failed:
SwiftCompile normal arm64_32 Compiling\ WKTDecoder.swift /Users/admin/builder/spi-builder-workspace/Sources/WKCodable/WKTDecoder.swift (in target 'WKCodable' from project 'WKCodable')
SwiftCompile normal arm64_32 /Users/admin/builder/spi-builder-workspace/Sources/WKCodable/WKTDecoder.swift (in target 'WKCodable' from project 'WKCodable')
Building workspace WKCodable with scheme WKCodable
(3 failures)
BUILD FAILURE 6.4 watchOS