The Swift Package Index logo.Swift Package Index

Build Information

Failed to build telnyx-webrtc-ios, reference main (74ff9e), with Swift 6.1 for Android on 9 Oct 2026 03:51:24 UTC.

Build Command

bash -c docker run --pull=always --rm -v "checkouts-53886768-1":/host -w "$PWD" -e JAVA_HOME="/root/.sdkman/candidates/java/current" -e SPI_BUILD="1" -e SPI_PROCESSING="1" registry.gitlab.com/saguaro1/spi-images:android-6.1-latest swift build --swift-sdk aarch64-unknown-linux-android24 2>&1

Build Log

========================================
RunAll
========================================
Builder version: 5.1.1
Interrupt handler set up.
========================================
Checkout
========================================
Clone URL: https://github.com/team-telnyx/telnyx-webrtc-ios.git
Reference: main
Initialized empty Git repository in /host/spi-builder-workspace/.git/
hint: Using 'master' as the name for the initial branch. This default branch name
hint: is subject to change. To configure the initial branch name to use in all
hint: of your new repositories, which will suppress this warning, call:
hint:
hint: 	git config --global init.defaultBranch <name>
hint:
hint: Names commonly chosen instead of 'master' are 'main', 'trunk' and
hint: 'development'. The just-created branch can be renamed via this command:
hint:
hint: 	git branch -m <name>
From https://github.com/team-telnyx/telnyx-webrtc-ios
 * branch            main       -> FETCH_HEAD
 * [new branch]      main       -> origin/main
HEAD is now at 74ff9e3 Merge pull request #410 from team-telnyx/fix/SEC-278-gate-credentialed-tests
Cloned https://github.com/team-telnyx/telnyx-webrtc-ios.git
Revision (git rev-parse @):
74ff9e3b028eb85571e0a48cf2edbc8e4b48e17b
SUCCESS checkout https://github.com/team-telnyx/telnyx-webrtc-ios.git at main
========================================
Build
========================================
Selected platform:         android
Swift version:             6.1
Building package at path:  $PWD
https://github.com/team-telnyx/telnyx-webrtc-ios.git
https://github.com/team-telnyx/telnyx-webrtc-ios.git
WARNING: environment variable SUPPRESS_SWIFT_6_FLAGS is not set
Running build ...
bash -c docker run --pull=always --rm -v "checkouts-53886768-1":/host -w "$PWD" -e JAVA_HOME="/root/.sdkman/candidates/java/current" -e SPI_BUILD="1" -e SPI_PROCESSING="1" registry.gitlab.com/saguaro1/spi-images:android-6.1-latest swift build --swift-sdk aarch64-unknown-linux-android24 -Xswiftc -Xfrontend -Xswiftc -stats-output-dir -Xswiftc -Xfrontend -Xswiftc .stats -Xswiftc -strict-concurrency=complete -Xswiftc -enable-upcoming-feature -Xswiftc StrictConcurrency -Xswiftc -enable-upcoming-feature -Xswiftc DisableOutwardActorInference -Xswiftc -enable-upcoming-feature -Xswiftc GlobalActorIsolatedTypesUsability -Xswiftc -enable-upcoming-feature -Xswiftc InferSendableFromCaptures 2>&1
android-6.1-latest: Pulling from saguaro1/spi-images
Digest: sha256:396310cef4466ceb116ed5462b0b92d4deb353c0dad749b406b7fd226f6db9af
Status: Image is up to date for registry.gitlab.com/saguaro1/spi-images:android-6.1-latest
Fetching https://github.com/daltoniam/Starscream.git
Fetching https://github.com/stasel/WebRTC.git
[1/1192] Fetching webrtc
[1193/6420] Fetching webrtc, starscream
Fetched https://github.com/stasel/WebRTC.git from cache (0.58s)
Fetched https://github.com/daltoniam/Starscream.git from cache (0.59s)
Computing version for https://github.com/stasel/WebRTC.git
Computed https://github.com/stasel/WebRTC.git at 150.0.0 (0.86s)
Computing version for https://github.com/daltoniam/Starscream.git
Computed https://github.com/daltoniam/Starscream.git at 4.0.8 (0.26s)
Creating working copy for https://github.com/daltoniam/Starscream.git
Working copy of https://github.com/daltoniam/Starscream.git resolved at 4.0.8
Creating working copy for https://github.com/stasel/WebRTC.git
Working copy of https://github.com/stasel/WebRTC.git resolved at 150.0.0
Downloading binary artifact https://github.com/stasel/WebRTC/releases/download/150.0.0/WebRTC-M150.xcframework.zip
[16375/44274643] Downloading https://github.com/stasel/WebRTC/releases/download/150.0.0/WebRTC-M150.xcframework.zip
Downloaded https://github.com/stasel/WebRTC/releases/download/150.0.0/WebRTC-M150.xcframework.zip (2.25s)
warning: 'spi-builder-workspace': found 1 file(s) which are unhandled; explicitly declare them as resources or exclude from the target
    /host/spi-builder-workspace/TelnyxRTC/Info.plist
warning: 'starscream': found 1 file(s) which are unhandled; explicitly declare them as resources or exclude from the target
    /host/spi-builder-workspace/.build/checkouts/Starscream/Sources/Info.plist
Building for debugging...
[0/5] Write sources
[0/5] Copying PrivacyInfo.xcprivacy
[1/5] Write sources
[4/5] Write swift-version-24593BA9C3E375BF.txt
error: emit-module command failed with exit code 1 (use -v to see invocation)
[6/25] Emitting module Starscream
/host/spi-builder-workspace/.build/checkouts/Starscream/Sources/Security/FoundationSecurity.swift:24:8: error: no such module 'CommonCrypto'
 22 |
 23 | import Foundation
 24 | import CommonCrypto
    |        `- error: no such module 'CommonCrypto'
 25 |
 26 | public enum FoundationSecurityError: Error {
[7/27] Compiling Starscream WebSocketServer.swift
/host/spi-builder-workspace/.build/checkouts/Starscream/Sources/Security/FoundationSecurity.swift:24:8: error: no such module 'CommonCrypto'
 22 |
 23 | import Foundation
 24 | import CommonCrypto
    |        `- error: no such module 'CommonCrypto'
 25 |
 26 | public enum FoundationSecurityError: Error {
[8/27] Compiling Starscream WebSocket.swift
/host/spi-builder-workspace/.build/checkouts/Starscream/Sources/Security/FoundationSecurity.swift:24:8: error: no such module 'CommonCrypto'
 22 |
 23 | import Foundation
 24 | import CommonCrypto
    |        `- error: no such module 'CommonCrypto'
 25 |
 26 | public enum FoundationSecurityError: Error {
[9/27] Compiling Starscream FoundationSecurity.swift
/host/spi-builder-workspace/.build/checkouts/Starscream/Sources/Security/FoundationSecurity.swift:24:8: error: no such module 'CommonCrypto'
 22 |
 23 | import Foundation
 24 | import CommonCrypto
    |        `- error: no such module 'CommonCrypto'
 25 |
 26 | public enum FoundationSecurityError: Error {
[10/27] Compiling Starscream Security.swift
/host/spi-builder-workspace/.build/checkouts/Starscream/Sources/Security/FoundationSecurity.swift:24:8: error: no such module 'CommonCrypto'
 22 |
 23 | import Foundation
 24 | import CommonCrypto
    |        `- error: no such module 'CommonCrypto'
 25 |
 26 | public enum FoundationSecurityError: Error {
[11/27] Compiling Starscream Server.swift
/host/spi-builder-workspace/.build/checkouts/Starscream/Sources/Security/FoundationSecurity.swift:24:8: error: no such module 'CommonCrypto'
 22 |
 23 | import Foundation
 24 | import CommonCrypto
    |        `- error: no such module 'CommonCrypto'
 25 |
 26 | public enum FoundationSecurityError: Error {
[12/27] Compiling Starscream FoundationTransport.swift
/host/spi-builder-workspace/.build/checkouts/Starscream/Sources/Security/FoundationSecurity.swift:24:8: error: no such module 'CommonCrypto'
 22 |
 23 | import Foundation
 24 | import CommonCrypto
    |        `- error: no such module 'CommonCrypto'
 25 |
 26 | public enum FoundationSecurityError: Error {
[13/27] Compiling Starscream TCPTransport.swift
/host/spi-builder-workspace/.build/checkouts/Starscream/Sources/Security/FoundationSecurity.swift:24:8: error: no such module 'CommonCrypto'
 22 |
 23 | import Foundation
 24 | import CommonCrypto
    |        `- error: no such module 'CommonCrypto'
 25 |
 26 | public enum FoundationSecurityError: Error {
[14/27] Compiling Starscream Transport.swift
/host/spi-builder-workspace/.build/checkouts/Starscream/Sources/Security/FoundationSecurity.swift:24:8: error: no such module 'CommonCrypto'
 22 |
 23 | import Foundation
 24 | import CommonCrypto
    |        `- error: no such module 'CommonCrypto'
 25 |
 26 | public enum FoundationSecurityError: Error {
[15/27] Compiling Starscream resource_bundle_accessor.swift
/host/spi-builder-workspace/.build/checkouts/Starscream/Sources/Security/FoundationSecurity.swift:24:8: error: no such module 'CommonCrypto'
 22 |
 23 | import Foundation
 24 | import CommonCrypto
    |        `- error: no such module 'CommonCrypto'
 25 |
 26 | public enum FoundationSecurityError: Error {
[16/27] Compiling Starscream Framer.swift
/host/spi-builder-workspace/.build/checkouts/Starscream/Sources/Security/FoundationSecurity.swift:24:8: error: no such module 'CommonCrypto'
 22 |
 23 | import Foundation
 24 | import CommonCrypto
    |        `- error: no such module 'CommonCrypto'
 25 |
 26 | public enum FoundationSecurityError: Error {
[17/27] Compiling Starscream HTTPHandler.swift
/host/spi-builder-workspace/.build/checkouts/Starscream/Sources/Security/FoundationSecurity.swift:24:8: error: no such module 'CommonCrypto'
 22 |
 23 | import Foundation
 24 | import CommonCrypto
    |        `- error: no such module 'CommonCrypto'
 25 |
 26 | public enum FoundationSecurityError: Error {
[18/27] Compiling Starscream StringHTTPHandler.swift
/host/spi-builder-workspace/.build/checkouts/Starscream/Sources/Security/FoundationSecurity.swift:24:8: error: no such module 'CommonCrypto'
 22 |
 23 | import Foundation
 24 | import CommonCrypto
    |        `- error: no such module 'CommonCrypto'
 25 |
 26 | public enum FoundationSecurityError: Error {
[19/27] Compiling Starscream FoundationHTTPHandler.swift
/host/spi-builder-workspace/.build/checkouts/Starscream/Sources/Security/FoundationSecurity.swift:24:8: error: no such module 'CommonCrypto'
 22 |
 23 | import Foundation
 24 | import CommonCrypto
    |        `- error: no such module 'CommonCrypto'
 25 |
 26 | public enum FoundationSecurityError: Error {
[20/27] Compiling Starscream FoundationHTTPServerHandler.swift
/host/spi-builder-workspace/.build/checkouts/Starscream/Sources/Security/FoundationSecurity.swift:24:8: error: no such module 'CommonCrypto'
 22 |
 23 | import Foundation
 24 | import CommonCrypto
    |        `- error: no such module 'CommonCrypto'
 25 |
 26 | public enum FoundationSecurityError: Error {
[21/27] Compiling Starscream FrameCollector.swift
/host/spi-builder-workspace/.build/checkouts/Starscream/Sources/Security/FoundationSecurity.swift:24:8: error: no such module 'CommonCrypto'
 22 |
 23 | import Foundation
 24 | import CommonCrypto
    |        `- error: no such module 'CommonCrypto'
 25 |
 26 | public enum FoundationSecurityError: Error {
[22/27] Compiling Starscream Engine.swift
/host/spi-builder-workspace/.build/checkouts/Starscream/Sources/Security/FoundationSecurity.swift:24:8: error: no such module 'CommonCrypto'
 22 |
 23 | import Foundation
 24 | import CommonCrypto
    |        `- error: no such module 'CommonCrypto'
 25 |
 26 | public enum FoundationSecurityError: Error {
[23/27] Compiling Starscream NativeEngine.swift
/host/spi-builder-workspace/.build/checkouts/Starscream/Sources/Security/FoundationSecurity.swift:24:8: error: no such module 'CommonCrypto'
 22 |
 23 | import Foundation
 24 | import CommonCrypto
    |        `- error: no such module 'CommonCrypto'
 25 |
 26 | public enum FoundationSecurityError: Error {
[24/27] Compiling Starscream WSEngine.swift
/host/spi-builder-workspace/.build/checkouts/Starscream/Sources/Security/FoundationSecurity.swift:24:8: error: no such module 'CommonCrypto'
 22 |
 23 | import Foundation
 24 | import CommonCrypto
    |        `- error: no such module 'CommonCrypto'
 25 |
 26 | public enum FoundationSecurityError: Error {
[25/27] Compiling Starscream Compression.swift
/host/spi-builder-workspace/.build/checkouts/Starscream/Sources/Security/FoundationSecurity.swift:24:8: error: no such module 'CommonCrypto'
 22 |
 23 | import Foundation
 24 | import CommonCrypto
    |        `- error: no such module 'CommonCrypto'
 25 |
 26 | public enum FoundationSecurityError: Error {
[26/27] Compiling Starscream WSCompression.swift
/host/spi-builder-workspace/.build/checkouts/Starscream/Sources/Security/FoundationSecurity.swift:24:8: error: no such module 'CommonCrypto'
 22 |
 23 | import Foundation
 24 | import CommonCrypto
    |        `- error: no such module 'CommonCrypto'
 25 |
 26 | public enum FoundationSecurityError: Error {
[27/27] Compiling Starscream Data+Extensions.swift
/host/spi-builder-workspace/.build/checkouts/Starscream/Sources/Security/FoundationSecurity.swift:24:8: error: no such module 'CommonCrypto'
 22 |
 23 | import Foundation
 24 | import CommonCrypto
    |        `- error: no such module 'CommonCrypto'
 25 |
 26 | public enum FoundationSecurityError: Error {
Running build ...
bash -c docker run --pull=always --rm -v "checkouts-53886768-1":/host -w "$PWD" -e JAVA_HOME="/root/.sdkman/candidates/java/current" -e SPI_BUILD="1" -e SPI_PROCESSING="1" registry.gitlab.com/saguaro1/spi-images:android-6.1-latest swift build --swift-sdk aarch64-unknown-linux-android24 2>&1
android-6.1-latest: Pulling from saguaro1/spi-images
Digest: sha256:396310cef4466ceb116ed5462b0b92d4deb353c0dad749b406b7fd226f6db9af
Status: Image is up to date for registry.gitlab.com/saguaro1/spi-images:android-6.1-latest
warning: 'spi-builder-workspace': found 1 file(s) which are unhandled; explicitly declare them as resources or exclude from the target
    /host/spi-builder-workspace/TelnyxRTC/Info.plist
warning: 'starscream': found 1 file(s) which are unhandled; explicitly declare them as resources or exclude from the target
    /host/spi-builder-workspace/.build/checkouts/Starscream/Sources/Info.plist
[0/1] Planning build
Building for debugging...
[0/1] Write swift-version-24593BA9C3E375BF.txt
error: emit-module command failed with exit code 1 (use -v to see invocation)
[2/21] Emitting module Starscream
/host/spi-builder-workspace/.build/checkouts/Starscream/Sources/Security/FoundationSecurity.swift:24:8: error: no such module 'CommonCrypto'
 22 |
 23 | import Foundation
 24 | import CommonCrypto
    |        `- error: no such module 'CommonCrypto'
 25 |
 26 | public enum FoundationSecurityError: Error {
[3/23] Compiling Starscream FoundationSecurity.swift
/host/spi-builder-workspace/.build/checkouts/Starscream/Sources/Security/FoundationSecurity.swift:24:8: error: no such module 'CommonCrypto'
 22 |
 23 | import Foundation
 24 | import CommonCrypto
    |        `- error: no such module 'CommonCrypto'
 25 |
 26 | public enum FoundationSecurityError: Error {
[4/23] Compiling Starscream Security.swift
/host/spi-builder-workspace/.build/checkouts/Starscream/Sources/Security/FoundationSecurity.swift:24:8: error: no such module 'CommonCrypto'
 22 |
 23 | import Foundation
 24 | import CommonCrypto
    |        `- error: no such module 'CommonCrypto'
 25 |
 26 | public enum FoundationSecurityError: Error {
[5/23] Compiling Starscream Server.swift
/host/spi-builder-workspace/.build/checkouts/Starscream/Sources/Security/FoundationSecurity.swift:24:8: error: no such module 'CommonCrypto'
 22 |
 23 | import Foundation
 24 | import CommonCrypto
    |        `- error: no such module 'CommonCrypto'
 25 |
 26 | public enum FoundationSecurityError: Error {
[6/23] Compiling Starscream Compression.swift
/host/spi-builder-workspace/.build/checkouts/Starscream/Sources/Security/FoundationSecurity.swift:24:8: error: no such module 'CommonCrypto'
 22 |
 23 | import Foundation
 24 | import CommonCrypto
    |        `- error: no such module 'CommonCrypto'
 25 |
 26 | public enum FoundationSecurityError: Error {
[7/23] Compiling Starscream WSCompression.swift
/host/spi-builder-workspace/.build/checkouts/Starscream/Sources/Security/FoundationSecurity.swift:24:8: error: no such module 'CommonCrypto'
 22 |
 23 | import Foundation
 24 | import CommonCrypto
    |        `- error: no such module 'CommonCrypto'
 25 |
 26 | public enum FoundationSecurityError: Error {
[8/23] Compiling Starscream Data+Extensions.swift
/host/spi-builder-workspace/.build/checkouts/Starscream/Sources/Security/FoundationSecurity.swift:24:8: error: no such module 'CommonCrypto'
 22 |
 23 | import Foundation
 24 | import CommonCrypto
    |        `- error: no such module 'CommonCrypto'
 25 |
 26 | public enum FoundationSecurityError: Error {
[9/23] Compiling Starscream FoundationTransport.swift
/host/spi-builder-workspace/.build/checkouts/Starscream/Sources/Security/FoundationSecurity.swift:24:8: error: no such module 'CommonCrypto'
 22 |
 23 | import Foundation
 24 | import CommonCrypto
    |        `- error: no such module 'CommonCrypto'
 25 |
 26 | public enum FoundationSecurityError: Error {
[10/23] Compiling Starscream TCPTransport.swift
/host/spi-builder-workspace/.build/checkouts/Starscream/Sources/Security/FoundationSecurity.swift:24:8: error: no such module 'CommonCrypto'
 22 |
 23 | import Foundation
 24 | import CommonCrypto
    |        `- error: no such module 'CommonCrypto'
 25 |
 26 | public enum FoundationSecurityError: Error {
[11/23] Compiling Starscream Transport.swift
/host/spi-builder-workspace/.build/checkouts/Starscream/Sources/Security/FoundationSecurity.swift:24:8: error: no such module 'CommonCrypto'
 22 |
 23 | import Foundation
 24 | import CommonCrypto
    |        `- error: no such module 'CommonCrypto'
 25 |
 26 | public enum FoundationSecurityError: Error {
[12/23] Compiling Starscream resource_bundle_accessor.swift
/host/spi-builder-workspace/.build/checkouts/Starscream/Sources/Security/FoundationSecurity.swift:24:8: error: no such module 'CommonCrypto'
 22 |
 23 | import Foundation
 24 | import CommonCrypto
    |        `- error: no such module 'CommonCrypto'
 25 |
 26 | public enum FoundationSecurityError: Error {
[13/23] Compiling Starscream WebSocketServer.swift
/host/spi-builder-workspace/.build/checkouts/Starscream/Sources/Security/FoundationSecurity.swift:24:8: error: no such module 'CommonCrypto'
 22 |
 23 | import Foundation
 24 | import CommonCrypto
    |        `- error: no such module 'CommonCrypto'
 25 |
 26 | public enum FoundationSecurityError: Error {
[14/23] Compiling Starscream WebSocket.swift
/host/spi-builder-workspace/.build/checkouts/Starscream/Sources/Security/FoundationSecurity.swift:24:8: error: no such module 'CommonCrypto'
 22 |
 23 | import Foundation
 24 | import CommonCrypto
    |        `- error: no such module 'CommonCrypto'
 25 |
 26 | public enum FoundationSecurityError: Error {
[15/23] Compiling Starscream FoundationHTTPHandler.swift
/host/spi-builder-workspace/.build/checkouts/Starscream/Sources/Security/FoundationSecurity.swift:24:8: error: no such module 'CommonCrypto'
 22 |
 23 | import Foundation
 24 | import CommonCrypto
    |        `- error: no such module 'CommonCrypto'
 25 |
 26 | public enum FoundationSecurityError: Error {
[16/23] Compiling Starscream FoundationHTTPServerHandler.swift
/host/spi-builder-workspace/.build/checkouts/Starscream/Sources/Security/FoundationSecurity.swift:24:8: error: no such module 'CommonCrypto'
 22 |
 23 | import Foundation
 24 | import CommonCrypto
    |        `- error: no such module 'CommonCrypto'
 25 |
 26 | public enum FoundationSecurityError: Error {
[17/23] Compiling Starscream FrameCollector.swift
/host/spi-builder-workspace/.build/checkouts/Starscream/Sources/Security/FoundationSecurity.swift:24:8: error: no such module 'CommonCrypto'
 22 |
 23 | import Foundation
 24 | import CommonCrypto
    |        `- error: no such module 'CommonCrypto'
 25 |
 26 | public enum FoundationSecurityError: Error {
[18/23] Compiling Starscream Framer.swift
/host/spi-builder-workspace/.build/checkouts/Starscream/Sources/Security/FoundationSecurity.swift:24:8: error: no such module 'CommonCrypto'
 22 |
 23 | import Foundation
 24 | import CommonCrypto
    |        `- error: no such module 'CommonCrypto'
 25 |
 26 | public enum FoundationSecurityError: Error {
[19/23] Compiling Starscream HTTPHandler.swift
/host/spi-builder-workspace/.build/checkouts/Starscream/Sources/Security/FoundationSecurity.swift:24:8: error: no such module 'CommonCrypto'
 22 |
 23 | import Foundation
 24 | import CommonCrypto
    |        `- error: no such module 'CommonCrypto'
 25 |
 26 | public enum FoundationSecurityError: Error {
[20/23] Compiling Starscream StringHTTPHandler.swift
/host/spi-builder-workspace/.build/checkouts/Starscream/Sources/Security/FoundationSecurity.swift:24:8: error: no such module 'CommonCrypto'
 22 |
 23 | import Foundation
 24 | import CommonCrypto
    |        `- error: no such module 'CommonCrypto'
 25 |
 26 | public enum FoundationSecurityError: Error {
[21/23] Compiling Starscream Engine.swift
/host/spi-builder-workspace/.build/checkouts/Starscream/Sources/Security/FoundationSecurity.swift:24:8: error: no such module 'CommonCrypto'
 22 |
 23 | import Foundation
 24 | import CommonCrypto
    |        `- error: no such module 'CommonCrypto'
 25 |
 26 | public enum FoundationSecurityError: Error {
[22/23] Compiling Starscream NativeEngine.swift
/host/spi-builder-workspace/.build/checkouts/Starscream/Sources/Security/FoundationSecurity.swift:24:8: error: no such module 'CommonCrypto'
 22 |
 23 | import Foundation
 24 | import CommonCrypto
    |        `- error: no such module 'CommonCrypto'
 25 |
 26 | public enum FoundationSecurityError: Error {
[23/23] Compiling Starscream WSEngine.swift
/host/spi-builder-workspace/.build/checkouts/Starscream/Sources/Security/FoundationSecurity.swift:24:8: error: no such module 'CommonCrypto'
 22 |
 23 | import Foundation
 24 | import CommonCrypto
    |        `- error: no such module 'CommonCrypto'
 25 |
 26 | public enum FoundationSecurityError: Error {
BUILD FAILURE 6.1 android