Build Information
Failed to build swift-w3c-trace-context, reference main (db0913), with Swift 6.1 for macOS (Xcode) using Xcode 16.3 on 16 Oct 2026 08:22:16 UTC.
Build Command
No build command. This typically means the build failed at an early stage where we determine the build command.Build Log
========================================
RunAll
========================================
Builder version: 5.1.3
Interrupt handler set up.
========================================
Checkout
========================================
Clone URL: https://github.com/swift-otel/swift-w3c-trace-context.git
Reference: main
Initialized empty Git repository in /Users/admin/builder/spi-builder-workspace/.git/
From https://github.com/swift-otel/swift-w3c-trace-context
* branch main -> FETCH_HEAD
* [new branch] main -> origin/main
HEAD is now at db09138 Bump codecov/codecov-action from 6.0.1 to 7.1.1 (#55)
Cloned https://github.com/swift-otel/swift-w3c-trace-context.git
Revision (git rev-parse @):
db091386315b1b7eb0e3d4f89856676c726c9f25
SPI manifest file found: $PWD/.spi.yml
SUCCESS checkout https://github.com/swift-otel/swift-w3c-trace-context.git at main
========================================
Build
========================================
Selected platform: macosXcodebuild
Swift version: 6.1
Building package at path: $PWD
https://github.com/swift-otel/swift-w3c-trace-context.git
https://github.com/swift-otel/swift-w3c-trace-context.git
error: 'spi-builder-workspace': package 'spi-builder-workspace' is using Swift tools version 6.2.0 but the installed version is 6.1.0
error: fatalError
Command line invocation:
/Applications/Xcode-16.3.0.app/Contents/Developer/usr/bin/xcodebuild -IDEClonedSourcePackagesDirPathOverride=/Users/admin/builder/spi-builder-workspace/.dependencies -resolvePackageDependencies
Resolve Package Graph
package 'spi-builder-workspace' is using Swift tools version 6.2.0 but the installed version is 6.1.0
Resolved source packages:
spi-builder-workspace: (null)
2026-10-16 01:22:15.916 xcodebuild[505:2940] Writing error result bundle to /var/folders/5k/5yc19ymj0jqd5v0zvgfqz0xw0000gn/T/ResultBundle_2026-16-10_01-22-0015.xcresult
xcodebuild: error: Could not resolve package dependencies:
package 'spi-builder-workspace' is using Swift tools version 6.2.0 but the installed version is 6.1.0
Command line invocation:
/Applications/Xcode-16.3.0.app/Contents/Developer/usr/bin/xcodebuild -IDEClonedSourcePackagesDirPathOverride=/Users/admin/builder/spi-builder-workspace/.dependencies -resolvePackageDependencies
Resolve Package Graph
package 'spi-builder-workspace' is using Swift tools version 6.2.0 but the installed version is 6.1.0
Resolved source packages:
spi-builder-workspace: (null)
2026-10-16 01:22:16.595 xcodebuild[514:3027] Writing error result bundle to /var/folders/5k/5yc19ymj0jqd5v0zvgfqz0xw0000gn/T/ResultBundle_2026-16-10_01-22-0016.xcresult
xcodebuild: error: Could not resolve package dependencies:
package 'spi-builder-workspace' is using Swift tools version 6.2.0 but the installed version is 6.1.0
BUILD FAILURE 6.1 macosXcodebuild