The Swift Package Index logo.Swift Package Index

Build Information

Failed to build SwCrypt, reference 5.1.4 (d18cf9), with Swift 6.4 for Android on 17 Sep 2026 22:16:56 UTC.

Build Command

bash -c docker run --pull=always --rm -v "checkouts-54344844-0":/host -w "$PWD" -e JAVA_HOME="/root/.sdkman/candidates/java/current" -e SPI_BUILD="1" -e SPI_PROCESSING="1" registry.gitlab.com/saguaro1/spi-images:android-6.4-latest swift build --swift-sdk aarch64-unknown-linux-android28 2>&1

Build Log

========================================
RunAll
========================================
Builder version: 5.1.0
Interrupt handler set up.
========================================
Checkout
========================================
Clone URL: https://github.com/soyersoyer/SwCrypt.git
Reference: 5.1.4
Initialized empty Git repository in /host/spi-builder-workspace/.git/
hint: Using 'master' as the name for the initial branch. This default branch name
hint: is subject to change. To configure the initial branch name to use in all
hint: of your new repositories, which will suppress this warning, call:
hint:
hint: 	git config --global init.defaultBranch <name>
hint:
hint: Names commonly chosen instead of 'master' are 'main', 'trunk' and
hint: 'development'. The just-created branch can be renamed via this command:
hint:
hint: 	git branch -m <name>
From https://github.com/soyersoyer/SwCrypt
 * tag               5.1.4      -> FETCH_HEAD
HEAD is now at d18cf90 Added SPM Support (#60)
Cloned https://github.com/soyersoyer/SwCrypt.git
Revision (git rev-parse @):
d18cf90973a32dc0d28f94eec91faf14ae8b4443
SUCCESS checkout https://github.com/soyersoyer/SwCrypt.git at 5.1.4
========================================
Build
========================================
Selected platform:         android
Swift version:             6.4
Building package at path:  $PWD
https://github.com/soyersoyer/SwCrypt.git
Running build ...
bash -c docker run --pull=always --rm -v "checkouts-54344844-0":/host -w "$PWD" -e JAVA_HOME="/root/.sdkman/candidates/java/current" -e SPI_BUILD="1" -e SPI_PROCESSING="1" registry.gitlab.com/saguaro1/spi-images:android-6.4-latest swift build --swift-sdk aarch64-unknown-linux-android28 2>&1
android-6.4-latest: Pulling from saguaro1/spi-images
Digest: sha256:abadcff584c273feba50641b454858d377ba30b35ea7287a94f45ebd8afd0ea0
Status: Image is up to date for registry.gitlab.com/saguaro1/spi-images:android-6.4-latest
Building for debugging...
[Planning deferred tasks]
error: SwiftCompile normal aarch64 failed with a nonzero exit code. Command line:     cd /host

[21 / 29] SwCrypt
/host/spi-builder-workspace/SwCrypt/SwCrypt.swift:1476:59: warning: extraneous whitespace between attribute name and '('; this is an error in the Swift 6 language mode
1474 | 			getFunc(dl!, f: "CCRSACryptorEncrypt")
1475 |
1476 | 		fileprivate typealias CCRSACryptorDecryptT = @convention (c) (
     |                                                           `- warning: extraneous whitespace between attribute name and '('; this is an error in the Swift 6 language mode
1477 | 			_ privateKey: CCRSACryptorRef,
1478 | 			_ padding: CCAsymmetricPadding,
/host/spi-builder-workspace/SwCrypt/SwCrypt.swift:5:24: error: cannot find type 'OSStatus' in scope
   3 | open class SwKeyStore {
   4 |
   5 | 	public enum SecError: OSStatus, Error {
     |                        `- error: cannot find type 'OSStatus' in scope
   6 | 		case unimplemented = -4
   7 | 		case param = -50
/host/spi-builder-workspace/SwCrypt/SwCrypt.swift:19:18: error: cannot find type 'OSStatus' in scope
  17 | 		public static var debugLevel = 1
  18 |
  19 | 		init(_ status: OSStatus, function: String = #function, file: String = #file, line: Int = #line) {
     |                  `- error: cannot find type 'OSStatus' in scope
  20 | 			self = SecError(rawValue: status)!
  21 | 			if SecError.debugLevel > 0 {
/host/spi-builder-workspace/SwCrypt/SwCrypt.swift:890:30: error: cannot find 'dlopen' in scope
 888 |
 889 |
 890 | 	fileprivate static let dl = dlopen("/usr/lib/system/libcommonCrypto.dylib", RTLD_NOW)
     |                              `- error: cannot find 'dlopen' in scope
 891 | 	fileprivate static let CCRandomGenerateBytes: CCRandomGenerateBytesT? =
 892 | 		getFunc(dl!, f: "CCRandomGenerateBytes")
/host/spi-builder-workspace/SwCrypt/SwCrypt.swift:890:78: error: cannot find 'RTLD_NOW' in scope
 888 |
 889 |
 890 | 	fileprivate static let dl = dlopen("/usr/lib/system/libcommonCrypto.dylib", RTLD_NOW)
     |                                                                              `- error: cannot find 'RTLD_NOW' in scope
 891 | 	fileprivate static let CCRandomGenerateBytes: CCRandomGenerateBytesT? =
 892 | 		getFunc(dl!, f: "CCRandomGenerateBytes")
/host/spi-builder-workspace/SwCrypt/SwCrypt.swift:2081:45: warning: initialization of 'UnsafePointer<UInt8>' results in a dangling pointer [#]8;;https://docs.swift.org/compiler/documentation/diagnostics/temporary-pointers\TemporaryPointers]8;;\]
2079 |
2080 | 		fileprivate static let rfc3394IVData: [UInt8] = [0xA6, 0xA6, 0xA6, 0xA6, 0xA6, 0xA6, 0xA6, 0xA6]
2081 | 		public static let rfc3394IV = Data(bytes: UnsafePointer<UInt8>(rfc3394IVData), count:rfc3394IVData.count)
     |                                             |                    |- note: implicit argument conversion from '[UInt8]' to 'UnsafePointer<UInt8>' produces a pointer valid only for the duration of the call to 'init(_:)'
     |                                             |                    `- note: use the 'withUnsafeBufferPointer' method on Array in order to explicitly convert argument to buffer pointer valid for a defined scope
     |                                             `- warning: initialization of 'UnsafePointer<UInt8>' results in a dangling pointer [#]8;;https://docs.swift.org/compiler/documentation/diagnostics/temporary-pointers\TemporaryPointers]8;;\]
2082 |
2083 | 		public static func SymmetricKeyWrap(_ iv: Data,
[#TemporaryPointers]: <https://docs.swift.org/compiler/documentation/diagnostics/temporary-pointers>
Failed frontend command:
/root/.local/share/swiftly/toolchains/6.4.x-snapshot-2026-09-04/usr/bin/swift-frontend -frontend -emit-module -experimental-skip-non-inlinable-function-bodies-without-types /host/spi-builder-workspace/SwCrypt/SwCrypt.swift -target aarch64-unknown-linux-android28 -Xllvm -aarch64-use-tbi -disable-objc-interop -sdk /android-ndk/android-ndk-r27d/toolchains/llvm/prebuilt/linux-x86_64/sysroot -sysroot /android-ndk/android-ndk-r27d/toolchains/llvm/prebuilt/linux-x86_64/sysroot -I /host/spi-builder-workspace/.build/out/Products/Debug-android-aarch64 -module-cache-path /host/spi-builder-workspace/.build/out/ModuleCache.noindex -color-diagnostics -Xcc -fcolor-diagnostics -enable-testing -g -debug-info-format\=dwarf -dwarf-version\=4 -swift-version 4 -Onone -D SWIFT_PACKAGE -D DEBUG -D SWIFT_MODULE_RESOURCE_BUNDLE_UNAVAILABLE -D Xcode -serialize-debugging-options -enable-experimental-feature DebugDescriptionMacro -empty-abi-descriptor -external-plugin-path /root/.local/share/swiftly/toolchains/6.4.x-snapshot-2026-09-04/usr/lib/swift/host/plugins/testing\#/root/.local/share/swiftly/toolchains/6.4.x-snapshot-2026-09-04/usr/bin/swift-plugin-server -validate-clang-modules-once -clang-build-session-file /host/spi-builder-workspace/.build/out/ModuleCache.noindex/Session.modulevalidation -Xcc -working-directory -Xcc /host -resource-dir /root/.swiftpm/swift-sdks/swift-6.4.x-DEVELOPMENT-SNAPSHOT-2026-09-04-a_android.artifactbundle/swift-android/swift-resources/usr/lib/swift-aarch64 -enable-anonymous-context-mangled-names -file-compilation-dir /host -Xcc -resource-dir -Xcc /android-ndk/android-ndk-r27d/toolchains/llvm/prebuilt/linux-x86_64/lib/clang/18 -Xcc -fno-omit-frame-pointer -Xcc -D_LIBCPP_HARDENING_MODE\=_LIBCPP_HARDENING_MODE_DEBUG -Xcc -fmodules-prune-interval\=86400 -Xcc -fmodules-prune-after\=345600 -Xcc -I/host/spi-builder-workspace/.build/out/Products/Debug-android-aarch64/include -Xcc -I/host/spi-builder-workspace/.build/out/Intermediates.noindex/SwCrypt.build/Debug-android-aarch64/SwCrypt-t.build/DerivedSources-normal/aarch64 -Xcc -I/host/spi-builder-workspace/.build/out/Intermediates.noindex/SwCrypt.build/Debug-android-aarch64/SwCrypt-t.build/DerivedSources/aarch64 -Xcc -I/host/spi-builder-workspace/.build/out/Intermediates.noindex/SwCrypt.build/Debug-android-aarch64/SwCrypt-t.build/DerivedSources -Xcc -DSWIFT_PACKAGE -Xcc -DDEBUG\=1 -no-auto-bridging-header-chaining -module-name SwCrypt -const-gather-protocols-file /host/spi-builder-workspace/.build/out/Intermediates.noindex/SwCrypt.build/Debug-android-aarch64/SwCrypt-t.build/Objects-normal/aarch64/SwCrypt_const_extract_protocols.json -in-process-plugin-server-path /root/.local/share/swiftly/toolchains/6.4.x-snapshot-2026-09-04/usr/lib/swift/host/libSwiftInProcPluginServer.so -plugin-path /root/.local/share/swiftly/toolchains/6.4.x-snapshot-2026-09-04/usr/lib/swift/host/plugins -plugin-path /root/.local/share/swiftly/toolchains/6.4.x-snapshot-2026-09-04/usr/local/lib/swift/host/plugins -emit-module-doc-path /host/spi-builder-workspace/.build/out/Intermediates.noindex/SwCrypt.build/Debug-android-aarch64/SwCrypt-t.build/Objects-normal/aarch64/Modules/SwCrypt.swiftdoc -emit-module-source-info-path /host/spi-builder-workspace/.build/out/Intermediates.noindex/SwCrypt.build/Debug-android-aarch64/SwCrypt-t.build/Objects-normal/aarch64/Modules/SwCrypt.swiftsourceinfo -emit-objc-header-path /host/spi-builder-workspace/.build/out/Intermediates.noindex/SwCrypt.build/Debug-android-aarch64/SwCrypt-t.build/Objects-normal/aarch64/SwCrypt-Swift.h -serialize-diagnostics-path /host/spi-builder-workspace/.build/out/Intermediates.noindex/SwCrypt.build/Debug-android-aarch64/SwCrypt-t.build/Objects-normal/aarch64/SwCrypt-primary-emit-module.dia -emit-dependencies-path /host/spi-builder-workspace/.build/out/Intermediates.noindex/SwCrypt.build/Debug-android-aarch64/SwCrypt-t.build/Objects-normal/aarch64/SwCrypt-primary-emit-module.d -parse-as-library -o /host/spi-builder-workspace/.build/out/Intermediates.noindex/SwCrypt.build/Debug-android-aarch64/SwCrypt-t.build/Objects-normal/aarch64/Modules/SwCrypt.swiftmodule
error: Build failed
BUILD FAILURE 6.4 android