The Swift Package Index logo.Swift Package Index

Build Information

Failed to build SDWebImageLottieCoder, reference master (c9f656), with Swift 6.4 for Linux on 17 Sep 2026 14:00:50 UTC.

Build Command

bash -c docker run --pull=always --rm -v "checkouts-54344847-0":/host -w "$PWD" -e JAVA_HOME="/root/.sdkman/candidates/java/current" -e SPI_BUILD="1" -e SPI_PROCESSING="1" registry.gitlab.com/saguaro1/spi-images:basic-6.4-latest swift build --triple x86_64-unknown-linux-gnu 2>&1

Build Log

========================================
RunAll
========================================
Builder version: 5.1.0
Interrupt handler set up.
========================================
Checkout
========================================
Clone URL: https://github.com/SDWebImage/SDWebImageLottieCoder.git
Reference: master
Initialized empty Git repository in /host/spi-builder-workspace/.git/
hint: Using 'master' as the name for the initial branch. This default branch name
hint: is subject to change. To configure the initial branch name to use in all
hint: of your new repositories, which will suppress this warning, call:
hint:
hint: 	git config --global init.defaultBranch <name>
hint:
hint: Names commonly chosen instead of 'master' are 'main', 'trunk' and
hint: 'development'. The just-created branch can be renamed via this command:
hint:
hint: 	git branch -m <name>
From https://github.com/SDWebImage/SDWebImageLottieCoder
 * branch            master     -> FETCH_HEAD
 * [new branch]      master     -> origin/master
HEAD is now at c9f6567 Bumped version to 0.2.0
Cloned https://github.com/SDWebImage/SDWebImageLottieCoder.git
Revision (git rev-parse @):
c9f65679a9b0510b89673507f548a7c0f17ba95f
SUCCESS checkout https://github.com/SDWebImage/SDWebImageLottieCoder.git at master
========================================
Build
========================================
Selected platform:         linux
Swift version:             6.4
Building package at path:  $PWD
https://github.com/SDWebImage/SDWebImageLottieCoder.git
Running build ...
bash -c docker run --pull=always --rm -v "checkouts-54344847-0":/host -w "$PWD" -e JAVA_HOME="/root/.sdkman/candidates/java/current" -e SPI_BUILD="1" -e SPI_PROCESSING="1" registry.gitlab.com/saguaro1/spi-images:basic-6.4-latest swift build --triple x86_64-unknown-linux-gnu 2>&1
basic-6.4-latest: Pulling from saguaro1/spi-images
Digest: sha256:c77fcce225e223ac0fafed844619173fc6de8d62dd560eeb28db3182af6a282b
Status: Image is up to date for registry.gitlab.com/saguaro1/spi-images:basic-6.4-latest
Fetching https://github.com/SDWebImage/librlottie-Xcode.git
Fetching https://github.com/SDWebImage/SDWebImage.git
[1/187] Fetching librlottie-xcode
[188/26228] Fetching librlottie-xcode, sdwebimage
Fetched https://github.com/SDWebImage/librlottie-Xcode.git (1.39s)
Fetched https://github.com/SDWebImage/SDWebImage.git (1.41s)
Computing version for https://github.com/SDWebImage/librlottie-Xcode.git
Computed https://github.com/SDWebImage/librlottie-Xcode.git at 0.2.1 (1.59s)
Computing version for https://github.com/SDWebImage/SDWebImage.git
Computed https://github.com/SDWebImage/SDWebImage.git at 5.21.7 (0.18s)
Creating working copy for https://github.com/SDWebImage/SDWebImage.git
Working copy of https://github.com/SDWebImage/SDWebImage.git resolved at 5.21.7
Creating working copy for https://github.com/SDWebImage/librlottie-Xcode.git
Working copy of https://github.com/SDWebImage/librlottie-Xcode.git resolved at 0.2.1
Building for debugging...
[Pre-planning 1 / 158]
In file included from /host/spi-builder-workspace/.build/checkouts/librlottie-Xcode/rlottie/src/vector/vmatrix.cpp:23:
In file included from /host/spi-builder-workspace/.build/checkouts/librlottie-Xcode/rlottie/src/vector/vmatrix.h:25:
In file included from /host/spi-builder-workspace/.build/checkouts/librlottie-Xcode/rlottie/src/vector/vglobal.h:69:
In file included from /host/spi-builder-workspace/.build/checkouts/librlottie-Xcode/rlottie/src/vector/vdebug.h:26:
/host/spi-builder-workspace/.build/checkouts/librlottie-Xcode/generate/config.h:4:9: fatal error: 'TargetConditionals.h' file not found
    4 | #import <TargetConditionals.h>
      |         ^~~~~~~~~~~~~~~~~~~~~~
1 error generated.
error: CompileC /host/spi-builder-workspace/.build/out/Intermediates.noindex/librlottie.build/Debug-linux-x86_64/librlottie-t.build/Objects-normal/x86_64/vmatrix.o /host/spi-builder-workspace/.build/checkouts/librlottie-Xcode/rlottie/src/vector/vmatrix.cpp normal x86_64 c++ com.apple.compilers.llvm.clang.1_0.compiler failed with a nonzero exit code. Command line:     cd /host

    Using response file: /host/spi-builder-workspace/.build/out/Intermediates.noindex/librlottie.build/Debug-linux-x86_64/librlottie-t.build/Objects-normal/x86_64/11b881b950eb02e21769317df93e9b41d1d7f0348e4e0901ae810dce93ca1a57-common-args.resp

    /usr/bin/clang -x c++ -target x86_64-unknown-linux-gnu -fmessage-length\=0 -fdiagnostics-show-note-include-stack -fmacro-backtrace-limit\=0 -fcolor-diagnostics -Wno-trigraphs -Wno-missing-field-initializers -Wno-missing-prototypes -Wno-return-type -Wno-non-virtual-dtor -Wno-overloaded-virtual -Wno-exit-time-destructors -Wno-missing-braces -Wparentheses -Wswitch -Wno-unused-function -Wno-unused-label -Wno-unused-parameter -Wno-unused-variable -Wunused-value -Wno-empty-body -Wno-uninitialized -Wno-unknown-pragmas -w -Wno-shadow -Wno-four-char-constants -Wno-conversion -Wno-constant-conversion -Wno-int-conversion -Wno-bool-conversion -Wno-enum-conversion -Wno-float-conversion -Wno-non-literal-null-conversion -Wno-objc-literal-conversion -Wno-shorten-64-to-32 -Wno-newline-eof -Wno-c++11-extensions -Wno-implicit-fallthrough -fstrict-aliasing -Wdeprecated-declarations -Winvalid-offsetof -Wno-sign-conversion -Wno-infinite-recursion -Wno-move -Wno-comma -Wno-block-capture-autoreleasing -Wno-strict-prototypes -Wno-range-loop-analysis -Wno-semicolon-before-method-body --sysroot / @/host/spi-builder-workspace/.build/out/Intermediates.noindex/librlottie.build/Debug-linux-x86_64/librlottie-t.build/Objects-normal/x86_64/11b881b950eb02e21769317df93e9b41d1d7f0348e4e0901ae810dce93ca1a57-common-args.resp -MMD -MT dependencies -MF /host/spi-builder-workspace/.build/out/Intermediates.noindex/librlottie.build/Debug-linux-x8[38 / 144] librlottie
6_64/librlottie-t.build/Objects-normal/x86_64/vmatrix.d --serialize-diagnostics /host/spi-builder-workspace/.build/out/Intermediates.noindex/librlottie.build/Debug-linux-x86_64/librlottie-t.build/Objects-normal/x86_64/vmatrix.dia -c /host/spi-builder-workspace/.build/checkouts/librlottie-Xcode/rlottie/src/vector/vmatrix.cpp -o /host/spi-builder-workspace/.build/out/Intermediates.noindex/librlottie.build/Debug-linux-x86_64/librlottie-t.build/Objects-normal/x86_64/vmatrix.o
In file included from /host/spi-builder-workspace/.build/checkouts/librlottie-Xcode/rlottie/src/vector/vinterpolator.cpp:7:
In file included from /host/spi-builder-workspace/.build/checkouts/librlottie-Xcode/rlottie/src/vector/vinterpolator.h:26:
In file included from /host/spi-builder-workspace/.build/checkouts/librlottie-Xcode/rlottie/src/vector/vpoint.h:25:
In file included from /host/spi-builder-workspace/.build/checkouts/librlottie-Xcode/rlottie/src/vector/vglobal.h:69:
In file included from /host/spi-builder-workspace/.build/checkouts/librlottie-Xcode/rlottie/src/vector/vdebug.h:26:
/host/spi-builder-workspace/.build/checkouts/librlottie-Xcode/generate/config.h:4:9: fatal error: 'TargetConditionals.h' file not found
    4 | #import <TargetConditionals.h>
      |         ^~~~~~~~~~~~~~~~~~~~~~
1 error generated.
error: CompileC /host/spi-builder-workspace/.build/out/Intermediates.noindex/librlottie.build/Debug-linux-x86_64/librlottie-t.build/Objects-normal/x86_64/vinterpolator.o /host/spi-builder-workspace/.build/checkouts/librlottie-Xcode/rlottie/src/vector/vinterpolator.cpp normal x86_64 c++ com.apple.compilers.llvm.clang.1_0.compiler failed with a nonzero exit code. Command line:     cd /host

    Using response file: /host/spi-builder-workspace/.build/out/Intermediates.noindex/librlottie.build/Debug-linux-x86_64/librlottie-t.build/Objects-normal/x86_64/11b881b950eb02e21769317df93e9b41d1d7f0348e4e0901ae810dce93ca1a57-common-args.resp

    /usr/bin/clang -x c++ -target x86_64-unknown-linux-gnu -fmessage-length\=0 -fdiagnostics-show-note-include-stack -fmacro-backtrace-limit\=0 -fcolor-diagnostics -Wno-trigraphs -Wno-missing-field-initializers -Wno-missing-prototypes -Wno-return-type -Wno-non-virtual-dtor -Wno-overloaded-virtual -Wno-exit-time-destructors -Wno-missing-braces -Wparentheses -Wswitch -Wno-unused-function -Wno-unused-label -Wno-unused-parameter -Wno-unused-variable -Wunused-value -Wno-empty-body -Wno-uninitialized -Wno-unknown-pragmas -w -Wno-shadow -Wno-four-char-constants -Wno-conversion -Wno-constant-conversion -Wno-int-conversion -Wno-bool-conversion -Wno-enum-conversion -Wno-float-conversion -Wno-non-literal-null-conversion -Wno-objc-literal-conversion -Wno-shorten-64-to-32 -Wno-newline-eof -Wno-c++11-extensions -Wno-implicit-fallthrough -fstrict-aliasing -Wdeprecated-declarations -Winvalid-offsetof -Wno-sign-conversion -Wno-infinite-recursion -Wno-move -Wno-comma -Wno-block-capture-autoreleasing -Wno-strict-prototypes -Wno-range-loop-analysis -Wno-semicolon-before-method-body --sysroot / @/host/spi-builder-workspace/.build/out/Intermediates.noindex/librlottie.build/Debug-linux-x86_64/librlottie-t.build/Objects-normal/x86_64/11b881b950eb02e21769317df93e9b41d1d7f0348e4e0901ae810dce93ca1a57-common-args.resp -MMD -MT dependencies -MF /host/spi-builder-workspace/.build/out/Intermediates.noindex/librlottie.build/Debug-linux-x86_64/librlottie-t.build/Objects-normal/x86_64/vinterpolator.d --serialize-diagnostics /host/spi-builder-workspace/.build/out/Intermediates.noindex/librlottie.build/Debug-linux-x86_64/librlottie-t.build/Objects-normal/x86_64/vinterpolator.dia -c /host/spi-builder-workspace/.build/checkouts/librlottie-Xcode/rlottie/src/vector/vinterpolator.cpp -o /host/spi-builder-workspace/.build/out/Intermediates.noindex/librlottie.build/Debug-linux-x86_64/librlottie-t.build/Objects-normal/x86_64/vinterpolator.o
error: Build failed
BUILD FAILURE 6.4 linux