The Swift Package Index logo.Swift Package Index

Build Information

Failed to build ProjectAutomation, reference main (9b6cf2), with Swift 6.4 for tvOS using Xcode 27.0 on 22 Sep 2026 07:04:32 UTC.

Build Command

env DEVELOPER_DIR=/Applications/Xcode-27.0.0-Release.Candidate.app xcrun xcodebuild -IDEClonedSourcePackagesDirPathOverride=$PWD/.dependencies -skipMacroValidation -skipPackagePluginValidation -derivedDataPath $PWD/.derivedData build -scheme ProjectAutomation -destination generic/platform=tvOS

Build Log

========================================
RunAll
========================================
Builder version: 5.1.0
Interrupt handler set up.
========================================
Checkout
========================================
Clone URL: https://github.com/tuist/ProjectAutomation.git
Reference: main
Initialized empty Git repository in /Users/admin/builder/spi-builder-workspace/.git/
From https://github.com/tuist/ProjectAutomation
 * branch            main       -> FETCH_HEAD
 * [new branch]      main       -> origin/main
HEAD is now at 9b6cf2b 4.49.1
Cloned https://github.com/tuist/ProjectAutomation.git
Revision (git rev-parse @):
9b6cf2bba22d9cc482f0f448e9caccd80cc8e83d
SUCCESS checkout https://github.com/tuist/ProjectAutomation.git at main
========================================
Build
========================================
Selected platform:         tvOS
Swift version:             6.4
Building package at path:  $PWD
https://github.com/tuist/ProjectAutomation.git
Command line invocation:
    /Applications/Xcode-27.0.0-Release.Candidate.app/Contents/Developer/usr/bin/xcodebuild -IDEClonedSourcePackagesDirPathOverride=/Users/admin/builder/spi-builder-workspace/.dependencies -resolvePackageDependencies
Resolve Package Graph
Resolve Package Graph
Resolved source packages:
  ProjectAutomation: /Users/admin/builder/spi-builder-workspace
resolved source packages: ProjectAutomation
2026-09-22 03:03:38.958 xcodebuild[563:3042] [MT] IDERunDestination: Supported platforms for the buildables in the current scheme is empty.
{
  "dependencies" : [
  ],
  "manifest_display_name" : "ProjectAutomation",
  "name" : "ProjectAutomation",
  "path" : "/Users/admin/builder/spi-builder-workspace",
  "platforms" : [
    {
      "name" : "macos",
      "version" : "11.0"
    }
  ],
  "products" : [
    {
      "name" : "ProjectAutomation",
      "targets" : [
        "ProjectAutomation"
      ],
      "type" : {
        "library" : [
          "automatic"
        ]
      }
    }
  ],
  "targets" : [
    {
      "c99name" : "ProjectAutomation",
      "module_type" : "SwiftTarget",
      "name" : "ProjectAutomation",
      "path" : "ProjectAutomation",
      "product_memberships" : [
        "ProjectAutomation"
      ],
      "sources" : [
        "Configuration.swift",
        "Graph.swift",
        "Package.swift",
        "Project.swift",
        "Scheme.swift",
        "Settings.swift",
        "Target.swift",
        "TargetDependency.swift",
        "Task.swift",
        "Tuist.swift"
      ],
      "type" : "library"
    }
  ],
  "tools_version" : "5.5"
}
{
  "workspace" : {
    "name" : "ProjectAutomation",
    "schemes" : [
      "ProjectAutomation"
    ]
  }
}
2026-09-22 03:04:20.327 xcodebuild[681:4157] [MT] IDERunDestination: Supported platforms for the buildables in the current scheme is empty.
Running build ...
env DEVELOPER_DIR=/Applications/Xcode-27.0.0-Release.Candidate.app xcrun xcodebuild -IDEClonedSourcePackagesDirPathOverride=$PWD/.dependencies -skipMacroValidation -skipPackagePluginValidation -derivedDataPath $PWD/.derivedData build -scheme ProjectAutomation -destination generic/platform=tvOS
Command line invocation:
    /Applications/Xcode-27.0.0-Release.Candidate.app/Contents/Developer/usr/bin/xcodebuild -IDEClonedSourcePackagesDirPathOverride=/Users/admin/builder/spi-builder-workspace/.dependencies -skipMacroValidation -skipPackagePluginValidation -derivedDataPath /Users/admin/builder/spi-builder-workspace/.derivedData build -scheme ProjectAutomation -destination generic/platform=tvOS
Resolve Package Graph
Resolved source packages:
  ProjectAutomation: /Users/admin/builder/spi-builder-workspace
ComputePackagePrebuildTargetDependencyGraph
Prepare packages
CreateBuildRequest
SendProjectDescription
CreateBuildOperation
ComputeTargetDependencyGraph
note: Building targets in dependency order
note: Target dependency graph (2 targets)
    Target 'ProjectAutomation-product' in project 'ProjectAutomation'
        ➜ Explicit dependency on target 'ProjectAutomation' in project 'ProjectAutomation'
    Target 'ProjectAutomation' in project 'ProjectAutomation' (no dependencies)
GatherProvisioningInputs
CreateBuildDescription
ExecuteExternalTool /Applications/Xcode-27.0.0-Release.Candidate.app/Contents/Developer/Toolchains/XcodeDefault.xctoolchain/usr/bin/clang -v -E -dM -isysroot /Applications/Xcode-27.0.0-Release.Candidate.app/Contents/Developer/Platforms/AppleTVOS.platform/Developer/SDKs/AppleTVOS27.0.sdk -x c -c /dev/null
ExecuteExternalTool /Applications/Xcode-27.0.0-Release.Candidate.app/Contents/Developer/Toolchains/XcodeDefault.xctoolchain/usr/bin/swiftc --version
ExecuteExternalTool /Applications/Xcode-27.0.0-Release.Candidate.app/Contents/Developer/Toolchains/XcodeDefault.xctoolchain/usr/bin/ld -version_details
Build description signature: 94b13a3810c0a53135607c7ea71c364a
Build description path: /Users/admin/builder/spi-builder-workspace/.derivedData/Build/Intermediates.noindex/XCBuildData/94b13a3810c0a53135607c7ea71c364a.xcbuilddata
CreateBuildDirectory /Users/admin/builder/spi-builder-workspace/.derivedData/SDKExplicitPrecompiledModules
    cd /Users/admin/builder/spi-builder-workspace/.swiftpm/xcode
    builtin-create-build-directory /Users/admin/builder/spi-builder-workspace/.derivedData/SDKExplicitPrecompiledModules
CreateBuildDirectory /Users/admin/builder/spi-builder-workspace/.derivedData/CompilationCache.noindex
    cd /Users/admin/builder/spi-builder-workspace/.swiftpm/xcode
    builtin-create-build-directory /Users/admin/builder/spi-builder-workspace/.derivedData/CompilationCache.noindex
CreateBuildDirectory /Users/admin/builder/spi-builder-workspace/.derivedData/ModuleCache.noindex
    cd /Users/admin/builder/spi-builder-workspace/.swiftpm/xcode
    builtin-create-build-directory /Users/admin/builder/spi-builder-workspace/.derivedData/ModuleCache.noindex
CreateBuildDirectory /Users/admin/builder/spi-builder-workspace/.derivedData/Build/Intermediates.noindex
    cd /Users/admin/builder/spi-builder-workspace/.swiftpm/xcode
    builtin-create-build-directory /Users/admin/builder/spi-builder-workspace/.derivedData/Build/Intermediates.noindex
CreateBuildDirectory /Users/admin/builder/spi-builder-workspace/.derivedData/Build/Products
    cd /Users/admin/builder/spi-builder-workspace/.swiftpm/xcode
    builtin-create-build-directory /Users/admin/builder/spi-builder-workspace/.derivedData/Build/Products
ClangStatCache /Applications/Xcode-27.0.0-Release.Candidate.app/Contents/Developer/Toolchains/XcodeDefault.xctoolchain/usr/bin/clang-stat-cache /Applications/Xcode-27.0.0-Release.Candidate.app/Contents/Developer/Platforms/AppleTVOS.platform/Developer/SDKs/AppleTVOS27.0.sdk /Users/admin/builder/spi-builder-workspace/.derivedData/SDKStatCaches.noindex/appletvos27.0-24J360-e829b21a6f8c9b70876ba0858053c044b32bfd8d43560033f8d89884cdb90028.sdkstatcache
    cd /Users/admin/builder/spi-builder-workspace/.swiftpm/xcode
    /Applications/Xcode-27.0.0-Release.Candidate.app/Contents/Developer/Toolchains/XcodeDefault.xctoolchain/usr/bin/clang-stat-cache /Applications/Xcode-27.0.0-Release.Candidate.app/Contents/Developer/Platforms/AppleTVOS.platform/Developer/SDKs/AppleTVOS27.0.sdk -o /Users/admin/builder/spi-builder-workspace/.derivedData/SDKStatCaches.noindex/appletvos27.0-24J360-e829b21a6f8c9b70876ba0858053c044b32bfd8d43560033f8d89884cdb90028.sdkstatcache
CreateBuildDirectory /Users/admin/builder/spi-builder-workspace/.derivedData/Build/Intermediates.noindex/SwiftExplicitPrecompiledModules
    cd /Users/admin/builder/spi-builder-workspace/.swiftpm/xcode
    builtin-create-build-directory /Users/admin/builder/spi-builder-workspace/.derivedData/Build/Intermediates.noindex/SwiftExplicitPrecompiledModules
CreateBuildDirectory /Users/admin/builder/spi-builder-workspace/.derivedData/Build/Intermediates.noindex/PrecompiledHeaders
    cd /Users/admin/builder/spi-builder-workspace/.swiftpm/xcode
    builtin-create-build-directory /Users/admin/builder/spi-builder-workspace/.derivedData/Build/Intermediates.noindex/PrecompiledHeaders
CreateBuildDirectory /Users/admin/builder/spi-builder-workspace/.derivedData/Build/Intermediates.noindex/ExplicitPrecompiledModules
    cd /Users/admin/builder/spi-builder-workspace/.swiftpm/xcode
    builtin-create-build-directory /Users/admin/builder/spi-builder-workspace/.derivedData/Build/Intermediates.noindex/ExplicitPrecompiledModules
CreateBuildDirectory /Users/admin/builder/spi-builder-workspace/.derivedData/Build/Products/Debug-appletvos
    cd /Users/admin/builder/spi-builder-workspace/.swiftpm/xcode
    builtin-create-build-directory /Users/admin/builder/spi-builder-workspace/.derivedData/Build/Products/Debug-appletvos
CreateBuildDirectory /Users/admin/builder/spi-builder-workspace/.derivedData/Build/Intermediates.noindex/EagerLinkingTBDs/Debug-appletvos
    cd /Users/admin/builder/spi-builder-workspace/.swiftpm/xcode
    builtin-create-build-directory /Users/admin/builder/spi-builder-workspace/.derivedData/Build/Intermediates.noindex/EagerLinkingTBDs/Debug-appletvos
CreateBuildDirectory /Users/admin/builder/spi-builder-workspace/.derivedData/Build/Products/Debug-appletvos/PackageFrameworks
    cd /Users/admin/builder/spi-builder-workspace/.swiftpm/xcode
    builtin-create-build-directory /Users/admin/builder/spi-builder-workspace/.derivedData/Build/Products/Debug-appletvos/PackageFrameworks
WriteAuxiliaryFile /Users/admin/builder/spi-builder-workspace/.derivedData/Build/Intermediates.noindex/ProjectAutomation.build/Debug-appletvos/ProjectAutomation-t.build/ProjectAutomation.DependencyStaticMetadataFileList (in target 'ProjectAutomation' from project 'ProjectAutomation')
    cd /Users/admin/builder/spi-builder-workspace
    write-file /Users/admin/builder/spi-builder-workspace/.derivedData/Build/Intermediates.noindex/ProjectAutomation.build/Debug-appletvos/ProjectAutomation-t.build/ProjectAutomation.DependencyStaticMetadataFileList
WriteAuxiliaryFile /Users/admin/builder/spi-builder-workspace/.derivedData/Build/Intermediates.noindex/ProjectAutomation.build/Debug-appletvos/ProjectAutomation-t.build/ProjectAutomation.modulemap (in target 'ProjectAutomation' from project 'ProjectAutomation')
    cd /Users/admin/builder/spi-builder-workspace
    write-file /Users/admin/builder/spi-builder-workspace/.derivedData/Build/Intermediates.noindex/ProjectAutomation.build/Debug-appletvos/ProjectAutomation-t.build/ProjectAutomation.modulemap
WriteAuxiliaryFile /Users/admin/builder/spi-builder-workspace/.derivedData/Build/Intermediates.noindex/ProjectAutomation.build/Debug-appletvos/ProjectAutomation-t.build/ProjectAutomation.DependencyMetadataFileList (in target 'ProjectAutomation' from project 'ProjectAutomation')
    cd /Users/admin/builder/spi-builder-workspace
    write-file /Users/admin/builder/spi-builder-workspace/.derivedData/Build/Intermediates.noindex/ProjectAutomation.build/Debug-appletvos/ProjectAutomation-t.build/ProjectAutomation.DependencyMetadataFileList
WriteAuxiliaryFile /Users/admin/builder/spi-builder-workspace/.derivedData/Build/Intermediates.noindex/ProjectAutomation.build/Debug-appletvos/ProjectAutomation-t.build/Objects-normal/arm64/ProjectAutomation.LinkFileList (in target 'ProjectAutomation' from project 'ProjectAutomation')
    cd /Users/admin/builder/spi-builder-workspace
    write-file /Users/admin/builder/spi-builder-workspace/.derivedData/Build/Intermediates.noindex/ProjectAutomation.build/Debug-appletvos/ProjectAutomation-t.build/Objects-normal/arm64/ProjectAutomation.LinkFileList
WriteAuxiliaryFile /Users/admin/builder/spi-builder-workspace/.derivedData/Build/Intermediates.noindex/ProjectAutomation.build/Debug-appletvos/ProjectAutomation-t.build/Objects-normal/arm64/ProjectAutomation.SwiftConstValuesFileList (in target 'ProjectAutomation' from project 'ProjectAutomation')
    cd /Users/admin/builder/spi-builder-workspace
    write-file /Users/admin/builder/spi-builder-workspace/.derivedData/Build/Intermediates.noindex/ProjectAutomation.build/Debug-appletvos/ProjectAutomation-t.build/Objects-normal/arm64/ProjectAutomation.SwiftConstValuesFileList
WriteAuxiliaryFile /Users/admin/builder/spi-builder-workspace/.derivedData/Build/Intermediates.noindex/ProjectAutomation.build/Debug-appletvos/ProjectAutomation-t.build/Objects-normal/arm64/ProjectAutomation_const_extract_protocols.json (in target 'ProjectAutomation' from project 'ProjectAutomation')
    cd /Users/admin/builder/spi-builder-workspace
    write-file /Users/admin/builder/spi-builder-workspace/.derivedData/Build/Intermediates.noindex/ProjectAutomation.build/Debug-appletvos/ProjectAutomation-t.build/Objects-normal/arm64/ProjectAutomation_const_extract_protocols.json
WriteAuxiliaryFile /Users/admin/builder/spi-builder-workspace/.derivedData/Build/Intermediates.noindex/ProjectAutomation.build/Debug-appletvos/ProjectAutomation-t.build/Objects-normal/arm64/ProjectAutomation.SwiftFileList (in target 'ProjectAutomation' from project 'ProjectAutomation')
    cd /Users/admin/builder/spi-builder-workspace
    write-file /Users/admin/builder/spi-builder-workspace/.derivedData/Build/Intermediates.noindex/ProjectAutomation.build/Debug-appletvos/ProjectAutomation-t.build/Objects-normal/arm64/ProjectAutomation.SwiftFileList
WriteAuxiliaryFile /Users/admin/builder/spi-builder-workspace/.derivedData/Build/Intermediates.noindex/ProjectAutomation.build/Debug-appletvos/ProjectAutomation-t.build/Objects-normal/arm64/ProjectAutomation-OutputFileMap.json (in target 'ProjectAutomation' from project 'ProjectAutomation')
    cd /Users/admin/builder/spi-builder-workspace
    write-file /Users/admin/builder/spi-builder-workspace/.derivedData/Build/Intermediates.noindex/ProjectAutomation.build/Debug-appletvos/ProjectAutomation-t.build/Objects-normal/arm64/ProjectAutomation-OutputFileMap.json
Copy /Users/admin/builder/spi-builder-workspace/.derivedData/Build/Intermediates.noindex/GeneratedModuleMaps-appletvos/ProjectAutomation.modulemap /Users/admin/builder/spi-builder-workspace/.derivedData/Build/Intermediates.noindex/ProjectAutomation.build/Debug-appletvos/ProjectAutomation-t.build/ProjectAutomation.modulemap (in target 'ProjectAutomation' from project 'ProjectAutomation')
    cd /Users/admin/builder/spi-builder-workspace
    builtin-copy -exclude .DS_Store -exclude CVS -exclude .svn -exclude .git -exclude .hg -resolve-src-symlinks /Users/admin/builder/spi-builder-workspace/.derivedData/Build/Intermediates.noindex/ProjectAutomation.build/Debug-appletvos/ProjectAutomation-t.build/ProjectAutomation.modulemap /Users/admin/builder/spi-builder-workspace/.derivedData/Build/Intermediates.noindex/GeneratedModuleMaps-appletvos
SwiftDriver ProjectAutomation normal arm64 com.apple.xcode.tools.swift.compiler (in target 'ProjectAutomation' from project 'ProjectAutomation')
    cd /Users/admin/builder/spi-builder-workspace/.swiftpm/xcode
    builtin-SwiftDriver -- /Applications/Xcode-27.0.0-Release.Candidate.app/Contents/Developer/Toolchains/XcodeDefault.xctoolchain/usr/bin/swiftc -parse-as-library -module-name ProjectAutomation -Onone @/Users/admin/builder/spi-builder-workspace/.derivedData/Build/Intermediates.noindex/ProjectAutomation.build/Debug-appletvos/ProjectAutomation-t.build/Objects-normal/arm64/ProjectAutomation.SwiftFileList -DSWIFT_PACKAGE -DDEBUG -DSWIFT_MODULE_RESOURCE_BUNDLE_UNAVAILABLE -DXcode -plugin-path /Applications/Xcode-27.0.0-Release.Candidate.app/Contents/Developer/Toolchains/XcodeDefault.xctoolchain/usr/lib/swift/host/plugins/testing -enable-experimental-feature DebugDescriptionMacro -sdk /Applications/Xcode-27.0.0-Release.Candidate.app/Contents/Developer/Platforms/AppleTVOS.platform/Developer/SDKs/AppleTVOS27.0.sdk -target arm64-apple-tvos15.0 -g -module-cache-path /Users/admin/builder/spi-builder-workspace/.derivedData/ModuleCache.noindex -Xfrontend -serialize-debugging-options -enable-testing -index-store-path /Users/admin/builder/spi-builder-workspace/.derivedData/Index.noindex/DataStore -Xcc -D_LIBCPP_HARDENING_MODE\=_LIBCPP_HARDENING_MODE_DEBUG -swift-version 5 -I /Users/admin/builder/spi-builder-workspace/.derivedData/Build/Products/Debug-appletvos -Isystem /Applications/Xcode-27.0.0-Release.Candidate.app/Contents/Developer/Platforms/AppleTVOS.platform/Developer/usr/lib -F /Users/admin/builder/spi-builder-workspace/.derivedData/Build/Products/Debug-appletvos -F /Applications/Xcode-27.0.0-Release.Candidate.app/Contents/Developer/Platforms/AppleTVOS.platform/Developer/Library/Frameworks -F /Applications/Xcode-27.0.0-Release.Candidate.app/Contents/Developer/Platforms/AppleTVOS.platform/Developer/SDKs/AppleTVOS27.0.sdk/Developer/Library/Frameworks -c -j10 -enable-batch-mode -incremental -Xcc -ivfsstatcache -Xcc /Users/admin/builder/spi-builder-workspace/.derivedData/SDKStatCaches.noindex/appletvos27.0-24J360-e829b21a6f8c9b70876ba0858053c044b32bfd8d43560033f8d89884cdb90028.sdkstatcache -output-file-map /Users/admin/builder/spi-builder-workspace/.derivedData/Build/Intermediates.noindex/ProjectAutomation.build/Debug-appletvos/ProjectAutomation-t.build/Objects-normal/arm64/ProjectAutomation-OutputFileMap.json -save-temps -no-color-diagnostics -explicit-module-build -module-cache-path /Users/admin/builder/spi-builder-workspace/.derivedData/Build/Intermediates.noindex/SwiftExplicitPrecompiledModules -clang-scanner-module-cache-path /Users/admin/builder/spi-builder-workspace/.derivedData/ModuleCache.noindex -sdk-module-cache-path /Users/admin/builder/spi-builder-workspace/.derivedData/SDKExplicitPrecompiledModules -emit-dependencies -emit-module -emit-module-path /Users/admin/builder/spi-builder-workspace/.derivedData/Build/Intermediates.noindex/ProjectAutomation.build/Debug-appletvos/ProjectAutomation-t.build/Objects-normal/arm64/ProjectAutomation.swiftmodule -serialize-diagnostics -dependency-scan-serialize-diagnostics-path /Users/admin/builder/spi-builder-workspace/.derivedData/Build/Intermediates.noindex/ProjectAutomation.build/Debug-appletvos/ProjectAutomation-t.build/Objects-normal/arm64/ProjectAutomation-dependency-scan.dia -validate-clang-modules-once -clang-build-session-file /Users/admin/builder/spi-builder-workspace/.derivedData/ModuleCache.noindex/Session.modulevalidation -Xcc -fmodules-prune-interval\=86400 -Xcc -fmodules-prune-after\=345600 -emit-const-values -const-gather-protocols-list /Users/admin/builder/spi-builder-workspace/.derivedData/Build/Intermediates.noindex/ProjectAutomation.build/Debug-appletvos/ProjectAutomation-t.build/Objects-normal/arm64/ProjectAutomation_const_extract_protocols.json -Xcc -I/Users/admin/builder/spi-builder-workspace/.derivedData/Build/Products/Debug-appletvos/include -Xcc -I/Users/admin/builder/spi-builder-workspace/.derivedData/Build/Intermediates.noindex/ProjectAutomation.build/Debug-appletvos/ProjectAutomation-t.build/DerivedSources-normal/arm64 -Xcc -I/Users/admin/builder/spi-builder-workspace/.derivedData/Build/Intermediates.noindex/ProjectAutomation.build/Debug-appletvos/ProjectAutomation-t.build/DerivedSources/arm64 -Xcc -I/Users/admin/builder/spi-builder-workspace/.derivedData/Build/Intermediates.noindex/ProjectAutomation.build/Debug-appletvos/ProjectAutomation-t.build/DerivedSources -Xcc -DSWIFT_PACKAGE -Xcc -DDEBUG\=1 -emit-objc-header -emit-objc-header-path /Users/admin/builder/spi-builder-workspace/.derivedData/Build/Intermediates.noindex/ProjectAutomation.build/Debug-appletvos/ProjectAutomation-t.build/Objects-normal/arm64/ProjectAutomation-Swift.h -working-directory /Users/admin/builder/spi-builder-workspace/.swiftpm/xcode -experimental-emit-module-separately -disable-cmo
SwiftExplicitDependencyGeneratePcm arm64 /Users/admin/builder/spi-builder-workspace/.derivedData/SDKExplicitPrecompiledModules/ptrauth-8X2KEPL7CTRPS40TUB9APHPK6.pcm
SwiftExplicitDependencyGeneratePcm arm64 /Users/admin/builder/spi-builder-workspace/.derivedData/SDKExplicitPrecompiledModules/_AvailabilityInternal-BV2EDDP0MI5QJDDPEEV4D9D3V.pcm
SwiftExplicitDependencyGeneratePcm arm64 /Users/admin/builder/spi-builder-workspace/.derivedData/SDKExplicitPrecompiledModules/_SwiftConcurrencyShims-BY5PD8KF1L5KF6F4Q69HE3TJ4.pcm
SwiftExplicitDependencyGeneratePcm arm64 /Users/admin/builder/spi-builder-workspace/.derivedData/SDKExplicitPrecompiledModules/_Builtin_stdbool-AHRDH5EKLY6D04C5E42F3VCQI.pcm
SwiftExplicitDependencyGeneratePcm arm64 /Users/admin/builder/spi-builder-workspace/.derivedData/SDKExplicitPrecompiledModules/_Builtin_stddef-9ZJZ6FDEZNKTZU8YLPMFT9RAQ.pcm
SwiftExplicitDependencyGeneratePcm arm64 /Users/admin/builder/spi-builder-workspace/.derivedData/SDKExplicitPrecompiledModules/SwiftShims-8N4EXJ4RUJTR8K9OO3CMOH1EP.pcm
SwiftExplicitDependencyGeneratePcm arm64 /Users/admin/builder/spi-builder-workspace/.derivedData/SDKExplicitPrecompiledModules/_Builtin_float-8ZJAYZ85YBOAOP52Y9H6IUNP3.pcm
SwiftExplicitDependencyGeneratePcm arm64 /Users/admin/builder/spi-builder-workspace/.derivedData/SDKExplicitPrecompiledModules/_Builtin_stdarg-BO2OCAUYVAXDRVQWQ8ISKGNUQ.pcm
SwiftExplicitDependencyGeneratePcm arm64 /Users/admin/builder/spi-builder-workspace/.derivedData/SDKExplicitPrecompiledModules/ptrcheck-2AZ6B5IBYD3RRRTFWN2ONASY3.pcm
SwiftExplicitDependencyGeneratePcm arm64 /Users/admin/builder/spi-builder-workspace/.derivedData/SDKExplicitPrecompiledModules/_DarwinFoundation1-JOTYMOA1YZCIJ2NON6FQ848O.pcm
SwiftExplicitDependencyGeneratePcm arm64 /Users/admin/builder/spi-builder-workspace/.derivedData/SDKExplicitPrecompiledModules/_DarwinFoundation2-AOGAN1O02NKXRJN5V73AV3V3M.pcm
SwiftExplicitDependencyGeneratePcm arm64 /Users/admin/builder/spi-builder-workspace/.derivedData/SDKExplicitPrecompiledModules/_Builtin_limits-7JU2HP127LIT1X9E2V3D8WZ1.pcm
SwiftExplicitDependencyGeneratePcm arm64 /Users/admin/builder/spi-builder-workspace/.derivedData/SDKExplicitPrecompiledModules/_Builtin_stdint-6NFTB6IBKS143IVPGT1EKB7HO.pcm
SwiftExplicitDependencyGeneratePcm arm64 /Users/admin/builder/spi-builder-workspace/.derivedData/SDKExplicitPrecompiledModules/string_h-6EVHP7A717OUS5DMC78F79HWO.pcm
SwiftExplicitDependencyGeneratePcm arm64 /Users/admin/builder/spi-builder-workspace/.derivedData/SDKExplicitPrecompiledModules/sys_types-8GCAV1YMG5UUGHUID3CA20TCH.pcm
SwiftExplicitDependencyGeneratePcm arm64 /Users/admin/builder/spi-builder-workspace/.derivedData/SDKExplicitPrecompiledModules/_DarwinFoundation3-8SR3855WDFHQPR6G9GHOI2C07.pcm
SwiftExplicitDependencyGeneratePcm arm64 /Users/admin/builder/spi-builder-workspace/.derivedData/SDKExplicitPrecompiledModules/_Builtin_inttypes-6X1IQ3QK9KEVKXOK9Y79EW7J3.pcm
SwiftExplicitDependencyGeneratePcm arm64 /Users/admin/builder/spi-builder-workspace/.derivedData/SDKExplicitPrecompiledModules/Darwin-DBSQAVBBPC3D2OMU5ZI2RXMST.pcm
SwiftExplicitDependencyGeneratePcm arm64 /Users/admin/builder/spi-builder-workspace/.derivedData/SDKExplicitPrecompiledModules/ObjectiveC-5250FDCE56N8508OR6XUYDKZM.pcm
SwiftExplicitDependencyGeneratePcm arm64 /Users/admin/builder/spi-builder-workspace/.derivedData/SDKExplicitPrecompiledModules/os_object-E2DGZ0SX0TULQHULZRPO6OKNW.pcm
SwiftExplicitDependencyGeneratePcm arm64 /Users/admin/builder/spi-builder-workspace/.derivedData/SDKExplicitPrecompiledModules/os_workgroup-DBUFF7811DKMX7VPBOJPGGF1U.pcm
SwiftExplicitDependencyGeneratePcm arm64 /Users/admin/builder/spi-builder-workspace/.derivedData/SDKExplicitPrecompiledModules/Dispatch-1QL58A0V50C39KVAIC6C38SHL.pcm
SwiftExplicitDependencyGeneratePcm arm64 /Users/admin/builder/spi-builder-workspace/.derivedData/SDKExplicitPrecompiledModules/CoreFoundation-7TPJ7ENDC4L1A1ESHYI9TXS0D.pcm
SwiftExplicitDependencyGeneratePcm arm64 /Users/admin/builder/spi-builder-workspace/.derivedData/SDKExplicitPrecompiledModules/XPC-6O2DJFT3QUJ7QKTD3SNUB6PCR.pcm
SwiftExplicitDependencyGeneratePcm arm64 /Users/admin/builder/spi-builder-workspace/.derivedData/SDKExplicitPrecompiledModules/CFNetwork-2CUR2VK9S3S3WPFXPNXNUWYGN.pcm
SwiftExplicitDependencyGeneratePcm arm64 /Users/admin/builder/spi-builder-workspace/.derivedData/SDKExplicitPrecompiledModules/Security-8VMXEKVDA3MHUH9AOTP905DID.pcm
SwiftExplicitDependencyGeneratePcm arm64 /Users/admin/builder/spi-builder-workspace/.derivedData/SDKExplicitPrecompiledModules/Foundation-BSSIP64DIGUKMAYJOG1WPQ78X.pcm
SwiftEmitModule normal arm64 Emitting\ module\ for\ ProjectAutomation (in target 'ProjectAutomation' from project 'ProjectAutomation')
SwiftCompile normal arm64 (in target 'ProjectAutomation' from project 'ProjectAutomation')
    cd /Users/admin/builder/spi-builder-workspace/.swiftpm/xcode

SwiftCompile normal arm64 Compiling\ Settings.swift /Users/admin/builder/spi-builder-workspace/ProjectAutomation/Settings.swift (in target 'ProjectAutomation' from project 'ProjectAutomation')
SwiftCompile normal arm64 /Users/admin/builder/spi-builder-workspace/ProjectAutomation/Settings.swift (in target 'ProjectAutomation' from project 'ProjectAutomation')
    cd /Users/admin/builder/spi-builder-workspace/.swiftpm/xcode
    builtin-SwiftPerFileCompile Settings.swift
SwiftCompile normal arm64 Compiling\ Tuist.swift /Users/admin/builder/spi-builder-workspace/ProjectAutomation/Tuist.swift (in target 'ProjectAutomation' from project 'ProjectAutomation')
/Users/admin/builder/spi-builder-workspace/ProjectAutomation/Tuist.swift:64:23: error: cannot find 'Process' in scope
62 |         _ arguments: [String]
63 |     ) throws {
64 |         let process = Process()
   |                       `- error: cannot find 'Process' in scope
65 |         process.executableURL = URL(fileURLWithPath: "/usr/bin/env")
66 |         process.arguments = arguments
Failed frontend command:
/Applications/Xcode-27.0.0-Release.Candidate.app/Contents/Developer/Toolchains/XcodeDefault.xctoolchain/usr/bin/swift-frontend -frontend -c /Users/admin/builder/spi-builder-workspace/ProjectAutomation/Configuration.swift /Users/admin/builder/spi-builder-workspace/ProjectAutomation/Graph.swift /Users/admin/builder/spi-builder-workspace/ProjectAutomation/Package.swift /Users/admin/builder/spi-builder-workspace/ProjectAutomation/Project.swift /Users/admin/builder/spi-builder-workspace/ProjectAutomation/Scheme.swift /Users/admin/builder/spi-builder-workspace/ProjectAutomation/Settings.swift /Users/admin/builder/spi-builder-workspace/ProjectAutomation/Target.swift /Users/admin/builder/spi-builder-workspace/ProjectAutomation/TargetDependency.swift /Users/admin/builder/spi-builder-workspace/ProjectAutomation/Task.swift -primary-file /Users/admin/builder/spi-builder-workspace/ProjectAutomation/Tuist.swift -emit-dependencies-path /Users/admin/builder/spi-builder-workspace/.derivedData/Build/Intermediates.noindex/ProjectAutomation.build/Debug-appletvos/ProjectAutomation-t.build/Objects-normal/arm64/Tuist.d -emit-const-values-path /Users/admin/builder/spi-builder-workspace/.derivedData/Build/Intermediates.noindex/ProjectAutomation.build/Debug-appletvos/ProjectAutomation-t.build/Objects-normal/arm64/Tuist.swiftconstvalues -emit-reference-dependencies-path /Users/admin/builder/spi-builder-workspace/.derivedData/Build/Intermediates.noindex/ProjectAutomation.build/Debug-appletvos/ProjectAutomation-t.build/Objects-normal/arm64/Tuist.swiftdeps -serialize-diagnostics-path /Users/admin/builder/spi-builder-workspace/.derivedData/Build/Intermediates.noindex/ProjectAutomation.build/Debug-appletvos/ProjectAutomation-t.build/Objects-normal/arm64/Tuist.dia -target arm64-apple-tvos15.0 -disable-cross-import-overlay-search -load-resolved-plugin /Applications/Xcode-27.0.0-Release.Candidate.app/Contents/Developer/Platforms/AppleTVOS.platform/Developer/usr/lib/swift/host/plugins/libFoundationMacros.dylib\#/Applications/Xcode-27.0.0-Release.Candidate.app/Contents/Developer/Platforms/AppleTVOS.platform/Developer/usr/bin/swift-plugin-server\#FoundationMacros -load-resolved-plugin /Applications/Xcode-27.0.0-Release.Candidate.app/Contents/Developer/Platforms/AppleTVOS.platform/Developer/usr/lib/swift/host/plugins/libObservationMacros.dylib\#/Applications/Xcode-27.0.0-Release.Candidate.app/Contents/Developer/Platforms/AppleTVOS.platform/Developer/usr/bin/swift-plugin-server\#ObservationMacros -load-resolved-plugin /Applications/Xcode-27.0.0-Release.Candidate.app/Contents/Developer/Platforms/AppleTVOS.platform/Developer/usr/lib/swift/host/plugins/libSwiftMacros.dylib\#/Applications/Xcode-27.0.0-Release.Candidate.app/Contents/Developer/Platforms/AppleTVOS.platform/Developer/usr/bin/swift-plugin-server\#SwiftMacros -disable-implicit-swift-modules -Xcc -fno-implicit-modules -Xcc -fno-implicit-module-maps -explicit-swift-module-map-file /Users/admin/builder/spi-builder-workspace/.derivedData/Build/Intermediates.noindex/ProjectAutomation.build/Debug-appletvos/ProjectAutomation-t.build/Objects-normal/arm64/ProjectAutomation-dependencies-1.json -Xllvm -aarch64-use-tbi -enable-objc-interop -stack-check -sdk /Applications/Xcode-27.0.0-Release.Candidate.app/Contents/Developer/Platforms/AppleTVOS.platform/Developer/SDKs/AppleTVOS27.0.sdk -I /Users/admin/builder/spi-builder-workspace/.derivedData/Build/Products/Debug-appletvos -Isystem /Applications/Xcode-27.0.0-Release.Candidate.app/Contents/Developer/Platforms/AppleTVOS.platform/Developer/usr/lib -F /Users/admin/builder/spi-builder-workspace/.derivedData/Build/Products/Debug-appletvos -F /Applications/Xcode-27.0.0-Release.Candidate.app/Contents/Developer/Platforms/AppleTVOS.platform/Developer/Library/Frameworks -F /Applications/Xcode-27.0.0-Release.Candidate.app/Contents/Developer/Platforms/AppleTVOS.platform/Developer/SDKs/AppleTVOS27.0.sdk/Developer/Library/Frameworks -module-cache-path /Users/admin/builder/spi-builder-workspace/.derivedData/Build/Intermediates.noindex/SwiftExplicitPrecompiledModules -no-color-diagnostics -Xcc -fno-color-diagnostics -enable-testing -g -debug-info-format\=dwarf -dwarf-version\=4 -swift-version 5 -Onone -D SWIFT_PACKAGE -D DEBUG -D SWIFT_MODULE_RESOURCE_BUNDLE_UNAVAILABLE -D Xcode -serialize-debugging-options -enable-experimental-feature DebugDescriptionMacro -empty-abi-descriptor -validate-clang-modules-once -clang-build-session-file /Users/admin/builder/spi-builder-workspace/.derivedData/ModuleCache.noindex/Session.modulevalidation -Xcc -working-directory -Xcc /Users/admin/builder/spi-builder-workspace/.swiftpm/xcode -enable-anonymous-context-mangled-names -file-compilation-dir /Users/admin/builder/spi-builder-workspace/.swiftpm/xcode -Xcc -D_LIBCPP_HARDENING_MODE\=_LIBCPP_HARDENING_MODE_DEBUG -Xcc -ivfsstatcache -Xcc /Users/admin/builder/spi-builder-workspace/.derivedData/SDKStatCaches.noindex/appletvos27.0-24J360-e829b21a6f8c9b70876ba0858053c044b32bfd8d43560033f8d89884cdb90028.sdkstatcache -Xcc -fmodules-prune-interval\=86400 -Xcc -fmodules-prune-after\=345600 -Xcc -I/Users/admin/builder/spi-builder-workspace/.derivedData/Build/Products/Debug-appletvos/include -Xcc -I/Users/admin/builder/spi-builder-workspace/.derivedData/Build/Intermediates.noindex/ProjectAutomation.build/Debug-appletvos/ProjectAutomation-t.build/DerivedSources-normal/arm64 -Xcc -I/Users/admin/builder/spi-builder-workspace/.derivedData/Build/Intermediates.noindex/ProjectAutomation.build/Debug-appletvos/ProjectAutomation-t.build/DerivedSources/arm64 -Xcc -I/Users/admin/builder/spi-builder-workspace/.derivedData/Build/Intermediates.noindex/ProjectAutomation.build/Debug-appletvos/ProjectAutomation-t.build/DerivedSources -Xcc -DSWIFT_PACKAGE -Xcc -DDEBUG\=1 -no-auto-bridging-header-chaining -module-name ProjectAutomation -const-gather-protocols-file /Users/admin/builder/spi-builder-workspace/.derivedData/Build/Intermediates.noindex/ProjectAutomation.build/Debug-appletvos/ProjectAutomation-t.build/Objects-normal/arm64/ProjectAutomation_const_extract_protocols.json -disable-clang-spi -clang-target arm64-apple-tvos27.0 -target-sdk-version 27.0 -target-sdk-name appletvos27.0 -in-process-plugin-server-path /Applications/Xcode-27.0.0-Release.Candidate.app/Contents/Developer/Toolchains/XcodeDefault.xctoolchain/usr/lib/swift/host/libSwiftInProcPluginServer.dylib -parse-as-library -o /Users/admin/builder/spi-builder-workspace/.derivedData/Build/Intermediates.noindex/ProjectAutomation.build/Debug-appletvos/ProjectAutomation-t.build/Objects-normal/arm64/Tuist.o -debug-module-path /Users/admin/builder/spi-builder-workspace/.derivedData/Build/Intermediates.noindex/ProjectAutomation.build/Debug-appletvos/ProjectAutomation-t.build/Objects-normal/arm64/ProjectAutomation.swiftmodule -index-unit-output-path /ProjectAutomation.build/Debug-appletvos/ProjectAutomation-t.build/Objects-normal/arm64/Tuist.o -index-store-path /Users/admin/builder/spi-builder-workspace/.derivedData/Index.noindex/DataStore -index-system-modules
SwiftCompile normal arm64 /Users/admin/builder/spi-builder-workspace/ProjectAutomation/Tuist.swift (in target 'ProjectAutomation' from project 'ProjectAutomation')
    cd /Users/admin/builder/spi-builder-workspace/.swiftpm/xcode
    builtin-SwiftPerFileCompile Tuist.swift
SwiftCompile normal arm64 Compiling\ Scheme.swift /Users/admin/builder/spi-builder-workspace/ProjectAutomation/Scheme.swift (in target 'ProjectAutomation' from project 'ProjectAutomation')
SwiftCompile normal arm64 /Users/admin/builder/spi-builder-workspace/ProjectAutomation/Scheme.swift (in target 'ProjectAutomation' from project 'ProjectAutomation')
    cd /Users/admin/builder/spi-builder-workspace/.swiftpm/xcode
    builtin-SwiftPerFileCompile Scheme.swift
SwiftCompile normal arm64 Compiling\ Target.swift /Users/admin/builder/spi-builder-workspace/ProjectAutomation/Target.swift (in target 'ProjectAutomation' from project 'ProjectAutomation')
SwiftCompile normal arm64 /Users/admin/builder/spi-builder-workspace/ProjectAutomation/Target.swift (in target 'ProjectAutomation' from project 'ProjectAutomation')
    cd /Users/admin/builder/spi-builder-workspace/.swiftpm/xcode
    builtin-SwiftPerFileCompile Target.swift
SwiftCompile normal arm64 Compiling\ Task.swift /Users/admin/builder/spi-builder-workspace/ProjectAutomation/Task.swift (in target 'ProjectAutomation' from project 'ProjectAutomation')
SwiftCompile normal arm64 /Users/admin/builder/spi-builder-workspace/ProjectAutomation/Task.swift (in target 'ProjectAutomation' from project 'ProjectAutomation')
    cd /Users/admin/builder/spi-builder-workspace/.swiftpm/xcode
    builtin-SwiftPerFileCompile Task.swift
SwiftCompile normal arm64 Compiling\ TargetDependency.swift /Users/admin/builder/spi-builder-workspace/ProjectAutomation/TargetDependency.swift (in target 'ProjectAutomation' from project 'ProjectAutomation')
SwiftCompile normal arm64 /Users/admin/builder/spi-builder-workspace/ProjectAutomation/TargetDependency.swift (in target 'ProjectAutomation' from project 'ProjectAutomation')
    cd /Users/admin/builder/spi-builder-workspace/.swiftpm/xcode
    builtin-SwiftPerFileCompile TargetDependency.swift
SwiftCompile normal arm64 Compiling\ Project.swift /Users/admin/builder/spi-builder-workspace/ProjectAutomation/Project.swift (in target 'ProjectAutomation' from project 'ProjectAutomation')
SwiftCompile normal arm64 /Users/admin/builder/spi-builder-workspace/ProjectAutomation/Project.swift (in target 'ProjectAutomation' from project 'ProjectAutomation')
    cd /Users/admin/builder/spi-builder-workspace/.swiftpm/xcode
    builtin-SwiftPerFileCompile Project.swift
SwiftCompile normal arm64 Compiling\ Package.swift /Users/admin/builder/spi-builder-workspace/ProjectAutomation/Package.swift (in target 'ProjectAutomation' from project 'ProjectAutomation')
SwiftCompile normal arm64 /Users/admin/builder/spi-builder-workspace/ProjectAutomation/Package.swift (in target 'ProjectAutomation' from project 'ProjectAutomation')
    cd /Users/admin/builder/spi-builder-workspace/.swiftpm/xcode
    builtin-SwiftPerFileCompile Package.swift
SwiftCompile normal arm64 Compiling\ Graph.swift /Users/admin/builder/spi-builder-workspace/ProjectAutomation/Graph.swift (in target 'ProjectAutomation' from project 'ProjectAutomation')
SwiftCompile normal arm64 /Users/admin/builder/spi-builder-workspace/ProjectAutomation/Graph.swift (in target 'ProjectAutomation' from project 'ProjectAutomation')
    cd /Users/admin/builder/spi-builder-workspace/.swiftpm/xcode
    builtin-SwiftPerFileCompile Graph.swift
SwiftCompile normal arm64 Compiling\ Configuration.swift /Users/admin/builder/spi-builder-workspace/ProjectAutomation/Configuration.swift (in target 'ProjectAutomation' from project 'ProjectAutomation')
SwiftCompile normal arm64 /Users/admin/builder/spi-builder-workspace/ProjectAutomation/Configuration.swift (in target 'ProjectAutomation' from project 'ProjectAutomation')
    cd /Users/admin/builder/spi-builder-workspace/.swiftpm/xcode
    builtin-SwiftPerFileCompile Configuration.swift
SwiftDriverJobDiscovery normal arm64 Emitting module for ProjectAutomation (in target 'ProjectAutomation' from project 'ProjectAutomation')
SwiftDriver\ Compilation\ Requirements ProjectAutomation normal arm64 com.apple.xcode.tools.swift.compiler (in target 'ProjectAutomation' from project 'ProjectAutomation')
    cd /Users/admin/builder/spi-builder-workspace/.swiftpm/xcode
    builtin-Swift-Compilation-Requirements -- /Applications/Xcode-27.0.0-Release.Candidate.app/Contents/Developer/Toolchains/XcodeDefault.xctoolchain/usr/bin/swiftc -parse-as-library -module-name ProjectAutomation -Onone @/Users/admin/builder/spi-builder-workspace/.derivedData/Build/Intermediates.noindex/ProjectAutomation.build/Debug-appletvos/ProjectAutomation-t.build/Objects-normal/arm64/ProjectAutomation.SwiftFileList -DSWIFT_PACKAGE -DDEBUG -DSWIFT_MODULE_RESOURCE_BUNDLE_UNAVAILABLE -DXcode -plugin-path /Applications/Xcode-27.0.0-Release.Candidate.app/Contents/Developer/Toolchains/XcodeDefault.xctoolchain/usr/lib/swift/host/plugins/testing -enable-experimental-feature DebugDescriptionMacro -sdk /Applications/Xcode-27.0.0-Release.Candidate.app/Contents/Developer/Platforms/AppleTVOS.platform/Developer/SDKs/AppleTVOS27.0.sdk -target arm64-apple-tvos15.0 -g -module-cache-path /Users/admin/builder/spi-builder-workspace/.derivedData/ModuleCache.noindex -Xfrontend -serialize-debugging-options -enable-testing -index-store-path /Users/admin/builder/spi-builder-workspace/.derivedData/Index.noindex/DataStore -Xcc -D_LIBCPP_HARDENING_MODE\=_LIBCPP_HARDENING_MODE_DEBUG -swift-version 5 -I /Users/admin/builder/spi-builder-workspace/.derivedData/Build/Products/Debug-appletvos -Isystem /Applications/Xcode-27.0.0-Release.Candidate.app/Contents/Developer/Platforms/AppleTVOS.platform/Developer/usr/lib -F /Users/admin/builder/spi-builder-workspace/.derivedData/Build/Products/Debug-appletvos -F /Applications/Xcode-27.0.0-Release.Candidate.app/Contents/Developer/Platforms/AppleTVOS.platform/Developer/Library/Frameworks -F /Applications/Xcode-27.0.0-Release.Candidate.app/Contents/Developer/Platforms/AppleTVOS.platform/Developer/SDKs/AppleTVOS27.0.sdk/Developer/Library/Frameworks -c -j10 -enable-batch-mode -incremental -Xcc -ivfsstatcache -Xcc /Users/admin/builder/spi-builder-workspace/.derivedData/SDKStatCaches.noindex/appletvos27.0-24J360-e829b21a6f8c9b70876ba0858053c044b32bfd8d43560033f8d89884cdb90028.sdkstatcache -output-file-map /Users/admin/builder/spi-builder-workspace/.derivedData/Build/Intermediates.noindex/ProjectAutomation.build/Debug-appletvos/ProjectAutomation-t.build/Objects-normal/arm64/ProjectAutomation-OutputFileMap.json -save-temps -no-color-diagnostics -explicit-module-build -module-cache-path /Users/admin/builder/spi-builder-workspace/.derivedData/Build/Intermediates.noindex/SwiftExplicitPrecompiledModules -clang-scanner-module-cache-path /Users/admin/builder/spi-builder-workspace/.derivedData/ModuleCache.noindex -sdk-module-cache-path /Users/admin/builder/spi-builder-workspace/.derivedData/SDKExplicitPrecompiledModules -emit-dependencies -emit-module -emit-module-path /Users/admin/builder/spi-builder-workspace/.derivedData/Build/Intermediates.noindex/ProjectAutomation.build/Debug-appletvos/ProjectAutomation-t.build/Objects-normal/arm64/ProjectAutomation.swiftmodule -serialize-diagnostics -dependency-scan-serialize-diagnostics-path /Users/admin/builder/spi-builder-workspace/.derivedData/Build/Intermediates.noindex/ProjectAutomation.build/Debug-appletvos/ProjectAutomation-t.build/Objects-normal/arm64/ProjectAutomation-dependency-scan.dia -validate-clang-modules-once -clang-build-session-file /Users/admin/builder/spi-builder-workspace/.derivedData/ModuleCache.noindex/Session.modulevalidation -Xcc -fmodules-prune-interval\=86400 -Xcc -fmodules-prune-after\=345600 -emit-const-values -const-gather-protocols-list /Users/admin/builder/spi-builder-workspace/.derivedData/Build/Intermediates.noindex/ProjectAutomation.build/Debug-appletvos/ProjectAutomation-t.build/Objects-normal/arm64/ProjectAutomation_const_extract_protocols.json -Xcc -I/Users/admin/builder/spi-builder-workspace/.derivedData/Build/Products/Debug-appletvos/include -Xcc -I/Users/admin/builder/spi-builder-workspace/.derivedData/Build/Intermediates.noindex/ProjectAutomation.build/Debug-appletvos/ProjectAutomation-t.build/DerivedSources-normal/arm64 -Xcc -I/Users/admin/builder/spi-builder-workspace/.derivedData/Build/Intermediates.noindex/ProjectAutomation.build/Debug-appletvos/ProjectAutomation-t.build/DerivedSources/arm64 -Xcc -I/Users/admin/builder/spi-builder-workspace/.derivedData/Build/Intermediates.noindex/ProjectAutomation.build/Debug-appletvos/ProjectAutomation-t.build/DerivedSources -Xcc -DSWIFT_PACKAGE -Xcc -DDEBUG\=1 -emit-objc-header -emit-objc-header-path /Users/admin/builder/spi-builder-workspace/.derivedData/Build/Intermediates.noindex/ProjectAutomation.build/Debug-appletvos/ProjectAutomation-t.build/Objects-normal/arm64/ProjectAutomation-Swift.h -working-directory /Users/admin/builder/spi-builder-workspace/.swiftpm/xcode -experimental-emit-module-separately -disable-cmo
PruneExplicitPrecompiledModules /Users/admin/builder/spi-builder-workspace/.derivedData/Build/Intermediates.noindex/SwiftExplicitPrecompiledModules
PruneExplicitPrecompiledModules /Users/admin/builder/spi-builder-workspace/.derivedData/SDKExplicitPrecompiledModules
PruneExplicitPrecompiledModules /Users/admin/builder/spi-builder-workspace/.derivedData/Build/Intermediates.noindex/ExplicitPrecompiledModules
2026-09-22 03:04:22.019 xcodebuild[682:4200] [MT] IDERunDestination: Supported platforms for the buildables in the current scheme is empty.
** BUILD FAILED **
The following build commands failed:
	SwiftCompile normal arm64 Compiling\ Tuist.swift /Users/admin/builder/spi-builder-workspace/ProjectAutomation/Tuist.swift (in target 'ProjectAutomation' from project 'ProjectAutomation')
	SwiftCompile normal arm64 /Users/admin/builder/spi-builder-workspace/ProjectAutomation/Tuist.swift (in target 'ProjectAutomation' from project 'ProjectAutomation')
	Building workspace ProjectAutomation with scheme ProjectAutomation
(3 failures)
Command line invocation:
    /Applications/Xcode-27.0.0-Release.Candidate.app/Contents/Developer/usr/bin/xcodebuild -IDEClonedSourcePackagesDirPathOverride=/Users/admin/builder/spi-builder-workspace/.dependencies -resolvePackageDependencies
Resolve Package Graph
Resolved source packages:
  ProjectAutomation: /Users/admin/builder/spi-builder-workspace
resolved source packages: ProjectAutomation
2026-09-22 03:04:28.895 xcodebuild[735:4468] [MT] IDERunDestination: Supported platforms for the buildables in the current scheme is empty.
{
  "dependencies" : [
  ],
  "manifest_display_name" : "ProjectAutomation",
  "name" : "ProjectAutomation",
  "path" : "/Users/admin/builder/spi-builder-workspace",
  "platforms" : [
    {
      "name" : "macos",
      "version" : "11.0"
    }
  ],
  "products" : [
    {
      "name" : "ProjectAutomation",
      "targets" : [
        "ProjectAutomation"
      ],
      "type" : {
        "library" : [
          "automatic"
        ]
      }
    }
  ],
  "targets" : [
    {
      "c99name" : "ProjectAutomation",
      "module_type" : "SwiftTarget",
      "name" : "ProjectAutomation",
      "path" : "ProjectAutomation",
      "product_memberships" : [
        "ProjectAutomation"
      ],
      "sources" : [
        "Configuration.swift",
        "Graph.swift",
        "Package.swift",
        "Project.swift",
        "Scheme.swift",
        "Settings.swift",
        "Target.swift",
        "TargetDependency.swift",
        "Task.swift",
        "Tuist.swift"
      ],
      "type" : "library"
    }
  ],
  "tools_version" : "5.5"
}
{
  "workspace" : {
    "name" : "ProjectAutomation",
    "schemes" : [
      "ProjectAutomation"
    ]
  }
}
2026-09-22 03:04:30.084 xcodebuild[743:4535] [MT] IDERunDestination: Supported platforms for the buildables in the current scheme is empty.
Running build ...
env DEVELOPER_DIR=/Applications/Xcode-27.0.0-Release.Candidate.app xcrun xcodebuild -IDEClonedSourcePackagesDirPathOverride=$PWD/.dependencies -skipMacroValidation -skipPackagePluginValidation -derivedDataPath $PWD/.derivedData build -scheme ProjectAutomation -destination generic/platform=tvOS
Command line invocation:
    /Applications/Xcode-27.0.0-Release.Candidate.app/Contents/Developer/usr/bin/xcodebuild -IDEClonedSourcePackagesDirPathOverride=/Users/admin/builder/spi-builder-workspace/.dependencies -skipMacroValidation -skipPackagePluginValidation -derivedDataPath /Users/admin/builder/spi-builder-workspace/.derivedData build -scheme ProjectAutomation -destination generic/platform=tvOS
Resolve Package Graph
Resolved source packages:
  ProjectAutomation: /Users/admin/builder/spi-builder-workspace
ComputePackagePrebuildTargetDependencyGraph
Prepare packages
CreateBuildRequest
SendProjectDescription
CreateBuildOperation
ComputeTargetDependencyGraph
note: Building targets in dependency order
note: Target dependency graph (2 targets)
    Target 'ProjectAutomation-product' in project 'ProjectAutomation'
        ➜ Explicit dependency on target 'ProjectAutomation' in project 'ProjectAutomation'
    Target 'ProjectAutomation' in project 'ProjectAutomation' (no dependencies)
GatherProvisioningInputs
CreateBuildDescription
ClangStatCache /Applications/Xcode-27.0.0-Release.Candidate.app/Contents/Developer/Toolchains/XcodeDefault.xctoolchain/usr/bin/clang-stat-cache /Applications/Xcode-27.0.0-Release.Candidate.app/Contents/Developer/Platforms/AppleTVOS.platform/Developer/SDKs/AppleTVOS27.0.sdk /Users/admin/builder/spi-builder-workspace/.derivedData/SDKStatCaches.noindex/appletvos27.0-24J360-e829b21a6f8c9b70876ba0858053c044b32bfd8d43560033f8d89884cdb90028.sdkstatcache
    cd /Users/admin/builder/spi-builder-workspace/.swiftpm/xcode
    /Applications/Xcode-27.0.0-Release.Candidate.app/Contents/Developer/Toolchains/XcodeDefault.xctoolchain/usr/bin/clang-stat-cache /Applications/Xcode-27.0.0-Release.Candidate.app/Contents/Developer/Platforms/AppleTVOS.platform/Developer/SDKs/AppleTVOS27.0.sdk -o /Users/admin/builder/spi-builder-workspace/.derivedData/SDKStatCaches.noindex/appletvos27.0-24J360-e829b21a6f8c9b70876ba0858053c044b32bfd8d43560033f8d89884cdb90028.sdkstatcache
SwiftDriver ProjectAutomation normal arm64 com.apple.xcode.tools.swift.compiler (in target 'ProjectAutomation' from project 'ProjectAutomation')
    cd /Users/admin/builder/spi-builder-workspace/.swiftpm/xcode
    builtin-SwiftDriver -- /Applications/Xcode-27.0.0-Release.Candidate.app/Contents/Developer/Toolchains/XcodeDefault.xctoolchain/usr/bin/swiftc -parse-as-library -module-name ProjectAutomation -Onone @/Users/admin/builder/spi-builder-workspace/.derivedData/Build/Intermediates.noindex/ProjectAutomation.build/Debug-appletvos/ProjectAutomation-t.build/Objects-normal/arm64/ProjectAutomation.SwiftFileList -DSWIFT_PACKAGE -DDEBUG -DSWIFT_MODULE_RESOURCE_BUNDLE_UNAVAILABLE -DXcode -plugin-path /Applications/Xcode-27.0.0-Release.Candidate.app/Contents/Developer/Toolchains/XcodeDefault.xctoolchain/usr/lib/swift/host/plugins/testing -enable-experimental-feature DebugDescriptionMacro -sdk /Applications/Xcode-27.0.0-Release.Candidate.app/Contents/Developer/Platforms/AppleTVOS.platform/Developer/SDKs/AppleTVOS27.0.sdk -target arm64-apple-tvos15.0 -g -module-cache-path /Users/admin/builder/spi-builder-workspace/.derivedData/ModuleCache.noindex -Xfrontend -serialize-debugging-options -enable-testing -index-store-path /Users/admin/builder/spi-builder-workspace/.derivedData/Index.noindex/DataStore -Xcc -D_LIBCPP_HARDENING_MODE\=_LIBCPP_HARDENING_MODE_DEBUG -swift-version 5 -I /Users/admin/builder/spi-builder-workspace/.derivedData/Build/Products/Debug-appletvos -Isystem /Applications/Xcode-27.0.0-Release.Candidate.app/Contents/Developer/Platforms/AppleTVOS.platform/Developer/usr/lib -F /Users/admin/builder/spi-builder-workspace/.derivedData/Build/Products/Debug-appletvos -F /Applications/Xcode-27.0.0-Release.Candidate.app/Contents/Developer/Platforms/AppleTVOS.platform/Developer/Library/Frameworks -F /Applications/Xcode-27.0.0-Release.Candidate.app/Contents/Developer/Platforms/AppleTVOS.platform/Developer/SDKs/AppleTVOS27.0.sdk/Developer/Library/Frameworks -c -j10 -enable-batch-mode -incremental -Xcc -ivfsstatcache -Xcc /Users/admin/builder/spi-builder-workspace/.derivedData/SDKStatCaches.noindex/appletvos27.0-24J360-e829b21a6f8c9b70876ba0858053c044b32bfd8d43560033f8d89884cdb90028.sdkstatcache -output-file-map /Users/admin/builder/spi-builder-workspace/.derivedData/Build/Intermediates.noindex/ProjectAutomation.build/Debug-appletvos/ProjectAutomation-t.build/Objects-normal/arm64/ProjectAutomation-OutputFileMap.json -save-temps -no-color-diagnostics -explicit-module-build -module-cache-path /Users/admin/builder/spi-builder-workspace/.derivedData/Build/Intermediates.noindex/SwiftExplicitPrecompiledModules -clang-scanner-module-cache-path /Users/admin/builder/spi-builder-workspace/.derivedData/ModuleCache.noindex -sdk-module-cache-path /Users/admin/builder/spi-builder-workspace/.derivedData/SDKExplicitPrecompiledModules -emit-dependencies -emit-module -emit-module-path /Users/admin/builder/spi-builder-workspace/.derivedData/Build/Intermediates.noindex/ProjectAutomation.build/Debug-appletvos/ProjectAutomation-t.build/Objects-normal/arm64/ProjectAutomation.swiftmodule -serialize-diagnostics -dependency-scan-serialize-diagnostics-path /Users/admin/builder/spi-builder-workspace/.derivedData/Build/Intermediates.noindex/ProjectAutomation.build/Debug-appletvos/ProjectAutomation-t.build/Objects-normal/arm64/ProjectAutomation-dependency-scan.dia -validate-clang-modules-once -clang-build-session-file /Users/admin/builder/spi-builder-workspace/.derivedData/ModuleCache.noindex/Session.modulevalidation -Xcc -fmodules-prune-interval\=86400 -Xcc -fmodules-prune-after\=345600 -emit-const-values -const-gather-protocols-list /Users/admin/builder/spi-builder-workspace/.derivedData/Build/Intermediates.noindex/ProjectAutomation.build/Debug-appletvos/ProjectAutomation-t.build/Objects-normal/arm64/ProjectAutomation_const_extract_protocols.json -Xcc -I/Users/admin/builder/spi-builder-workspace/.derivedData/Build/Products/Debug-appletvos/include -Xcc -I/Users/admin/builder/spi-builder-workspace/.derivedData/Build/Intermediates.noindex/ProjectAutomation.build/Debug-appletvos/ProjectAutomation-t.build/DerivedSources-normal/arm64 -Xcc -I/Users/admin/builder/spi-builder-workspace/.derivedData/Build/Intermediates.noindex/ProjectAutomation.build/Debug-appletvos/ProjectAutomation-t.build/DerivedSources/arm64 -Xcc -I/Users/admin/builder/spi-builder-workspace/.derivedData/Build/Intermediates.noindex/ProjectAutomation.build/Debug-appletvos/ProjectAutomation-t.build/DerivedSources -Xcc -DSWIFT_PACKAGE -Xcc -DDEBUG\=1 -emit-objc-header -emit-objc-header-path /Users/admin/builder/spi-builder-workspace/.derivedData/Build/Intermediates.noindex/ProjectAutomation.build/Debug-appletvos/ProjectAutomation-t.build/Objects-normal/arm64/ProjectAutomation-Swift.h -working-directory /Users/admin/builder/spi-builder-workspace/.swiftpm/xcode -experimental-emit-module-separately -disable-cmo
SwiftCompile normal arm64 Compiling\ Graph.swift /Users/admin/builder/spi-builder-workspace/ProjectAutomation/Graph.swift (in target 'ProjectAutomation' from project 'ProjectAutomation')
SwiftCompile normal arm64 /Users/admin/builder/spi-builder-workspace/ProjectAutomation/Graph.swift (in target 'ProjectAutomation' from project 'ProjectAutomation')
    cd /Users/admin/builder/spi-builder-workspace/.swiftpm/xcode
    builtin-SwiftPerFileCompile Graph.swift
SwiftCompile normal arm64 Compiling\ Package.swift /Users/admin/builder/spi-builder-workspace/ProjectAutomation/Package.swift (in target 'ProjectAutomation' from project 'ProjectAutomation')
SwiftCompile normal arm64 /Users/admin/builder/spi-builder-workspace/ProjectAutomation/Package.swift (in target 'ProjectAutomation' from project 'ProjectAutomation')
    cd /Users/admin/builder/spi-builder-workspace/.swiftpm/xcode
    builtin-SwiftPerFileCompile Package.swift
SwiftCompile normal arm64 Compiling\ Configuration.swift /Users/admin/builder/spi-builder-workspace/ProjectAutomation/Configuration.swift (in target 'ProjectAutomation' from project 'ProjectAutomation')
SwiftCompile normal arm64 /Users/admin/builder/spi-builder-workspace/ProjectAutomation/Configuration.swift (in target 'ProjectAutomation' from project 'ProjectAutomation')
    cd /Users/admin/builder/spi-builder-workspace/.swiftpm/xcode
    builtin-SwiftPerFileCompile Configuration.swift
SwiftCompile normal arm64 Compiling\ Project.swift /Users/admin/builder/spi-builder-workspace/ProjectAutomation/Project.swift (in target 'ProjectAutomation' from project 'ProjectAutomation')
SwiftCompile normal arm64 /Users/admin/builder/spi-builder-workspace/ProjectAutomation/Project.swift (in target 'ProjectAutomation' from project 'ProjectAutomation')
    cd /Users/admin/builder/spi-builder-workspace/.swiftpm/xcode
    builtin-SwiftPerFileCompile Project.swift
SwiftCompile normal arm64 Compiling\ Task.swift /Users/admin/builder/spi-builder-workspace/ProjectAutomation/Task.swift (in target 'ProjectAutomation' from project 'ProjectAutomation')
SwiftCompile normal arm64 /Users/admin/builder/spi-builder-workspace/ProjectAutomation/Task.swift (in target 'ProjectAutomation' from project 'ProjectAutomation')
    cd /Users/admin/builder/spi-builder-workspace/.swiftpm/xcode
    builtin-SwiftPerFileCompile Task.swift
SwiftCompile normal arm64 Compiling\ Settings.swift /Users/admin/builder/spi-builder-workspace/ProjectAutomation/Settings.swift (in target 'ProjectAutomation' from project 'ProjectAutomation')
SwiftCompile normal arm64 /Users/admin/builder/spi-builder-workspace/ProjectAutomation/Settings.swift (in target 'ProjectAutomation' from project 'ProjectAutomation')
    cd /Users/admin/builder/spi-builder-workspace/.swiftpm/xcode
    builtin-SwiftPerFileCompile Settings.swift
SwiftCompile normal arm64 Compiling\ Target.swift /Users/admin/builder/spi-builder-workspace/ProjectAutomation/Target.swift (in target 'ProjectAutomation' from project 'ProjectAutomation')
SwiftCompile normal arm64 /Users/admin/builder/spi-builder-workspace/ProjectAutomation/Target.swift (in target 'ProjectAutomation' from project 'ProjectAutomation')
    cd /Users/admin/builder/spi-builder-workspace/.swiftpm/xcode
    builtin-SwiftPerFileCompile Target.swift
SwiftCompile normal arm64 Compiling\ TargetDependency.swift /Users/admin/builder/spi-builder-workspace/ProjectAutomation/TargetDependency.swift (in target 'ProjectAutomation' from project 'ProjectAutomation')
SwiftCompile normal arm64 /Users/admin/builder/spi-builder-workspace/ProjectAutomation/TargetDependency.swift (in target 'ProjectAutomation' from project 'ProjectAutomation')
    cd /Users/admin/builder/spi-builder-workspace/.swiftpm/xcode
    builtin-SwiftPerFileCompile TargetDependency.swift
SwiftEmitModule normal arm64 Emitting\ module\ for\ ProjectAutomation (in target 'ProjectAutomation' from project 'ProjectAutomation')
SwiftCompile normal arm64 (in target 'ProjectAutomation' from project 'ProjectAutomation')
    cd /Users/admin/builder/spi-builder-workspace/.swiftpm/xcode

SwiftCompile normal arm64 Compiling\ Scheme.swift /Users/admin/builder/spi-builder-workspace/ProjectAutomation/Scheme.swift (in target 'ProjectAutomation' from project 'ProjectAutomation')
SwiftCompile normal arm64 /Users/admin/builder/spi-builder-workspace/ProjectAutomation/Scheme.swift (in target 'ProjectAutomation' from project 'ProjectAutomation')
    cd /Users/admin/builder/spi-builder-workspace/.swiftpm/xcode
    builtin-SwiftPerFileCompile Scheme.swift
SwiftCompile normal arm64 Compiling\ Tuist.swift /Users/admin/builder/spi-builder-workspace/ProjectAutomation/Tuist.swift (in target 'ProjectAutomation' from project 'ProjectAutomation')
/Users/admin/builder/spi-builder-workspace/ProjectAutomation/Tuist.swift:64:23: error: cannot find 'Process' in scope
62 |         _ arguments: [String]
63 |     ) throws {
64 |         let process = Process()
   |                       `- error: cannot find 'Process' in scope
65 |         process.executableURL = URL(fileURLWithPath: "/usr/bin/env")
66 |         process.arguments = arguments
Failed frontend command:
/Applications/Xcode-27.0.0-Release.Candidate.app/Contents/Developer/Toolchains/XcodeDefault.xctoolchain/usr/bin/swift-frontend -frontend -c /Users/admin/builder/spi-builder-workspace/ProjectAutomation/Configuration.swift /Users/admin/builder/spi-builder-workspace/ProjectAutomation/Graph.swift /Users/admin/builder/spi-builder-workspace/ProjectAutomation/Package.swift /Users/admin/builder/spi-builder-workspace/ProjectAutomation/Project.swift /Users/admin/builder/spi-builder-workspace/ProjectAutomation/Scheme.swift /Users/admin/builder/spi-builder-workspace/ProjectAutomation/Settings.swift /Users/admin/builder/spi-builder-workspace/ProjectAutomation/Target.swift /Users/admin/builder/spi-builder-workspace/ProjectAutomation/TargetDependency.swift /Users/admin/builder/spi-builder-workspace/ProjectAutomation/Task.swift -primary-file /Users/admin/builder/spi-builder-workspace/ProjectAutomation/Tuist.swift -emit-dependencies-path /Users/admin/builder/spi-builder-workspace/.derivedData/Build/Intermediates.noindex/ProjectAutomation.build/Debug-appletvos/ProjectAutomation-t.build/Objects-normal/arm64/Tuist.d -emit-const-values-path /Users/admin/builder/spi-builder-workspace/.derivedData/Build/Intermediates.noindex/ProjectAutomation.build/Debug-appletvos/ProjectAutomation-t.build/Objects-normal/arm64/Tuist.swiftconstvalues -emit-reference-dependencies-path /Users/admin/builder/spi-builder-workspace/.derivedData/Build/Intermediates.noindex/ProjectAutomation.build/Debug-appletvos/ProjectAutomation-t.build/Objects-normal/arm64/Tuist.swiftdeps -serialize-diagnostics-path /Users/admin/builder/spi-builder-workspace/.derivedData/Build/Intermediates.noindex/ProjectAutomation.build/Debug-appletvos/ProjectAutomation-t.build/Objects-normal/arm64/Tuist.dia -target arm64-apple-tvos15.0 -disable-cross-import-overlay-search -load-resolved-plugin /Applications/Xcode-27.0.0-Release.Candidate.app/Contents/Developer/Platforms/AppleTVOS.platform/Developer/usr/lib/swift/host/plugins/libFoundationMacros.dylib\#/Applications/Xcode-27.0.0-Release.Candidate.app/Contents/Developer/Platforms/AppleTVOS.platform/Developer/usr/bin/swift-plugin-server\#FoundationMacros -load-resolved-plugin /Applications/Xcode-27.0.0-Release.Candidate.app/Contents/Developer/Platforms/AppleTVOS.platform/Developer/usr/lib/swift/host/plugins/libObservationMacros.dylib\#/Applications/Xcode-27.0.0-Release.Candidate.app/Contents/Developer/Platforms/AppleTVOS.platform/Developer/usr/bin/swift-plugin-server\#ObservationMacros -load-resolved-plugin /Applications/Xcode-27.0.0-Release.Candidate.app/Contents/Developer/Platforms/AppleTVOS.platform/Developer/usr/lib/swift/host/plugins/libSwiftMacros.dylib\#/Applications/Xcode-27.0.0-Release.Candidate.app/Contents/Developer/Platforms/AppleTVOS.platform/Developer/usr/bin/swift-plugin-server\#SwiftMacros -disable-implicit-swift-modules -Xcc -fno-implicit-modules -Xcc -fno-implicit-module-maps -explicit-swift-module-map-file /Users/admin/builder/spi-builder-workspace/.derivedData/Build/Intermediates.noindex/ProjectAutomation.build/Debug-appletvos/ProjectAutomation-t.build/Objects-normal/arm64/ProjectAutomation-dependencies-1.json -Xllvm -aarch64-use-tbi -enable-objc-interop -stack-check -sdk /Applications/Xcode-27.0.0-Release.Candidate.app/Contents/Developer/Platforms/AppleTVOS.platform/Developer/SDKs/AppleTVOS27.0.sdk -I /Users/admin/builder/spi-builder-workspace/.derivedData/Build/Products/Debug-appletvos -Isystem /Applications/Xcode-27.0.0-Release.Candidate.app/Contents/Developer/Platforms/AppleTVOS.platform/Developer/usr/lib -F /Users/admin/builder/spi-builder-workspace/.derivedData/Build/Products/Debug-appletvos -F /Applications/Xcode-27.0.0-Release.Candidate.app/Contents/Developer/Platforms/AppleTVOS.platform/Developer/Library/Frameworks -F /Applications/Xcode-27.0.0-Release.Candidate.app/Contents/Developer/Platforms/AppleTVOS.platform/Developer/SDKs/AppleTVOS27.0.sdk/Developer/Library/Frameworks -module-cache-path /Users/admin/builder/spi-builder-workspace/.derivedData/Build/Intermediates.noindex/SwiftExplicitPrecompiledModules -no-color-diagnostics -Xcc -fno-color-diagnostics -enable-testing -g -debug-info-format\=dwarf -dwarf-version\=4 -swift-version 5 -Onone -D SWIFT_PACKAGE -D DEBUG -D SWIFT_MODULE_RESOURCE_BUNDLE_UNAVAILABLE -D Xcode -serialize-debugging-options -enable-experimental-feature DebugDescriptionMacro -empty-abi-descriptor -validate-clang-modules-once -clang-build-session-file /Users/admin/builder/spi-builder-workspace/.derivedData/ModuleCache.noindex/Session.modulevalidation -Xcc -working-directory -Xcc /Users/admin/builder/spi-builder-workspace/.swiftpm/xcode -enable-anonymous-context-mangled-names -file-compilation-dir /Users/admin/builder/spi-builder-workspace/.swiftpm/xcode -Xcc -D_LIBCPP_HARDENING_MODE\=_LIBCPP_HARDENING_MODE_DEBUG -Xcc -ivfsstatcache -Xcc /Users/admin/builder/spi-builder-workspace/.derivedData/SDKStatCaches.noindex/appletvos27.0-24J360-e829b21a6f8c9b70876ba0858053c044b32bfd8d43560033f8d89884cdb90028.sdkstatcache -Xcc -fmodules-prune-interval\=86400 -Xcc -fmodules-prune-after\=345600 -Xcc -I/Users/admin/builder/spi-builder-workspace/.derivedData/Build/Products/Debug-appletvos/include -Xcc -I/Users/admin/builder/spi-builder-workspace/.derivedData/Build/Intermediates.noindex/ProjectAutomation.build/Debug-appletvos/ProjectAutomation-t.build/DerivedSources-normal/arm64 -Xcc -I/Users/admin/builder/spi-builder-workspace/.derivedData/Build/Intermediates.noindex/ProjectAutomation.build/Debug-appletvos/ProjectAutomation-t.build/DerivedSources/arm64 -Xcc -I/Users/admin/builder/spi-builder-workspace/.derivedData/Build/Intermediates.noindex/ProjectAutomation.build/Debug-appletvos/ProjectAutomation-t.build/DerivedSources -Xcc -DSWIFT_PACKAGE -Xcc -DDEBUG\=1 -no-auto-bridging-header-chaining -module-name ProjectAutomation -const-gather-protocols-file /Users/admin/builder/spi-builder-workspace/.derivedData/Build/Intermediates.noindex/ProjectAutomation.build/Debug-appletvos/ProjectAutomation-t.build/Objects-normal/arm64/ProjectAutomation_const_extract_protocols.json -disable-clang-spi -clang-target arm64-apple-tvos27.0 -target-sdk-version 27.0 -target-sdk-name appletvos27.0 -in-process-plugin-server-path /Applications/Xcode-27.0.0-Release.Candidate.app/Contents/Developer/Toolchains/XcodeDefault.xctoolchain/usr/lib/swift/host/libSwiftInProcPluginServer.dylib -parse-as-library -o /Users/admin/builder/spi-builder-workspace/.derivedData/Build/Intermediates.noindex/ProjectAutomation.build/Debug-appletvos/ProjectAutomation-t.build/Objects-normal/arm64/Tuist.o -debug-module-path /Users/admin/builder/spi-builder-workspace/.derivedData/Build/Intermediates.noindex/ProjectAutomation.build/Debug-appletvos/ProjectAutomation-t.build/Objects-normal/arm64/ProjectAutomation.swiftmodule -index-unit-output-path /ProjectAutomation.build/Debug-appletvos/ProjectAutomation-t.build/Objects-normal/arm64/Tuist.o -index-store-path /Users/admin/builder/spi-builder-workspace/.derivedData/Index.noindex/DataStore -index-system-modules
SwiftCompile normal arm64 /Users/admin/builder/spi-builder-workspace/ProjectAutomation/Tuist.swift (in target 'ProjectAutomation' from project 'ProjectAutomation')
    cd /Users/admin/builder/spi-builder-workspace/.swiftpm/xcode
    builtin-SwiftPerFileCompile Tuist.swift
SwiftDriverJobDiscovery normal arm64 Compiling Settings.swift (in target 'ProjectAutomation' from project 'ProjectAutomation')
SwiftDriverJobDiscovery normal arm64 Compiling Scheme.swift (in target 'ProjectAutomation' from project 'ProjectAutomation')
SwiftDriverJobDiscovery normal arm64 Compiling Graph.swift (in target 'ProjectAutomation' from project 'ProjectAutomation')
SwiftDriverJobDiscovery normal arm64 Compiling Package.swift (in target 'ProjectAutomation' from project 'ProjectAutomation')
SwiftDriverJobDiscovery normal arm64 Compiling Project.swift (in target 'ProjectAutomation' from project 'ProjectAutomation')
SwiftDriverJobDiscovery normal arm64 Compiling Target.swift (in target 'ProjectAutomation' from project 'ProjectAutomation')
SwiftDriverJobDiscovery normal arm64 Compiling Task.swift (in target 'ProjectAutomation' from project 'ProjectAutomation')
SwiftDriverJobDiscovery normal arm64 Emitting module for ProjectAutomation (in target 'ProjectAutomation' from project 'ProjectAutomation')
SwiftDriver\ Compilation\ Requirements ProjectAutomation normal arm64 com.apple.xcode.tools.swift.compiler (in target 'ProjectAutomation' from project 'ProjectAutomation')
    cd /Users/admin/builder/spi-builder-workspace/.swiftpm/xcode
    builtin-Swift-Compilation-Requirements -- /Applications/Xcode-27.0.0-Release.Candidate.app/Contents/Developer/Toolchains/XcodeDefault.xctoolchain/usr/bin/swiftc -parse-as-library -module-name ProjectAutomation -Onone @/Users/admin/builder/spi-builder-workspace/.derivedData/Build/Intermediates.noindex/ProjectAutomation.build/Debug-appletvos/ProjectAutomation-t.build/Objects-normal/arm64/ProjectAutomation.SwiftFileList -DSWIFT_PACKAGE -DDEBUG -DSWIFT_MODULE_RESOURCE_BUNDLE_UNAVAILABLE -DXcode -plugin-path /Applications/Xcode-27.0.0-Release.Candidate.app/Contents/Developer/Toolchains/XcodeDefault.xctoolchain/usr/lib/swift/host/plugins/testing -enable-experimental-feature DebugDescriptionMacro -sdk /Applications/Xcode-27.0.0-Release.Candidate.app/Contents/Developer/Platforms/AppleTVOS.platform/Developer/SDKs/AppleTVOS27.0.sdk -target arm64-apple-tvos15.0 -g -module-cache-path /Users/admin/builder/spi-builder-workspace/.derivedData/ModuleCache.noindex -Xfrontend -serialize-debugging-options -enable-testing -index-store-path /Users/admin/builder/spi-builder-workspace/.derivedData/Index.noindex/DataStore -Xcc -D_LIBCPP_HARDENING_MODE\=_LIBCPP_HARDENING_MODE_DEBUG -swift-version 5 -I /Users/admin/builder/spi-builder-workspace/.derivedData/Build/Products/Debug-appletvos -Isystem /Applications/Xcode-27.0.0-Release.Candidate.app/Contents/Developer/Platforms/AppleTVOS.platform/Developer/usr/lib -F /Users/admin/builder/spi-builder-workspace/.derivedData/Build/Products/Debug-appletvos -F /Applications/Xcode-27.0.0-Release.Candidate.app/Contents/Developer/Platforms/AppleTVOS.platform/Developer/Library/Frameworks -F /Applications/Xcode-27.0.0-Release.Candidate.app/Contents/Developer/Platforms/AppleTVOS.platform/Developer/SDKs/AppleTVOS27.0.sdk/Developer/Library/Frameworks -c -j10 -enable-batch-mode -incremental -Xcc -ivfsstatcache -Xcc /Users/admin/builder/spi-builder-workspace/.derivedData/SDKStatCaches.noindex/appletvos27.0-24J360-e829b21a6f8c9b70876ba0858053c044b32bfd8d43560033f8d89884cdb90028.sdkstatcache -output-file-map /Users/admin/builder/spi-builder-workspace/.derivedData/Build/Intermediates.noindex/ProjectAutomation.build/Debug-appletvos/ProjectAutomation-t.build/Objects-normal/arm64/ProjectAutomation-OutputFileMap.json -save-temps -no-color-diagnostics -explicit-module-build -module-cache-path /Users/admin/builder/spi-builder-workspace/.derivedData/Build/Intermediates.noindex/SwiftExplicitPrecompiledModules -clang-scanner-module-cache-path /Users/admin/builder/spi-builder-workspace/.derivedData/ModuleCache.noindex -sdk-module-cache-path /Users/admin/builder/spi-builder-workspace/.derivedData/SDKExplicitPrecompiledModules -emit-dependencies -emit-module -emit-module-path /Users/admin/builder/spi-builder-workspace/.derivedData/Build/Intermediates.noindex/ProjectAutomation.build/Debug-appletvos/ProjectAutomation-t.build/Objects-normal/arm64/ProjectAutomation.swiftmodule -serialize-diagnostics -dependency-scan-serialize-diagnostics-path /Users/admin/builder/spi-builder-workspace/.derivedData/Build/Intermediates.noindex/ProjectAutomation.build/Debug-appletvos/ProjectAutomation-t.build/Objects-normal/arm64/ProjectAutomation-dependency-scan.dia -validate-clang-modules-once -clang-build-session-file /Users/admin/builder/spi-builder-workspace/.derivedData/ModuleCache.noindex/Session.modulevalidation -Xcc -fmodules-prune-interval\=86400 -Xcc -fmodules-prune-after\=345600 -emit-const-values -const-gather-protocols-list /Users/admin/builder/spi-builder-workspace/.derivedData/Build/Intermediates.noindex/ProjectAutomation.build/Debug-appletvos/ProjectAutomation-t.build/Objects-normal/arm64/ProjectAutomation_const_extract_protocols.json -Xcc -I/Users/admin/builder/spi-builder-workspace/.derivedData/Build/Products/Debug-appletvos/include -Xcc -I/Users/admin/builder/spi-builder-workspace/.derivedData/Build/Intermediates.noindex/ProjectAutomation.build/Debug-appletvos/ProjectAutomation-t.build/DerivedSources-normal/arm64 -Xcc -I/Users/admin/builder/spi-builder-workspace/.derivedData/Build/Intermediates.noindex/ProjectAutomation.build/Debug-appletvos/ProjectAutomation-t.build/DerivedSources/arm64 -Xcc -I/Users/admin/builder/spi-builder-workspace/.derivedData/Build/Intermediates.noindex/ProjectAutomation.build/Debug-appletvos/ProjectAutomation-t.build/DerivedSources -Xcc -DSWIFT_PACKAGE -Xcc -DDEBUG\=1 -emit-objc-header -emit-objc-header-path /Users/admin/builder/spi-builder-workspace/.derivedData/Build/Intermediates.noindex/ProjectAutomation.build/Debug-appletvos/ProjectAutomation-t.build/Objects-normal/arm64/ProjectAutomation-Swift.h -working-directory /Users/admin/builder/spi-builder-workspace/.swiftpm/xcode -experimental-emit-module-separately -disable-cmo
SwiftMergeGeneratedHeaders /Users/admin/builder/spi-builder-workspace/.derivedData/Build/Intermediates.noindex/GeneratedModuleMaps-appletvos/ProjectAutomation-Swift.h /Users/admin/builder/spi-builder-workspace/.derivedData/Build/Intermediates.noindex/ProjectAutomation.build/Debug-appletvos/ProjectAutomation-t.build/Objects-normal/arm64/ProjectAutomation-Swift.h (in target 'ProjectAutomation' from project 'ProjectAutomation')
    cd /Users/admin/builder/spi-builder-workspace
    builtin-swiftHeaderTool -arch arm64 /Users/admin/builder/spi-builder-workspace/.derivedData/Build/Intermediates.noindex/ProjectAutomation.build/Debug-appletvos/ProjectAutomation-t.build/Objects-normal/arm64/ProjectAutomation-Swift.h -o /Users/admin/builder/spi-builder-workspace/.derivedData/Build/Intermediates.noindex/GeneratedModuleMaps-appletvos/ProjectAutomation-Swift.h
Copy /Users/admin/builder/spi-builder-workspace/.derivedData/Build/Products/Debug-appletvos/ProjectAutomation.swiftmodule/arm64-apple-tvos.swiftmodule /Users/admin/builder/spi-builder-workspace/.derivedData/Build/Intermediates.noindex/ProjectAutomation.build/Debug-appletvos/ProjectAutomation-t.build/Objects-normal/arm64/ProjectAutomation.swiftmodule (in target 'ProjectAutomation' from project 'ProjectAutomation')
    cd /Users/admin/builder/spi-builder-workspace
    builtin-copy -exclude .DS_Store -exclude CVS -exclude .svn -exclude .git -exclude .hg -resolve-src-symlinks -rename /Users/admin/builder/spi-builder-workspace/.derivedData/Build/Intermediates.noindex/ProjectAutomation.build/Debug-appletvos/ProjectAutomation-t.build/Objects-normal/arm64/ProjectAutomation.swiftmodule /Users/admin/builder/spi-builder-workspace/.derivedData/Build/Products/Debug-appletvos/ProjectAutomation.swiftmodule/arm64-apple-tvos.swiftmodule
Copy /Users/admin/builder/spi-builder-workspace/.derivedData/Build/Products/Debug-appletvos/ProjectAutomation.swiftmodule/arm64-apple-tvos.swiftdoc /Users/admin/builder/spi-builder-workspace/.derivedData/Build/Intermediates.noindex/ProjectAutomation.build/Debug-appletvos/ProjectAutomation-t.build/Objects-normal/arm64/ProjectAutomation.swiftdoc (in target 'ProjectAutomation' from project 'ProjectAutomation')
    cd /Users/admin/builder/spi-builder-workspace
    builtin-copy -exclude .DS_Store -exclude CVS -exclude .svn -exclude .git -exclude .hg -resolve-src-symlinks -rename /Users/admin/builder/spi-builder-workspace/.derivedData/Build/Intermediates.noindex/ProjectAutomation.build/Debug-appletvos/ProjectAutomation-t.build/Objects-normal/arm64/ProjectAutomation.swiftdoc /Users/admin/builder/spi-builder-workspace/.derivedData/Build/Products/Debug-appletvos/ProjectAutomation.swiftmodule/arm64-apple-tvos.swiftdoc
Copy /Users/admin/builder/spi-builder-workspace/.derivedData/Build/Products/Debug-appletvos/ProjectAutomation.swiftmodule/arm64-apple-tvos.abi.json /Users/admin/builder/spi-builder-workspace/.derivedData/Build/Intermediates.noindex/ProjectAutomation.build/Debug-appletvos/ProjectAutomation-t.build/Objects-normal/arm64/ProjectAutomation.abi.json (in target 'ProjectAutomation' from project 'ProjectAutomation')
    cd /Users/admin/builder/spi-builder-workspace
    builtin-copy -exclude .DS_Store -exclude CVS -exclude .svn -exclude .git -exclude .hg -resolve-src-symlinks -rename /Users/admin/builder/spi-builder-workspace/.derivedData/Build/Intermediates.noindex/ProjectAutomation.build/Debug-appletvos/ProjectAutomation-t.build/Objects-normal/arm64/ProjectAutomation.abi.json /Users/admin/builder/spi-builder-workspace/.derivedData/Build/Products/Debug-appletvos/ProjectAutomation.swiftmodule/arm64-apple-tvos.abi.json
Copy /Users/admin/builder/spi-builder-workspace/.derivedData/Build/Products/Debug-appletvos/ProjectAutomation.swiftmodule/Project/arm64-apple-tvos.swiftsourceinfo /Users/admin/builder/spi-builder-workspace/.derivedData/Build/Intermediates.noindex/ProjectAutomation.build/Debug-appletvos/ProjectAutomation-t.build/Objects-normal/arm64/ProjectAutomation.swiftsourceinfo (in target 'ProjectAutomation' from project 'ProjectAutomation')
    cd /Users/admin/builder/spi-builder-workspace
    builtin-copy -exclude .DS_Store -exclude CVS -exclude .svn -exclude .git -exclude .hg -resolve-src-symlinks -rename /Users/admin/builder/spi-builder-workspace/.derivedData/Build/Intermediates.noindex/ProjectAutomation.build/Debug-appletvos/ProjectAutomation-t.build/Objects-normal/arm64/ProjectAutomation.swiftsourceinfo /Users/admin/builder/spi-builder-workspace/.derivedData/Build/Products/Debug-appletvos/ProjectAutomation.swiftmodule/Project/arm64-apple-tvos.swiftsourceinfo
SwiftDriverJobDiscovery normal arm64 Compiling Configuration.swift (in target 'ProjectAutomation' from project 'ProjectAutomation')
PruneExplicitPrecompiledModules /Users/admin/builder/spi-builder-workspace/.derivedData/SDKExplicitPrecompiledModules
PruneExplicitPrecompiledModules /Users/admin/builder/spi-builder-workspace/.derivedData/Build/Intermediates.noindex/ExplicitPrecompiledModules
PruneExplicitPrecompiledModules /Users/admin/builder/spi-builder-workspace/.derivedData/Build/Intermediates.noindex/SwiftExplicitPrecompiledModules
2026-09-22 03:04:31.017 xcodebuild[744:4564] [MT] IDERunDestination: Supported platforms for the buildables in the current scheme is empty.
** BUILD FAILED **
The following build commands failed:
	SwiftCompile normal arm64 Compiling\ Tuist.swift /Users/admin/builder/spi-builder-workspace/ProjectAutomation/Tuist.swift (in target 'ProjectAutomation' from project 'ProjectAutomation')
	SwiftCompile normal arm64 /Users/admin/builder/spi-builder-workspace/ProjectAutomation/Tuist.swift (in target 'ProjectAutomation' from project 'ProjectAutomation')
	Building workspace ProjectAutomation with scheme ProjectAutomation
(3 failures)
BUILD FAILURE 6.4 tvOS