Build Information
Failed to build AEPMessaging, reference 5.17.0 (d04cbd), with Swift 6.1 for Linux on 3 Oct 2026 18:03:37 UTC.
Build Command
bash -c docker run --pull=always --rm -v "checkouts-54344844-0":/host -w "$PWD" -e JAVA_HOME="/root/.sdkman/candidates/java/current" -e SPI_BUILD="1" -e SPI_PROCESSING="1" registry.gitlab.com/saguaro1/spi-images:basic-6.1-latest swift build --triple x86_64-unknown-linux-gnu 2>&1Build Log
========================================
RunAll
========================================
Builder version: 5.1.1
Interrupt handler set up.
========================================
Checkout
========================================
Clone URL: https://github.com/adobe/aepsdk-messaging-ios.git
Reference: 5.17.0
Initialized empty Git repository in /host/spi-builder-workspace/.git/
hint: Using 'master' as the name for the initial branch. This default branch name
hint: is subject to change. To configure the initial branch name to use in all
hint: of your new repositories, which will suppress this warning, call:
hint:
hint: git config --global init.defaultBranch <name>
hint:
hint: Names commonly chosen instead of 'master' are 'main', 'trunk' and
hint: 'development'. The just-created branch can be renamed via this command:
hint:
hint: git branch -m <name>
From https://github.com/adobe/aepsdk-messaging-ios
* tag 5.17.0 -> FETCH_HEAD
HEAD is now at d04cbd1 Merge pull request #521 from adobe/staging
Cloned https://github.com/adobe/aepsdk-messaging-ios.git
Revision (git rev-parse @):
d04cbd188dc9b64765275c81581cbd136f791604
SUCCESS checkout https://github.com/adobe/aepsdk-messaging-ios.git at 5.17.0
========================================
Build
========================================
Selected platform: linux
Swift version: 6.1
Building package at path: $PWD
https://github.com/adobe/aepsdk-messaging-ios.git
https://github.com/adobe/aepsdk-messaging-ios.git
WARNING: environment variable SUPPRESS_SWIFT_6_FLAGS is not set
Running build ...
bash -c docker run --pull=always --rm -v "checkouts-54344844-0":/host -w "$PWD" -e JAVA_HOME="/root/.sdkman/candidates/java/current" -e SPI_BUILD="1" -e SPI_PROCESSING="1" registry.gitlab.com/saguaro1/spi-images:basic-6.1-latest swift build --triple x86_64-unknown-linux-gnu -Xswiftc -Xfrontend -Xswiftc -stats-output-dir -Xswiftc -Xfrontend -Xswiftc .stats -Xswiftc -strict-concurrency=complete -Xswiftc -enable-upcoming-feature -Xswiftc StrictConcurrency -Xswiftc -enable-upcoming-feature -Xswiftc DisableOutwardActorInference -Xswiftc -enable-upcoming-feature -Xswiftc GlobalActorIsolatedTypesUsability -Xswiftc -enable-upcoming-feature -Xswiftc InferSendableFromCaptures 2>&1
basic-6.1-latest: Pulling from saguaro1/spi-images
Digest: sha256:bebe373f64586285d153a73cebf57004d534988a7110464fd581e50dd24c756b
Status: Image is up to date for registry.gitlab.com/saguaro1/spi-images:basic-6.1-latest
Fetching https://github.com/adobe/aepsdk-edgeidentity-ios.git
Fetching https://github.com/adobe/aepsdk-edge-ios.git
Fetching https://github.com/adobe/aepsdk-core-ios.git
[1/3775] Fetching aepsdk-edgeidentity-ios
[568/19851] Fetching aepsdk-edgeidentity-ios, aepsdk-edge-ios
[8599/49617] Fetching aepsdk-edgeidentity-ios, aepsdk-edge-ios, aepsdk-core-ios
Fetched https://github.com/adobe/aepsdk-core-ios.git from cache (1.79s)
[10206/19851] Fetching aepsdk-edgeidentity-ios, aepsdk-edge-ios
Fetched https://github.com/adobe/aepsdk-edgeidentity-ios.git from cache (2.11s)
Fetched https://github.com/adobe/aepsdk-edge-ios.git from cache (2.16s)
Computing version for https://github.com/adobe/aepsdk-edgeidentity-ios.git
Computed https://github.com/adobe/aepsdk-edgeidentity-ios.git at 5.1.0 (2.41s)
Computing version for https://github.com/adobe/aepsdk-edge-ios.git
Computed https://github.com/adobe/aepsdk-edge-ios.git at 5.2.0 (0.25s)
Computing version for https://github.com/adobe/aepsdk-core-ios.git
Computed https://github.com/adobe/aepsdk-core-ios.git at 5.12.1 (0.25s)
Fetching https://github.com/adobe/aepsdk-rulesengine-ios.git
[1/1339] Fetching aepsdk-rulesengine-ios
Fetched https://github.com/adobe/aepsdk-rulesengine-ios.git from cache (0.42s)
Computing version for https://github.com/adobe/aepsdk-rulesengine-ios.git
Computed https://github.com/adobe/aepsdk-rulesengine-ios.git at 5.0.0 (0.67s)
Creating working copy for https://github.com/adobe/aepsdk-edge-ios.git
Working copy of https://github.com/adobe/aepsdk-edge-ios.git resolved at 5.2.0
Creating working copy for https://github.com/adobe/aepsdk-edgeidentity-ios.git
Working copy of https://github.com/adobe/aepsdk-edgeidentity-ios.git resolved at 5.1.0
Creating working copy for https://github.com/adobe/aepsdk-core-ios.git
Working copy of https://github.com/adobe/aepsdk-core-ios.git resolved at 5.12.1
Creating working copy for https://github.com/adobe/aepsdk-rulesengine-ios.git
Working copy of https://github.com/adobe/aepsdk-rulesengine-ios.git resolved at 5.0.0
warning: 'spi-builder-workspace': found 1 file(s) which are unhandled; explicitly declare them as resources or exclude from the target
/host/spi-builder-workspace/AEPMessaging/Sources/Info.plist
warning: 'spi-builder-workspace': found 1 file(s) which are unhandled; explicitly declare them as resources or exclude from the target
/host/spi-builder-workspace/AEPMessagingLiveActivity/Sources/Info.plist
warning: 'spi-builder-workspace': found 1 file(s) which are unhandled; explicitly declare them as resources or exclude from the target
/host/spi-builder-workspace/AEPMessagingNotification/Sources/Info.plist
warning: 'aepsdk-edge-ios': found 1 file(s) which are unhandled; explicitly declare them as resources or exclude from the target
/host/spi-builder-workspace/.build/checkouts/aepsdk-edge-ios/Sources/Info.plist
warning: 'aepsdk-edgeidentity-ios': found 1 file(s) which are unhandled; explicitly declare them as resources or exclude from the target
/host/spi-builder-workspace/.build/checkouts/aepsdk-edgeidentity-ios/Sources/Info.plist
warning: 'aepsdk-core-ios': found 1 file(s) which are unhandled; explicitly declare them as resources or exclude from the target
/host/spi-builder-workspace/.build/checkouts/aepsdk-core-ios/AEPCore/Sources/Info.plist
warning: 'aepsdk-core-ios': found 1 file(s) which are unhandled; explicitly declare them as resources or exclude from the target
/host/spi-builder-workspace/.build/checkouts/aepsdk-core-ios/AEPServices/Sources/Info.plist
Building for debugging...
[0/11] Write sources
[0/11] Copying PrivacyInfo.xcprivacy
[0/11] Write sources
[0/11] Copying PrivacyInfo.xcprivacy
[0/11] Write sources
[10/11] Write swift-version-24593BA9C3E375BF.txt
error: emit-module command failed with exit code 1 (use -v to see invocation)
[12/114] Emitting module AEPMessagingNotification
/host/spi-builder-workspace/AEPMessagingNotification/Sources/MessagingLog.swift:13:8: error: no such module 'os.log'
11 | */
12 |
13 | import os.log
| `- error: no such module 'os.log'
14 |
15 | /// Internal logger for the AEPMessagingNotification package.
error: emit-module command failed with exit code 1 (use -v to see invocation)
[13/114] Emitting module AEPMessagingLiveActivity
/host/spi-builder-workspace/AEPMessagingLiveActivity/Sources/LiveActivityAttributes.swift:13:8: error: no such module 'ActivityKit'
11 | */
12 |
13 | import ActivityKit
| `- error: no such module 'ActivityKit'
14 |
15 | /// A protocol that enables Live Activities to integrate with Adobe Experience Platform.
[14/114] Compiling AEPServices FloatingButtonDelegate.swift
/host/spi-builder-workspace/.build/checkouts/aepsdk-core-ios/AEPServices/Sources/ApplicationSystemInfoService.swift:17:8: error: no such module 'UIKit'
15 | #endif
16 | import Foundation
17 | import UIKit
| `- error: no such module 'UIKit'
18 |
19 | /// The Core system info service implementation which provides
[15/114] Compiling AEPServices FloatingButtonPosition.swift
/host/spi-builder-workspace/.build/checkouts/aepsdk-core-ios/AEPServices/Sources/ApplicationSystemInfoService.swift:17:8: error: no such module 'UIKit'
15 | #endif
16 | import Foundation
17 | import UIKit
| `- error: no such module 'UIKit'
18 |
19 | /// The Core system info service implementation which provides
[16/114] Compiling AEPServices FloatingButtonPresentable.swift
/host/spi-builder-workspace/.build/checkouts/aepsdk-core-ios/AEPServices/Sources/ApplicationSystemInfoService.swift:17:8: error: no such module 'UIKit'
15 | #endif
16 | import Foundation
17 | import UIKit
| `- error: no such module 'UIKit'
18 |
19 | /// The Core system info service implementation which provides
[17/114] Compiling AEPServices FullscreenMessage+FrameCalculation.swift
/host/spi-builder-workspace/.build/checkouts/aepsdk-core-ios/AEPServices/Sources/ApplicationSystemInfoService.swift:17:8: error: no such module 'UIKit'
15 | #endif
16 | import Foundation
17 | import UIKit
| `- error: no such module 'UIKit'
18 |
19 | /// The Core system info service implementation which provides
[18/114] Compiling AEPServices FullscreenMessage+WKNavigationDelegate.swift
/host/spi-builder-workspace/.build/checkouts/aepsdk-core-ios/AEPServices/Sources/ApplicationSystemInfoService.swift:17:8: error: no such module 'UIKit'
15 | #endif
16 | import Foundation
17 | import UIKit
| `- error: no such module 'UIKit'
18 |
19 | /// The Core system info service implementation which provides
[19/114] Compiling AEPServices FullscreenMessage+WKScriptMessageHandler.swift
/host/spi-builder-workspace/.build/checkouts/aepsdk-core-ios/AEPServices/Sources/ApplicationSystemInfoService.swift:17:8: error: no such module 'UIKit'
15 | #endif
16 | import Foundation
17 | import UIKit
| `- error: no such module 'UIKit'
18 |
19 | /// The Core system info service implementation which provides
[20/114] Compiling AEPServices FullscreenMessage.swift
/host/spi-builder-workspace/.build/checkouts/aepsdk-core-ios/AEPServices/Sources/ApplicationSystemInfoService.swift:17:8: error: no such module 'UIKit'
15 | #endif
16 | import Foundation
17 | import UIKit
| `- error: no such module 'UIKit'
18 |
19 | /// The Core system info service implementation which provides
[21/114] Compiling AEPServices FullscreenMessageDelegate.swift
/host/spi-builder-workspace/.build/checkouts/aepsdk-core-ios/AEPServices/Sources/ApplicationSystemInfoService.swift:17:8: error: no such module 'UIKit'
15 | #endif
16 | import Foundation
17 | import UIKit
| `- error: no such module 'UIKit'
18 |
19 | /// The Core system info service implementation which provides
[22/114] Compiling AEPServices FullscreenPresentable.swift
/host/spi-builder-workspace/.build/checkouts/aepsdk-core-ios/AEPServices/Sources/ApplicationSystemInfoService.swift:17:8: error: no such module 'UIKit'
15 | #endif
16 | import Foundation
17 | import UIKit
| `- error: no such module 'UIKit'
18 |
19 | /// The Core system info service implementation which provides
[23/114] Compiling AEPServices AnyCodable.swift
/host/spi-builder-workspace/.build/checkouts/aepsdk-core-ios/AEPServices/Sources/ApplicationSystemInfoService.swift:17:8: error: no such module 'UIKit'
15 | #endif
16 | import Foundation
17 | import UIKit
| `- error: no such module 'UIKit'
18 |
19 | /// The Core system info service implementation which provides
[24/114] Compiling AEPServices AtomicCounter.swift
/host/spi-builder-workspace/.build/checkouts/aepsdk-core-ios/AEPServices/Sources/ApplicationSystemInfoService.swift:17:8: error: no such module 'UIKit'
15 | #endif
16 | import Foundation
17 | import UIKit
| `- error: no such module 'UIKit'
18 |
19 | /// The Core system info service implementation which provides
[25/114] Compiling AEPServices Date+Format.swift
/host/spi-builder-workspace/.build/checkouts/aepsdk-core-ios/AEPServices/Sources/ApplicationSystemInfoService.swift:17:8: error: no such module 'UIKit'
15 | #endif
16 | import Foundation
17 | import UIKit
| `- error: no such module 'UIKit'
18 |
19 | /// The Core system info service implementation which provides
[26/114] Compiling AEPServices FileManager+Directories.swift
/host/spi-builder-workspace/.build/checkouts/aepsdk-core-ios/AEPServices/Sources/ApplicationSystemInfoService.swift:17:8: error: no such module 'UIKit'
15 | #endif
16 | import Foundation
17 | import UIKit
| `- error: no such module 'UIKit'
18 |
19 | /// The Core system info service implementation which provides
[27/114] Compiling AEPServices OperationOrderer.swift
/host/spi-builder-workspace/.build/checkouts/aepsdk-core-ios/AEPServices/Sources/ApplicationSystemInfoService.swift:17:8: error: no such module 'UIKit'
15 | #endif
16 | import Foundation
17 | import UIKit
| `- error: no such module 'UIKit'
18 |
19 | /// The Core system info service implementation which provides
[28/114] Compiling AEPServices PrettyDictionary.swift
/host/spi-builder-workspace/.build/checkouts/aepsdk-core-ios/AEPServices/Sources/ApplicationSystemInfoService.swift:17:8: error: no such module 'UIKit'
15 | #endif
16 | import Foundation
17 | import UIKit
| `- error: no such module 'UIKit'
18 |
19 | /// The Core system info service implementation which provides
[29/114] Compiling AEPServices ThreadSafeArray.swift
/host/spi-builder-workspace/.build/checkouts/aepsdk-core-ios/AEPServices/Sources/ApplicationSystemInfoService.swift:17:8: error: no such module 'UIKit'
15 | #endif
16 | import Foundation
17 | import UIKit
| `- error: no such module 'UIKit'
18 |
19 | /// The Core system info service implementation which provides
[30/114] Compiling AEPServices ThreadSafeDictionary.swift
/host/spi-builder-workspace/.build/checkouts/aepsdk-core-ios/AEPServices/Sources/ApplicationSystemInfoService.swift:17:8: error: no such module 'UIKit'
15 | #endif
16 | import Foundation
17 | import UIKit
| `- error: no such module 'UIKit'
18 |
19 | /// The Core system info service implementation which provides
[31/114] Compiling AEPServices URLEncoder.swift
/host/spi-builder-workspace/.build/checkouts/aepsdk-core-ios/AEPServices/Sources/ApplicationSystemInfoService.swift:17:8: error: no such module 'UIKit'
15 | #endif
16 | import Foundation
17 | import UIKit
| `- error: no such module 'UIKit'
18 |
19 | /// The Core system info service implementation which provides
[32/114] Compiling AEPServices URLError+Recoverable.swift
/host/spi-builder-workspace/.build/checkouts/aepsdk-core-ios/AEPServices/Sources/ApplicationSystemInfoService.swift:17:8: error: no such module 'UIKit'
15 | #endif
16 | import Foundation
17 | import UIKit
| `- error: no such module 'UIKit'
18 |
19 | /// The Core system info service implementation which provides
[33/114] Compiling AEPServices HitProcessing.swift
/host/spi-builder-workspace/.build/checkouts/aepsdk-core-ios/AEPServices/Sources/ApplicationSystemInfoService.swift:17:8: error: no such module 'UIKit'
15 | #endif
16 | import Foundation
17 | import UIKit
| `- error: no such module 'UIKit'
18 |
19 | /// The Core system info service implementation which provides
[34/124] Compiling AEPMessagingLiveActivity LiveActivityAttributes.swift
/host/spi-builder-workspace/AEPMessagingLiveActivity/Sources/LiveActivityAttributes.swift:13:8: error: no such module 'ActivityKit'
11 | */
12 |
13 | import ActivityKit
| `- error: no such module 'ActivityKit'
14 |
15 | /// A protocol that enables Live Activities to integrate with Adobe Experience Platform.
[35/124] Compiling AEPMessagingNotification MessagingNotificationHelper.swift
/host/spi-builder-workspace/AEPMessagingNotification/Sources/MessagingLog.swift:13:8: error: no such module 'os.log'
11 | */
12 |
13 | import os.log
| `- error: no such module 'os.log'
14 |
15 | /// Internal logger for the AEPMessagingNotification package.
[36/124] Compiling AEPMessagingNotification MessagingLog.swift
/host/spi-builder-workspace/AEPMessagingNotification/Sources/MessagingLog.swift:13:8: error: no such module 'os.log'
11 | */
12 |
13 | import os.log
| `- error: no such module 'os.log'
14 |
15 | /// Internal logger for the AEPMessagingNotification package.
Running build ...
bash -c docker run --pull=always --rm -v "checkouts-54344844-0":/host -w "$PWD" -e JAVA_HOME="/root/.sdkman/candidates/java/current" -e SPI_BUILD="1" -e SPI_PROCESSING="1" registry.gitlab.com/saguaro1/spi-images:basic-6.1-latest swift build --triple x86_64-unknown-linux-gnu 2>&1
basic-6.1-latest: Pulling from saguaro1/spi-images
Digest: sha256:bebe373f64586285d153a73cebf57004d534988a7110464fd581e50dd24c756b
Status: Image is up to date for registry.gitlab.com/saguaro1/spi-images:basic-6.1-latest
warning: 'spi-builder-workspace': found 1 file(s) which are unhandled; explicitly declare them as resources or exclude from the target
/host/spi-builder-workspace/AEPMessaging/Sources/Info.plist
warning: 'spi-builder-workspace': found 1 file(s) which are unhandled; explicitly declare them as resources or exclude from the target
/host/spi-builder-workspace/AEPMessagingLiveActivity/Sources/Info.plist
warning: 'spi-builder-workspace': found 1 file(s) which are unhandled; explicitly declare them as resources or exclude from the target
/host/spi-builder-workspace/AEPMessagingNotification/Sources/Info.plist
warning: 'aepsdk-edge-ios': found 1 file(s) which are unhandled; explicitly declare them as resources or exclude from the target
/host/spi-builder-workspace/.build/checkouts/aepsdk-edge-ios/Sources/Info.plist
warning: 'aepsdk-edgeidentity-ios': found 1 file(s) which are unhandled; explicitly declare them as resources or exclude from the target
/host/spi-builder-workspace/.build/checkouts/aepsdk-edgeidentity-ios/Sources/Info.plist
warning: 'aepsdk-core-ios': found 1 file(s) which are unhandled; explicitly declare them as resources or exclude from the target
/host/spi-builder-workspace/.build/checkouts/aepsdk-core-ios/AEPCore/Sources/Info.plist
warning: 'aepsdk-core-ios': found 1 file(s) which are unhandled; explicitly declare them as resources or exclude from the target
/host/spi-builder-workspace/.build/checkouts/aepsdk-core-ios/AEPServices/Sources/Info.plist
[0/1] Planning build
Building for debugging...
[0/1] Write swift-version-24593BA9C3E375BF.txt
[2/104] Compiling AEPMessagingLiveActivity LiveActivityDebuggable.swift
/host/spi-builder-workspace/AEPMessagingLiveActivity/Sources/LiveActivityAttributes.swift:13:8: error: no such module 'ActivityKit'
11 | */
12 |
13 | import ActivityKit
| `- error: no such module 'ActivityKit'
14 |
15 | /// A protocol that enables Live Activities to integrate with Adobe Experience Platform.
error: emit-module command failed with exit code 1 (use -v to see invocation)
[3/104] Emitting module AEPMessagingNotification
/host/spi-builder-workspace/AEPMessagingNotification/Sources/MessagingLog.swift:13:8: error: no such module 'os.log'
11 | */
12 |
13 | import os.log
| `- error: no such module 'os.log'
14 |
15 | /// Internal logger for the AEPMessagingNotification package.
[4/104] Compiling AEPMessagingLiveActivity LiveActivityOrigin.swift
/host/spi-builder-workspace/AEPMessagingLiveActivity/Sources/LiveActivityAttributes.swift:13:8: error: no such module 'ActivityKit'
11 | */
12 |
13 | import ActivityKit
| `- error: no such module 'ActivityKit'
14 |
15 | /// A protocol that enables Live Activities to integrate with Adobe Experience Platform.
[5/104] Compiling AEPMessagingLiveActivity LiveActivityData.swift
/host/spi-builder-workspace/AEPMessagingLiveActivity/Sources/LiveActivityAttributes.swift:13:8: error: no such module 'ActivityKit'
11 | */
12 |
13 | import ActivityKit
| `- error: no such module 'ActivityKit'
14 |
15 | /// A protocol that enables Live Activities to integrate with Adobe Experience Platform.
[6/104] Compiling AEPMessagingLiveActivity LiveActivityAttributes.swift
/host/spi-builder-workspace/AEPMessagingLiveActivity/Sources/LiveActivityAttributes.swift:13:8: error: no such module 'ActivityKit'
11 | */
12 |
13 | import ActivityKit
| `- error: no such module 'ActivityKit'
14 |
15 | /// A protocol that enables Live Activities to integrate with Adobe Experience Platform.
error: emit-module command failed with exit code 1 (use -v to see invocation)
[7/104] Emitting module AEPMessagingLiveActivity
/host/spi-builder-workspace/AEPMessagingLiveActivity/Sources/LiveActivityAttributes.swift:13:8: error: no such module 'ActivityKit'
11 | */
12 |
13 | import ActivityKit
| `- error: no such module 'ActivityKit'
14 |
15 | /// A protocol that enables Live Activities to integrate with Adobe Experience Platform.
[8/104] Compiling AEPServices AtomicCounter.swift
/host/spi-builder-workspace/.build/checkouts/aepsdk-core-ios/AEPServices/Sources/ApplicationSystemInfoService.swift:17:8: error: no such module 'UIKit'
15 | #endif
16 | import Foundation
17 | import UIKit
| `- error: no such module 'UIKit'
18 |
19 | /// The Core system info service implementation which provides
[9/104] Compiling AEPServices Date+Format.swift
/host/spi-builder-workspace/.build/checkouts/aepsdk-core-ios/AEPServices/Sources/ApplicationSystemInfoService.swift:17:8: error: no such module 'UIKit'
15 | #endif
16 | import Foundation
17 | import UIKit
| `- error: no such module 'UIKit'
18 |
19 | /// The Core system info service implementation which provides
[10/104] Compiling AEPServices FileManager+Directories.swift
/host/spi-builder-workspace/.build/checkouts/aepsdk-core-ios/AEPServices/Sources/ApplicationSystemInfoService.swift:17:8: error: no such module 'UIKit'
15 | #endif
16 | import Foundation
17 | import UIKit
| `- error: no such module 'UIKit'
18 |
19 | /// The Core system info service implementation which provides
[11/104] Compiling AEPServices OperationOrderer.swift
/host/spi-builder-workspace/.build/checkouts/aepsdk-core-ios/AEPServices/Sources/ApplicationSystemInfoService.swift:17:8: error: no such module 'UIKit'
15 | #endif
16 | import Foundation
17 | import UIKit
| `- error: no such module 'UIKit'
18 |
19 | /// The Core system info service implementation which provides
[12/104] Compiling AEPServices PrettyDictionary.swift
/host/spi-builder-workspace/.build/checkouts/aepsdk-core-ios/AEPServices/Sources/ApplicationSystemInfoService.swift:17:8: error: no such module 'UIKit'
15 | #endif
16 | import Foundation
17 | import UIKit
| `- error: no such module 'UIKit'
18 |
19 | /// The Core system info service implementation which provides
[13/104] Compiling AEPServices ThreadSafeArray.swift
/host/spi-builder-workspace/.build/checkouts/aepsdk-core-ios/AEPServices/Sources/ApplicationSystemInfoService.swift:17:8: error: no such module 'UIKit'
15 | #endif
16 | import Foundation
17 | import UIKit
| `- error: no such module 'UIKit'
18 |
19 | /// The Core system info service implementation which provides
[14/104] Compiling AEPServices ThreadSafeDictionary.swift
/host/spi-builder-workspace/.build/checkouts/aepsdk-core-ios/AEPServices/Sources/ApplicationSystemInfoService.swift:17:8: error: no such module 'UIKit'
15 | #endif
16 | import Foundation
17 | import UIKit
| `- error: no such module 'UIKit'
18 |
19 | /// The Core system info service implementation which provides
[15/104] Compiling AEPServices URLEncoder.swift
/host/spi-builder-workspace/.build/checkouts/aepsdk-core-ios/AEPServices/Sources/ApplicationSystemInfoService.swift:17:8: error: no such module 'UIKit'
15 | #endif
16 | import Foundation
17 | import UIKit
| `- error: no such module 'UIKit'
18 |
19 | /// The Core system info service implementation which provides
[16/104] Compiling AEPServices URLError+Recoverable.swift
/host/spi-builder-workspace/.build/checkouts/aepsdk-core-ios/AEPServices/Sources/ApplicationSystemInfoService.swift:17:8: error: no such module 'UIKit'
15 | #endif
16 | import Foundation
17 | import UIKit
| `- error: no such module 'UIKit'
18 |
19 | /// The Core system info service implementation which provides
[17/104] Compiling AEPServices HitProcessing.swift
/host/spi-builder-workspace/.build/checkouts/aepsdk-core-ios/AEPServices/Sources/ApplicationSystemInfoService.swift:17:8: error: no such module 'UIKit'
15 | #endif
16 | import Foundation
17 | import UIKit
| `- error: no such module 'UIKit'
18 |
19 | /// The Core system info service implementation which provides
error: emit-module command failed with exit code 1 (use -v to see invocation)
[18/104] Emitting module AEPServices
/host/spi-builder-workspace/.build/checkouts/aepsdk-core-ios/AEPServices/Sources/ApplicationSystemInfoService.swift:17:8: error: no such module 'UIKit'
15 | #endif
16 | import Foundation
17 | import UIKit
| `- error: no such module 'UIKit'
18 |
19 | /// The Core system info service implementation which provides
[19/104] Compiling AEPMessagingNotification MessagingLog.swift
/host/spi-builder-workspace/AEPMessagingNotification/Sources/MessagingLog.swift:13:8: error: no such module 'os.log'
11 | */
12 |
13 | import os.log
| `- error: no such module 'os.log'
14 |
15 | /// Internal logger for the AEPMessagingNotification package.
BUILD FAILURE 6.1 linux