The Swift Package Index logo.Swift Package Index

Build Information

Failed to build xcbox, reference master (9ef360), with Swift 6.4 for watchOS using Xcode 27.0 on 16 Sep 2026 12:16:30 UTC.

Build Command

env DEVELOPER_DIR=/Applications/Xcode-27.0.0-Release.Candidate.app xcrun xcodebuild -IDEClonedSourcePackagesDirPathOverride=$PWD/.dependencies -skipMacroValidation -skipPackagePluginValidation -derivedDataPath $PWD/.derivedData build -scheme xcbox-Package -destination generic/platform=watchOS

Build Log

    cd /Users/admin/builder/spi-builder-workspace/.swiftpm/xcode
    builtin-SwiftPerFileCompile FormatExtension.swift
SwiftDriverJobDiscovery normal arm64_32 Compiling Characters.swift, DecodedUnicodeChar.swift (in target 'RichJSONParser' from project 'RichJSONParser')
SwiftDriverJobDiscovery normal arm64_32 Compiling FastJSONParser.swift, FormatExtension.swift (in target 'RichJSONParser' from project 'RichJSONParser')
SwiftCompile normal arm64_32 Compiling\ JSONParser.swift,\ JSONSerializer.swift /Users/admin/builder/spi-builder-workspace/.dependencies/checkouts/RichJSONParser/Sources/RichJSONParser/JSONParser.swift /Users/admin/builder/spi-builder-workspace/.dependencies/checkouts/RichJSONParser/Sources/RichJSONParser/JSONSerializer.swift (in target 'RichJSONParser' from project 'RichJSONParser')
SwiftCompile normal arm64_32 /Users/admin/builder/spi-builder-workspace/.dependencies/checkouts/RichJSONParser/Sources/RichJSONParser/JSONParser.swift (in target 'RichJSONParser' from project 'RichJSONParser')
    cd /Users/admin/builder/spi-builder-workspace/.swiftpm/xcode
    builtin-SwiftPerFileCompile JSONParser.swift
SwiftCompile normal arm64_32 /Users/admin/builder/spi-builder-workspace/.dependencies/checkouts/RichJSONParser/Sources/RichJSONParser/JSONSerializer.swift (in target 'RichJSONParser' from project 'RichJSONParser')
    cd /Users/admin/builder/spi-builder-workspace/.swiftpm/xcode
    builtin-SwiftPerFileCompile JSONSerializer.swift
SwiftCompile normal arm64_32 Compiling\ JSONStringEscape.swift,\ JSONToken.swift /Users/admin/builder/spi-builder-workspace/.dependencies/checkouts/RichJSONParser/Sources/RichJSONParser/JSONStringEscape.swift /Users/admin/builder/spi-builder-workspace/.dependencies/checkouts/RichJSONParser/Sources/RichJSONParser/JSONToken.swift (in target 'RichJSONParser' from project 'RichJSONParser')
SwiftCompile normal arm64_32 /Users/admin/builder/spi-builder-workspace/.dependencies/checkouts/RichJSONParser/Sources/RichJSONParser/JSONStringEscape.swift (in target 'RichJSONParser' from project 'RichJSONParser')
    cd /Users/admin/builder/spi-builder-workspace/.swiftpm/xcode
    builtin-SwiftPerFileCompile JSONStringEscape.swift
SwiftCompile normal arm64_32 /Users/admin/builder/spi-builder-workspace/.dependencies/checkouts/RichJSONParser/Sources/RichJSONParser/JSONToken.swift (in target 'RichJSONParser' from project 'RichJSONParser')
    cd /Users/admin/builder/spi-builder-workspace/.swiftpm/xcode
    builtin-SwiftPerFileCompile JSONToken.swift
SwiftDriverJobDiscovery normal arm64 Compiling JSONTokenizer.swift, ParsedJSON.swift (in target 'RichJSONParser' from project 'RichJSONParser')
SwiftCompile normal arm64_32 Compiling\ StaticBuffer.swift /Users/admin/builder/spi-builder-workspace/.dependencies/checkouts/RichJSONParser/Sources/RichJSONParser/StaticBuffer.swift (in target 'RichJSONParser' from project 'RichJSONParser')
SwiftCompile normal arm64_32 /Users/admin/builder/spi-builder-workspace/.dependencies/checkouts/RichJSONParser/Sources/RichJSONParser/StaticBuffer.swift (in target 'RichJSONParser' from project 'RichJSONParser')
    cd /Users/admin/builder/spi-builder-workspace/.swiftpm/xcode
    builtin-SwiftPerFileCompile StaticBuffer.swift
SwiftDriverJobDiscovery normal arm64_32 Compiling UTF8Reader.swift (in target 'RichJSONParser' from project 'RichJSONParser')
SwiftCompile normal arm64 Compiling\ Characters.swift,\ DecodedUnicodeChar.swift /Users/admin/builder/spi-builder-workspace/.dependencies/checkouts/RichJSONParser/Sources/RichJSONParser/Characters.swift /Users/admin/builder/spi-builder-workspace/.dependencies/checkouts/RichJSONParser/Sources/RichJSONParser/DecodedUnicodeChar.swift (in target 'RichJSONParser' from project 'RichJSONParser')
SwiftCompile normal arm64 /Users/admin/builder/spi-builder-workspace/.dependencies/checkouts/RichJSONParser/Sources/RichJSONParser/Characters.swift (in target 'RichJSONParser' from project 'RichJSONParser')
    cd /Users/admin/builder/spi-builder-workspace/.swiftpm/xcode
    builtin-SwiftPerFileCompile Characters.swift
SwiftCompile normal arm64 /Users/admin/builder/spi-builder-workspace/.dependencies/checkouts/RichJSONParser/Sources/RichJSONParser/DecodedUnicodeChar.swift (in target 'RichJSONParser' from project 'RichJSONParser')
    cd /Users/admin/builder/spi-builder-workspace/.swiftpm/xcode
    builtin-SwiftPerFileCompile DecodedUnicodeChar.swift
SwiftDriverJobDiscovery normal arm64_32 Compiling StaticBuffer.swift (in target 'RichJSONParser' from project 'RichJSONParser')
SwiftCompile normal arm64 Compiling\ SourceLocation.swift,\ SourceLocationLite.swift /Users/admin/builder/spi-builder-workspace/.dependencies/checkouts/RichJSONParser/Sources/RichJSONParser/SourceLocation.swift /Users/admin/builder/spi-builder-workspace/.dependencies/checkouts/RichJSONParser/Sources/RichJSONParser/SourceLocationLite.swift (in target 'RichJSONParser' from project 'RichJSONParser')
SwiftCompile normal arm64 /Users/admin/builder/spi-builder-workspace/.dependencies/checkouts/RichJSONParser/Sources/RichJSONParser/SourceLocation.swift (in target 'RichJSONParser' from project 'RichJSONParser')
    cd /Users/admin/builder/spi-builder-workspace/.swiftpm/xcode
    builtin-SwiftPerFileCompile SourceLocation.swift
SwiftCompile normal arm64 /Users/admin/builder/spi-builder-workspace/.dependencies/checkouts/RichJSONParser/Sources/RichJSONParser/SourceLocationLite.swift (in target 'RichJSONParser' from project 'RichJSONParser')
    cd /Users/admin/builder/spi-builder-workspace/.swiftpm/xcode
    builtin-SwiftPerFileCompile SourceLocationLite.swift
SwiftDriverJobDiscovery normal arm64_32 Compiling UTF8Decoder.swift (in target 'RichJSONParser' from project 'RichJSONParser')
SwiftCompile normal arm64_32 Compiling\ JSONTokenizer.swift,\ ParsedJSON.swift /Users/admin/builder/spi-builder-workspace/.dependencies/checkouts/RichJSONParser/Sources/RichJSONParser/JSONTokenizer.swift /Users/admin/builder/spi-builder-workspace/.dependencies/checkouts/RichJSONParser/Sources/RichJSONParser/ParsedJSON.swift (in target 'RichJSONParser' from project 'RichJSONParser')
SwiftCompile normal arm64_32 /Users/admin/builder/spi-builder-workspace/.dependencies/checkouts/RichJSONParser/Sources/RichJSONParser/JSONTokenizer.swift (in target 'RichJSONParser' from project 'RichJSONParser')
    cd /Users/admin/builder/spi-builder-workspace/.swiftpm/xcode
    builtin-SwiftPerFileCompile JSONTokenizer.swift
SwiftCompile normal arm64_32 /Users/admin/builder/spi-builder-workspace/.dependencies/checkouts/RichJSONParser/Sources/RichJSONParser/ParsedJSON.swift (in target 'RichJSONParser' from project 'RichJSONParser')
    cd /Users/admin/builder/spi-builder-workspace/.swiftpm/xcode
    builtin-SwiftPerFileCompile ParsedJSON.swift
SwiftDriverJobDiscovery normal arm64 Compiling JSONStringEscape.swift, JSONToken.swift (in target 'RichJSONParser' from project 'RichJSONParser')
SwiftCompile normal arm64_32 Compiling\ JSON.swift,\ JSONDictionary.swift /Users/admin/builder/spi-builder-workspace/.dependencies/checkouts/RichJSONParser/Sources/RichJSONParser/JSON.swift /Users/admin/builder/spi-builder-workspace/.dependencies/checkouts/RichJSONParser/Sources/RichJSONParser/JSONDictionary.swift (in target 'RichJSONParser' from project 'RichJSONParser')
SwiftCompile normal arm64_32 /Users/admin/builder/spi-builder-workspace/.dependencies/checkouts/RichJSONParser/Sources/RichJSONParser/JSON.swift (in target 'RichJSONParser' from project 'RichJSONParser')
    cd /Users/admin/builder/spi-builder-workspace/.swiftpm/xcode
    builtin-SwiftPerFileCompile JSON.swift
SwiftCompile normal arm64_32 /Users/admin/builder/spi-builder-workspace/.dependencies/checkouts/RichJSONParser/Sources/RichJSONParser/JSONDictionary.swift (in target 'RichJSONParser' from project 'RichJSONParser')
    cd /Users/admin/builder/spi-builder-workspace/.swiftpm/xcode
    builtin-SwiftPerFileCompile JSONDictionary.swift
SwiftDriverJobDiscovery normal arm64_32 Compiling String+Utils.swift, String+md5.swift, BuildPhase.swift, PBXBuildFile.swift, PBXBuildPhase.swift, PBXBuildRule.swift, PBXCopyFilesBuildPhase.swift, PBXFrameworksBuildPhase.swift, PBXHeadersBuildPhase.swift (in target 'xcodeproj' from project 'xcodeproj')
SwiftCompile normal arm64 Compiling\ StaticBuffer.swift /Users/admin/builder/spi-builder-workspace/.dependencies/checkouts/RichJSONParser/Sources/RichJSONParser/StaticBuffer.swift (in target 'RichJSONParser' from project 'RichJSONParser')
SwiftCompile normal arm64 /Users/admin/builder/spi-builder-workspace/.dependencies/checkouts/RichJSONParser/Sources/RichJSONParser/StaticBuffer.swift (in target 'RichJSONParser' from project 'RichJSONParser')
    cd /Users/admin/builder/spi-builder-workspace/.swiftpm/xcode
    builtin-SwiftPerFileCompile StaticBuffer.swift
SwiftDriverJobDiscovery normal arm64_32 Compiling PBXFileElement.swift, PBXFileReference.swift, PBXGroup.swift, PBXSourceTree.swift, PBXVariantGroup.swift, XCVersionGroup.swift, PBXObject.swift, PBXObjectParser.swift, PBXObjectReference.swift (in target 'xcodeproj' from project 'xcodeproj')
SwiftDriver\ Compilation xcodeproj normal arm64_32 com.apple.xcode.tools.swift.compiler (in target 'xcodeproj' from project 'xcodeproj')
    cd /Users/admin/builder/spi-builder-workspace/.swiftpm/xcode
    builtin-Swift-Compilation -- /Applications/Xcode-27.0.0-Release.Candidate.app/Contents/Developer/Toolchains/XcodeDefault.xctoolchain/usr/bin/swiftc -parse-as-library -module-name xcodeproj -Onone @/Users/admin/builder/spi-builder-workspace/.derivedData/Build/Intermediates.noindex/xcodeproj.build/Debug-watchos/xcodeproj-t.build/Objects-normal/arm64_32/xcodeproj.SwiftFileList -DSWIFT_PACKAGE -DDEBUG -DSWIFT_MODULE_RESOURCE_BUNDLE_UNAVAILABLE -DXcode -plugin-path /Applications/Xcode-27.0.0-Release.Candidate.app/Contents/Developer/Toolchains/XcodeDefault.xctoolchain/usr/lib/swift/host/plugins/testing -enable-experimental-feature DebugDescriptionMacro -sdk /Applications/Xcode-27.0.0-Release.Candidate.app/Contents/Developer/Platforms/WatchOS.platform/Developer/SDKs/WatchOS27.0.sdk -target arm64_32-apple-watchos9.0 -g -module-cache-path /Users/admin/builder/spi-builder-workspace/.derivedData/ModuleCache.noindex -Xfrontend -serialize-debugging-options -enable-testing -suppress-warnings -index-store-path /Users/admin/builder/spi-builder-workspace/.derivedData/Index.noindex/DataStore -Xcc -D_LIBCPP_HARDENING_MODE\=_LIBCPP_HARDENING_MODE_DEBUG -swift-version 4.2 -I /Users/admin/builder/spi-builder-workspace/.derivedData/Build/Products/Debug-watchos -Isystem /Applications/Xcode-27.0.0-Release.Candidate.app/Contents/Developer/Platforms/WatchOS.platform/Developer/usr/lib -F /Users/admin/builder/spi-builder-workspace/.derivedData/Build/Products/Debug-watchos/PackageFrameworks -F /Users/admin/builder/spi-builder-workspace/.derivedData/Build/Products/Debug-watchos -F /Applications/Xcode-27.0.0-Release.Candidate.app/Contents/Developer/Platforms/WatchOS.platform/Developer/Library/Frameworks -F /Applications/Xcode-27.0.0-Release.Candidate.app/Contents/Developer/Platforms/WatchOS.platform/Developer/SDKs/WatchOS27.0.sdk/Developer/Library/Frameworks -c -j10 -enable-batch-mode -incremental -Xcc -ivfsstatcache -Xcc /Users/admin/builder/spi-builder-workspace/.derivedData/SDKStatCaches.noindex/watchos27.0-24R360-e829b21a6f8c9b70876ba0858053c04477534ef55a1706bf4c1112bbb242f0a2.sdkstatcache -output-file-map /Users/admin/builder/spi-builder-workspace/.derivedData/Build/Intermediates.noindex/xcodeproj.build/Debug-watchos/xcodeproj-t.build/Objects-normal/arm64_32/xcodeproj-OutputFileMap.json -save-temps -no-color-diagnostics -emit-dependencies -emit-module -emit-module-path /Users/admin/builder/spi-builder-workspace/.derivedData/Build/Intermediates.noindex/xcodeproj.build/Debug-watchos/xcodeproj-t.build/Objects-normal/arm64_32/xcodeproj.swiftmodule -serialize-diagnostics -validate-clang-modules-once -clang-build-session-file /Users/admin/builder/spi-builder-workspace/.derivedData/ModuleCache.noindex/Session.modulevalidation -Xcc -fmodules-prune-interval\=86400 -Xcc -fmodules-prune-after\=345600 -emit-const-values -const-gather-protocols-list /Users/admin/builder/spi-builder-workspace/.derivedData/Build/Intermediates.noindex/xcodeproj.build/Debug-watchos/xcodeproj-t.build/Objects-normal/arm64_32/xcodeproj_const_extract_protocols.json -Xcc -I/Users/admin/builder/spi-builder-workspace/.derivedData/Build/Products/Debug-watchos/include -Xcc -I/Users/admin/builder/spi-builder-workspace/.derivedData/Build/Intermediates.noindex/xcodeproj.build/Debug-watchos/xcodeproj-t.build/DerivedSources-normal/arm64_32 -Xcc -I/Users/admin/builder/spi-builder-workspace/.derivedData/Build/Intermediates.noindex/xcodeproj.build/Debug-watchos/xcodeproj-t.build/DerivedSources/arm64_32 -Xcc -I/Users/admin/builder/spi-builder-workspace/.derivedData/Build/Intermediates.noindex/xcodeproj.build/Debug-watchos/xcodeproj-t.build/DerivedSources -Xcc -DSWIFT_PACKAGE -Xcc -DDEBUG\=1 -emit-objc-header -emit-objc-header-path /Users/admin/builder/spi-builder-workspace/.derivedData/Build/Intermediates.noindex/xcodeproj.build/Debug-watchos/xcodeproj-t.build/Objects-normal/arm64_32/xcodeproj-Swift.h -working-directory /Users/admin/builder/spi-builder-workspace/.swiftpm/xcode -experimental-emit-module-separately -disable-cmo
SwiftDriverJobDiscovery normal arm64 Compiling JSON.swift, JSONDictionary.swift (in target 'RichJSONParser' from project 'RichJSONParser')
SwiftCompile normal arm64 Compiling\ UTF8Decoder.swift /Users/admin/builder/spi-builder-workspace/.dependencies/checkouts/RichJSONParser/Sources/RichJSONParser/UTF8Decoder.swift (in target 'RichJSONParser' from project 'RichJSONParser')
SwiftCompile normal arm64 /Users/admin/builder/spi-builder-workspace/.dependencies/checkouts/RichJSONParser/Sources/RichJSONParser/UTF8Decoder.swift (in target 'RichJSONParser' from project 'RichJSONParser')
    cd /Users/admin/builder/spi-builder-workspace/.swiftpm/xcode
    builtin-SwiftPerFileCompile UTF8Decoder.swift
SwiftCompile normal arm64_32 Compiling\ SourceLocation.swift,\ SourceLocationLite.swift /Users/admin/builder/spi-builder-workspace/.dependencies/checkouts/RichJSONParser/Sources/RichJSONParser/SourceLocation.swift /Users/admin/builder/spi-builder-workspace/.dependencies/checkouts/RichJSONParser/Sources/RichJSONParser/SourceLocationLite.swift (in target 'RichJSONParser' from project 'RichJSONParser')
SwiftCompile normal arm64_32 /Users/admin/builder/spi-builder-workspace/.dependencies/checkouts/RichJSONParser/Sources/RichJSONParser/SourceLocation.swift (in target 'RichJSONParser' from project 'RichJSONParser')
    cd /Users/admin/builder/spi-builder-workspace/.swiftpm/xcode
    builtin-SwiftPerFileCompile SourceLocation.swift
SwiftCompile normal arm64_32 /Users/admin/builder/spi-builder-workspace/.dependencies/checkouts/RichJSONParser/Sources/RichJSONParser/SourceLocationLite.swift (in target 'RichJSONParser' from project 'RichJSONParser')
    cd /Users/admin/builder/spi-builder-workspace/.swiftpm/xcode
    builtin-SwiftPerFileCompile SourceLocationLite.swift
SwiftDriverJobDiscovery normal arm64_32 Compiling JSONParser.swift, JSONSerializer.swift (in target 'RichJSONParser' from project 'RichJSONParser')
SwiftCompile normal arm64 Compiling\ JSONParser.swift,\ JSONSerializer.swift /Users/admin/builder/spi-builder-workspace/.dependencies/checkouts/RichJSONParser/Sources/RichJSONParser/JSONParser.swift /Users/admin/builder/spi-builder-workspace/.dependencies/checkouts/RichJSONParser/Sources/RichJSONParser/JSONSerializer.swift (in target 'RichJSONParser' from project 'RichJSONParser')
SwiftCompile normal arm64 /Users/admin/builder/spi-builder-workspace/.dependencies/checkouts/RichJSONParser/Sources/RichJSONParser/JSONParser.swift (in target 'RichJSONParser' from project 'RichJSONParser')
    cd /Users/admin/builder/spi-builder-workspace/.swiftpm/xcode
    builtin-SwiftPerFileCompile JSONParser.swift
SwiftCompile normal arm64 /Users/admin/builder/spi-builder-workspace/.dependencies/checkouts/RichJSONParser/Sources/RichJSONParser/JSONSerializer.swift (in target 'RichJSONParser' from project 'RichJSONParser')
    cd /Users/admin/builder/spi-builder-workspace/.swiftpm/xcode
    builtin-SwiftPerFileCompile JSONSerializer.swift
SwiftDriverJobDiscovery normal arm64 Compiling SourceLocation.swift, SourceLocationLite.swift (in target 'RichJSONParser' from project 'RichJSONParser')
SwiftDriverJobDiscovery normal arm64 Compiling StaticBuffer.swift (in target 'RichJSONParser' from project 'RichJSONParser')
SwiftDriver\ Compilation AEXML normal arm64_32 com.apple.xcode.tools.swift.compiler (in target 'AEXML' from project 'AEXML')
    cd /Users/admin/builder/spi-builder-workspace/.swiftpm/xcode
    builtin-Swift-Compilation -- /Applications/Xcode-27.0.0-Release.Candidate.app/Contents/Developer/Toolchains/XcodeDefault.xctoolchain/usr/bin/swiftc -parse-as-library -module-name AEXML -Onone @/Users/admin/builder/spi-builder-workspace/.derivedData/Build/Intermediates.noindex/AEXML.build/Debug-watchos/AEXML-t.build/Objects-normal/arm64_32/AEXML.SwiftFileList -DSWIFT_PACKAGE -DDEBUG -DSWIFT_MODULE_RESOURCE_BUNDLE_UNAVAILABLE -DXcode -plugin-path /Applications/Xcode-27.0.0-Release.Candidate.app/Contents/Developer/Toolchains/XcodeDefault.xctoolchain/usr/lib/swift/host/plugins/testing -enable-experimental-feature DebugDescriptionMacro -sdk /Applications/Xcode-27.0.0-Release.Candidate.app/Contents/Developer/Platforms/WatchOS.platform/Developer/SDKs/WatchOS27.0.sdk -target arm64_32-apple-watchos9.0 -g -module-cache-path /Users/admin/builder/spi-builder-workspace/.derivedData/ModuleCache.noindex -Xfrontend -serialize-debugging-options -enable-testing -suppress-warnings -index-store-path /Users/admin/builder/spi-builder-workspace/.derivedData/Index.noindex/DataStore -Xcc -D_LIBCPP_HARDENING_MODE\=_LIBCPP_HARDENING_MODE_DEBUG -swift-version 4.2 -I /Users/admin/builder/spi-builder-workspace/.derivedData/Build/Products/Debug-watchos -Isystem /Applications/Xcode-27.0.0-Release.Candidate.app/Contents/Developer/Platforms/WatchOS.platform/Developer/usr/lib -F /Users/admin/builder/spi-builder-workspace/.derivedData/Build/Products/Debug-watchos -F /Applications/Xcode-27.0.0-Release.Candidate.app/Contents/Developer/Platforms/WatchOS.platform/Developer/Library/Frameworks -F /Applications/Xcode-27.0.0-Release.Candidate.app/Contents/Developer/Platforms/WatchOS.platform/Developer/SDKs/WatchOS27.0.sdk/Developer/Library/Frameworks -c -j10 -enable-batch-mode -incremental -Xcc -ivfsstatcache -Xcc /Users/admin/builder/spi-builder-workspace/.derivedData/SDKStatCaches.noindex/watchos27.0-24R360-e829b21a6f8c9b70876ba0858053c04477534ef55a1706bf4c1112bbb242f0a2.sdkstatcache -output-file-map /Users/admin/builder/spi-builder-workspace/.derivedData/Build/Intermediates.noindex/AEXML.build/Debug-watchos/AEXML-t.build/Objects-normal/arm64_32/AEXML-OutputFileMap.json -save-temps -no-color-diagnostics -emit-dependencies -emit-module -emit-module-path /Users/admin/builder/spi-builder-workspace/.derivedData/Build/Intermediates.noindex/AEXML.build/Debug-watchos/AEXML-t.build/Objects-normal/arm64_32/AEXML.swiftmodule -serialize-diagnostics -validate-clang-modules-once -clang-build-session-file /Users/admin/builder/spi-builder-workspace/.derivedData/ModuleCache.noindex/Session.modulevalidation -Xcc -fmodules-prune-interval\=86400 -Xcc -fmodules-prune-after\=345600 -emit-const-values -const-gather-protocols-list /Users/admin/builder/spi-builder-workspace/.derivedData/Build/Intermediates.noindex/AEXML.build/Debug-watchos/AEXML-t.build/Objects-normal/arm64_32/AEXML_const_extract_protocols.json -Xcc -I/Users/admin/builder/spi-builder-workspace/.derivedData/Build/Products/Debug-watchos/include -Xcc -I/Users/admin/builder/spi-builder-workspace/.derivedData/Build/Intermediates.noindex/AEXML.build/Debug-watchos/AEXML-t.build/DerivedSources-normal/arm64_32 -Xcc -I/Users/admin/builder/spi-builder-workspace/.derivedData/Build/Intermediates.noindex/AEXML.build/Debug-watchos/AEXML-t.build/DerivedSources/arm64_32 -Xcc -I/Users/admin/builder/spi-builder-workspace/.derivedData/Build/Intermediates.noindex/AEXML.build/Debug-watchos/AEXML-t.build/DerivedSources -Xcc -DSWIFT_PACKAGE -Xcc -DDEBUG\=1 -emit-objc-header -emit-objc-header-path /Users/admin/builder/spi-builder-workspace/.derivedData/Build/Intermediates.noindex/AEXML.build/Debug-watchos/AEXML-t.build/Objects-normal/arm64_32/AEXML-Swift.h -working-directory /Users/admin/builder/spi-builder-workspace/.swiftpm/xcode -experimental-emit-module-separately -disable-cmo
SwiftDriver\ Compilation AEXML normal arm64 com.apple.xcode.tools.swift.compiler (in target 'AEXML' from project 'AEXML')
    cd /Users/admin/builder/spi-builder-workspace/.swiftpm/xcode
    builtin-Swift-Compilation -- /Applications/Xcode-27.0.0-Release.Candidate.app/Contents/Developer/Toolchains/XcodeDefault.xctoolchain/usr/bin/swiftc -parse-as-library -module-name AEXML -Onone @/Users/admin/builder/spi-builder-workspace/.derivedData/Build/Intermediates.noindex/AEXML.build/Debug-watchos/AEXML-t.build/Objects-normal/arm64/AEXML.SwiftFileList -DSWIFT_PACKAGE -DDEBUG -DSWIFT_MODULE_RESOURCE_BUNDLE_UNAVAILABLE -DXcode -plugin-path /Applications/Xcode-27.0.0-Release.Candidate.app/Contents/Developer/Toolchains/XcodeDefault.xctoolchain/usr/lib/swift/host/plugins/testing -enable-experimental-feature DebugDescriptionMacro -sdk /Applications/Xcode-27.0.0-Release.Candidate.app/Contents/Developer/Platforms/WatchOS.platform/Developer/SDKs/WatchOS27.0.sdk -target arm64-apple-watchos9.0 -g -module-cache-path /Users/admin/builder/spi-builder-workspace/.derivedData/ModuleCache.noindex -Xfrontend -serialize-debugging-options -enable-testing -suppress-warnings -index-store-path /Users/admin/builder/spi-builder-workspace/.derivedData/Index.noindex/DataStore -Xcc -D_LIBCPP_HARDENING_MODE\=_LIBCPP_HARDENING_MODE_DEBUG -swift-version 4.2 -I /Users/admin/builder/spi-builder-workspace/.derivedData/Build/Products/Debug-watchos -Isystem /Applications/Xcode-27.0.0-Release.Candidate.app/Contents/Developer/Platforms/WatchOS.platform/Developer/usr/lib -F /Users/admin/builder/spi-builder-workspace/.derivedData/Build/Products/Debug-watchos -F /Applications/Xcode-27.0.0-Release.Candidate.app/Contents/Developer/Platforms/WatchOS.platform/Developer/Library/Frameworks -F /Applications/Xcode-27.0.0-Release.Candidate.app/Contents/Developer/Platforms/WatchOS.platform/Developer/SDKs/WatchOS27.0.sdk/Developer/Library/Frameworks -c -j10 -enable-batch-mode -incremental -Xcc -ivfsstatcache -Xcc /Users/admin/builder/spi-builder-workspace/.derivedData/SDKStatCaches.noindex/watchos27.0-24R360-e829b21a6f8c9b70876ba0858053c04477534ef55a1706bf4c1112bbb242f0a2.sdkstatcache -output-file-map /Users/admin/builder/spi-builder-workspace/.derivedData/Build/Intermediates.noindex/AEXML.build/Debug-watchos/AEXML-t.build/Objects-normal/arm64/AEXML-OutputFileMap.json -save-temps -no-color-diagnostics -emit-dependencies -emit-module -emit-module-path /Users/admin/builder/spi-builder-workspace/.derivedData/Build/Intermediates.noindex/AEXML.build/Debug-watchos/AEXML-t.build/Objects-normal/arm64/AEXML.swiftmodule -serialize-diagnostics -validate-clang-modules-once -clang-build-session-file /Users/admin/builder/spi-builder-workspace/.derivedData/ModuleCache.noindex/Session.modulevalidation -Xcc -fmodules-prune-interval\=86400 -Xcc -fmodules-prune-after\=345600 -emit-const-values -const-gather-protocols-list /Users/admin/builder/spi-builder-workspace/.derivedData/Build/Intermediates.noindex/AEXML.build/Debug-watchos/AEXML-t.build/Objects-normal/arm64/AEXML_const_extract_protocols.json -Xcc -I/Users/admin/builder/spi-builder-workspace/.derivedData/Build/Products/Debug-watchos/include -Xcc -I/Users/admin/builder/spi-builder-workspace/.derivedData/Build/Intermediates.noindex/AEXML.build/Debug-watchos/AEXML-t.build/DerivedSources-normal/arm64 -Xcc -I/Users/admin/builder/spi-builder-workspace/.derivedData/Build/Intermediates.noindex/AEXML.build/Debug-watchos/AEXML-t.build/DerivedSources/arm64 -Xcc -I/Users/admin/builder/spi-builder-workspace/.derivedData/Build/Intermediates.noindex/AEXML.build/Debug-watchos/AEXML-t.build/DerivedSources -Xcc -DSWIFT_PACKAGE -Xcc -DDEBUG\=1 -emit-objc-header -emit-objc-header-path /Users/admin/builder/spi-builder-workspace/.derivedData/Build/Intermediates.noindex/AEXML.build/Debug-watchos/AEXML-t.build/Objects-normal/arm64/AEXML-Swift.h -working-directory /Users/admin/builder/spi-builder-workspace/.swiftpm/xcode -experimental-emit-module-separately -disable-cmo
Ld /Users/admin/builder/spi-builder-workspace/.derivedData/Build/Intermediates.noindex/AEXML.build/Debug-watchos/AEXML-t.build/Objects-normal/arm64_32/Binary/AEXML.o normal arm64_32 (in target 'AEXML' from project 'AEXML')
    cd /Users/admin/builder/spi-builder-workspace/.dependencies/checkouts/AEXML
    /Applications/Xcode-27.0.0-Release.Candidate.app/Contents/Developer/Toolchains/XcodeDefault.xctoolchain/usr/bin/clang -Xlinker -reproducible -target arm64_32-apple-watchos9.0 -r -isysroot /Applications/Xcode-27.0.0-Release.Candidate.app/Contents/Developer/Platforms/WatchOS.platform/Developer/SDKs/WatchOS27.0.sdk -O0 -w -Xlinker -no_warn_duplicate_libraries -F/Users/admin/builder/spi-builder-workspace/.derivedData/Build/Intermediates.noindex/EagerLinkingTBDs/Debug-watchos -F/Users/admin/builder/spi-builder-workspace/.derivedData/Build/Products/Debug-watchos -iframework /Applications/Xcode-27.0.0-Release.Candidate.app/Contents/Developer/Platforms/WatchOS.platform/Developer/Library/Frameworks -iframework /Applications/Xcode-27.0.0-Release.Candidate.app/Contents/Developer/Platforms/WatchOS.platform/Developer/SDKs/WatchOS27.0.sdk/Developer/Library/Frameworks -filelist /Users/admin/builder/spi-builder-workspace/.derivedData/Build/Intermediates.noindex/AEXML.build/Debug-watchos/AEXML-t.build/Objects-normal/arm64_32/AEXML.LinkFileList -nostdlib -Xlinker -object_path_lto -Xlinker /Users/admin/builder/spi-builder-workspace/.derivedData/Build/Intermediates.noindex/AEXML.build/Debug-watchos/AEXML-t.build/Objects-normal/arm64_32/AEXML_lto.o -Xlinker -no_deduplicate -Xlinker -dependency_info -Xlinker /Users/admin/builder/spi-builder-workspace/.derivedData/Build/Intermediates.noindex/AEXML.build/Debug-watchos/AEXML-t.build/Objects-normal/arm64_32/AEXML_dependency_info.dat -fobjc-link-runtime -L/Applications/Xcode-27.0.0-Release.Candidate.app/Contents/Developer/Toolchains/XcodeDefault.xctoolchain/usr/lib/swift/watchos -L/usr/lib/swift -Xlinker -add_ast_path -Xlinker /Users/admin/builder/spi-builder-workspace/.derivedData/Build/Intermediates.noindex/AEXML.build/Debug-watchos/AEXML-t.build/Objects-normal/arm64_32/AEXML.swiftmodule -o /Users/admin/builder/spi-builder-workspace/.derivedData/Build/Intermediates.noindex/AEXML.build/Debug-watchos/AEXML-t.build/Objects-normal/arm64_32/Binary/AEXML.o
SwiftDriverJobDiscovery normal arm64_32 Compiling JSONStringEscape.swift, JSONToken.swift (in target 'RichJSONParser' from project 'RichJSONParser')
Ld /Users/admin/builder/spi-builder-workspace/.derivedData/Build/Intermediates.noindex/AEXML.build/Debug-watchos/AEXML-t.build/Objects-normal/arm64/Binary/AEXML.o normal arm64 (in target 'AEXML' from project 'AEXML')
    cd /Users/admin/builder/spi-builder-workspace/.dependencies/checkouts/AEXML
    /Applications/Xcode-27.0.0-Release.Candidate.app/Contents/Developer/Toolchains/XcodeDefault.xctoolchain/usr/bin/clang -Xlinker -reproducible -target arm64-apple-watchos9.0 -r -isysroot /Applications/Xcode-27.0.0-Release.Candidate.app/Contents/Developer/Platforms/WatchOS.platform/Developer/SDKs/WatchOS27.0.sdk -O0 -w -Xlinker -no_warn_duplicate_libraries -F/Users/admin/builder/spi-builder-workspace/.derivedData/Build/Intermediates.noindex/EagerLinkingTBDs/Debug-watchos -F/Users/admin/builder/spi-builder-workspace/.derivedData/Build/Products/Debug-watchos -iframework /Applications/Xcode-27.0.0-Release.Candidate.app/Contents/Developer/Platforms/WatchOS.platform/Developer/Library/Frameworks -iframework /Applications/Xcode-27.0.0-Release.Candidate.app/Contents/Developer/Platforms/WatchOS.platform/Developer/SDKs/WatchOS27.0.sdk/Developer/Library/Frameworks -filelist /Users/admin/builder/spi-builder-workspace/.derivedData/Build/Intermediates.noindex/AEXML.build/Debug-watchos/AEXML-t.build/Objects-normal/arm64/AEXML.LinkFileList -nostdlib -Xlinker -object_path_lto -Xlinker /Users/admin/builder/spi-builder-workspace/.derivedData/Build/Intermediates.noindex/AEXML.build/Debug-watchos/AEXML-t.build/Objects-normal/arm64/AEXML_lto.o -Xlinker -no_deduplicate -Xlinker -dependency_info -Xlinker /Users/admin/builder/spi-builder-workspace/.derivedData/Build/Intermediates.noindex/AEXML.build/Debug-watchos/AEXML-t.build/Objects-normal/arm64/AEXML_dependency_info.dat -fobjc-link-runtime -L/Applications/Xcode-27.0.0-Release.Candidate.app/Contents/Developer/Toolchains/XcodeDefault.xctoolchain/usr/lib/swift/watchos -L/usr/lib/swift -Xlinker -add_ast_path -Xlinker /Users/admin/builder/spi-builder-workspace/.derivedData/Build/Intermediates.noindex/AEXML.build/Debug-watchos/AEXML-t.build/Objects-normal/arm64/AEXML.swiftmodule -o /Users/admin/builder/spi-builder-workspace/.derivedData/Build/Intermediates.noindex/AEXML.build/Debug-watchos/AEXML-t.build/Objects-normal/arm64/Binary/AEXML.o
ExtractAppIntentsMetadata (in target 'PathKit' from project 'PathKit')
    cd /Users/admin/builder/spi-builder-workspace/.dependencies/checkouts/PathKit
    /Applications/Xcode-27.0.0-Release.Candidate.app/Contents/Developer/Toolchains/XcodeDefault.xctoolchain/usr/bin/appintentsmetadataprocessor --toolchain-dir /var/run/com.apple.security.cryptexd/mnt/com.apple.MobileAsset.MetalToolchain-v27.1.266.1.BZLjUf/Metal.xctoolchain --module-name PathKit --sdk-root /Applications/Xcode-27.0.0-Release.Candidate.app/Contents/Developer/Platforms/WatchOS.platform/Developer/SDKs/WatchOS27.0.sdk --xcode-version 27A266a --platform-family watchOS --deployment-target 9.0 --bundle-identifier pathkit.PathKit --output /Users/admin/builder/spi-builder-workspace/.derivedData/Build/Products/Debug-watchos/PathKit.appintents --target-triple arm64-apple-watchos9.0 --target-triple arm64_32-apple-watchos9.0 --binary-file /Users/admin/builder/spi-builder-workspace/.derivedData/Build/Products/Debug-watchos/PathKit.o --dependency-file /Users/admin/builder/spi-builder-workspace/.derivedData/Build/Intermediates.noindex/PathKit.build/Debug-watchos/PathKit-t.build/Objects-normal/arm64/PathKit_dependency_info.dat --dependency-file /Users/admin/builder/spi-builder-workspace/.derivedData/Build/Intermediates.noindex/PathKit.build/Debug-watchos/PathKit-t.build/Objects-normal/arm64_32/PathKit_dependency_info.dat --stringsdata-file /Users/admin/builder/spi-builder-workspace/.derivedData/Build/Intermediates.noindex/PathKit.build/Debug-watchos/PathKit-t.build/Objects-normal/arm64/ExtractedAppShortcutsMetadata.stringsdata --stringsdata-file /Users/admin/builder/spi-builder-workspace/.derivedData/Build/Intermediates.noindex/PathKit.build/Debug-watchos/PathKit-t.build/Objects-normal/arm64_32/ExtractedAppShortcutsMetadata.stringsdata --source-file-list /Users/admin/builder/spi-builder-workspace/.derivedData/Build/Intermediates.noindex/PathKit.build/Debug-watchos/PathKit-t.build/Objects-normal/arm64/PathKit.SwiftFileList --source-file-list /Users/admin/builder/spi-builder-workspace/.derivedData/Build/Intermediates.noindex/PathKit.build/Debug-watchos/PathKit-t.build/Objects-normal/arm64_32/PathKit.SwiftFileList --metadata-file-list /Users/admin/builder/spi-builder-workspace/.derivedData/Build/Intermediates.noindex/PathKit.build/Debug-watchos/PathKit-t.build/PathKit.DependencyMetadataFileList --static-metadata-file-list /Users/admin/builder/spi-builder-workspace/.derivedData/Build/Intermediates.noindex/PathKit.build/Debug-watchos/PathKit-t.build/PathKit.DependencyStaticMetadataFileList --swift-const-vals-list /Users/admin/builder/spi-builder-workspace/.derivedData/Build/Intermediates.noindex/PathKit.build/Debug-watchos/PathKit-t.build/Objects-normal/arm64/PathKit.SwiftConstValuesFileList --swift-const-vals-list /Users/admin/builder/spi-builder-workspace/.derivedData/Build/Intermediates.noindex/PathKit.build/Debug-watchos/PathKit-t.build/Objects-normal/arm64_32/PathKit.SwiftConstValuesFileList --force --compile-time-extraction --deployment-aware-processing --no-app-shortcuts-localization
2026-09-16 08:16:24.569 appintentsmetadataprocessor[1218:6576] Starting appintentsmetadataprocessor export
2026-09-16 08:16:24.703 appintentsmetadataprocessor[1218:6576] Extracted no relevant App Intents symbols, skipping writing output
CreateUniversalBinary /Users/admin/builder/spi-builder-workspace/.derivedData/Build/Products/Debug-watchos/AEXML.o normal arm64\ arm64_32 (in target 'AEXML' from project 'AEXML')
    cd /Users/admin/builder/spi-builder-workspace/.dependencies/checkouts/AEXML
    /Applications/Xcode-27.0.0-Release.Candidate.app/Contents/Developer/Toolchains/XcodeDefault.xctoolchain/usr/bin/lipo -create /Users/admin/builder/spi-builder-workspace/.derivedData/Build/Intermediates.noindex/AEXML.build/Debug-watchos/AEXML-t.build/Objects-normal/arm64/Binary/AEXML.o /Users/admin/builder/spi-builder-workspace/.derivedData/Build/Intermediates.noindex/AEXML.build/Debug-watchos/AEXML-t.build/Objects-normal/arm64_32/Binary/AEXML.o -output /Users/admin/builder/spi-builder-workspace/.derivedData/Build/Products/Debug-watchos/AEXML.o
SwiftDriverJobDiscovery normal arm64 Compiling Characters.swift, DecodedUnicodeChar.swift (in target 'RichJSONParser' from project 'RichJSONParser')
SwiftDriver FineJSON normal arm64 com.apple.xcode.tools.swift.compiler (in target 'FineJSON' from project 'FineJSON')
    cd /Users/admin/builder/spi-builder-workspace/.swiftpm/xcode
    builtin-SwiftDriver -- /Applications/Xcode-27.0.0-Release.Candidate.app/Contents/Developer/Toolchains/XcodeDefault.xctoolchain/usr/bin/swiftc -parse-as-library -module-name FineJSON -Onone @/Users/admin/builder/spi-builder-workspace/.derivedData/Build/Intermediates.noindex/FineJSON.build/Debug-watchos/FineJSON-t.build/Objects-normal/arm64/FineJSON.SwiftFileList -DSWIFT_PACKAGE -DDEBUG -DSWIFT_MODULE_RESOURCE_BUNDLE_UNAVAILABLE -DXcode -plugin-path /Applications/Xcode-27.0.0-Release.Candidate.app/Contents/Developer/Toolchains/XcodeDefault.xctoolchain/usr/lib/swift/host/plugins/testing -enable-experimental-feature DebugDescriptionMacro -sdk /Applications/Xcode-27.0.0-Release.Candidate.app/Contents/Developer/Platforms/WatchOS.platform/Developer/SDKs/WatchOS27.0.sdk -target arm64-apple-watchos9.0 -g -module-cache-path /Users/admin/builder/spi-builder-workspace/.derivedData/ModuleCache.noindex -Xfrontend -serialize-debugging-options -enable-testing -suppress-warnings -index-store-path /Users/admin/builder/spi-builder-workspace/.derivedData/Index.noindex/DataStore -Xcc -D_LIBCPP_HARDENING_MODE\=_LIBCPP_HARDENING_MODE_DEBUG -swift-version 5 -I /Users/admin/builder/spi-builder-workspace/.derivedData/Build/Products/Debug-watchos -Isystem /Applications/Xcode-27.0.0-Release.Candidate.app/Contents/Developer/Platforms/WatchOS.platform/Developer/usr/lib -F /Users/admin/builder/spi-builder-workspace/.derivedData/Build/Products/Debug-watchos/PackageFrameworks -F /Users/admin/builder/spi-builder-workspace/.derivedData/Build/Products/Debug-watchos -F /Applications/Xcode-27.0.0-Release.Candidate.app/Contents/Developer/Platforms/WatchOS.platform/Developer/Library/Frameworks -F /Applications/Xcode-27.0.0-Release.Candidate.app/Contents/Developer/Platforms/WatchOS.platform/Developer/SDKs/WatchOS27.0.sdk/Developer/Library/Frameworks -c -j10 -enable-batch-mode -incremental -Xcc -ivfsstatcache -Xcc /Users/admin/builder/spi-builder-workspace/.derivedData/SDKStatCaches.noindex/watchos27.0-24R360-e829b21a6f8c9b70876ba0858053c04477534ef55a1706bf4c1112bbb242f0a2.sdkstatcache -output-file-map /Users/admin/builder/spi-builder-workspace/.derivedData/Build/Intermediates.noindex/FineJSON.build/Debug-watchos/FineJSON-t.build/Objects-normal/arm64/FineJSON-OutputFileMap.json -save-temps -no-color-diagnostics -explicit-module-build -module-cache-path /Users/admin/builder/spi-builder-workspace/.derivedData/Build/Intermediates.noindex/SwiftExplicitPrecompiledModules -clang-scanner-module-cache-path /Users/admin/builder/spi-builder-workspace/.derivedData/ModuleCache.noindex -sdk-module-cache-path /Users/admin/builder/spi-builder-workspace/.derivedData/SDKExplicitPrecompiledModules -emit-dependencies -emit-module -emit-module-path /Users/admin/builder/spi-builder-workspace/.derivedData/Build/Intermediates.noindex/FineJSON.build/Debug-watchos/FineJSON-t.build/Objects-normal/arm64/FineJSON.swiftmodule -serialize-diagnostics -dependency-scan-serialize-diagnostics-path /Users/admin/builder/spi-builder-workspace/.derivedData/Build/Intermediates.noindex/FineJSON.build/Debug-watchos/FineJSON-t.build/Objects-normal/arm64/FineJSON-dependency-scan.dia -validate-clang-modules-once -clang-build-session-file /Users/admin/builder/spi-builder-workspace/.derivedData/ModuleCache.noindex/Session.modulevalidation -Xcc -fmodules-prune-interval\=86400 -Xcc -fmodules-prune-after\=345600 -emit-const-values -const-gather-protocols-list /Users/admin/builder/spi-builder-workspace/.derivedData/Build/Intermediates.noindex/FineJSON.build/Debug-watchos/FineJSON-t.build/Objects-normal/arm64/FineJSON_const_extract_protocols.json -Xcc -I/Users/admin/builder/spi-builder-workspace/.derivedData/Build/Products/Debug-watchos/include -Xcc -I/Users/admin/builder/spi-builder-workspace/.derivedData/Build/Intermediates.noindex/FineJSON.build/Debug-watchos/FineJSON-t.build/DerivedSources-normal/arm64 -Xcc -I/Users/admin/builder/spi-builder-workspace/.derivedData/Build/Intermediates.noindex/FineJSON.build/Debug-watchos/FineJSON-t.build/DerivedSources/arm64 -Xcc -I/Users/admin/builder/spi-builder-workspace/.derivedData/Build/Intermediates.noindex/FineJSON.build/Debug-watchos/FineJSON-t.build/DerivedSources -Xcc -DSWIFT_PACKAGE -Xcc -DDEBUG\=1 -emit-objc-header -emit-objc-header-path /Users/admin/builder/spi-builder-workspace/.derivedData/Build/Intermediates.noindex/FineJSON.build/Debug-watchos/FineJSON-t.build/Objects-normal/arm64/FineJSON-Swift.h -working-directory /Users/admin/builder/spi-builder-workspace/.swiftpm/xcode -experimental-emit-module-separately -disable-cmo
SwiftDriver FineJSON normal arm64_32 com.apple.xcode.tools.swift.compiler (in target 'FineJSON' from project 'FineJSON')
    cd /Users/admin/builder/spi-builder-workspace/.swiftpm/xcode
    builtin-SwiftDriver -- /Applications/Xcode-27.0.0-Release.Candidate.app/Contents/Developer/Toolchains/XcodeDefault.xctoolchain/usr/bin/swiftc -parse-as-library -module-name FineJSON -Onone @/Users/admin/builder/spi-builder-workspace/.derivedData/Build/Intermediates.noindex/FineJSON.build/Debug-watchos/FineJSON-t.build/Objects-normal/arm64_32/FineJSON.SwiftFileList -DSWIFT_PACKAGE -DDEBUG -DSWIFT_MODULE_RESOURCE_BUNDLE_UNAVAILABLE -DXcode -plugin-path /Applications/Xcode-27.0.0-Release.Candidate.app/Contents/Developer/Toolchains/XcodeDefault.xctoolchain/usr/lib/swift/host/plugins/testing -enable-experimental-feature DebugDescriptionMacro -sdk /Applications/Xcode-27.0.0-Release.Candidate.app/Contents/Developer/Platforms/WatchOS.platform/Developer/SDKs/WatchOS27.0.sdk -target arm64_32-apple-watchos9.0 -g -module-cache-path /Users/admin/builder/spi-builder-workspace/.derivedData/ModuleCache.noindex -Xfrontend -serialize-debugging-options -enable-testing -suppress-warnings -index-store-path /Users/admin/builder/spi-builder-workspace/.derivedData/Index.noindex/DataStore -Xcc -D_LIBCPP_HARDENING_MODE\=_LIBCPP_HARDENING_MODE_DEBUG -swift-version 5 -I /Users/admin/builder/spi-builder-workspace/.derivedData/Build/Products/Debug-watchos -Isystem /Applications/Xcode-27.0.0-Release.Candidate.app/Contents/Developer/Platforms/WatchOS.platform/Developer/usr/lib -F /Users/admin/builder/spi-builder-workspace/.derivedData/Build/Products/Debug-watchos/PackageFrameworks -F /Users/admin/builder/spi-builder-workspace/.derivedData/Build/Products/Debug-watchos -F /Applications/Xcode-27.0.0-Release.Candidate.app/Contents/Developer/Platforms/WatchOS.platform/Developer/Library/Frameworks -F /Applications/Xcode-27.0.0-Release.Candidate.app/Contents/Developer/Platforms/WatchOS.platform/Developer/SDKs/WatchOS27.0.sdk/Developer/Library/Frameworks -c -j10 -enable-batch-mode -incremental -Xcc -ivfsstatcache -Xcc /Users/admin/builder/spi-builder-workspace/.derivedData/SDKStatCaches.noindex/watchos27.0-24R360-e829b21a6f8c9b70876ba0858053c04477534ef55a1706bf4c1112bbb242f0a2.sdkstatcache -output-file-map /Users/admin/builder/spi-builder-workspace/.derivedData/Build/Intermediates.noindex/FineJSON.build/Debug-watchos/FineJSON-t.build/Objects-normal/arm64_32/FineJSON-OutputFileMap.json -save-temps -no-color-diagnostics -explicit-module-build -module-cache-path /Users/admin/builder/spi-builder-workspace/.derivedData/Build/Intermediates.noindex/SwiftExplicitPrecompiledModules -clang-scanner-module-cache-path /Users/admin/builder/spi-builder-workspace/.derivedData/ModuleCache.noindex -sdk-module-cache-path /Users/admin/builder/spi-builder-workspace/.derivedData/SDKExplicitPrecompiledModules -emit-dependencies -emit-module -emit-module-path /Users/admin/builder/spi-builder-workspace/.derivedData/Build/Intermediates.noindex/FineJSON.build/Debug-watchos/FineJSON-t.build/Objects-normal/arm64_32/FineJSON.swiftmodule -serialize-diagnostics -dependency-scan-serialize-diagnostics-path /Users/admin/builder/spi-builder-workspace/.derivedData/Build/Intermediates.noindex/FineJSON.build/Debug-watchos/FineJSON-t.build/Objects-normal/arm64_32/FineJSON-dependency-scan.dia -validate-clang-modules-once -clang-build-session-file /Users/admin/builder/spi-builder-workspace/.derivedData/ModuleCache.noindex/Session.modulevalidation -Xcc -fmodules-prune-interval\=86400 -Xcc -fmodules-prune-after\=345600 -emit-const-values -const-gather-protocols-list /Users/admin/builder/spi-builder-workspace/.derivedData/Build/Intermediates.noindex/FineJSON.build/Debug-watchos/FineJSON-t.build/Objects-normal/arm64_32/FineJSON_const_extract_protocols.json -Xcc -I/Users/admin/builder/spi-builder-workspace/.derivedData/Build/Products/Debug-watchos/include -Xcc -I/Users/admin/builder/spi-builder-workspace/.derivedData/Build/Intermediates.noindex/FineJSON.build/Debug-watchos/FineJSON-t.build/DerivedSources-normal/arm64_32 -Xcc -I/Users/admin/builder/spi-builder-workspace/.derivedData/Build/Intermediates.noindex/FineJSON.build/Debug-watchos/FineJSON-t.build/DerivedSources/arm64_32 -Xcc -I/Users/admin/builder/spi-builder-workspace/.derivedData/Build/Intermediates.noindex/FineJSON.build/Debug-watchos/FineJSON-t.build/DerivedSources -Xcc -DSWIFT_PACKAGE -Xcc -DDEBUG\=1 -emit-objc-header -emit-objc-header-path /Users/admin/builder/spi-builder-workspace/.derivedData/Build/Intermediates.noindex/FineJSON.build/Debug-watchos/FineJSON-t.build/Objects-normal/arm64_32/FineJSON-Swift.h -working-directory /Users/admin/builder/spi-builder-workspace/.swiftpm/xcode -experimental-emit-module-separately -disable-cmo
SwiftDriverJobDiscovery normal arm64 Compiling FastJSONParser.swift, FormatExtension.swift (in target 'RichJSONParser' from project 'RichJSONParser')
ExtractAppIntentsMetadata (in target 'AEXML' from project 'AEXML')
    cd /Users/admin/builder/spi-builder-workspace/.dependencies/checkouts/AEXML
    /Applications/Xcode-27.0.0-Release.Candidate.app/Contents/Developer/Toolchains/XcodeDefault.xctoolchain/usr/bin/appintentsmetadataprocessor --toolchain-dir /var/run/com.apple.security.cryptexd/mnt/com.apple.MobileAsset.MetalToolchain-v27.1.266.1.BZLjUf/Metal.xctoolchain --module-name AEXML --sdk-root /Applications/Xcode-27.0.0-Release.Candidate.app/Contents/Developer/Platforms/WatchOS.platform/Developer/SDKs/WatchOS27.0.sdk --xcode-version 27A266a --platform-family watchOS --deployment-target 9.0 --bundle-identifier aexml.AEXML --output /Users/admin/builder/spi-builder-workspace/.derivedData/Build/Products/Debug-watchos/AEXML.appintents --target-triple arm64-apple-watchos9.0 --target-triple arm64_32-apple-watchos9.0 --binary-file /Users/admin/builder/spi-builder-workspace/.derivedData/Build/Products/Debug-watchos/AEXML.o --dependency-file /Users/admin/builder/spi-builder-workspace/.derivedData/Build/Intermediates.noindex/AEXML.build/Debug-watchos/AEXML-t.build/Objects-normal/arm64/AEXML_dependency_info.dat --dependency-file /Users/admin/builder/spi-builder-workspace/.derivedData/Build/Intermediates.noindex/AEXML.build/Debug-watchos/AEXML-t.build/Objects-normal/arm64_32/AEXML_dependency_info.dat --stringsdata-file /Users/admin/builder/spi-builder-workspace/.derivedData/Build/Intermediates.noindex/AEXML.build/Debug-watchos/AEXML-t.build/Objects-normal/arm64/ExtractedAppShortcutsMetadata.stringsdata --stringsdata-file /Users/admin/builder/spi-builder-workspace/.derivedData/Build/Intermediates.noindex/AEXML.build/Debug-watchos/AEXML-t.build/Objects-normal/arm64_32/ExtractedAppShortcutsMetadata.stringsdata --source-file-list /Users/admin/builder/spi-builder-workspace/.derivedData/Build/Intermediates.noindex/AEXML.build/Debug-watchos/AEXML-t.build/Objects-normal/arm64/AEXML.SwiftFileList --source-file-list /Users/admin/builder/spi-builder-workspace/.derivedData/Build/Intermediates.noindex/AEXML.build/Debug-watchos/AEXML-t.build/Objects-normal/arm64_32/AEXML.SwiftFileList --metadata-file-list /Users/admin/builder/spi-builder-workspace/.derivedData/Build/Intermediates.noindex/AEXML.build/Debug-watchos/AEXML-t.build/AEXML.DependencyMetadataFileList --static-metadata-file-list /Users/admin/builder/spi-builder-workspace/.derivedData/Build/Intermediates.noindex/AEXML.build/Debug-watchos/AEXML-t.build/AEXML.DependencyStaticMetadataFileList --swift-const-vals-list /Users/admin/builder/spi-builder-workspace/.derivedData/Build/Intermediates.noindex/AEXML.build/Debug-watchos/AEXML-t.build/Objects-normal/arm64/AEXML.SwiftConstValuesFileList --swift-const-vals-list /Users/admin/builder/spi-builder-workspace/.derivedData/Build/Intermediates.noindex/AEXML.build/Debug-watchos/AEXML-t.build/Objects-normal/arm64_32/AEXML.SwiftConstValuesFileList --force --compile-time-extraction --deployment-aware-processing --no-app-shortcuts-localization
2026-09-16 08:16:24.626 appintentsmetadataprocessor[1220:6640] Starting appintentsmetadataprocessor export
2026-09-16 08:16:24.704 appintentsmetadataprocessor[1220:6640] Extracted no relevant App Intents symbols, skipping writing output
SwiftDriverJobDiscovery normal arm64 Compiling PBXObjects.swift, PBXOutputSettings.swift, PBXProj.swift, PBXProjEncoder.swift, PBXProject.swift, Equality.generated.swift, Sourcery.swift, PBXAggregateTarget.swift, PBXLegacyTarget.swift (in target 'xcodeproj' from project 'xcodeproj')
SwiftDriver\ Compilation xcodeproj normal arm64 com.apple.xcode.tools.swift.compiler (in target 'xcodeproj' from project 'xcodeproj')
    cd /Users/admin/builder/spi-builder-workspace/.swiftpm/xcode
    builtin-Swift-Compilation -- /Applications/Xcode-27.0.0-Release.Candidate.app/Contents/Developer/Toolchains/XcodeDefault.xctoolchain/usr/bin/swiftc -parse-as-library -module-name xcodeproj -Onone @/Users/admin/builder/spi-builder-workspace/.derivedData/Build/Intermediates.noindex/xcodeproj.build/Debug-watchos/xcodeproj-t.build/Objects-normal/arm64/xcodeproj.SwiftFileList -DSWIFT_PACKAGE -DDEBUG -DSWIFT_MODULE_RESOURCE_BUNDLE_UNAVAILABLE -DXcode -plugin-path /Applications/Xcode-27.0.0-Release.Candidate.app/Contents/Developer/Toolchains/XcodeDefault.xctoolchain/usr/lib/swift/host/plugins/testing -enable-experimental-feature DebugDescriptionMacro -sdk /Applications/Xcode-27.0.0-Release.Candidate.app/Contents/Developer/Platforms/WatchOS.platform/Developer/SDKs/WatchOS27.0.sdk -target arm64-apple-watchos9.0 -g -module-cache-path /Users/admin/builder/spi-builder-workspace/.derivedData/ModuleCache.noindex -Xfrontend -serialize-debugging-options -enable-testing -suppress-warnings -index-store-path /Users/admin/builder/spi-builder-workspace/.derivedData/Index.noindex/DataStore -Xcc -D_LIBCPP_HARDENING_MODE\=_LIBCPP_HARDENING_MODE_DEBUG -swift-version 4.2 -I /Users/admin/builder/spi-builder-workspace/.derivedData/Build/Products/Debug-watchos -Isystem /Applications/Xcode-27.0.0-Release.Candidate.app/Contents/Developer/Platforms/WatchOS.platform/Developer/usr/lib -F /Users/admin/builder/spi-builder-workspace/.derivedData/Build/Products/Debug-watchos/PackageFrameworks -F /Users/admin/builder/spi-builder-workspace/.derivedData/Build/Products/Debug-watchos -F /Applications/Xcode-27.0.0-Release.Candidate.app/Contents/Developer/Platforms/WatchOS.platform/Developer/Library/Frameworks -F /Applications/Xcode-27.0.0-Release.Candidate.app/Contents/Developer/Platforms/WatchOS.platform/Developer/SDKs/WatchOS27.0.sdk/Developer/Library/Frameworks -c -j10 -enable-batch-mode -incremental -Xcc -ivfsstatcache -Xcc /Users/admin/builder/spi-builder-workspace/.derivedData/SDKStatCaches.noindex/watchos27.0-24R360-e829b21a6f8c9b70876ba0858053c04477534ef55a1706bf4c1112bbb242f0a2.sdkstatcache -output-file-map /Users/admin/builder/spi-builder-workspace/.derivedData/Build/Intermediates.noindex/xcodeproj.build/Debug-watchos/xcodeproj-t.build/Objects-normal/arm64/xcodeproj-OutputFileMap.json -save-temps -no-color-diagnostics -emit-dependencies -emit-module -emit-module-path /Users/admin/builder/spi-builder-workspace/.derivedData/Build/Intermediates.noindex/xcodeproj.build/Debug-watchos/xcodeproj-t.build/Objects-normal/arm64/xcodeproj.swiftmodule -serialize-diagnostics -validate-clang-modules-once -clang-build-session-file /Users/admin/builder/spi-builder-workspace/.derivedData/ModuleCache.noindex/Session.modulevalidation -Xcc -fmodules-prune-interval\=86400 -Xcc -fmodules-prune-after\=345600 -emit-const-values -const-gather-protocols-list /Users/admin/builder/spi-builder-workspace/.derivedData/Build/Intermediates.noindex/xcodeproj.build/Debug-watchos/xcodeproj-t.build/Objects-normal/arm64/xcodeproj_const_extract_protocols.json -Xcc -I/Users/admin/builder/spi-builder-workspace/.derivedData/Build/Products/Debug-watchos/include -Xcc -I/Users/admin/builder/spi-builder-workspace/.derivedData/Build/Intermediates.noindex/xcodeproj.build/Debug-watchos/xcodeproj-t.build/DerivedSources-normal/arm64 -Xcc -I/Users/admin/builder/spi-builder-workspace/.derivedData/Build/Intermediates.noindex/xcodeproj.build/Debug-watchos/xcodeproj-t.build/DerivedSources/arm64 -Xcc -I/Users/admin/builder/spi-builder-workspace/.derivedData/Build/Intermediates.noindex/xcodeproj.build/Debug-watchos/xcodeproj-t.build/DerivedSources -Xcc -DSWIFT_PACKAGE -Xcc -DDEBUG\=1 -emit-objc-header -emit-objc-header-path /Users/admin/builder/spi-builder-workspace/.derivedData/Build/Intermediates.noindex/xcodeproj.build/Debug-watchos/xcodeproj-t.build/Objects-normal/arm64/xcodeproj-Swift.h -working-directory /Users/admin/builder/spi-builder-workspace/.swiftpm/xcode -experimental-emit-module-separately -disable-cmo
SwiftDriverJobDiscovery normal arm64_32 Compiling JSON.swift, JSONDictionary.swift (in target 'RichJSONParser' from project 'RichJSONParser')
SwiftDriverJobDiscovery normal arm64_32 Compiling SourceLocation.swift, SourceLocationLite.swift (in target 'RichJSONParser' from project 'RichJSONParser')
SwiftDriverJobDiscovery normal arm64_32 Compiling JSONTokenizer.swift, ParsedJSON.swift (in target 'RichJSONParser' from project 'RichJSONParser')
SwiftDriver\ Compilation RichJSONParser normal arm64_32 com.apple.xcode.tools.swift.compiler (in target 'RichJSONParser' from project 'RichJSONParser')
    cd /Users/admin/builder/spi-builder-workspace/.swiftpm/xcode
    builtin-Swift-Compilation -- /Applications/Xcode-27.0.0-Release.Candidate.app/Contents/Developer/Toolchains/XcodeDefault.xctoolchain/usr/bin/swiftc -parse-as-library -module-name RichJSONParser -Onone @/Users/admin/builder/spi-builder-workspace/.derivedData/Build/Intermediates.noindex/RichJSONParser.build/Debug-watchos/RichJSONParser-t.build/Objects-normal/arm64_32/RichJSONParser.SwiftFileList -DSWIFT_PACKAGE -DDEBUG -DSWIFT_MODULE_RESOURCE_BUNDLE_UNAVAILABLE -DXcode -plugin-path /Applications/Xcode-27.0.0-Release.Candidate.app/Contents/Developer/Toolchains/XcodeDefault.xctoolchain/usr/lib/swift/host/plugins/testing -enable-experimental-feature DebugDescriptionMacro -sdk /Applications/Xcode-27.0.0-Release.Candidate.app/Contents/Developer/Platforms/WatchOS.platform/Developer/SDKs/WatchOS27.0.sdk -target arm64_32-apple-watchos9.0 -g -module-cache-path /Users/admin/builder/spi-builder-workspace/.derivedData/ModuleCache.noindex -Xfrontend -serialize-debugging-options -enable-testing -suppress-warnings -index-store-path /Users/admin/builder/spi-builder-workspace/.derivedData/Index.noindex/DataStore -Xcc -D_LIBCPP_HARDENING_MODE\=_LIBCPP_HARDENING_MODE_DEBUG -swift-version 5 -I /Users/admin/builder/spi-builder-workspace/.derivedData/Build/Products/Debug-watchos -Isystem /Applications/Xcode-27.0.0-Release.Candidate.app/Contents/Developer/Platforms/WatchOS.platform/Developer/usr/lib -F /Users/admin/builder/spi-builder-workspace/.derivedData/Build/Products/Debug-watchos -F /Applications/Xcode-27.0.0-Release.Candidate.app/Contents/Developer/Platforms/WatchOS.platform/Developer/Library/Frameworks -F /Applications/Xcode-27.0.0-Release.Candidate.app/Contents/Developer/Platforms/WatchOS.platform/Developer/SDKs/WatchOS27.0.sdk/Developer/Library/Frameworks -c -j10 -enable-batch-mode -incremental -Xcc -ivfsstatcache -Xcc /Users/admin/builder/spi-builder-workspace/.derivedData/SDKStatCaches.noindex/watchos27.0-24R360-e829b21a6f8c9b70876ba0858053c04477534ef55a1706bf4c1112bbb242f0a2.sdkstatcache -output-file-map /Users/admin/builder/spi-builder-workspace/.derivedData/Build/Intermediates.noindex/RichJSONParser.build/Debug-watchos/RichJSONParser-t.build/Objects-normal/arm64_32/RichJSONParser-OutputFileMap.json -save-temps -no-color-diagnostics -explicit-module-build -module-cache-path /Users/admin/builder/spi-builder-workspace/.derivedData/Build/Intermediates.noindex/SwiftExplicitPrecompiledModules -clang-scanner-module-cache-path /Users/admin/builder/spi-builder-workspace/.derivedData/ModuleCache.noindex -sdk-module-cache-path /Users/admin/builder/spi-builder-workspace/.derivedData/SDKExplicitPrecompiledModules -emit-dependencies -emit-module -emit-module-path /Users/admin/builder/spi-builder-workspace/.derivedData/Build/Intermediates.noindex/RichJSONParser.build/Debug-watchos/RichJSONParser-t.build/Objects-normal/arm64_32/RichJSONParser.swiftmodule -serialize-diagnostics -dependency-scan-serialize-diagnostics-path /Users/admin/builder/spi-builder-workspace/.derivedData/Build/Intermediates.noindex/RichJSONParser.build/Debug-watchos/RichJSONParser-t.build/Objects-normal/arm64_32/RichJSONParser-dependency-scan.dia -validate-clang-modules-once -clang-build-session-file /Users/admin/builder/spi-builder-workspace/.derivedData/ModuleCache.noindex/Session.modulevalidation -Xcc -fmodules-prune-interval\=86400 -Xcc -fmodules-prune-after\=345600 -emit-const-values -const-gather-protocols-list /Users/admin/builder/spi-builder-workspace/.derivedData/Build/Intermediates.noindex/RichJSONParser.build/Debug-watchos/RichJSONParser-t.build/Objects-normal/arm64_32/RichJSONParser_const_extract_protocols.json -Xcc -I/Users/admin/builder/spi-builder-workspace/.derivedData/Build/Products/Debug-watchos/include -Xcc -I/Users/admin/builder/spi-builder-workspace/.derivedData/Build/Intermediates.noindex/RichJSONParser.build/Debug-watchos/RichJSONParser-t.build/DerivedSources-normal/arm64_32 -Xcc -I/Users/admin/builder/spi-builder-workspace/.derivedData/Build/Intermediates.noindex/RichJSONParser.build/Debug-watchos/RichJSONParser-t.build/DerivedSources/arm64_32 -Xcc -I/Users/admin/builder/spi-builder-workspace/.derivedData/Build/Intermediates.noindex/RichJSONParser.build/Debug-watchos/RichJSONParser-t.build/DerivedSources -Xcc -DSWIFT_PACKAGE -Xcc -DDEBUG\=1 -emit-objc-header -emit-objc-header-path /Users/admin/builder/spi-builder-workspace/.derivedData/Build/Intermediates.noindex/RichJSONParser.build/Debug-watchos/RichJSONParser-t.build/Objects-normal/arm64_32/RichJSONParser-Swift.h -working-directory /Users/admin/builder/spi-builder-workspace/.swiftpm/xcode -experimental-emit-module-separately -disable-cmo
Ld /Users/admin/builder/spi-builder-workspace/.derivedData/Build/Intermediates.noindex/RichJSONParser.build/Debug-watchos/RichJSONParser-t.build/Objects-normal/arm64_32/Binary/RichJSONParser.o normal arm64_32 (in target 'RichJSONParser' from project 'RichJSONParser')
    cd /Users/admin/builder/spi-builder-workspace/.dependencies/checkouts/RichJSONParser
    /Applications/Xcode-27.0.0-Release.Candidate.app/Contents/Developer/Toolchains/XcodeDefault.xctoolchain/usr/bin/clang -Xlinker -reproducible -target arm64_32-apple-watchos9.0 -r -isysroot /Applications/Xcode-27.0.0-Release.Candidate.app/Contents/Developer/Platforms/WatchOS.platform/Developer/SDKs/WatchOS27.0.sdk -O0 -w -Xlinker -no_warn_duplicate_libraries -F/Users/admin/builder/spi-builder-workspace/.derivedData/Build/Intermediates.noindex/EagerLinkingTBDs/Debug-watchos -F/Users/admin/builder/spi-builder-workspace/.derivedData/Build/Products/Debug-watchos -iframework /Applications/Xcode-27.0.0-Release.Candidate.app/Contents/Developer/Platforms/WatchOS.platform/Developer/Library/Frameworks -iframework /Applications/Xcode-27.0.0-Release.Candidate.app/Contents/Developer/Platforms/WatchOS.platform/Developer/SDKs/WatchOS27.0.sdk/Developer/Library/Frameworks -filelist /Users/admin/builder/spi-builder-workspace/.derivedData/Build/Intermediates.noindex/RichJSONParser.build/Debug-watchos/RichJSONParser-t.build/Objects-normal/arm64_32/RichJSONParser.LinkFileList -nostdlib -Xlinker -object_path_lto -Xlinker /Users/admin/builder/spi-builder-workspace/.derivedData/Build/Intermediates.noindex/RichJSONParser.build/Debug-watchos/RichJSONParser-t.build/Objects-normal/arm64_32/RichJSONParser_lto.o -Xlinker -no_deduplicate -Xlinker -dependency_info -Xlinker /Users/admin/builder/spi-builder-workspace/.derivedData/Build/Intermediates.noindex/RichJSONParser.build/Debug-watchos/RichJSONParser-t.build/Objects-normal/arm64_32/RichJSONParser_dependency_info.dat -fobjc-link-runtime -L/Applications/Xcode-27.0.0-Release.Candidate.app/Contents/Developer/Toolchains/XcodeDefault.xctoolchain/usr/lib/swift/watchos -L/usr/lib/swift -Xlinker -add_ast_path -Xlinker /Users/admin/builder/spi-builder-workspace/.derivedData/Build/Intermediates.noindex/RichJSONParser.build/Debug-watchos/RichJSONParser-t.build/Objects-normal/arm64_32/RichJSONParser.swiftmodule -o /Users/admin/builder/spi-builder-workspace/.derivedData/Build/Intermediates.noindex/RichJSONParser.build/Debug-watchos/RichJSONParser-t.build/Objects-normal/arm64_32/Binary/RichJSONParser.o
SwiftDriverJobDiscovery normal arm64 Compiling UTF8Decoder.swift (in target 'RichJSONParser' from project 'RichJSONParser')
Ld /Users/admin/builder/spi-builder-workspace/.derivedData/Build/Intermediates.noindex/xcodeproj.build/Debug-watchos/xcodeproj-t.build/Objects-normal/arm64/Binary/xcodeproj.o normal arm64 (in target 'xcodeproj' from project 'xcodeproj')
    cd /Users/admin/builder/spi-builder-workspace/.dependencies/checkouts/xcodeproj
    /Applications/Xcode-27.0.0-Release.Candidate.app/Contents/Developer/Toolchains/XcodeDefault.xctoolchain/usr/bin/clang -Xlinker -reproducible -target arm64-apple-watchos9.0 -r -isysroot /Applications/Xcode-27.0.0-Release.Candidate.app/Contents/Developer/Platforms/WatchOS.platform/Developer/SDKs/WatchOS27.0.sdk -O0 -w -Xlinker -no_warn_duplicate_libraries -F/Users/admin/builder/spi-builder-workspace/.derivedData/Build/Intermediates.noindex/EagerLinkingTBDs/Debug-watchos -F/Users/admin/builder/spi-builder-workspace/.derivedData/Build/Products/Debug-watchos/PackageFrameworks -F/Users/admin/builder/spi-builder-workspace/.derivedData/Build/Products/Debug-watchos -iframework /Applications/Xcode-27.0.0-Release.Candidate.app/Contents/Developer/Platforms/WatchOS.platform/Developer/Library/Frameworks -iframework /Applications/Xcode-27.0.0-Release.Candidate.app/Contents/Developer/Platforms/WatchOS.platform/Developer/SDKs/WatchOS27.0.sdk/Developer/Library/Frameworks -filelist /Users/admin/builder/spi-builder-workspace/.derivedData/Build/Intermediates.noindex/xcodeproj.build/Debug-watchos/xcodeproj-t.build/Objects-normal/arm64/xcodeproj.LinkFileList -nostdlib -Xlinker -object_path_lto -Xlinker /Users/admin/builder/spi-builder-workspace/.derivedData/Build/Intermediates.noindex/xcodeproj.build/Debug-watchos/xcodeproj-t.build/Objects-normal/arm64/xcodeproj_lto.o -Xlinker -no_deduplicate -Xlinker -dependency_info -Xlinker /Users/admin/builder/spi-builder-workspace/.derivedData/Build/Intermediates.noindex/xcodeproj.build/Debug-watchos/xcodeproj-t.build/Objects-normal/arm64/xcodeproj_dependency_info.dat -fobjc-link-runtime -L/Applications/Xcode-27.0.0-Release.Candidate.app/Contents/Developer/Toolchains/XcodeDefault.xctoolchain/usr/lib/swift/watchos -L/usr/lib/swift -Xlinker -add_ast_path -Xlinker /Users/admin/builder/spi-builder-workspace/.derivedData/Build/Intermediates.noindex/xcodeproj.build/Debug-watchos/xcodeproj-t.build/Objects-normal/arm64/xcodeproj.swiftmodule -o /Users/admin/builder/spi-builder-workspace/.derivedData/Build/Intermediates.noindex/xcodeproj.build/Debug-watchos/xcodeproj-t.build/Objects-normal/arm64/Binary/xcodeproj.o
Ld /Users/admin/builder/spi-builder-workspace/.derivedData/Build/Intermediates.noindex/xcodeproj.build/Debug-watchos/xcodeproj-t.build/Objects-normal/arm64_32/Binary/xcodeproj.o normal arm64_32 (in target 'xcodeproj' from project 'xcodeproj')
    cd /Users/admin/builder/spi-builder-workspace/.dependencies/checkouts/xcodeproj
    /Applications/Xcode-27.0.0-Release.Candidate.app/Contents/Developer/Toolchains/XcodeDefault.xctoolchain/usr/bin/clang -Xlinker -reproducible -target arm64_32-apple-watchos9.0 -r -isysroot /Applications/Xcode-27.0.0-Release.Candidate.app/Contents/Developer/Platforms/WatchOS.platform/Developer/SDKs/WatchOS27.0.sdk -O0 -w -Xlinker -no_warn_duplicate_libraries -F/Users/admin/builder/spi-builder-workspace/.derivedData/Build/Intermediates.noindex/EagerLinkingTBDs/Debug-watchos -F/Users/admin/builder/spi-builder-workspace/.derivedData/Build/Products/Debug-watchos/PackageFrameworks -F/Users/admin/builder/spi-builder-workspace/.derivedData/Build/Products/Debug-watchos -iframework /Applications/Xcode-27.0.0-Release.Candidate.app/Contents/Developer/Platforms/WatchOS.platform/Developer/Library/Frameworks -iframework /Applications/Xcode-27.0.0-Release.Candidate.app/Contents/Developer/Platforms/WatchOS.platform/Developer/SDKs/WatchOS27.0.sdk/Developer/Library/Frameworks -filelist /Users/admin/builder/spi-builder-workspace/.derivedData/Build/Intermediates.noindex/xcodeproj.build/Debug-watchos/xcodeproj-t.build/Objects-normal/arm64_32/xcodeproj.LinkFileList -nostdlib -Xlinker -object_path_lto -Xlinker /Users/admin/builder/spi-builder-workspace/.derivedData/Build/Intermediates.noindex/xcodeproj.build/Debug-watchos/xcodeproj-t.build/Objects-normal/arm64_32/xcodeproj_lto.o -Xlinker -no_deduplicate -Xlinker -dependency_info -Xlinker /Users/admin/builder/spi-builder-workspace/.derivedData/Build/Intermediates.noindex/xcodeproj.build/Debug-watchos/xcodeproj-t.build/Objects-normal/arm64_32/xcodeproj_dependency_info.dat -fobjc-link-runtime -L/Applications/Xcode-27.0.0-Release.Candidate.app/Contents/Developer/Toolchains/XcodeDefault.xctoolchain/usr/lib/swift/watchos -L/usr/lib/swift -Xlinker -add_ast_path -Xlinker /Users/admin/builder/spi-builder-workspace/.derivedData/Build/Intermediates.noindex/xcodeproj.build/Debug-watchos/xcodeproj-t.build/Objects-normal/arm64_32/xcodeproj.swiftmodule -o /Users/admin/builder/spi-builder-workspace/.derivedData/Build/Intermediates.noindex/xcodeproj.build/Debug-watchos/xcodeproj-t.build/Objects-normal/arm64_32/Binary/xcodeproj.o
CreateUniversalBinary /Users/admin/builder/spi-builder-workspace/.derivedData/Build/Products/Debug-watchos/xcodeproj.o normal arm64\ arm64_32 (in target 'xcodeproj' from project 'xcodeproj')
    cd /Users/admin/builder/spi-builder-workspace/.dependencies/checkouts/xcodeproj
    /Applications/Xcode-27.0.0-Release.Candidate.app/Contents/Developer/Toolchains/XcodeDefault.xctoolchain/usr/bin/lipo -create /Users/admin/builder/spi-builder-workspace/.derivedData/Build/Intermediates.noindex/xcodeproj.build/Debug-watchos/xcodeproj-t.build/Objects-normal/arm64/Binary/xcodeproj.o /Users/admin/builder/spi-builder-workspace/.derivedData/Build/Intermediates.noindex/xcodeproj.build/Debug-watchos/xcodeproj-t.build/Objects-normal/arm64_32/Binary/xcodeproj.o -output /Users/admin/builder/spi-builder-workspace/.derivedData/Build/Products/Debug-watchos/xcodeproj.o
ExtractAppIntentsMetadata (in target 'xcodeproj' from project 'xcodeproj')
    cd /Users/admin/builder/spi-builder-workspace/.dependencies/checkouts/xcodeproj
    /Applications/Xcode-27.0.0-Release.Candidate.app/Contents/Developer/Toolchains/XcodeDefault.xctoolchain/usr/bin/appintentsmetadataprocessor --toolchain-dir /var/run/com.apple.security.cryptexd/mnt/com.apple.MobileAsset.MetalToolchain-v27.1.266.1.BZLjUf/Metal.xctoolchain --module-name xcodeproj --sdk-root /Applications/Xcode-27.0.0-Release.Candidate.app/Contents/Developer/Platforms/WatchOS.platform/Developer/SDKs/WatchOS27.0.sdk --xcode-version 27A266a --platform-family watchOS --deployment-target 9.0 --bundle-identifier xcodeproj.xcodeproj --output /Users/admin/builder/spi-builder-workspace/.derivedData/Build/Products/Debug-watchos/xcodeproj.appintents --target-triple arm64-apple-watchos9.0 --target-triple arm64_32-apple-watchos9.0 --binary-file /Users/admin/builder/spi-builder-workspace/.derivedData/Build/Products/Debug-watchos/xcodeproj.o --dependency-file /Users/admin/builder/spi-builder-workspace/.derivedData/Build/Intermediates.noindex/xcodeproj.build/Debug-watchos/xcodeproj-t.build/Objects-normal/arm64/xcodeproj_dependency_info.dat --dependency-file /Users/admin/builder/spi-builder-workspace/.derivedData/Build/Intermediates.noindex/xcodeproj.build/Debug-watchos/xcodeproj-t.build/Objects-normal/arm64_32/xcodeproj_dependency_info.dat --stringsdata-file /Users/admin/builder/spi-builder-workspace/.derivedData/Build/Intermediates.noindex/xcodeproj.build/Debug-watchos/xcodeproj-t.build/Objects-normal/arm64/ExtractedAppShortcutsMetadata.stringsdata --stringsdata-file /Users/admin/builder/spi-builder-workspace/.derivedData/Build/Intermediates.noindex/xcodeproj.build/Debug-watchos/xcodeproj-t.build/Objects-normal/arm64_32/ExtractedAppShortcutsMetadata.stringsdata --source-file-list /Users/admin/builder/spi-builder-workspace/.derivedData/Build/Intermediates.noindex/xcodeproj.build/Debug-watchos/xcodeproj-t.build/Objects-normal/arm64/xcodeproj.SwiftFileList --source-file-list /Users/admin/builder/spi-builder-workspace/.derivedData/Build/Intermediates.noindex/xcodeproj.build/Debug-watchos/xcodeproj-t.build/Objects-normal/arm64_32/xcodeproj.SwiftFileList --metadata-file-list /Users/admin/builder/spi-builder-workspace/.derivedData/Build/Intermediates.noindex/xcodeproj.build/Debug-watchos/xcodeproj-t.build/xcodeproj.DependencyMetadataFileList --static-metadata-file-list /Users/admin/builder/spi-builder-workspace/.derivedData/Build/Intermediates.noindex/xcodeproj.build/Debug-watchos/xcodeproj-t.build/xcodeproj.DependencyStaticMetadataFileList --swift-const-vals-list /Users/admin/builder/spi-builder-workspace/.derivedData/Build/Intermediates.noindex/xcodeproj.build/Debug-watchos/xcodeproj-t.build/Objects-normal/arm64/xcodeproj.SwiftConstValuesFileList --swift-const-vals-list /Users/admin/builder/spi-builder-workspace/.derivedData/Build/Intermediates.noindex/xcodeproj.build/Debug-watchos/xcodeproj-t.build/Objects-normal/arm64_32/xcodeproj.SwiftConstValuesFileList --force --compile-time-extraction --deployment-aware-processing --no-app-shortcuts-localization
2026-09-16 08:16:24.787 appintentsmetadataprocessor[1228:6704] Starting appintentsmetadataprocessor export
2026-09-16 08:16:24.868 appintentsmetadataprocessor[1228:6704] Extracted no relevant App Intents symbols, skipping writing output
SwiftCompile normal arm64 Compiling\ FineJSONDecoder.swift,\ FineJSONEncoder.swift,\ JSONAnnotatable.swift /Users/admin/builder/spi-builder-workspace/.dependencies/checkouts/FineJSON/Sources/FineJSON/FineJSONDecoder.swift /Users/admin/builder/spi-builder-workspace/.dependencies/checkouts/FineJSON/Sources/FineJSON/FineJSONEncoder.swift /Users/admin/builder/spi-builder-workspace/.dependencies/checkouts/FineJSON/Sources/FineJSON/JSONAnnotatable.swift (in target 'FineJSON' from project 'FineJSON')
SwiftCompile normal arm64 /Users/admin/builder/spi-builder-workspace/.dependencies/checkouts/FineJSON/Sources/FineJSON/FineJSONDecoder.swift (in target 'FineJSON' from project 'FineJSON')
    cd /Users/admin/builder/spi-builder-workspace/.swiftpm/xcode
    builtin-SwiftPerFileCompile FineJSONDecoder.swift
SwiftCompile normal arm64 /Users/admin/builder/spi-builder-workspace/.dependencies/checkouts/FineJSON/Sources/FineJSON/FineJSONEncoder.swift (in target 'FineJSON' from project 'FineJSON')
    cd /Users/admin/builder/spi-builder-workspace/.swiftpm/xcode
    builtin-SwiftPerFileCompile FineJSONEncoder.swift
SwiftCompile normal arm64 /Users/admin/builder/spi-builder-workspace/.dependencies/checkouts/FineJSON/Sources/FineJSON/JSONAnnotatable.swift (in target 'FineJSON' from project 'FineJSON')
    cd /Users/admin/builder/spi-builder-workspace/.swiftpm/xcode
    builtin-SwiftPerFileCompile JSONAnnotatable.swift
SwiftCompile normal arm64 Compiling\ DecoderExtension.swift,\ DecodingError.swift,\ Exports.swift /Users/admin/builder/spi-builder-workspace/.dependencies/checkouts/FineJSON/Sources/FineJSON/DecoderExtension.swift /Users/admin/builder/spi-builder-workspace/.dependencies/checkouts/FineJSON/Sources/FineJSON/DecodingError.swift /Users/admin/builder/spi-builder-workspace/.dependencies/checkouts/FineJSON/Sources/FineJSON/Exports.swift (in target 'FineJSON' from project 'FineJSON')
SwiftCompile normal arm64 /Users/admin/builder/spi-builder-workspace/.dependencies/checkouts/FineJSON/Sources/FineJSON/DecoderExtension.swift (in target 'FineJSON' from project 'FineJSON')
    cd /Users/admin/builder/spi-builder-workspace/.swiftpm/xcode
    builtin-SwiftPerFileCompile DecoderExtension.swift
SwiftCompile normal arm64 /Users/admin/builder/spi-builder-workspace/.dependencies/checkouts/FineJSON/Sources/FineJSON/DecodingError.swift (in target 'FineJSON' from project 'FineJSON')
    cd /Users/admin/builder/spi-builder-workspace/.swiftpm/xcode
    builtin-SwiftPerFileCompile DecodingError.swift
SwiftCompile normal arm64 /Users/admin/builder/spi-builder-workspace/.dependencies/checkouts/FineJSON/Sources/FineJSON/Exports.swift (in target 'FineJSON' from project 'FineJSON')
    cd /Users/admin/builder/spi-builder-workspace/.swiftpm/xcode
    builtin-SwiftPerFileCompile Exports.swift
SwiftCompile normal arm64 Compiling\ JSONArray.swift,\ JSONCodable.swift /Users/admin/builder/spi-builder-workspace/.dependencies/checkouts/FineJSON/Sources/FineJSON/JSONArray.swift /Users/admin/builder/spi-builder-workspace/.dependencies/checkouts/FineJSON/Sources/FineJSON/JSONCodable.swift (in target 'FineJSON' from project 'FineJSON')
SwiftCompile normal arm64 /Users/admin/builder/spi-builder-workspace/.dependencies/checkouts/FineJSON/Sources/FineJSON/JSONArray.swift (in target 'FineJSON' from project 'FineJSON')
    cd /Users/admin/builder/spi-builder-workspace/.swiftpm/xcode
    builtin-SwiftPerFileCompile JSONArray.swift
SwiftCompile normal arm64 /Users/admin/builder/spi-builder-workspace/.dependencies/checkouts/FineJSON/Sources/FineJSON/JSONCodable.swift (in target 'FineJSON' from project 'FineJSON')
    cd /Users/admin/builder/spi-builder-workspace/.swiftpm/xcode
    builtin-SwiftPerFileCompile JSONCodable.swift
SwiftCompile normal arm64 Compiling\ JSONObject.swift,\ KeyedDC.swift /Users/admin/builder/spi-builder-workspace/.dependencies/checkouts/FineJSON/Sources/FineJSON/JSONObject.swift /Users/admin/builder/spi-builder-workspace/.dependencies/checkouts/FineJSON/Sources/FineJSON/KeyedDC.swift (in target 'FineJSON' from project 'FineJSON')
SwiftCompile normal arm64 /Users/admin/builder/spi-builder-workspace/.dependencies/checkouts/FineJSON/Sources/FineJSON/JSONObject.swift (in target 'FineJSON' from project 'FineJSON')
    cd /Users/admin/builder/spi-builder-workspace/.swiftpm/xcode
    builtin-SwiftPerFileCompile JSONObject.swift
SwiftCompile normal arm64 /Users/admin/builder/spi-builder-workspace/.dependencies/checkouts/FineJSON/Sources/FineJSON/KeyedDC.swift (in target 'FineJSON' from project 'FineJSON')
    cd /Users/admin/builder/spi-builder-workspace/.swiftpm/xcode
    builtin-SwiftPerFileCompile KeyedDC.swift
SwiftCompile normal arm64 Compiling\ BoxedJSON.swift,\ CodablePrimitive.swift,\ CodablePrimitiveJSONDecoder.swift /Users/admin/builder/spi-builder-workspace/.dependencies/checkouts/FineJSON/Sources/FineJSON/BoxedJSON.swift /Users/admin/builder/spi-builder-workspace/.dependencies/checkouts/FineJSON/Sources/FineJSON/CodablePrimitive.swift /Users/admin/builder/spi-builder-workspace/.dependencies/checkouts/FineJSON/Sources/FineJSON/CodablePrimitiveJSONDecoder.swift (in target 'FineJSON' from project 'FineJSON')
SwiftCompile normal arm64 /Users/admin/builder/spi-builder-workspace/.dependencies/checkouts/FineJSON/Sources/FineJSON/BoxedJSON.swift (in target 'FineJSON' from project 'FineJSON')
    cd /Users/admin/builder/spi-builder-workspace/.swiftpm/xcode
    builtin-SwiftPerFileCompile BoxedJSON.swift
SwiftCompile normal arm64 /Users/admin/builder/spi-builder-workspace/.dependencies/checkouts/FineJSON/Sources/FineJSON/CodablePrimitive.swift (in target 'FineJSON' from project 'FineJSON')
    cd /Users/admin/builder/spi-builder-workspace/.swiftpm/xcode
    builtin-SwiftPerFileCompile CodablePrimitive.swift
SwiftCompile normal arm64 /Users/admin/builder/spi-builder-workspace/.dependencies/checkouts/FineJSON/Sources/FineJSON/CodablePrimitiveJSONDecoder.swift (in target 'FineJSON' from project 'FineJSON')
    cd /Users/admin/builder/spi-builder-workspace/.swiftpm/xcode
    builtin-SwiftPerFileCompile CodablePrimitiveJSONDecoder.swift
SwiftCompile normal arm64 Compiling\ JSONEquatable.swift,\ JSONNumber.swift /Users/admin/builder/spi-builder-workspace/.dependencies/checkouts/FineJSON/Sources/FineJSON/JSONEquatable.swift /Users/admin/builder/spi-builder-workspace/.dependencies/checkouts/FineJSON/Sources/FineJSON/JSONNumber.swift (in target 'FineJSON' from project 'FineJSON')
SwiftCompile normal arm64 /Users/admin/builder/spi-builder-workspace/.dependencies/checkouts/FineJSON/Sources/FineJSON/JSONEquatable.swift (in target 'FineJSON' from project 'FineJSON')
    cd /Users/admin/builder/spi-builder-workspace/.swiftpm/xcode
    builtin-SwiftPerFileCompile JSONEquatable.swift
SwiftCompile normal arm64 /Users/admin/builder/spi-builder-workspace/.dependencies/checkouts/FineJSON/Sources/FineJSON/JSONNumber.swift (in target 'FineJSON' from project 'FineJSON')
    cd /Users/admin/builder/spi-builder-workspace/.swiftpm/xcode
    builtin-SwiftPerFileCompile JSONNumber.swift
SwiftCompile normal arm64 Compiling\ KeyedEC.swift,\ ParsedJSONCodable.swift /Users/admin/builder/spi-builder-workspace/.dependencies/checkouts/FineJSON/Sources/FineJSON/KeyedEC.swift /Users/admin/builder/spi-builder-workspace/.dependencies/checkouts/FineJSON/Sources/FineJSON/ParsedJSONCodable.swift (in target 'FineJSON' from project 'FineJSON')
SwiftCompile normal arm64 /Users/admin/builder/spi-builder-workspace/.dependencies/checkouts/FineJSON/Sources/FineJSON/KeyedEC.swift (in target 'FineJSON' from project 'FineJSON')
    cd /Users/admin/builder/spi-builder-workspace/.swiftpm/xcode
    builtin-SwiftPerFileCompile KeyedEC.swift
SwiftCompile normal arm64 /Users/admin/builder/spi-builder-workspace/.dependencies/checkouts/FineJSON/Sources/FineJSON/ParsedJSONCodable.swift (in target 'FineJSON' from project 'FineJSON')
    cd /Users/admin/builder/spi-builder-workspace/.swiftpm/xcode
    builtin-SwiftPerFileCompile ParsedJSONCodable.swift
SwiftEmitModule normal arm64 Emitting\ module\ for\ FineJSON (in target 'FineJSON' from project 'FineJSON')
SwiftCompile normal arm64 (in target 'FineJSON' from project 'FineJSON')
    cd /Users/admin/builder/spi-builder-workspace/.swiftpm/xcode

SwiftEmitModule normal arm64_32 Emitting\ module\ for\ FineJSON (in target 'FineJSON' from project 'FineJSON')
SwiftCompile normal arm64_32 (in target 'FineJSON' from project 'FineJSON')
    cd /Users/admin/builder/spi-builder-workspace/.swiftpm/xcode

SwiftDriverJobDiscovery normal arm64 Compiling JSONParser.swift, JSONSerializer.swift (in target 'RichJSONParser' from project 'RichJSONParser')
SwiftDriver\ Compilation RichJSONParser normal arm64 com.apple.xcode.tools.swift.compiler (in target 'RichJSONParser' from project 'RichJSONParser')
    cd /Users/admin/builder/spi-builder-workspace/.swiftpm/xcode
    builtin-Swift-Compilation -- /Applications/Xcode-27.0.0-Release.Candidate.app/Contents/Developer/Toolchains/XcodeDefault.xctoolchain/usr/bin/swiftc -parse-as-library -module-name RichJSONParser -Onone @/Users/admin/builder/spi-builder-workspace/.derivedData/Build/Intermediates.noindex/RichJSONParser.build/Debug-watchos/RichJSONParser-t.build/Objects-normal/arm64/RichJSONParser.SwiftFileList -DSWIFT_PACKAGE -DDEBUG -DSWIFT_MODULE_RESOURCE_BUNDLE_UNAVAILABLE -DXcode -plugin-path /Applications/Xcode-27.0.0-Release.Candidate.app/Contents/Developer/Toolchains/XcodeDefault.xctoolchain/usr/lib/swift/host/plugins/testing -enable-experimental-feature DebugDescriptionMacro -sdk /Applications/Xcode-27.0.0-Release.Candidate.app/Contents/Developer/Platforms/WatchOS.platform/Developer/SDKs/WatchOS27.0.sdk -target arm64-apple-watchos9.0 -g -module-cache-path /Users/admin/builder/spi-builder-workspace/.derivedData/ModuleCache.noindex -Xfrontend -serialize-debugging-options -enable-testing -suppress-warnings -index-store-path /Users/admin/builder/spi-builder-workspace/.derivedData/Index.noindex/DataStore -Xcc -D_LIBCPP_HARDENING_MODE\=_LIBCPP_HARDENING_MODE_DEBUG -swift-version 5 -I /Users/admin/builder/spi-builder-workspace/.derivedData/Build/Products/Debug-watchos -Isystem /Applications/Xcode-27.0.0-Release.Candidate.app/Contents/Developer/Platforms/WatchOS.platform/Developer/usr/lib -F /Users/admin/builder/spi-builder-workspace/.derivedData/Build/Products/Debug-watchos -F /Applications/Xcode-27.0.0-Release.Candidate.app/Contents/Developer/Platforms/WatchOS.platform/Developer/Library/Frameworks -F /Applications/Xcode-27.0.0-Release.Candidate.app/Contents/Developer/Platforms/WatchOS.platform/Developer/SDKs/WatchOS27.0.sdk/Developer/Library/Frameworks -c -j10 -enable-batch-mode -incremental -Xcc -ivfsstatcache -Xcc /Users/admin/builder/spi-builder-workspace/.derivedData/SDKStatCaches.noindex/watchos27.0-24R360-e829b21a6f8c9b70876ba0858053c04477534ef55a1706bf4c1112bbb242f0a2.sdkstatcache -output-file-map /Users/admin/builder/spi-builder-workspace/.derivedData/Build/Intermediates.noindex/RichJSONParser.build/Debug-watchos/RichJSONParser-t.build/Objects-normal/arm64/RichJSONParser-OutputFileMap.json -save-temps -no-color-diagnostics -explicit-module-build -module-cache-path /Users/admin/builder/spi-builder-workspace/.derivedData/Build/Intermediates.noindex/SwiftExplicitPrecompiledModules -clang-scanner-module-cache-path /Users/admin/builder/spi-builder-workspace/.derivedData/ModuleCache.noindex -sdk-module-cache-path /Users/admin/builder/spi-builder-workspace/.derivedData/SDKExplicitPrecompiledModules -emit-dependencies -emit-module -emit-module-path /Users/admin/builder/spi-builder-workspace/.derivedData/Build/Intermediates.noindex/RichJSONParser.build/Debug-watchos/RichJSONParser-t.build/Objects-normal/arm64/RichJSONParser.swiftmodule -serialize-diagnostics -dependency-scan-serialize-diagnostics-path /Users/admin/builder/spi-builder-workspace/.derivedData/Build/Intermediates.noindex/RichJSONParser.build/Debug-watchos/RichJSONParser-t.build/Objects-normal/arm64/RichJSONParser-dependency-scan.dia -validate-clang-modules-once -clang-build-session-file /Users/admin/builder/spi-builder-workspace/.derivedData/ModuleCache.noindex/Session.modulevalidation -Xcc -fmodules-prune-interval\=86400 -Xcc -fmodules-prune-after\=345600 -emit-const-values -const-gather-protocols-list /Users/admin/builder/spi-builder-workspace/.derivedData/Build/Intermediates.noindex/RichJSONParser.build/Debug-watchos/RichJSONParser-t.build/Objects-normal/arm64/RichJSONParser_const_extract_protocols.json -Xcc -I/Users/admin/builder/spi-builder-workspace/.derivedData/Build/Products/Debug-watchos/include -Xcc -I/Users/admin/builder/spi-builder-workspace/.derivedData/Build/Intermediates.noindex/RichJSONParser.build/Debug-watchos/RichJSONParser-t.build/DerivedSources-normal/arm64 -Xcc -I/Users/admin/builder/spi-builder-workspace/.derivedData/Build/Intermediates.noindex/RichJSONParser.build/Debug-watchos/RichJSONParser-t.build/DerivedSources/arm64 -Xcc -I/Users/admin/builder/spi-builder-workspace/.derivedData/Build/Intermediates.noindex/RichJSONParser.build/Debug-watchos/RichJSONParser-t.build/DerivedSources -Xcc -DSWIFT_PACKAGE -Xcc -DDEBUG\=1 -emit-objc-header -emit-objc-header-path /Users/admin/builder/spi-builder-workspace/.derivedData/Build/Intermediates.noindex/RichJSONParser.build/Debug-watchos/RichJSONParser-t.build/Objects-normal/arm64/RichJSONParser-Swift.h -working-directory /Users/admin/builder/spi-builder-workspace/.swiftpm/xcode -experimental-emit-module-separately -disable-cmo
SwiftCompile normal arm64_32 Compiling\ DecoderExtension.swift,\ DecodingError.swift,\ Exports.swift /Users/admin/builder/spi-builder-workspace/.dependencies/checkouts/FineJSON/Sources/FineJSON/DecoderExtension.swift /Users/admin/builder/spi-builder-workspace/.dependencies/checkouts/FineJSON/Sources/FineJSON/DecodingError.swift /Users/admin/builder/spi-builder-workspace/.dependencies/checkouts/FineJSON/Sources/FineJSON/Exports.swift (in target 'FineJSON' from project 'FineJSON')
SwiftCompile normal arm64_32 /Users/admin/builder/spi-builder-workspace/.dependencies/checkouts/FineJSON/Sources/FineJSON/DecoderExtension.swift (in target 'FineJSON' from project 'FineJSON')
    cd /Users/admin/builder/spi-builder-workspace/.swiftpm/xcode
    builtin-SwiftPerFileCompile DecoderExtension.swift
SwiftCompile normal arm64_32 /Users/admin/builder/spi-builder-workspace/.dependencies/checkouts/FineJSON/Sources/FineJSON/DecodingError.swift (in target 'FineJSON' from project 'FineJSON')
    cd /Users/admin/builder/spi-builder-workspace/.swiftpm/xcode
    builtin-SwiftPerFileCompile DecodingError.swift
SwiftCompile normal arm64_32 /Users/admin/builder/spi-builder-workspace/.dependencies/checkouts/FineJSON/Sources/FineJSON/Exports.swift (in target 'FineJSON' from project 'FineJSON')
    cd /Users/admin/builder/spi-builder-workspace/.swiftpm/xcode
    builtin-SwiftPerFileCompile Exports.swift
Ld /Users/admin/builder/spi-builder-workspace/.derivedData/Build/Intermediates.noindex/RichJSONParser.build/Debug-watchos/RichJSONParser-t.build/Objects-normal/arm64/Binary/RichJSONParser.o normal arm64 (in target 'RichJSONParser' from project 'RichJSONParser')
    cd /Users/admin/builder/spi-builder-workspace/.dependencies/checkouts/RichJSONParser
    /Applications/Xcode-27.0.0-Release.Candidate.app/Contents/Developer/Toolchains/XcodeDefault.xctoolchain/usr/bin/clang -Xlinker -reproducible -target arm64-apple-watchos9.0 -r -isysroot /Applications/Xcode-27.0.0-Release.Candidate.app/Contents/Developer/Platforms/WatchOS.platform/Developer/SDKs/WatchOS27.0.sdk -O0 -w -Xlinker -no_warn_duplicate_libraries -F/Users/admin/builder/spi-builder-workspace/.derivedData/Build/Intermediates.noindex/EagerLinkingTBDs/Debug-watchos -F/Users/admin/builder/spi-builder-workspace/.derivedData/Build/Products/Debug-watchos -iframework /Applications/Xcode-27.0.0-Release.Candidate.app/Contents/Developer/Platforms/WatchOS.platform/Developer/Library/Frameworks -iframework /Applications/Xcode-27.0.0-Release.Candidate.app/Contents/Developer/Platforms/WatchOS.platform/Developer/SDKs/WatchOS27.0.sdk/Developer/Library/Frameworks -filelist /Users/admin/builder/spi-builder-workspace/.derivedData/Build/Intermediates.noindex/RichJSONParser.build/Debug-watchos/RichJSONParser-t.build/Objects-normal/arm64/RichJSONParser.LinkFileList -nostdlib -Xlinker -object_path_lto -Xlinker /Users/admin/builder/spi-builder-workspace/.derivedData/Build/Intermediates.noindex/RichJSONParser.build/Debug-watchos/RichJSONParser-t.build/Objects-normal/arm64/RichJSONParser_lto.o -Xlinker -no_deduplicate -Xlinker -dependency_info -Xlinker /Users/admin/builder/spi-builder-workspace/.derivedData/Build/Intermediates.noindex/RichJSONParser.build/Debug-watchos/RichJSONParser-t.build/Objects-normal/arm64/RichJSONParser_dependency_info.dat -fobjc-link-runtime -L/Applications/Xcode-27.0.0-Release.Candidate.app/Contents/Developer/Toolchains/XcodeDefault.xctoolchain/usr/lib/swift/watchos -L/usr/lib/swift -Xlinker -add_ast_path -Xlinker /Users/admin/builder/spi-builder-workspace/.derivedData/Build/Intermediates.noindex/RichJSONParser.build/Debug-watchos/RichJSONParser-t.build/Objects-normal/arm64/RichJSONParser.swiftmodule -o /Users/admin/builder/spi-builder-workspace/.derivedData/Build/Intermediates.noindex/RichJSONParser.build/Debug-watchos/RichJSONParser-t.build/Objects-normal/arm64/Binary/RichJSONParser.o
SwiftDriverJobDiscovery normal arm64 Compiling JSONEquatable.swift, JSONNumber.swift (in target 'FineJSON' from project 'FineJSON')
SwiftCompile normal arm64_32 Compiling\ SourceLocationExtension.swift,\ UnkeyedDC.swift /Users/admin/builder/spi-builder-workspace/.dependencies/checkouts/FineJSON/Sources/FineJSON/SourceLocationExtension.swift /Users/admin/builder/spi-builder-workspace/.dependencies/checkouts/FineJSON/Sources/FineJSON/UnkeyedDC.swift (in target 'FineJSON' from project 'FineJSON')
SwiftCompile normal arm64_32 /Users/admin/builder/spi-builder-workspace/.dependencies/checkouts/FineJSON/Sources/FineJSON/SourceLocationExtension.swift (in target 'FineJSON' from project 'FineJSON')
    cd /Users/admin/builder/spi-builder-workspace/.swiftpm/xcode
    builtin-SwiftPerFileCompile SourceLocationExtension.swift
SwiftCompile normal arm64_32 /Users/admin/builder/spi-builder-workspace/.dependencies/checkouts/FineJSON/Sources/FineJSON/UnkeyedDC.swift (in target 'FineJSON' from project 'FineJSON')
    cd /Users/admin/builder/spi-builder-workspace/.swiftpm/xcode
    builtin-SwiftPerFileCompile UnkeyedDC.swift
SwiftDriverJobDiscovery normal arm64 Compiling BoxedJSON.swift, CodablePrimitive.swift, CodablePrimitiveJSONDecoder.swift (in target 'FineJSON' from project 'FineJSON')
SwiftCompile normal arm64_32 Compiling\ FineJSONDecoder.swift,\ FineJSONEncoder.swift,\ JSONAnnotatable.swift /Users/admin/builder/spi-builder-workspace/.dependencies/checkouts/FineJSON/Sources/FineJSON/FineJSONDecoder.swift /Users/admin/builder/spi-builder-workspace/.dependencies/checkouts/FineJSON/Sources/FineJSON/FineJSONEncoder.swift /Users/admin/builder/spi-builder-workspace/.dependencies/checkouts/FineJSON/Sources/FineJSON/JSONAnnotatable.swift (in target 'FineJSON' from project 'FineJSON')
SwiftCompile normal arm64_32 /Users/admin/builder/spi-builder-workspace/.dependencies/checkouts/FineJSON/Sources/FineJSON/FineJSONDecoder.swift (in target 'FineJSON' from project 'FineJSON')
    cd /Users/admin/builder/spi-builder-workspace/.swiftpm/xcode
    builtin-SwiftPerFileCompile FineJSONDecoder.swift
SwiftCompile normal arm64_32 /Users/admin/builder/spi-builder-workspace/.dependencies/checkouts/FineJSON/Sources/FineJSON/FineJSONEncoder.swift (in target 'FineJSON' from project 'FineJSON')
    cd /Users/admin/builder/spi-builder-workspace/.swiftpm/xcode
    builtin-SwiftPerFileCompile FineJSONEncoder.swift
SwiftCompile normal arm64_32 /Users/admin/builder/spi-builder-workspace/.dependencies/checkouts/FineJSON/Sources/FineJSON/JSONAnnotatable.swift (in target 'FineJSON' from project 'FineJSON')
    cd /Users/admin/builder/spi-builder-workspace/.swiftpm/xcode
    builtin-SwiftPerFileCompile JSONAnnotatable.swift
CreateUniversalBinary /Users/admin/builder/spi-builder-workspace/.derivedData/Build/Products/Debug-watchos/RichJSONParser.o normal arm64\ arm64_32 (in target 'RichJSONParser' from project 'RichJSONParser')
    cd /Users/admin/builder/spi-builder-workspace/.dependencies/checkouts/RichJSONParser
    /Applications/Xcode-27.0.0-Release.Candidate.app/Contents/Developer/Toolchains/XcodeDefault.xctoolchain/usr/bin/lipo -create /Users/admin/builder/spi-builder-workspace/.derivedData/Build/Intermediates.noindex/RichJSONParser.build/Debug-watchos/RichJSONParser-t.build/Objects-normal/arm64/Binary/RichJSONParser.o /Users/admin/builder/spi-builder-workspace/.derivedData/Build/Intermediates.noindex/RichJSONParser.build/Debug-watchos/RichJSONParser-t.build/Objects-normal/arm64_32/Binary/RichJSONParser.o -output /Users/admin/builder/spi-builder-workspace/.derivedData/Build/Products/Debug-watchos/RichJSONParser.o
SwiftDriverJobDiscovery normal arm64 Compiling JSONArray.swift, JSONCodable.swift (in target 'FineJSON' from project 'FineJSON')
SwiftCompile normal arm64_32 Compiling\ JSONEquatable.swift,\ JSONNumber.swift /Users/admin/builder/spi-builder-workspace/.dependencies/checkouts/FineJSON/Sources/FineJSON/JSONEquatable.swift /Users/admin/builder/spi-builder-workspace/.dependencies/checkouts/FineJSON/Sources/FineJSON/JSONNumber.swift (in target 'FineJSON' from project 'FineJSON')
SwiftCompile normal arm64_32 /Users/admin/builder/spi-builder-workspace/.dependencies/checkouts/FineJSON/Sources/FineJSON/JSONEquatable.swift (in target 'FineJSON' from project 'FineJSON')
    cd /Users/admin/builder/spi-builder-workspace/.swiftpm/xcode
    builtin-SwiftPerFileCompile JSONEquatable.swift
SwiftCompile normal arm64_32 /Users/admin/builder/spi-builder-workspace/.dependencies/checkouts/FineJSON/Sources/FineJSON/JSONNumber.swift (in target 'FineJSON' from project 'FineJSON')
    cd /Users/admin/builder/spi-builder-workspace/.swiftpm/xcode
    builtin-SwiftPerFileCompile JSONNumber.swift
SwiftDriverJobDiscovery normal arm64 Compiling DecoderExtension.swift, DecodingError.swift, Exports.swift (in target 'FineJSON' from project 'FineJSON')
SwiftCompile normal arm64 Compiling\ UnkeyedEC.swift,\ WeakTypingPrimitiveJSONDecoder.swift /Users/admin/builder/spi-builder-workspace/.dependencies/checkouts/FineJSON/Sources/FineJSON/UnkeyedEC.swift /Users/admin/builder/spi-builder-workspace/.dependencies/checkouts/FineJSON/Sources/FineJSON/WeakTypingPrimitiveJSONDecoder.swift (in target 'FineJSON' from project 'FineJSON')
SwiftCompile normal arm64 /Users/admin/builder/spi-builder-workspace/.dependencies/checkouts/FineJSON/Sources/FineJSON/UnkeyedEC.swift (in target 'FineJSON' from project 'FineJSON')
    cd /Users/admin/builder/spi-builder-workspace/.swiftpm/xcode
    builtin-SwiftPerFileCompile UnkeyedEC.swift
SwiftCompile normal arm64 /Users/admin/builder/spi-builder-workspace/.dependencies/checkouts/FineJSON/Sources/FineJSON/WeakTypingPrimitiveJSONDecoder.swift (in target 'FineJSON' from project 'FineJSON')
    cd /Users/admin/builder/spi-builder-workspace/.swiftpm/xcode
    builtin-SwiftPerFileCompile WeakTypingPrimitiveJSONDecoder.swift
SwiftDriverJobDiscovery normal arm64 Compiling KeyedEC.swift, ParsedJSONCodable.swift (in target 'FineJSON' from project 'FineJSON')
SwiftCompile normal arm64_32 Compiling\ JSONArray.swift,\ JSONCodable.swift /Users/admin/builder/spi-builder-workspace/.dependencies/checkouts/FineJSON/Sources/FineJSON/JSONArray.swift /Users/admin/builder/spi-builder-workspace/.dependencies/checkouts/FineJSON/Sources/FineJSON/JSONCodable.swift (in target 'FineJSON' from project 'FineJSON')
SwiftCompile normal arm64_32 /Users/admin/builder/spi-builder-workspace/.dependencies/checkouts/FineJSON/Sources/FineJSON/JSONArray.swift (in target 'FineJSON' from project 'FineJSON')
    cd /Users/admin/builder/spi-builder-workspace/.swiftpm/xcode
    builtin-SwiftPerFileCompile JSONArray.swift
SwiftCompile normal arm64_32 /Users/admin/builder/spi-builder-workspace/.dependencies/checkouts/FineJSON/Sources/FineJSON/JSONCodable.swift (in target 'FineJSON' from project 'FineJSON')
    cd /Users/admin/builder/spi-builder-workspace/.swiftpm/xcode
    builtin-SwiftPerFileCompile JSONCodable.swift
SwiftCompile normal arm64 Compiling\ SourceLocationExtension.swift,\ UnkeyedDC.swift /Users/admin/builder/spi-builder-workspace/.dependencies/checkouts/FineJSON/Sources/FineJSON/SourceLocationExtension.swift /Users/admin/builder/spi-builder-workspace/.dependencies/checkouts/FineJSON/Sources/FineJSON/UnkeyedDC.swift (in target 'FineJSON' from project 'FineJSON')
SwiftCompile normal arm64 /Users/admin/builder/spi-builder-workspace/.dependencies/checkouts/FineJSON/Sources/FineJSON/SourceLocationExtension.swift (in target 'FineJSON' from project 'FineJSON')
    cd /Users/admin/builder/spi-builder-workspace/.swiftpm/xcode
    builtin-SwiftPerFileCompile SourceLocationExtension.swift
SwiftCompile normal arm64 /Users/admin/builder/spi-builder-workspace/.dependencies/checkouts/FineJSON/Sources/FineJSON/UnkeyedDC.swift (in target 'FineJSON' from project 'FineJSON')
    cd /Users/admin/builder/spi-builder-workspace/.swiftpm/xcode
    builtin-SwiftPerFileCompile UnkeyedDC.swift
SwiftDriverJobDiscovery normal arm64 Compiling JSONObject.swift, KeyedDC.swift (in target 'FineJSON' from project 'FineJSON')
SwiftCompile normal arm64_32 Compiling\ JSONObject.swift,\ KeyedDC.swift /Users/admin/builder/spi-builder-workspace/.dependencies/checkouts/FineJSON/Sources/FineJSON/JSONObject.swift /Users/admin/builder/spi-builder-workspace/.dependencies/checkouts/FineJSON/Sources/FineJSON/KeyedDC.swift (in target 'FineJSON' from project 'FineJSON')
SwiftCompile normal arm64_32 /Users/admin/builder/spi-builder-workspace/.dependencies/checkouts/FineJSON/Sources/FineJSON/JSONObject.swift (in target 'FineJSON' from project 'FineJSON')
    cd /Users/admin/builder/spi-builder-workspace/.swiftpm/xcode
    builtin-SwiftPerFileCompile JSONObject.swift
SwiftCompile normal arm64_32 /Users/admin/builder/spi-builder-workspace/.dependencies/checkouts/FineJSON/Sources/FineJSON/KeyedDC.swift (in target 'FineJSON' from project 'FineJSON')
    cd /Users/admin/builder/spi-builder-workspace/.swiftpm/xcode
    builtin-SwiftPerFileCompile KeyedDC.swift
SwiftDriverJobDiscovery normal arm64 Compiling FineJSONDecoder.swift, FineJSONEncoder.swift, JSONAnnotatable.swift (in target 'FineJSON' from project 'FineJSON')
SwiftCompile normal arm64 Compiling\ SingleDC.swift,\ SingleEC.swift /Users/admin/builder/spi-builder-workspace/.dependencies/checkouts/FineJSON/Sources/FineJSON/SingleDC.swift /Users/admin/builder/spi-builder-workspace/.dependencies/checkouts/FineJSON/Sources/FineJSON/SingleEC.swift (in target 'FineJSON' from project 'FineJSON')
SwiftCompile normal arm64 /Users/admin/builder/spi-builder-workspace/.dependencies/checkouts/FineJSON/Sources/FineJSON/SingleDC.swift (in target 'FineJSON' from project 'FineJSON')
    cd /Users/admin/builder/spi-builder-workspace/.swiftpm/xcode
    builtin-SwiftPerFileCompile SingleDC.swift
SwiftCompile normal arm64 /Users/admin/builder/spi-builder-workspace/.dependencies/checkouts/FineJSON/Sources/FineJSON/SingleEC.swift (in target 'FineJSON' from project 'FineJSON')
    cd /Users/admin/builder/spi-builder-workspace/.swiftpm/xcode
    builtin-SwiftPerFileCompile SingleEC.swift
SwiftDriverJobDiscovery normal arm64_32 Emitting module for FineJSON (in target 'FineJSON' from project 'FineJSON')
SwiftDriver\ Compilation\ Requirements FineJSON normal arm64_32 com.apple.xcode.tools.swift.compiler (in target 'FineJSON' from project 'FineJSON')
    cd /Users/admin/builder/spi-builder-workspace/.swiftpm/xcode
    builtin-Swift-Compilation-Requirements -- /Applications/Xcode-27.0.0-Release.Candidate.app/Contents/Developer/Toolchains/XcodeDefault.xctoolchain/usr/bin/swiftc -parse-as-library -module-name FineJSON -Onone @/Users/admin/builder/spi-builder-workspace/.derivedData/Build/Intermediates.noindex/FineJSON.build/Debug-watchos/FineJSON-t.build/Objects-normal/arm64_32/FineJSON.SwiftFileList -DSWIFT_PACKAGE -DDEBUG -DSWIFT_MODULE_RESOURCE_BUNDLE_UNAVAILABLE -DXcode -plugin-path /Applications/Xcode-27.0.0-Release.Candidate.app/Contents/Developer/Toolchains/XcodeDefault.xctoolchain/usr/lib/swift/host/plugins/testing -enable-experimental-feature DebugDescriptionMacro -sdk /Applications/Xcode-27.0.0-Release.Candidate.app/Contents/Developer/Platforms/WatchOS.platform/Developer/SDKs/WatchOS27.0.sdk -target arm64_32-apple-watchos9.0 -g -module-cache-path /Users/admin/builder/spi-builder-workspace/.derivedData/ModuleCache.noindex -Xfrontend -serialize-debugging-options -enable-testing -suppress-warnings -index-store-path /Users/admin/builder/spi-builder-workspace/.derivedData/Index.noindex/DataStore -Xcc -D_LIBCPP_HARDENING_MODE\=_LIBCPP_HARDENING_MODE_DEBUG -swift-version 5 -I /Users/admin/builder/spi-builder-workspace/.derivedData/Build/Products/Debug-watchos -Isystem /Applications/Xcode-27.0.0-Release.Candidate.app/Contents/Developer/Platforms/WatchOS.platform/Developer/usr/lib -F /Users/admin/builder/spi-builder-workspace/.derivedData/Build/Products/Debug-watchos/PackageFrameworks -F /Users/admin/builder/spi-builder-workspace/.derivedData/Build/Products/Debug-watchos -F /Applications/Xcode-27.0.0-Release.Candidate.app/Contents/Developer/Platforms/WatchOS.platform/Developer/Library/Frameworks -F /Applications/Xcode-27.0.0-Release.Candidate.app/Contents/Developer/Platforms/WatchOS.platform/Developer/SDKs/WatchOS27.0.sdk/Developer/Library/Frameworks -c -j10 -enable-batch-mode -incremental -Xcc -ivfsstatcache -Xcc /Users/admin/builder/spi-builder-workspace/.derivedData/SDKStatCaches.noindex/watchos27.0-24R360-e829b21a6f8c9b70876ba0858053c04477534ef55a1706bf4c1112bbb242f0a2.sdkstatcache -output-file-map /Users/admin/builder/spi-builder-workspace/.derivedData/Build/Intermediates.noindex/FineJSON.build/Debug-watchos/FineJSON-t.build/Objects-normal/arm64_32/FineJSON-OutputFileMap.json -save-temps -no-color-diagnostics -explicit-module-build -module-cache-path /Users/admin/builder/spi-builder-workspace/.derivedData/Build/Intermediates.noindex/SwiftExplicitPrecompiledModules -clang-scanner-module-cache-path /Users/admin/builder/spi-builder-workspace/.derivedData/ModuleCache.noindex -sdk-module-cache-path /Users/admin/builder/spi-builder-workspace/.derivedData/SDKExplicitPrecompiledModules -emit-dependencies -emit-module -emit-module-path /Users/admin/builder/spi-builder-workspace/.derivedData/Build/Intermediates.noindex/FineJSON.build/Debug-watchos/FineJSON-t.build/Objects-normal/arm64_32/FineJSON.swiftmodule -serialize-diagnostics -dependency-scan-serialize-diagnostics-path /Users/admin/builder/spi-builder-workspace/.derivedData/Build/Intermediates.noindex/FineJSON.build/Debug-watchos/FineJSON-t.build/Objects-normal/arm64_32/FineJSON-dependency-scan.dia -validate-clang-modules-once -clang-build-session-file /Users/admin/builder/spi-builder-workspace/.derivedData/ModuleCache.noindex/Session.modulevalidation -Xcc -fmodules-prune-interval\=86400 -Xcc -fmodules-prune-after\=345600 -emit-const-values -const-gather-protocols-list /Users/admin/builder/spi-builder-workspace/.derivedData/Build/Intermediates.noindex/FineJSON.build/Debug-watchos/FineJSON-t.build/Objects-normal/arm64_32/FineJSON_const_extract_protocols.json -Xcc -I/Users/admin/builder/spi-builder-workspace/.derivedData/Build/Products/Debug-watchos/include -Xcc -I/Users/admin/builder/spi-builder-workspace/.derivedData/Build/Intermediates.noindex/FineJSON.build/Debug-watchos/FineJSON-t.build/DerivedSources-normal/arm64_32 -Xcc -I/Users/admin/builder/spi-builder-workspace/.derivedData/Build/Intermediates.noindex/FineJSON.build/Debug-watchos/FineJSON-t.build/DerivedSources/arm64_32 -Xcc -I/Users/admin/builder/spi-builder-workspace/.derivedData/Build/Intermediates.noindex/FineJSON.build/Debug-watchos/FineJSON-t.build/DerivedSources -Xcc -DSWIFT_PACKAGE -Xcc -DDEBUG\=1 -emit-objc-header -emit-objc-header-path /Users/admin/builder/spi-builder-workspace/.derivedData/Build/Intermediates.noindex/FineJSON.build/Debug-watchos/FineJSON-t.build/Objects-normal/arm64_32/FineJSON-Swift.h -working-directory /Users/admin/builder/spi-builder-workspace/.swiftpm/xcode -experimental-emit-module-separately -disable-cmo
SwiftDriverJobDiscovery normal arm64 Emitting module for FineJSON (in target 'FineJSON' from project 'FineJSON')
SwiftCompile normal arm64_32 Compiling\ BoxedJSON.swift,\ CodablePrimitive.swift,\ CodablePrimitiveJSONDecoder.swift /Users/admin/builder/spi-builder-workspace/.dependencies/checkouts/FineJSON/Sources/FineJSON/BoxedJSON.swift /Users/admin/builder/spi-builder-workspace/.dependencies/checkouts/FineJSON/Sources/FineJSON/CodablePrimitive.swift /Users/admin/builder/spi-builder-workspace/.dependencies/checkouts/FineJSON/Sources/FineJSON/CodablePrimitiveJSONDecoder.swift (in target 'FineJSON' from project 'FineJSON')
SwiftCompile normal arm64_32 /Users/admin/builder/spi-builder-workspace/.dependencies/checkouts/FineJSON/Sources/FineJSON/BoxedJSON.swift (in target 'FineJSON' from project 'FineJSON')
    cd /Users/admin/builder/spi-builder-workspace/.swiftpm/xcode
    builtin-SwiftPerFileCompile BoxedJSON.swift
SwiftCompile normal arm64_32 /Users/admin/builder/spi-builder-workspace/.dependencies/checkouts/FineJSON/Sources/FineJSON/CodablePrimitive.swift (in target 'FineJSON' from project 'FineJSON')
    cd /Users/admin/builder/spi-builder-workspace/.swiftpm/xcode
    builtin-SwiftPerFileCompile CodablePrimitive.swift
SwiftCompile normal arm64_32 /Users/admin/builder/spi-builder-workspace/.dependencies/checkouts/FineJSON/Sources/FineJSON/CodablePrimitiveJSONDecoder.swift (in target 'FineJSON' from project 'FineJSON')
    cd /Users/admin/builder/spi-builder-workspace/.swiftpm/xcode
    builtin-SwiftPerFileCompile CodablePrimitiveJSONDecoder.swift
SwiftDriver\ Compilation\ Requirements FineJSON normal arm64 com.apple.xcode.tools.swift.compiler (in target 'FineJSON' from project 'FineJSON')
    cd /Users/admin/builder/spi-builder-workspace/.swiftpm/xcode
    builtin-Swift-Compilation-Requirements -- /Applications/Xcode-27.0.0-Release.Candidate.app/Contents/Developer/Toolchains/XcodeDefault.xctoolchain/usr/bin/swiftc -parse-as-library -module-name FineJSON -Onone @/Users/admin/builder/spi-builder-workspace/.derivedData/Build/Intermediates.noindex/FineJSON.build/Debug-watchos/FineJSON-t.build/Objects-normal/arm64/FineJSON.SwiftFileList -DSWIFT_PACKAGE -DDEBUG -DSWIFT_MODULE_RESOURCE_BUNDLE_UNAVAILABLE -DXcode -plugin-path /Applications/Xcode-27.0.0-Release.Candidate.app/Contents/Developer/Toolchains/XcodeDefault.xctoolchain/usr/lib/swift/host/plugins/testing -enable-experimental-feature DebugDescriptionMacro -sdk /Applications/Xcode-27.0.0-Release.Candidate.app/Contents/Developer/Platforms/WatchOS.platform/Developer/SDKs/WatchOS27.0.sdk -target arm64-apple-watchos9.0 -g -module-cache-path /Users/admin/builder/spi-builder-workspace/.derivedData/ModuleCache.noindex -Xfrontend -serialize-debugging-options -enable-testing -suppress-warnings -index-store-path /Users/admin/builder/spi-builder-workspace/.derivedData/Index.noindex/DataStore -Xcc -D_LIBCPP_HARDENING_MODE\=_LIBCPP_HARDENING_MODE_DEBUG -swift-version 5 -I /Users/admin/builder/spi-builder-workspace/.derivedData/Build/Products/Debug-watchos -Isystem /Applications/Xcode-27.0.0-Release.Candidate.app/Contents/Developer/Platforms/WatchOS.platform/Developer/usr/lib -F /Users/admin/builder/spi-builder-workspace/.derivedData/Build/Products/Debug-watchos/PackageFrameworks -F /Users/admin/builder/spi-builder-workspace/.derivedData/Build/Products/Debug-watchos -F /Applications/Xcode-27.0.0-Release.Candidate.app/Contents/Developer/Platforms/WatchOS.platform/Developer/Library/Frameworks -F /Applications/Xcode-27.0.0-Release.Candidate.app/Contents/Developer/Platforms/WatchOS.platform/Developer/SDKs/WatchOS27.0.sdk/Developer/Library/Frameworks -c -j10 -enable-batch-mode -incremental -Xcc -ivfsstatcache -Xcc /Users/admin/builder/spi-builder-workspace/.derivedData/SDKStatCaches.noindex/watchos27.0-24R360-e829b21a6f8c9b70876ba0858053c04477534ef55a1706bf4c1112bbb242f0a2.sdkstatcache -output-file-map /Users/admin/builder/spi-builder-workspace/.derivedData/Build/Intermediates.noindex/FineJSON.build/Debug-watchos/FineJSON-t.build/Objects-normal/arm64/FineJSON-OutputFileMap.json -save-temps -no-color-diagnostics -explicit-module-build -module-cache-path /Users/admin/builder/spi-builder-workspace/.derivedData/Build/Intermediates.noindex/SwiftExplicitPrecompiledModules -clang-scanner-module-cache-path /Users/admin/builder/spi-builder-workspace/.derivedData/ModuleCache.noindex -sdk-module-cache-path /Users/admin/builder/spi-builder-workspace/.derivedData/SDKExplicitPrecompiledModules -emit-dependencies -emit-module -emit-module-path /Users/admin/builder/spi-builder-workspace/.derivedData/Build/Intermediates.noindex/FineJSON.build/Debug-watchos/FineJSON-t.build/Objects-normal/arm64/FineJSON.swiftmodule -serialize-diagnostics -dependency-scan-serialize-diagnostics-path /Users/admin/builder/spi-builder-workspace/.derivedData/Build/Intermediates.noindex/FineJSON.build/Debug-watchos/FineJSON-t.build/Objects-normal/arm64/FineJSON-dependency-scan.dia -validate-clang-modules-once -clang-build-session-file /Users/admin/builder/spi-builder-workspace/.derivedData/ModuleCache.noindex/Session.modulevalidation -Xcc -fmodules-prune-interval\=86400 -Xcc -fmodules-prune-after\=345600 -emit-const-values -const-gather-protocols-list /Users/admin/builder/spi-builder-workspace/.derivedData/Build/Intermediates.noindex/FineJSON.build/Debug-watchos/FineJSON-t.build/Objects-normal/arm64/FineJSON_const_extract_protocols.json -Xcc -I/Users/admin/builder/spi-builder-workspace/.derivedData/Build/Products/Debug-watchos/include -Xcc -I/Users/admin/builder/spi-builder-workspace/.derivedData/Build/Intermediates.noindex/FineJSON.build/Debug-watchos/FineJSON-t.build/DerivedSources-normal/arm64 -Xcc -I/Users/admin/builder/spi-builder-workspace/.derivedData/Build/Intermediates.noindex/FineJSON.build/Debug-watchos/FineJSON-t.build/DerivedSources/arm64 -Xcc -I/Users/admin/builder/spi-builder-workspace/.derivedData/Build/Intermediates.noindex/FineJSON.build/Debug-watchos/FineJSON-t.build/DerivedSources -Xcc -DSWIFT_PACKAGE -Xcc -DDEBUG\=1 -emit-objc-header -emit-objc-header-path /Users/admin/builder/spi-builder-workspace/.derivedData/Build/Intermediates.noindex/FineJSON.build/Debug-watchos/FineJSON-t.build/Objects-normal/arm64/FineJSON-Swift.h -working-directory /Users/admin/builder/spi-builder-workspace/.swiftpm/xcode -experimental-emit-module-separately -disable-cmo
SwiftDriverJobDiscovery normal arm64_32 Compiling DecoderExtension.swift, DecodingError.swift, Exports.swift (in target 'FineJSON' from project 'FineJSON')
Copy /Users/admin/builder/spi-builder-workspace/.derivedData/Build/Products/Debug-watchos/FineJSON.swiftmodule/arm64_32-apple-watchos.swiftmodule /Users/admin/builder/spi-builder-workspace/.derivedData/Build/Intermediates.noindex/FineJSON.build/Debug-watchos/FineJSON-t.build/Objects-normal/arm64_32/FineJSON.swiftmodule (in target 'FineJSON' from project 'FineJSON')
    cd /Users/admin/builder/spi-builder-workspace/.dependencies/checkouts/FineJSON
    builtin-copy -exclude .DS_Store -exclude CVS -exclude .svn -exclude .git -exclude .hg -resolve-src-symlinks -rename /Users/admin/builder/spi-builder-workspace/.derivedData/Build/Intermediates.noindex/FineJSON.build/Debug-watchos/FineJSON-t.build/Objects-normal/arm64_32/FineJSON.swiftmodule /Users/admin/builder/spi-builder-workspace/.derivedData/Build/Products/Debug-watchos/FineJSON.swiftmodule/arm64_32-apple-watchos.swiftmodule
SwiftMergeGeneratedHeaders /Users/admin/builder/spi-builder-workspace/.derivedData/Build/Intermediates.noindex/GeneratedModuleMaps-watchos/FineJSON-Swift.h /Users/admin/builder/spi-builder-workspace/.derivedData/Build/Intermediates.noindex/FineJSON.build/Debug-watchos/FineJSON-t.build/Objects-normal/arm64/FineJSON-Swift.h /Users/admin/builder/spi-builder-workspace/.derivedData/Build/Intermediates.noindex/FineJSON.build/Debug-watchos/FineJSON-t.build/Objects-normal/arm64_32/FineJSON-Swift.h (in target 'FineJSON' from project 'FineJSON')
    cd /Users/admin/builder/spi-builder-workspace/.dependencies/checkouts/FineJSON
    builtin-swiftHeaderTool -arch arm64 /Users/admin/builder/spi-builder-workspace/.derivedData/Build/Intermediates.noindex/FineJSON.build/Debug-watchos/FineJSON-t.build/Objects-normal/arm64/FineJSON-Swift.h -arch arm64_32 /Users/admin/builder/spi-builder-workspace/.derivedData/Build/Intermediates.noindex/FineJSON.build/Debug-watchos/FineJSON-t.build/Objects-normal/arm64_32/FineJSON-Swift.h -o /Users/admin/builder/spi-builder-workspace/.derivedData/Build/Intermediates.noindex/GeneratedModuleMaps-watchos/FineJSON-Swift.h
Copy /Users/admin/builder/spi-builder-workspace/.derivedData/Build/Products/Debug-watchos/FineJSON.swiftmodule/arm64_32-apple-watchos.swiftdoc /Users/admin/builder/spi-builder-workspace/.derivedData/Build/Intermediates.noindex/FineJSON.build/Debug-watchos/FineJSON-t.build/Objects-normal/arm64_32/FineJSON.swiftdoc (in target 'FineJSON' from project 'FineJSON')
    cd /Users/admin/builder/spi-builder-workspace/.dependencies/checkouts/FineJSON
    builtin-copy -exclude .DS_Store -exclude CVS -exclude .svn -exclude .git -exclude .hg -resolve-src-symlinks -rename /Users/admin/builder/spi-builder-workspace/.derivedData/Build/Intermediates.noindex/FineJSON.build/Debug-watchos/FineJSON-t.build/Objects-normal/arm64_32/FineJSON.swiftdoc /Users/admin/builder/spi-builder-workspace/.derivedData/Build/Products/Debug-watchos/FineJSON.swiftmodule/arm64_32-apple-watchos.swiftdoc
Copy /Users/admin/builder/spi-builder-workspace/.derivedData/Build/Products/Debug-watchos/FineJSON.swiftmodule/arm64_32-apple-watchos.abi.json /Users/admin/builder/spi-builder-workspace/.derivedData/Build/Intermediates.noindex/FineJSON.build/Debug-watchos/FineJSON-t.build/Objects-normal/arm64_32/FineJSON.abi.json (in target 'FineJSON' from project 'FineJSON')
    cd /Users/admin/builder/spi-builder-workspace/.dependencies/checkouts/FineJSON
    builtin-copy -exclude .DS_Store -exclude CVS -exclude .svn -exclude .git -exclude .hg -resolve-src-symlinks -rename /Users/admin/builder/spi-builder-workspace/.derivedData/Build/Intermediates.noindex/FineJSON.build/Debug-watchos/FineJSON-t.build/Objects-normal/arm64_32/FineJSON.abi.json /Users/admin/builder/spi-builder-workspace/.derivedData/Build/Products/Debug-watchos/FineJSON.swiftmodule/arm64_32-apple-watchos.abi.json
Copy /Users/admin/builder/spi-builder-workspace/.derivedData/Build/Products/Debug-watchos/FineJSON.swiftmodule/arm64-apple-watchos.swiftmodule /Users/admin/builder/spi-builder-workspace/.derivedData/Build/Intermediates.noindex/FineJSON.build/Debug-watchos/FineJSON-t.build/Objects-normal/arm64/FineJSON.swiftmodule (in target 'FineJSON' from project 'FineJSON')
    cd /Users/admin/builder/spi-builder-workspace/.dependencies/checkouts/FineJSON
    builtin-copy -exclude .DS_Store -exclude CVS -exclude .svn -exclude .git -exclude .hg -resolve-src-symlinks -rename /Users/admin/builder/spi-builder-workspace/.derivedData/Build/Intermediates.noindex/FineJSON.build/Debug-watchos/FineJSON-t.build/Objects-normal/arm64/FineJSON.swiftmodule /Users/admin/builder/spi-builder-workspace/.derivedData/Build/Products/Debug-watchos/FineJSON.swiftmodule/arm64-apple-watchos.swiftmodule
Copy /Users/admin/builder/spi-builder-workspace/.derivedData/Build/Products/Debug-watchos/FineJSON.swiftmodule/arm64-apple-watchos.swiftdoc /Users/admin/builder/spi-builder-workspace/.derivedData/Build/Intermediates.noindex/FineJSON.build/Debug-watchos/FineJSON-t.build/Objects-normal/arm64/FineJSON.swiftdoc (in target 'FineJSON' from project 'FineJSON')
    cd /Users/admin/builder/spi-builder-workspace/.dependencies/checkouts/FineJSON
    builtin-copy -exclude .DS_Store -exclude CVS -exclude .svn -exclude .git -exclude .hg -resolve-src-symlinks -rename /Users/admin/builder/spi-builder-workspace/.derivedData/Build/Intermediates.noindex/FineJSON.build/Debug-watchos/FineJSON-t.build/Objects-normal/arm64/FineJSON.swiftdoc /Users/admin/builder/spi-builder-workspace/.derivedData/Build/Products/Debug-watchos/FineJSON.swiftmodule/arm64-apple-watchos.swiftdoc
Copy /Users/admin/builder/spi-builder-workspace/.derivedData/Build/Products/Debug-watchos/FineJSON.swiftmodule/arm64-apple-watchos.abi.json /Users/admin/builder/spi-builder-workspace/.derivedData/Build/Intermediates.noindex/FineJSON.build/Debug-watchos/FineJSON-t.build/Objects-normal/arm64/FineJSON.abi.json (in target 'FineJSON' from project 'FineJSON')
    cd /Users/admin/builder/spi-builder-workspace/.dependencies/checkouts/FineJSON
    builtin-copy -exclude .DS_Store -exclude CVS -exclude .svn -exclude .git -exclude .hg -resolve-src-symlinks -rename /Users/admin/builder/spi-builder-workspace/.derivedData/Build/Intermediates.noindex/FineJSON.build/Debug-watchos/FineJSON-t.build/Objects-normal/arm64/FineJSON.abi.json /Users/admin/builder/spi-builder-workspace/.derivedData/Build/Products/Debug-watchos/FineJSON.swiftmodule/arm64-apple-watchos.abi.json
Copy /Users/admin/builder/spi-builder-workspace/.derivedData/Build/Products/Debug-watchos/FineJSON.swiftmodule/Project/arm64_32-apple-watchos.swiftsourceinfo /Users/admin/builder/spi-builder-workspace/.derivedData/Build/Intermediates.noindex/FineJSON.build/Debug-watchos/FineJSON-t.build/Objects-normal/arm64_32/FineJSON.swiftsourceinfo (in target 'FineJSON' from project 'FineJSON')
    cd /Users/admin/builder/spi-builder-workspace/.dependencies/checkouts/FineJSON
    builtin-copy -exclude .DS_Store -exclude CVS -exclude .svn -exclude .git -exclude .hg -resolve-src-symlinks -rename /Users/admin/builder/spi-builder-workspace/.derivedData/Build/Intermediates.noindex/FineJSON.build/Debug-watchos/FineJSON-t.build/Objects-normal/arm64_32/FineJSON.swiftsourceinfo /Users/admin/builder/spi-builder-workspace/.derivedData/Build/Products/Debug-watchos/FineJSON.swiftmodule/Project/arm64_32-apple-watchos.swiftsourceinfo
Copy /Users/admin/builder/spi-builder-workspace/.derivedData/Build/Products/Debug-watchos/FineJSON.swiftmodule/Project/arm64-apple-watchos.swiftsourceinfo /Users/admin/builder/spi-builder-workspace/.derivedData/Build/Intermediates.noindex/FineJSON.build/Debug-watchos/FineJSON-t.build/Objects-normal/arm64/FineJSON.swiftsourceinfo (in target 'FineJSON' from project 'FineJSON')
    cd /Users/admin/builder/spi-builder-workspace/.dependencies/checkouts/FineJSON
    builtin-copy -exclude .DS_Store -exclude CVS -exclude .svn -exclude .git -exclude .hg -resolve-src-symlinks -rename /Users/admin/builder/spi-builder-workspace/.derivedData/Build/Intermediates.noindex/FineJSON.build/Debug-watchos/FineJSON-t.build/Objects-normal/arm64/FineJSON.swiftsourceinfo /Users/admin/builder/spi-builder-workspace/.derivedData/Build/Products/Debug-watchos/FineJSON.swiftmodule/Project/arm64-apple-watchos.swiftsourceinfo
SwiftCompile normal arm64_32 Compiling\ SingleDC.swift,\ SingleEC.swift /Users/admin/builder/spi-builder-workspace/.dependencies/checkouts/FineJSON/Sources/FineJSON/SingleDC.swift /Users/admin/builder/spi-builder-workspace/.dependencies/checkouts/FineJSON/Sources/FineJSON/SingleEC.swift (in target 'FineJSON' from project 'FineJSON')
SwiftCompile normal arm64_32 /Users/admin/builder/spi-builder-workspace/.dependencies/checkouts/FineJSON/Sources/FineJSON/SingleDC.swift (in target 'FineJSON' from project 'FineJSON')
    cd /Users/admin/builder/spi-builder-workspace/.swiftpm/xcode
    builtin-SwiftPerFileCompile SingleDC.swift
SwiftCompile normal arm64_32 /Users/admin/builder/spi-builder-workspace/.dependencies/checkouts/FineJSON/Sources/FineJSON/SingleEC.swift (in target 'FineJSON' from project 'FineJSON')
    cd /Users/admin/builder/spi-builder-workspace/.swiftpm/xcode
    builtin-SwiftPerFileCompile SingleEC.swift
SwiftDriverJobDiscovery normal arm64_32 Compiling JSONEquatable.swift, JSONNumber.swift (in target 'FineJSON' from project 'FineJSON')
SwiftCompile normal arm64_32 Compiling\ KeyedEC.swift,\ ParsedJSONCodable.swift /Users/admin/builder/spi-builder-workspace/.dependencies/checkouts/FineJSON/Sources/FineJSON/KeyedEC.swift /Users/admin/builder/spi-builder-workspace/.dependencies/checkouts/FineJSON/Sources/FineJSON/ParsedJSONCodable.swift (in target 'FineJSON' from project 'FineJSON')
SwiftCompile normal arm64_32 /Users/admin/builder/spi-builder-workspace/.dependencies/checkouts/FineJSON/Sources/FineJSON/KeyedEC.swift (in target 'FineJSON' from project 'FineJSON')
    cd /Users/admin/builder/spi-builder-workspace/.swiftpm/xcode
    builtin-SwiftPerFileCompile KeyedEC.swift
SwiftCompile normal arm64_32 /Users/admin/builder/spi-builder-workspace/.dependencies/checkouts/FineJSON/Sources/FineJSON/ParsedJSONCodable.swift (in target 'FineJSON' from project 'FineJSON')
    cd /Users/admin/builder/spi-builder-workspace/.swiftpm/xcode
    builtin-SwiftPerFileCompile ParsedJSONCodable.swift
SwiftDriverJobDiscovery normal arm64_32 Compiling SourceLocationExtension.swift, UnkeyedDC.swift (in target 'FineJSON' from project 'FineJSON')
SwiftCompile normal arm64_32 Compiling\ UnkeyedEC.swift,\ WeakTypingPrimitiveJSONDecoder.swift /Users/admin/builder/spi-builder-workspace/.dependencies/checkouts/FineJSON/Sources/FineJSON/UnkeyedEC.swift /Users/admin/builder/spi-builder-workspace/.dependencies/checkouts/FineJSON/Sources/FineJSON/WeakTypingPrimitiveJSONDecoder.swift (in target 'FineJSON' from project 'FineJSON')
SwiftCompile normal arm64_32 /Users/admin/builder/spi-builder-workspace/.dependencies/checkouts/FineJSON/Sources/FineJSON/UnkeyedEC.swift (in target 'FineJSON' from project 'FineJSON')
    cd /Users/admin/builder/spi-builder-workspace/.swiftpm/xcode
    builtin-SwiftPerFileCompile UnkeyedEC.swift
SwiftCompile normal arm64_32 /Users/admin/builder/spi-builder-workspace/.dependencies/checkouts/FineJSON/Sources/FineJSON/WeakTypingPrimitiveJSONDecoder.swift (in target 'FineJSON' from project 'FineJSON')
    cd /Users/admin/builder/spi-builder-workspace/.swiftpm/xcode
    builtin-SwiftPerFileCompile WeakTypingPrimitiveJSONDecoder.swift
SwiftDriverJobDiscovery normal arm64_32 Compiling BoxedJSON.swift, CodablePrimitive.swift, CodablePrimitiveJSONDecoder.swift (in target 'FineJSON' from project 'FineJSON')
SwiftDriverJobDiscovery normal arm64_32 Compiling FineJSONDecoder.swift, FineJSONEncoder.swift, JSONAnnotatable.swift (in target 'FineJSON' from project 'FineJSON')
ExtractAppIntentsMetadata (in target 'RichJSONParser' from project 'RichJSONParser')
    cd /Users/admin/builder/spi-builder-workspace/.dependencies/checkouts/RichJSONParser
    /Applications/Xcode-27.0.0-Release.Candidate.app/Contents/Developer/Toolchains/XcodeDefault.xctoolchain/usr/bin/appintentsmetadataprocessor --toolchain-dir /var/run/com.apple.security.cryptexd/mnt/com.apple.MobileAsset.MetalToolchain-v27.1.266.1.BZLjUf/Metal.xctoolchain --module-name RichJSONParser --sdk-root /Applications/Xcode-27.0.0-Release.Candidate.app/Contents/Developer/Platforms/WatchOS.platform/Developer/SDKs/WatchOS27.0.sdk --xcode-version 27A266a --platform-family watchOS --deployment-target 9.0 --bundle-identifier richjsonparser.RichJSONParser --output /Users/admin/builder/spi-builder-workspace/.derivedData/Build/Products/Debug-watchos/RichJSONParser.appintents --target-triple arm64-apple-watchos9.0 --target-triple arm64_32-apple-watchos9.0 --binary-file /Users/admin/builder/spi-builder-workspace/.derivedData/Build/Products/Debug-watchos/RichJSONParser.o --dependency-file /Users/admin/builder/spi-builder-workspace/.derivedData/Build/Intermediates.noindex/RichJSONParser.build/Debug-watchos/RichJSONParser-t.build/Objects-normal/arm64/RichJSONParser_dependency_info.dat --dependency-file /Users/admin/builder/spi-builder-workspace/.derivedData/Build/Intermediates.noindex/RichJSONParser.build/Debug-watchos/RichJSONParser-t.build/Objects-normal/arm64_32/RichJSONParser_dependency_info.dat --stringsdata-file /Users/admin/builder/spi-builder-workspace/.derivedData/Build/Intermediates.noindex/RichJSONParser.build/Debug-watchos/RichJSONParser-t.build/Objects-normal/arm64/ExtractedAppShortcutsMetadata.stringsdata --stringsdata-file /Users/admin/builder/spi-builder-workspace/.derivedData/Build/Intermediates.noindex/RichJSONParser.build/Debug-watchos/RichJSONParser-t.build/Objects-normal/arm64_32/ExtractedAppShortcutsMetadata.stringsdata --source-file-list /Users/admin/builder/spi-builder-workspace/.derivedData/Build/Intermediates.noindex/RichJSONParser.build/Debug-watchos/RichJSONParser-t.build/Objects-normal/arm64/RichJSONParser.SwiftFileList --source-file-list /Users/admin/builder/spi-builder-workspace/.derivedData/Build/Intermediates.noindex/RichJSONParser.build/Debug-watchos/RichJSONParser-t.build/Objects-normal/arm64_32/RichJSONParser.SwiftFileList --metadata-file-list /Users/admin/builder/spi-builder-workspace/.derivedData/Build/Intermediates.noindex/RichJSONParser.build/Debug-watchos/RichJSONParser-t.build/RichJSONParser.DependencyMetadataFileList --static-metadata-file-list /Users/admin/builder/spi-builder-workspace/.derivedData/Build/Intermediates.noindex/RichJSONParser.build/Debug-watchos/RichJSONParser-t.build/RichJSONParser.DependencyStaticMetadataFileList --swift-const-vals-list /Users/admin/builder/spi-builder-workspace/.derivedData/Build/Intermediates.noindex/RichJSONParser.build/Debug-watchos/RichJSONParser-t.build/Objects-normal/arm64/RichJSONParser.SwiftConstValuesFileList --swift-const-vals-list /Users/admin/builder/spi-builder-workspace/.derivedData/Build/Intermediates.noindex/RichJSONParser.build/Debug-watchos/RichJSONParser-t.build/Objects-normal/arm64_32/RichJSONParser.SwiftConstValuesFileList --force --compile-time-extraction --deployment-aware-processing --no-app-shortcuts-localization
2026-09-16 08:16:25.297 appintentsmetadataprocessor[1254:6801] Starting appintentsmetadataprocessor export
2026-09-16 08:16:25.410 appintentsmetadataprocessor[1254:6801] Extracted no relevant App Intents symbols, skipping writing output
SwiftDriver XCBoxApp normal arm64_32 com.apple.xcode.tools.swift.compiler (in target 'XCBoxApp' from project 'xcbox')
    cd /Users/admin/builder/spi-builder-workspace/.swiftpm/xcode
    builtin-SwiftDriver -- /Applications/Xcode-27.0.0-Release.Candidate.app/Contents/Developer/Toolchains/XcodeDefault.xctoolchain/usr/bin/swiftc -parse-as-library -module-name XCBoxApp -Onone @/Users/admin/builder/spi-builder-workspace/.derivedData/Build/Intermediates.noindex/xcbox.build/Debug-watchos/XCBoxApp-t.build/Objects-normal/arm64_32/XCBoxApp.SwiftFileList -DSWIFT_PACKAGE -DDEBUG -DSWIFT_MODULE_RESOURCE_BUNDLE_UNAVAILABLE -DXcode -plugin-path /Applications/Xcode-27.0.0-Release.Candidate.app/Contents/Developer/Toolchains/XcodeDefault.xctoolchain/usr/lib/swift/host/plugins/testing -enable-experimental-feature DebugDescriptionMacro -sdk /Applications/Xcode-27.0.0-Release.Candidate.app/Contents/Developer/Platforms/WatchOS.platform/Developer/SDKs/WatchOS27.0.sdk -target arm64_32-apple-watchos9.0 -g -module-cache-path /Users/admin/builder/spi-builder-workspace/.derivedData/ModuleCache.noindex -Xfrontend -serialize-debugging-options -enable-testing -index-store-path /Users/admin/builder/spi-builder-workspace/.derivedData/Index.noindex/DataStore -Xcc -D_LIBCPP_HARDENING_MODE\=_LIBCPP_HARDENING_MODE_DEBUG -swift-version 5 -I /Users/admin/builder/spi-builder-workspace/.derivedData/Build/Products/Debug-watchos -Isystem /Applications/Xcode-27.0.0-Release.Candidate.app/Contents/Developer/Platforms/WatchOS.platform/Developer/usr/lib -F /Users/admin/builder/spi-builder-workspace/.derivedData/Build/Products/Debug-watchos/PackageFrameworks -F /Users/admin/builder/spi-builder-workspace/.derivedData/Build/Products/Debug-watchos -F /Applications/Xcode-27.0.0-Release.Candidate.app/Contents/Developer/Platforms/WatchOS.platform/Developer/Library/Frameworks -F /Applications/Xcode-27.0.0-Release.Candidate.app/Contents/Developer/Platforms/WatchOS.platform/Developer/SDKs/WatchOS27.0.sdk/Developer/Library/Frameworks -c -j10 -enable-batch-mode -incremental -Xcc -ivfsstatcache -Xcc /Users/admin/builder/spi-builder-workspace/.derivedData/SDKStatCaches.noindex/watchos27.0-24R360-e829b21a6f8c9b70876ba0858053c04477534ef55a1706bf4c1112bbb242f0a2.sdkstatcache -output-file-map /Users/admin/builder/spi-builder-workspace/.derivedData/Build/Intermediates.noindex/xcbox.build/Debug-watchos/XCBoxApp-t.build/Objects-normal/arm64_32/XCBoxApp-OutputFileMap.json -save-temps -no-color-diagnostics -explicit-module-build -module-cache-path /Users/admin/builder/spi-builder-workspace/.derivedData/Build/Intermediates.noindex/SwiftExplicitPrecompiledModules -clang-scanner-module-cache-path /Users/admin/builder/spi-builder-workspace/.derivedData/ModuleCache.noindex -sdk-module-cache-path /Users/admin/builder/spi-builder-workspace/.derivedData/SDKExplicitPrecompiledModules -emit-dependencies -emit-module -emit-module-path /Users/admin/builder/spi-builder-workspace/.derivedData/Build/Intermediates.noindex/xcbox.build/Debug-watchos/XCBoxApp-t.build/Objects-normal/arm64_32/XCBoxApp.swiftmodule -serialize-diagnostics -dependency-scan-serialize-diagnostics-path /Users/admin/builder/spi-builder-workspace/.derivedData/Build/Intermediates.noindex/xcbox.build/Debug-watchos/XCBoxApp-t.build/Objects-normal/arm64_32/XCBoxApp-dependency-scan.dia -validate-clang-modules-once -clang-build-session-file /Users/admin/builder/spi-builder-workspace/.derivedData/ModuleCache.noindex/Session.modulevalidation -Xcc -fmodules-prune-interval\=86400 -Xcc -fmodules-prune-after\=345600 -emit-const-values -const-gather-protocols-list /Users/admin/builder/spi-builder-workspace/.derivedData/Build/Intermediates.noindex/xcbox.build/Debug-watchos/XCBoxApp-t.build/Objects-normal/arm64_32/XCBoxApp_const_extract_protocols.json -Xcc -I/Users/admin/builder/spi-builder-workspace/.derivedData/Build/Products/Debug-watchos/include -Xcc -I/Users/admin/builder/spi-builder-workspace/.derivedData/Build/Intermediates.noindex/xcbox.build/Debug-watchos/XCBoxApp-t.build/DerivedSources-normal/arm64_32 -Xcc -I/Users/admin/builder/spi-builder-workspace/.derivedData/Build/Intermediates.noindex/xcbox.build/Debug-watchos/XCBoxApp-t.build/DerivedSources/arm64_32 -Xcc -I/Users/admin/builder/spi-builder-workspace/.derivedData/Build/Intermediates.noindex/xcbox.build/Debug-watchos/XCBoxApp-t.build/DerivedSources -Xcc -DSWIFT_PACKAGE -Xcc -DDEBUG\=1 -emit-objc-header -emit-objc-header-path /Users/admin/builder/spi-builder-workspace/.derivedData/Build/Intermediates.noindex/xcbox.build/Debug-watchos/XCBoxApp-t.build/Objects-normal/arm64_32/XCBoxApp-Swift.h -working-directory /Users/admin/builder/spi-builder-workspace/.swiftpm/xcode -experimental-emit-module-separately -disable-cmo
SwiftDriver XCBoxApp normal arm64 com.apple.xcode.tools.swift.compiler (in target 'XCBoxApp' from project 'xcbox')
    cd /Users/admin/builder/spi-builder-workspace/.swiftpm/xcode
    builtin-SwiftDriver -- /Applications/Xcode-27.0.0-Release.Candidate.app/Contents/Developer/Toolchains/XcodeDefault.xctoolchain/usr/bin/swiftc -parse-as-library -module-name XCBoxApp -Onone @/Users/admin/builder/spi-builder-workspace/.derivedData/Build/Intermediates.noindex/xcbox.build/Debug-watchos/XCBoxApp-t.build/Objects-normal/arm64/XCBoxApp.SwiftFileList -DSWIFT_PACKAGE -DDEBUG -DSWIFT_MODULE_RESOURCE_BUNDLE_UNAVAILABLE -DXcode -plugin-path /Applications/Xcode-27.0.0-Release.Candidate.app/Contents/Developer/Toolchains/XcodeDefault.xctoolchain/usr/lib/swift/host/plugins/testing -enable-experimental-feature DebugDescriptionMacro -sdk /Applications/Xcode-27.0.0-Release.Candidate.app/Contents/Developer/Platforms/WatchOS.platform/Developer/SDKs/WatchOS27.0.sdk -target arm64-apple-watchos9.0 -g -module-cache-path /Users/admin/builder/spi-builder-workspace/.derivedData/ModuleCache.noindex -Xfrontend -serialize-debugging-options -enable-testing -index-store-path /Users/admin/builder/spi-builder-workspace/.derivedData/Index.noindex/DataStore -Xcc -D_LIBCPP_HARDENING_MODE\=_LIBCPP_HARDENING_MODE_DEBUG -swift-version 5 -I /Users/admin/builder/spi-builder-workspace/.derivedData/Build/Products/Debug-watchos -Isystem /Applications/Xcode-27.0.0-Release.Candidate.app/Contents/Developer/Platforms/WatchOS.platform/Developer/usr/lib -F /Users/admin/builder/spi-builder-workspace/.derivedData/Build/Products/Debug-watchos/PackageFrameworks -F /Users/admin/builder/spi-builder-workspace/.derivedData/Build/Products/Debug-watchos -F /Applications/Xcode-27.0.0-Release.Candidate.app/Contents/Developer/Platforms/WatchOS.platform/Developer/Library/Frameworks -F /Applications/Xcode-27.0.0-Release.Candidate.app/Contents/Developer/Platforms/WatchOS.platform/Developer/SDKs/WatchOS27.0.sdk/Developer/Library/Frameworks -c -j10 -enable-batch-mode -incremental -Xcc -ivfsstatcache -Xcc /Users/admin/builder/spi-builder-workspace/.derivedData/SDKStatCaches.noindex/watchos27.0-24R360-e829b21a6f8c9b70876ba0858053c04477534ef55a1706bf4c1112bbb242f0a2.sdkstatcache -output-file-map /Users/admin/builder/spi-builder-workspace/.derivedData/Build/Intermediates.noindex/xcbox.build/Debug-watchos/XCBoxApp-t.build/Objects-normal/arm64/XCBoxApp-OutputFileMap.json -save-temps -no-color-diagnostics -explicit-module-build -module-cache-path /Users/admin/builder/spi-builder-workspace/.derivedData/Build/Intermediates.noindex/SwiftExplicitPrecompiledModules -clang-scanner-module-cache-path /Users/admin/builder/spi-builder-workspace/.derivedData/ModuleCache.noindex -sdk-module-cache-path /Users/admin/builder/spi-builder-workspace/.derivedData/SDKExplicitPrecompiledModules -emit-dependencies -emit-module -emit-module-path /Users/admin/builder/spi-builder-workspace/.derivedData/Build/Intermediates.noindex/xcbox.build/Debug-watchos/XCBoxApp-t.build/Objects-normal/arm64/XCBoxApp.swiftmodule -serialize-diagnostics -dependency-scan-serialize-diagnostics-path /Users/admin/builder/spi-builder-workspace/.derivedData/Build/Intermediates.noindex/xcbox.build/Debug-watchos/XCBoxApp-t.build/Objects-normal/arm64/XCBoxApp-dependency-scan.dia -validate-clang-modules-once -clang-build-session-file /Users/admin/builder/spi-builder-workspace/.derivedData/ModuleCache.noindex/Session.modulevalidation -Xcc -fmodules-prune-interval\=86400 -Xcc -fmodules-prune-after\=345600 -emit-const-values -const-gather-protocols-list /Users/admin/builder/spi-builder-workspace/.derivedData/Build/Intermediates.noindex/xcbox.build/Debug-watchos/XCBoxApp-t.build/Objects-normal/arm64/XCBoxApp_const_extract_protocols.json -Xcc -I/Users/admin/builder/spi-builder-workspace/.derivedData/Build/Products/Debug-watchos/include -Xcc -I/Users/admin/builder/spi-builder-workspace/.derivedData/Build/Intermediates.noindex/xcbox.build/Debug-watchos/XCBoxApp-t.build/DerivedSources-normal/arm64 -Xcc -I/Users/admin/builder/spi-builder-workspace/.derivedData/Build/Intermediates.noindex/xcbox.build/Debug-watchos/XCBoxApp-t.build/DerivedSources/arm64 -Xcc -I/Users/admin/builder/spi-builder-workspace/.derivedData/Build/Intermediates.noindex/xcbox.build/Debug-watchos/XCBoxApp-t.build/DerivedSources -Xcc -DSWIFT_PACKAGE -Xcc -DDEBUG\=1 -emit-objc-header -emit-objc-header-path /Users/admin/builder/spi-builder-workspace/.derivedData/Build/Intermediates.noindex/xcbox.build/Debug-watchos/XCBoxApp-t.build/Objects-normal/arm64/XCBoxApp-Swift.h -working-directory /Users/admin/builder/spi-builder-workspace/.swiftpm/xcode -experimental-emit-module-separately -disable-cmo
SwiftDriverJobDiscovery normal arm64 Compiling UnkeyedEC.swift, WeakTypingPrimitiveJSONDecoder.swift (in target 'FineJSON' from project 'FineJSON')
SwiftDriverJobDiscovery normal arm64_32 Compiling JSONArray.swift, JSONCodable.swift (in target 'FineJSON' from project 'FineJSON')
SwiftDriverJobDiscovery normal arm64 Compiling SourceLocationExtension.swift, UnkeyedDC.swift (in target 'FineJSON' from project 'FineJSON')
SwiftDriverJobDiscovery normal arm64 Compiling SingleDC.swift, SingleEC.swift (in target 'FineJSON' from project 'FineJSON')
SwiftDriver\ Compilation FineJSON normal arm64 com.apple.xcode.tools.swift.compiler (in target 'FineJSON' from project 'FineJSON')
    cd /Users/admin/builder/spi-builder-workspace/.swiftpm/xcode
    builtin-Swift-Compilation -- /Applications/Xcode-27.0.0-Release.Candidate.app/Contents/Developer/Toolchains/XcodeDefault.xctoolchain/usr/bin/swiftc -parse-as-library -module-name FineJSON -Onone @/Users/admin/builder/spi-builder-workspace/.derivedData/Build/Intermediates.noindex/FineJSON.build/Debug-watchos/FineJSON-t.build/Objects-normal/arm64/FineJSON.SwiftFileList -DSWIFT_PACKAGE -DDEBUG -DSWIFT_MODULE_RESOURCE_BUNDLE_UNAVAILABLE -DXcode -plugin-path /Applications/Xcode-27.0.0-Release.Candidate.app/Contents/Developer/Toolchains/XcodeDefault.xctoolchain/usr/lib/swift/host/plugins/testing -enable-experimental-feature DebugDescriptionMacro -sdk /Applications/Xcode-27.0.0-Release.Candidate.app/Contents/Developer/Platforms/WatchOS.platform/Developer/SDKs/WatchOS27.0.sdk -target arm64-apple-watchos9.0 -g -module-cache-path /Users/admin/builder/spi-builder-workspace/.derivedData/ModuleCache.noindex -Xfrontend -serialize-debugging-options -enable-testing -suppress-warnings -index-store-path /Users/admin/builder/spi-builder-workspace/.derivedData/Index.noindex/DataStore -Xcc -D_LIBCPP_HARDENING_MODE\=_LIBCPP_HARDENING_MODE_DEBUG -swift-version 5 -I /Users/admin/builder/spi-builder-workspace/.derivedData/Build/Products/Debug-watchos -Isystem /Applications/Xcode-27.0.0-Release.Candidate.app/Contents/Developer/Platforms/WatchOS.platform/Developer/usr/lib -F /Users/admin/builder/spi-builder-workspace/.derivedData/Build/Products/Debug-watchos/PackageFrameworks -F /Users/admin/builder/spi-builder-workspace/.derivedData/Build/Products/Debug-watchos -F /Applications/Xcode-27.0.0-Release.Candidate.app/Contents/Developer/Platforms/WatchOS.platform/Developer/Library/Frameworks -F /Applications/Xcode-27.0.0-Release.Candidate.app/Contents/Developer/Platforms/WatchOS.platform/Developer/SDKs/WatchOS27.0.sdk/Developer/Library/Frameworks -c -j10 -enable-batch-mode -incremental -Xcc -ivfsstatcache -Xcc /Users/admin/builder/spi-builder-workspace/.derivedData/SDKStatCaches.noindex/watchos27.0-24R360-e829b21a6f8c9b70876ba0858053c04477534ef55a1706bf4c1112bbb242f0a2.sdkstatcache -output-file-map /Users/admin/builder/spi-builder-workspace/.derivedData/Build/Intermediates.noindex/FineJSON.build/Debug-watchos/FineJSON-t.build/Objects-normal/arm64/FineJSON-OutputFileMap.json -save-temps -no-color-diagnostics -explicit-module-build -module-cache-path /Users/admin/builder/spi-builder-workspace/.derivedData/Build/Intermediates.noindex/SwiftExplicitPrecompiledModules -clang-scanner-module-cache-path /Users/admin/builder/spi-builder-workspace/.derivedData/ModuleCache.noindex -sdk-module-cache-path /Users/admin/builder/spi-builder-workspace/.derivedData/SDKExplicitPrecompiledModules -emit-dependencies -emit-module -emit-module-path /Users/admin/builder/spi-builder-workspace/.derivedData/Build/Intermediates.noindex/FineJSON.build/Debug-watchos/FineJSON-t.build/Objects-normal/arm64/FineJSON.swiftmodule -serialize-diagnostics -dependency-scan-serialize-diagnostics-path /Users/admin/builder/spi-builder-workspace/.derivedData/Build/Intermediates.noindex/FineJSON.build/Debug-watchos/FineJSON-t.build/Objects-normal/arm64/FineJSON-dependency-scan.dia -validate-clang-modules-once -clang-build-session-file /Users/admin/builder/spi-builder-workspace/.derivedData/ModuleCache.noindex/Session.modulevalidation -Xcc -fmodules-prune-interval\=86400 -Xcc -fmodules-prune-after\=345600 -emit-const-values -const-gather-protocols-list /Users/admin/builder/spi-builder-workspace/.derivedData/Build/Intermediates.noindex/FineJSON.build/Debug-watchos/FineJSON-t.build/Objects-normal/arm64/FineJSON_const_extract_protocols.json -Xcc -I/Users/admin/builder/spi-builder-workspace/.derivedData/Build/Products/Debug-watchos/include -Xcc -I/Users/admin/builder/spi-builder-workspace/.derivedData/Build/Intermediates.noindex/FineJSON.build/Debug-watchos/FineJSON-t.build/DerivedSources-normal/arm64 -Xcc -I/Users/admin/builder/spi-builder-workspace/.derivedData/Build/Intermediates.noindex/FineJSON.build/Debug-watchos/FineJSON-t.build/DerivedSources/arm64 -Xcc -I/Users/admin/builder/spi-builder-workspace/.derivedData/Build/Intermediates.noindex/FineJSON.build/Debug-watchos/FineJSON-t.build/DerivedSources -Xcc -DSWIFT_PACKAGE -Xcc -DDEBUG\=1 -emit-objc-header -emit-objc-header-path /Users/admin/builder/spi-builder-workspace/.derivedData/Build/Intermediates.noindex/FineJSON.build/Debug-watchos/FineJSON-t.build/Objects-normal/arm64/FineJSON-Swift.h -working-directory /Users/admin/builder/spi-builder-workspace/.swiftpm/xcode -experimental-emit-module-separately -disable-cmo
SwiftDriverJobDiscovery normal arm64_32 Compiling JSONObject.swift, KeyedDC.swift (in target 'FineJSON' from project 'FineJSON')
Ld /Users/admin/builder/spi-builder-workspace/.derivedData/Build/Intermediates.noindex/FineJSON.build/Debug-watchos/FineJSON-t.build/Objects-normal/arm64/Binary/FineJSON.o normal arm64 (in target 'FineJSON' from project 'FineJSON')
    cd /Users/admin/builder/spi-builder-workspace/.dependencies/checkouts/FineJSON
    /Applications/Xcode-27.0.0-Release.Candidate.app/Contents/Developer/Toolchains/XcodeDefault.xctoolchain/usr/bin/clang -Xlinker -reproducible -target arm64-apple-watchos9.0 -r -isysroot /Applications/Xcode-27.0.0-Release.Candidate.app/Contents/Developer/Platforms/WatchOS.platform/Developer/SDKs/WatchOS27.0.sdk -O0 -w -Xlinker -no_warn_duplicate_libraries -F/Users/admin/builder/spi-builder-workspace/.derivedData/Build/Intermediates.noindex/EagerLinkingTBDs/Debug-watchos -F/Users/admin/builder/spi-builder-workspace/.derivedData/Build/Products/Debug-watchos/PackageFrameworks -F/Users/admin/builder/spi-builder-workspace/.derivedData/Build/Products/Debug-watchos -iframework /Applications/Xcode-27.0.0-Release.Candidate.app/Contents/Developer/Platforms/WatchOS.platform/Developer/Library/Frameworks -iframework /Applications/Xcode-27.0.0-Release.Candidate.app/Contents/Developer/Platforms/WatchOS.platform/Developer/SDKs/WatchOS27.0.sdk/Developer/Library/Frameworks -filelist /Users/admin/builder/spi-builder-workspace/.derivedData/Build/Intermediates.noindex/FineJSON.build/Debug-watchos/FineJSON-t.build/Objects-normal/arm64/FineJSON.LinkFileList -nostdlib -Xlinker -object_path_lto -Xlinker /Users/admin/builder/spi-builder-workspace/.derivedData/Build/Intermediates.noindex/FineJSON.build/Debug-watchos/FineJSON-t.build/Objects-normal/arm64/FineJSON_lto.o -Xlinker -no_deduplicate -Xlinker -dependency_info -Xlinker /Users/admin/builder/spi-builder-workspace/.derivedData/Build/Intermediates.noindex/FineJSON.build/Debug-watchos/FineJSON-t.build/Objects-normal/arm64/FineJSON_dependency_info.dat -fobjc-link-runtime -L/Applications/Xcode-27.0.0-Release.Candidate.app/Contents/Developer/Toolchains/XcodeDefault.xctoolchain/usr/lib/swift/watchos -L/usr/lib/swift -Xlinker -add_ast_path -Xlinker /Users/admin/builder/spi-builder-workspace/.derivedData/Build/Intermediates.noindex/FineJSON.build/Debug-watchos/FineJSON-t.build/Objects-normal/arm64/FineJSON.swiftmodule -o /Users/admin/builder/spi-builder-workspace/.derivedData/Build/Intermediates.noindex/FineJSON.build/Debug-watchos/FineJSON-t.build/Objects-normal/arm64/Binary/FineJSON.o
SwiftDriverJobDiscovery normal arm64_32 Compiling SingleDC.swift, SingleEC.swift (in target 'FineJSON' from project 'FineJSON')
SwiftDriverJobDiscovery normal arm64_32 Compiling UnkeyedEC.swift, WeakTypingPrimitiveJSONDecoder.swift (in target 'FineJSON' from project 'FineJSON')
SwiftDriverJobDiscovery normal arm64_32 Compiling KeyedEC.swift, ParsedJSONCodable.swift (in target 'FineJSON' from project 'FineJSON')
SwiftDriver\ Compilation FineJSON normal arm64_32 com.apple.xcode.tools.swift.compiler (in target 'FineJSON' from project 'FineJSON')
    cd /Users/admin/builder/spi-builder-workspace/.swiftpm/xcode
    builtin-Swift-Compilation -- /Applications/Xcode-27.0.0-Release.Candidate.app/Contents/Developer/Toolchains/XcodeDefault.xctoolchain/usr/bin/swiftc -parse-as-library -module-name FineJSON -Onone @/Users/admin/builder/spi-builder-workspace/.derivedData/Build/Intermediates.noindex/FineJSON.build/Debug-watchos/FineJSON-t.build/Objects-normal/arm64_32/FineJSON.SwiftFileList -DSWIFT_PACKAGE -DDEBUG -DSWIFT_MODULE_RESOURCE_BUNDLE_UNAVAILABLE -DXcode -plugin-path /Applications/Xcode-27.0.0-Release.Candidate.app/Contents/Developer/Toolchains/XcodeDefault.xctoolchain/usr/lib/swift/host/plugins/testing -enable-experimental-feature DebugDescriptionMacro -sdk /Applications/Xcode-27.0.0-Release.Candidate.app/Contents/Developer/Platforms/WatchOS.platform/Developer/SDKs/WatchOS27.0.sdk -target arm64_32-apple-watchos9.0 -g -module-cache-path /Users/admin/builder/spi-builder-workspace/.derivedData/ModuleCache.noindex -Xfrontend -serialize-debugging-options -enable-testing -suppress-warnings -index-store-path /Users/admin/builder/spi-builder-workspace/.derivedData/Index.noindex/DataStore -Xcc -D_LIBCPP_HARDENING_MODE\=_LIBCPP_HARDENING_MODE_DEBUG -swift-version 5 -I /Users/admin/builder/spi-builder-workspace/.derivedData/Build/Products/Debug-watchos -Isystem /Applications/Xcode-27.0.0-Release.Candidate.app/Contents/Developer/Platforms/WatchOS.platform/Developer/usr/lib -F /Users/admin/builder/spi-builder-workspace/.derivedData/Build/Products/Debug-watchos/PackageFrameworks -F /Users/admin/builder/spi-builder-workspace/.derivedData/Build/Products/Debug-watchos -F /Applications/Xcode-27.0.0-Release.Candidate.app/Contents/Developer/Platforms/WatchOS.platform/Developer/Library/Frameworks -F /Applications/Xcode-27.0.0-Release.Candidate.app/Contents/Developer/Platforms/WatchOS.platform/Developer/SDKs/WatchOS27.0.sdk/Developer/Library/Frameworks -c -j10 -enable-batch-mode -incremental -Xcc -ivfsstatcache -Xcc /Users/admin/builder/spi-builder-workspace/.derivedData/SDKStatCaches.noindex/watchos27.0-24R360-e829b21a6f8c9b70876ba0858053c04477534ef55a1706bf4c1112bbb242f0a2.sdkstatcache -output-file-map /Users/admin/builder/spi-builder-workspace/.derivedData/Build/Intermediates.noindex/FineJSON.build/Debug-watchos/FineJSON-t.build/Objects-normal/arm64_32/FineJSON-OutputFileMap.json -save-temps -no-color-diagnostics -explicit-module-build -module-cache-path /Users/admin/builder/spi-builder-workspace/.derivedData/Build/Intermediates.noindex/SwiftExplicitPrecompiledModules -clang-scanner-module-cache-path /Users/admin/builder/spi-builder-workspace/.derivedData/ModuleCache.noindex -sdk-module-cache-path /Users/admin/builder/spi-builder-workspace/.derivedData/SDKExplicitPrecompiledModules -emit-dependencies -emit-module -emit-module-path /Users/admin/builder/spi-builder-workspace/.derivedData/Build/Intermediates.noindex/FineJSON.build/Debug-watchos/FineJSON-t.build/Objects-normal/arm64_32/FineJSON.swiftmodule -serialize-diagnostics -dependency-scan-serialize-diagnostics-path /Users/admin/builder/spi-builder-workspace/.derivedData/Build/Intermediates.noindex/FineJSON.build/Debug-watchos/FineJSON-t.build/Objects-normal/arm64_32/FineJSON-dependency-scan.dia -validate-clang-modules-once -clang-build-session-file /Users/admin/builder/spi-builder-workspace/.derivedData/ModuleCache.noindex/Session.modulevalidation -Xcc -fmodules-prune-interval\=86400 -Xcc -fmodules-prune-after\=345600 -emit-const-values -const-gather-protocols-list /Users/admin/builder/spi-builder-workspace/.derivedData/Build/Intermediates.noindex/FineJSON.build/Debug-watchos/FineJSON-t.build/Objects-normal/arm64_32/FineJSON_const_extract_protocols.json -Xcc -I/Users/admin/builder/spi-builder-workspace/.derivedData/Build/Products/Debug-watchos/include -Xcc -I/Users/admin/builder/spi-builder-workspace/.derivedData/Build/Intermediates.noindex/FineJSON.build/Debug-watchos/FineJSON-t.build/DerivedSources-normal/arm64_32 -Xcc -I/Users/admin/builder/spi-builder-workspace/.derivedData/Build/Intermediates.noindex/FineJSON.build/Debug-watchos/FineJSON-t.build/DerivedSources/arm64_32 -Xcc -I/Users/admin/builder/spi-builder-workspace/.derivedData/Build/Intermediates.noindex/FineJSON.build/Debug-watchos/FineJSON-t.build/DerivedSources -Xcc -DSWIFT_PACKAGE -Xcc -DDEBUG\=1 -emit-objc-header -emit-objc-header-path /Users/admin/builder/spi-builder-workspace/.derivedData/Build/Intermediates.noindex/FineJSON.build/Debug-watchos/FineJSON-t.build/Objects-normal/arm64_32/FineJSON-Swift.h -working-directory /Users/admin/builder/spi-builder-workspace/.swiftpm/xcode -experimental-emit-module-separately -disable-cmo
Ld /Users/admin/builder/spi-builder-workspace/.derivedData/Build/Intermediates.noindex/FineJSON.build/Debug-watchos/FineJSON-t.build/Objects-normal/arm64_32/Binary/FineJSON.o normal arm64_32 (in target 'FineJSON' from project 'FineJSON')
    cd /Users/admin/builder/spi-builder-workspace/.dependencies/checkouts/FineJSON
    /Applications/Xcode-27.0.0-Release.Candidate.app/Contents/Developer/Toolchains/XcodeDefault.xctoolchain/usr/bin/clang -Xlinker -reproducible -target arm64_32-apple-watchos9.0 -r -isysroot /Applications/Xcode-27.0.0-Release.Candidate.app/Contents/Developer/Platforms/WatchOS.platform/Developer/SDKs/WatchOS27.0.sdk -O0 -w -Xlinker -no_warn_duplicate_libraries -F/Users/admin/builder/spi-builder-workspace/.derivedData/Build/Intermediates.noindex/EagerLinkingTBDs/Debug-watchos -F/Users/admin/builder/spi-builder-workspace/.derivedData/Build/Products/Debug-watchos/PackageFrameworks -F/Users/admin/builder/spi-builder-workspace/.derivedData/Build/Products/Debug-watchos -iframework /Applications/Xcode-27.0.0-Release.Candidate.app/Contents/Developer/Platforms/WatchOS.platform/Developer/Library/Frameworks -iframework /Applications/Xcode-27.0.0-Release.Candidate.app/Contents/Developer/Platforms/WatchOS.platform/Developer/SDKs/WatchOS27.0.sdk/Developer/Library/Frameworks -filelist /Users/admin/builder/spi-builder-workspace/.derivedData/Build/Intermediates.noindex/FineJSON.build/Debug-watchos/FineJSON-t.build/Objects-normal/arm64_32/FineJSON.LinkFileList -nostdlib -Xlinker -object_path_lto -Xlinker /Users/admin/builder/spi-builder-workspace/.derivedData/Build/Intermediates.noindex/FineJSON.build/Debug-watchos/FineJSON-t.build/Objects-normal/arm64_32/FineJSON_lto.o -Xlinker -no_deduplicate -Xlinker -dependency_info -Xlinker /Users/admin/builder/spi-builder-workspace/.derivedData/Build/Intermediates.noindex/FineJSON.build/Debug-watchos/FineJSON-t.build/Objects-normal/arm64_32/FineJSON_dependency_info.dat -fobjc-link-runtime -L/Applications/Xcode-27.0.0-Release.Candidate.app/Contents/Developer/Toolchains/XcodeDefault.xctoolchain/usr/lib/swift/watchos -L/usr/lib/swift -Xlinker -add_ast_path -Xlinker /Users/admin/builder/spi-builder-workspace/.derivedData/Build/Intermediates.noindex/FineJSON.build/Debug-watchos/FineJSON-t.build/Objects-normal/arm64_32/FineJSON.swiftmodule -o /Users/admin/builder/spi-builder-workspace/.derivedData/Build/Intermediates.noindex/FineJSON.build/Debug-watchos/FineJSON-t.build/Objects-normal/arm64_32/Binary/FineJSON.o
SwiftExplicitDependencyGeneratePcm arm64_32 /Users/admin/builder/spi-builder-workspace/.derivedData/SDKExplicitPrecompiledModules/MachO-56838ZJ0NC1EBAJ0O6O8QMPDX.pcm
SwiftExplicitDependencyGeneratePcm arm64_32 /Users/admin/builder/spi-builder-workspace/.derivedData/SDKExplicitPrecompiledModules/_Builtin_stdatomic-1TY035TURL76BF2U98PZPPZRX.pcm
CreateUniversalBinary /Users/admin/builder/spi-builder-workspace/.derivedData/Build/Products/Debug-watchos/FineJSON.o normal arm64\ arm64_32 (in target 'FineJSON' from project 'FineJSON')
    cd /Users/admin/builder/spi-builder-workspace/.dependencies/checkouts/FineJSON
    /Applications/Xcode-27.0.0-Release.Candidate.app/Contents/Developer/Toolchains/XcodeDefault.xctoolchain/usr/bin/lipo -create /Users/admin/builder/spi-builder-workspace/.derivedData/Build/Intermediates.noindex/FineJSON.build/Debug-watchos/FineJSON-t.build/Objects-normal/arm64/Binary/FineJSON.o /Users/admin/builder/spi-builder-workspace/.derivedData/Build/Intermediates.noindex/FineJSON.build/Debug-watchos/FineJSON-t.build/Objects-normal/arm64_32/Binary/FineJSON.o -output /Users/admin/builder/spi-builder-workspace/.derivedData/Build/Products/Debug-watchos/FineJSON.o
SwiftExplicitDependencyGeneratePcm arm64 /Users/admin/builder/spi-builder-workspace/.derivedData/SDKExplicitPrecompiledModules/MachO-2U90NNSAQILBNBPS1SA4F8TYP.pcm
SwiftExplicitDependencyGeneratePcm arm64 /Users/admin/builder/spi-builder-workspace/.derivedData/SDKExplicitPrecompiledModules/_Builtin_stdatomic-7JEFA3KBJJJN6TKJWY3OG1VG5.pcm
ExtractAppIntentsMetadata (in target 'FineJSON' from project 'FineJSON')
    cd /Users/admin/builder/spi-builder-workspace/.dependencies/checkouts/FineJSON
    /Applications/Xcode-27.0.0-Release.Candidate.app/Contents/Developer/Toolchains/XcodeDefault.xctoolchain/usr/bin/appintentsmetadataprocessor --toolchain-dir /var/run/com.apple.security.cryptexd/mnt/com.apple.MobileAsset.MetalToolchain-v27.1.266.1.BZLjUf/Metal.xctoolchain --module-name FineJSON --sdk-root /Applications/Xcode-27.0.0-Release.Candidate.app/Contents/Developer/Platforms/WatchOS.platform/Developer/SDKs/WatchOS27.0.sdk --xcode-version 27A266a --platform-family watchOS --deployment-target 9.0 --bundle-identifier finejson.FineJSON --output /Users/admin/builder/spi-builder-workspace/.derivedData/Build/Products/Debug-watchos/FineJSON.appintents --target-triple arm64-apple-watchos9.0 --target-triple arm64_32-apple-watchos9.0 --binary-file /Users/admin/builder/spi-builder-workspace/.derivedData/Build/Products/Debug-watchos/FineJSON.o --dependency-file /Users/admin/builder/spi-builder-workspace/.derivedData/Build/Intermediates.noindex/FineJSON.build/Debug-watchos/FineJSON-t.build/Objects-normal/arm64/FineJSON_dependency_info.dat --dependency-file /Users/admin/builder/spi-builder-workspace/.derivedData/Build/Intermediates.noindex/FineJSON.build/Debug-watchos/FineJSON-t.build/Objects-normal/arm64_32/FineJSON_dependency_info.dat --stringsdata-file /Users/admin/builder/spi-builder-workspace/.derivedData/Build/Intermediates.noindex/FineJSON.build/Debug-watchos/FineJSON-t.build/Objects-normal/arm64/ExtractedAppShortcutsMetadata.stringsdata --stringsdata-file /Users/admin/builder/spi-builder-workspace/.derivedData/Build/Intermediates.noindex/FineJSON.build/Debug-watchos/FineJSON-t.build/Objects-normal/arm64_32/ExtractedAppShortcutsMetadata.stringsdata --source-file-list /Users/admin/builder/spi-builder-workspace/.derivedData/Build/Intermediates.noindex/FineJSON.build/Debug-watchos/FineJSON-t.build/Objects-normal/arm64/FineJSON.SwiftFileList --source-file-list /Users/admin/builder/spi-builder-workspace/.derivedData/Build/Intermediates.noindex/FineJSON.build/Debug-watchos/FineJSON-t.build/Objects-normal/arm64_32/FineJSON.SwiftFileList --metadata-file-list /Users/admin/builder/spi-builder-workspace/.derivedData/Build/Intermediates.noindex/FineJSON.build/Debug-watchos/FineJSON-t.build/FineJSON.DependencyMetadataFileList --static-metadata-file-list /Users/admin/builder/spi-builder-workspace/.derivedData/Build/Intermediates.noindex/FineJSON.build/Debug-watchos/FineJSON-t.build/FineJSON.DependencyStaticMetadataFileList --swift-const-vals-list /Users/admin/builder/spi-builder-workspace/.derivedData/Build/Intermediates.noindex/FineJSON.build/Debug-watchos/FineJSON-t.build/Objects-normal/arm64/FineJSON.SwiftConstValuesFileList --swift-const-vals-list /Users/admin/builder/spi-builder-workspace/.derivedData/Build/Intermediates.noindex/FineJSON.build/Debug-watchos/FineJSON-t.build/Objects-normal/arm64_32/FineJSON.SwiftConstValuesFileList --force --compile-time-extraction --deployment-aware-processing --no-app-shortcuts-localization
2026-09-16 08:16:25.556 appintentsmetadataprocessor[1262:6922] Starting appintentsmetadataprocessor export
2026-09-16 08:16:25.624 appintentsmetadataprocessor[1262:6922] Extracted no relevant App Intents symbols, skipping writing output
SwiftExplicitDependencyGeneratePcm arm64_32 /Users/admin/builder/spi-builder-workspace/.derivedData/SDKExplicitPrecompiledModules/os-E5IGB442IA6SBB25TTCOLK2OC.pcm
SwiftExplicitDependencyGeneratePcm arm64 /Users/admin/builder/spi-builder-workspace/.derivedData/SDKExplicitPrecompiledModules/os-5DIL6Z9LFIGLMZAHM7X2T5435.pcm
SwiftCompile normal arm64_32 Compiling\ RunOptions.swift /Users/admin/builder/spi-builder-workspace/Sources/XCBoxApp/RunOptions.swift (in target 'XCBoxApp' from project 'xcbox')
SwiftCompile normal arm64_32 /Users/admin/builder/spi-builder-workspace/Sources/XCBoxApp/RunOptions.swift (in target 'XCBoxApp' from project 'xcbox')
    cd /Users/admin/builder/spi-builder-workspace/.swiftpm/xcode
    builtin-SwiftPerFileCompile RunOptions.swift
SwiftCompile normal arm64_32 Compiling\ XCBoxApp.swift /Users/admin/builder/spi-builder-workspace/Sources/XCBoxApp/XCBoxApp.swift (in target 'XCBoxApp' from project 'xcbox')
SwiftCompile normal arm64_32 /Users/admin/builder/spi-builder-workspace/Sources/XCBoxApp/XCBoxApp.swift (in target 'XCBoxApp' from project 'xcbox')
    cd /Users/admin/builder/spi-builder-workspace/.swiftpm/xcode
    builtin-SwiftPerFileCompile XCBoxApp.swift
SwiftCompile normal arm64_32 Compiling\ fm.swift /Users/admin/builder/spi-builder-workspace/Sources/XCBoxApp/fm.swift (in target 'XCBoxApp' from project 'xcbox')
SwiftCompile normal arm64_32 /Users/admin/builder/spi-builder-workspace/Sources/XCBoxApp/fm.swift (in target 'XCBoxApp' from project 'xcbox')
    cd /Users/admin/builder/spi-builder-workspace/.swiftpm/xcode
    builtin-SwiftPerFileCompile fm.swift
SwiftCompile normal arm64_32 Compiling\ Regex.swift /Users/admin/builder/spi-builder-workspace/Sources/XCBoxApp/Regex.swift (in target 'XCBoxApp' from project 'xcbox')
SwiftCompile normal arm64_32 /Users/admin/builder/spi-builder-workspace/Sources/XCBoxApp/Regex.swift (in target 'XCBoxApp' from project 'xcbox')
    cd /Users/admin/builder/spi-builder-workspace/.swiftpm/xcode
    builtin-SwiftPerFileCompile Regex.swift
SwiftCompile normal arm64_32 Compiling\ NewCommand.swift,\ Platform.swift /Users/admin/builder/spi-builder-workspace/Sources/XCBoxApp/NewCommand.swift /Users/admin/builder/spi-builder-workspace/Sources/XCBoxApp/Platform.swift (in target 'XCBoxApp' from project 'xcbox')
SwiftCompile normal arm64_32 /Users/admin/builder/spi-builder-workspace/Sources/XCBoxApp/NewCommand.swift (in target 'XCBoxApp' from project 'xcbox')
    cd /Users/admin/builder/spi-builder-workspace/.swiftpm/xcode
    builtin-SwiftPerFileCompile NewCommand.swift
SwiftCompile normal arm64_32 /Users/admin/builder/spi-builder-workspace/Sources/XCBoxApp/Platform.swift (in target 'XCBoxApp' from project 'xcbox')
    cd /Users/admin/builder/spi-builder-workspace/.swiftpm/xcode
    builtin-SwiftPerFileCompile Platform.swift
SwiftCompile normal arm64_32 Compiling\ ProcessEx.swift /Users/admin/builder/spi-builder-workspace/Sources/XCBoxApp/ProcessEx.swift (in target 'XCBoxApp' from project 'xcbox')
/Users/admin/builder/spi-builder-workspace/Sources/XCBoxApp/ProcessEx.swift:22:11: error: cannot find type 'Process' in scope
20 | }
21 |
22 | extension Process {
   |           `- error: cannot find type 'Process' in scope
23 |     public static func resolveCommand(name: String) throws -> String {
24 |         let path = try capture(command: ["/usr/bin/which", name], resolve: false)
Failed frontend command:
/Applications/Xcode-27.0.0-Release.Candidate.app/Contents/Developer/Toolchains/XcodeDefault.xctoolchain/usr/bin/swift-frontend -frontend -c /Users/admin/builder/spi-builder-workspace/Sources/XCBoxApp/CodableEx.swift /Users/admin/builder/spi-builder-workspace/Sources/XCBoxApp/Config.swift /Users/admin/builder/spi-builder-workspace/Sources/XCBoxApp/DateEx.swift /Users/admin/builder/spi-builder-workspace/Sources/XCBoxApp/ErrorBase.swift /Users/admin/builder/spi-builder-workspace/Sources/XCBoxApp/FileSystems.swift /Users/admin/builder/spi-builder-workspace/Sources/XCBoxApp/NSStringEx.swift /Users/admin/builder/spi-builder-workspace/Sources/XCBoxApp/NewCommand.swift /Users/admin/builder/spi-builder-workspace/Sources/XCBoxApp/Platform.swift -primary-file /Users/admin/builder/spi-builder-workspace/Sources/XCBoxApp/ProcessEx.swift /Users/admin/builder/spi-builder-workspace/Sources/XCBoxApp/Regex.swift /Users/admin/builder/spi-builder-workspace/Sources/XCBoxApp/Resources.swift /Users/admin/builder/spi-builder-workspace/Sources/XCBoxApp/RunOptions.swift /Users/admin/builder/spi-builder-workspace/Sources/XCBoxApp/XCBoxApp.swift /Users/admin/builder/spi-builder-workspace/Sources/XCBoxApp/fm.swift -emit-dependencies-path /Users/admin/builder/spi-builder-workspace/.derivedData/Build/Intermediates.noindex/xcbox.build/Debug-watchos/XCBoxApp-t.build/Objects-normal/arm64_32/ProcessEx.d -emit-const-values-path /Users/admin/builder/spi-builder-workspace/.derivedData/Build/Intermediates.noindex/xcbox.build/Debug-watchos/XCBoxApp-t.build/Objects-normal/arm64_32/ProcessEx.swiftconstvalues -emit-reference-dependencies-path /Users/admin/builder/spi-builder-workspace/.derivedData/Build/Intermediates.noindex/xcbox.build/Debug-watchos/XCBoxApp-t.build/Objects-normal/arm64_32/ProcessEx.swiftdeps -serialize-diagnostics-path /Users/admin/builder/spi-builder-workspace/.derivedData/Build/Intermediates.noindex/xcbox.build/Debug-watchos/XCBoxApp-t.build/Objects-normal/arm64_32/ProcessEx.dia -target arm64_32-apple-watchos9.0 -disable-cross-import-overlay-search -load-resolved-plugin /Applications/Xcode-27.0.0-Release.Candidate.app/Contents/Developer/Platforms/WatchOS.platform/Developer/usr/lib/swift/host/plugins/libFoundationMacros.dylib\#/Applications/Xcode-27.0.0-Release.Candidate.app/Contents/Developer/Platforms/WatchOS.platform/Developer/usr/bin/swift-plugin-server\#FoundationMacros -load-resolved-plugin /Applications/Xcode-27.0.0-Release.Candidate.app/Contents/Developer/Platforms/WatchOS.platform/Developer/usr/lib/swift/host/plugins/libObservationMacros.dylib\#/Applications/Xcode-27.0.0-Release.Candidate.app/Contents/Developer/Platforms/WatchOS.platform/Developer/usr/bin/swift-plugin-server\#ObservationMacros -load-resolved-plugin /Applications/Xcode-27.0.0-Release.Candidate.app/Contents/Developer/Platforms/WatchOS.platform/Developer/usr/lib/swift/host/plugins/libSwiftMacros.dylib\#/Applications/Xcode-27.0.0-Release.Candidate.app/Contents/Developer/Platforms/WatchOS.platform/Developer/usr/bin/swift-plugin-server\#SwiftMacros -disable-implicit-swift-modules -Xcc -fno-implicit-modules -Xcc -fno-implicit-module-maps -explicit-swift-module-map-file /Users/admin/builder/spi-builder-workspace/.derivedData/Build/Intermediates.noindex/xcbox.build/Debug-watchos/XCBoxApp-t.build/Objects-normal/arm64_32/XCBoxApp-dependencies-1.json -enable-objc-interop -sdk /Applications/Xcode-27.0.0-Release.Candidate.app/Contents/Developer/Platforms/WatchOS.platform/Developer/SDKs/WatchOS27.0.sdk -I /Users/admin/builder/spi-builder-workspace/.derivedData/Build/Products/Debug-watchos -Isystem /Applications/Xcode-27.0.0-Release.Candidate.app/Contents/Developer/Platforms/WatchOS.platform/Developer/usr/lib -F /Users/admin/builder/spi-builder-workspace/.derivedData/Build/Products/Debug-watchos/PackageFrameworks -F /Users/admin/builder/spi-builder-workspace/.derivedData/Build/Products/Debug-watchos -F /Applications/Xcode-27.0.0-Release.Candidate.app/Contents/Developer/Platforms/WatchOS.platform/Developer/Library/Frameworks -F /Applications/Xcode-27.0.0-Release.Candidate.app/Contents/Developer/Platforms/WatchOS.platform/Developer/SDKs/WatchOS27.0.sdk/Developer/Library/Frameworks -module-cache-path /Users/admin/builder/spi-builder-workspace/.derivedData/Build/Intermediates.noindex/SwiftExplicitPrecompiledModules -no-color-diagnostics -Xcc -fno-color-diagnostics -enable-testing -g -debug-info-format\=dwarf -dwarf-version\=4 -swift-version 5 -Onone -D SWIFT_PACKAGE -D DEBUG -D SWIFT_MODULE_RESOURCE_BUNDLE_UNAVAILABLE -D Xcode -serialize-debugging-options -enable-experimental-feature DebugDescriptionMacro -empty-abi-descriptor -validate-clang-modules-once -clang-build-session-file /Users/admin/builder/spi-builder-workspace/.derivedData/ModuleCache.noindex/Session.modulevalidation -Xcc -working-directory -Xcc /Users/admin/builder/spi-builder-workspace/.swiftpm/xcode -enable-anonymous-context-mangled-names -file-compilation-dir /Users/admin/builder/spi-builder-workspace/.swiftpm/xcode -Xcc -D_LIBCPP_HARDENING_MODE\=_LIBCPP_HARDENING_MODE_DEBUG -Xcc -ivfsstatcache -Xcc /Users/admin/builder/spi-builder-workspace/.derivedData/SDKStatCaches.noindex/watchos27.0-24R360-e829b21a6f8c9b70876ba0858053c04477534ef55a1706bf4c1112bbb242f0a2.sdkstatcache -Xcc -fmodules-prune-interval\=86400 -Xcc -fmodules-prune-after\=345600 -Xcc -I/Users/admin/builder/spi-builder-workspace/.derivedData/Build/Products/Debug-watchos/include -Xcc -I/Users/admin/builder/spi-builder-workspace/.derivedData/Build/Intermediates.noindex/xcbox.build/Debug-watchos/XCBoxApp-t.build/DerivedSources-normal/arm64_32 -Xcc -I/Users/admin/builder/spi-builder-workspace/.derivedData/Build/Intermediates.noindex/xcbox.build/Debug-watchos/XCBoxApp-t.build/DerivedSources/arm64_32 -Xcc -I/Users/admin/builder/spi-builder-workspace/.derivedData/Build/Intermediates.noindex/xcbox.build/Debug-watchos/XCBoxApp-t.build/DerivedSources -Xcc -DSWIFT_PACKAGE -Xcc -DDEBUG\=1 -no-auto-bridging-header-chaining -module-name XCBoxApp -const-gather-protocols-file /Users/admin/builder/spi-builder-workspace/.derivedData/Build/Intermediates.noindex/xcbox.build/Debug-watchos/XCBoxApp-t.build/Objects-normal/arm64_32/XCBoxApp_const_extract_protocols.json -disable-clang-spi -clang-target arm64_32-apple-watchos27.0 -target-sdk-version 27.0 -target-sdk-name watchos27.0 -in-process-plugin-server-path /Applications/Xcode-27.0.0-Release.Candidate.app/Contents/Developer/Toolchains/XcodeDefault.xctoolchain/usr/lib/swift/host/libSwiftInProcPluginServer.dylib -parse-as-library -o /Users/admin/builder/spi-builder-workspace/.derivedData/Build/Intermediates.noindex/xcbox.build/Debug-watchos/XCBoxApp-t.build/Objects-normal/arm64_32/ProcessEx.o -debug-module-path /Users/admin/builder/spi-builder-workspace/.derivedData/Build/Intermediates.noindex/xcbox.build/Debug-watchos/XCBoxApp-t.build/Objects-normal/arm64_32/XCBoxApp.swiftmodule -index-unit-output-path /xcbox.build/Debug-watchos/XCBoxApp-t.build/Objects-normal/arm64_32/ProcessEx.o -index-store-path /Users/admin/builder/spi-builder-workspace/.derivedData/Index.noindex/DataStore -index-system-modules
SwiftCompile normal arm64_32 /Users/admin/builder/spi-builder-workspace/Sources/XCBoxApp/ProcessEx.swift (in target 'XCBoxApp' from project 'xcbox')
    cd /Users/admin/builder/spi-builder-workspace/.swiftpm/xcode
    builtin-SwiftPerFileCompile ProcessEx.swift
SwiftCompile normal arm64_32 Compiling\ FileSystems.swift,\ NSStringEx.swift /Users/admin/builder/spi-builder-workspace/Sources/XCBoxApp/FileSystems.swift /Users/admin/builder/spi-builder-workspace/Sources/XCBoxApp/NSStringEx.swift (in target 'XCBoxApp' from project 'xcbox')
SwiftCompile normal arm64_32 /Users/admin/builder/spi-builder-workspace/Sources/XCBoxApp/FileSystems.swift (in target 'XCBoxApp' from project 'xcbox')
    cd /Users/admin/builder/spi-builder-workspace/.swiftpm/xcode
    builtin-SwiftPerFileCompile FileSystems.swift
SwiftCompile normal arm64_32 /Users/admin/builder/spi-builder-workspace/Sources/XCBoxApp/NSStringEx.swift (in target 'XCBoxApp' from project 'xcbox')
    cd /Users/admin/builder/spi-builder-workspace/.swiftpm/xcode
    builtin-SwiftPerFileCompile NSStringEx.swift
SwiftCompile normal arm64_32 Compiling\ CodableEx.swift,\ Config.swift /Users/admin/builder/spi-builder-workspace/Sources/XCBoxApp/CodableEx.swift /Users/admin/builder/spi-builder-workspace/Sources/XCBoxApp/Config.swift (in target 'XCBoxApp' from project 'xcbox')
SwiftCompile normal arm64_32 /Users/admin/builder/spi-builder-workspace/Sources/XCBoxApp/CodableEx.swift (in target 'XCBoxApp' from project 'xcbox')
    cd /Users/admin/builder/spi-builder-workspace/.swiftpm/xcode
    builtin-SwiftPerFileCompile CodableEx.swift
SwiftCompile normal arm64_32 /Users/admin/builder/spi-builder-workspace/Sources/XCBoxApp/Config.swift (in target 'XCBoxApp' from project 'xcbox')
    cd /Users/admin/builder/spi-builder-workspace/.swiftpm/xcode
    builtin-SwiftPerFileCompile Config.swift
SwiftEmitModule normal arm64_32 Emitting\ module\ for\ XCBoxApp (in target 'XCBoxApp' from project 'xcbox')
SwiftCompile normal arm64_32 (in target 'XCBoxApp' from project 'xcbox')
    cd /Users/admin/builder/spi-builder-workspace/.swiftpm/xcode

SwiftCompile normal arm64_32 Compiling\ DateEx.swift,\ ErrorBase.swift /Users/admin/builder/spi-builder-workspace/Sources/XCBoxApp/DateEx.swift /Users/admin/builder/spi-builder-workspace/Sources/XCBoxApp/ErrorBase.swift (in target 'XCBoxApp' from project 'xcbox')
SwiftCompile normal arm64_32 /Users/admin/builder/spi-builder-workspace/Sources/XCBoxApp/DateEx.swift (in target 'XCBoxApp' from project 'xcbox')
    cd /Users/admin/builder/spi-builder-workspace/.swiftpm/xcode
    builtin-SwiftPerFileCompile DateEx.swift
SwiftCompile normal arm64_32 /Users/admin/builder/spi-builder-workspace/Sources/XCBoxApp/ErrorBase.swift (in target 'XCBoxApp' from project 'xcbox')
    cd /Users/admin/builder/spi-builder-workspace/.swiftpm/xcode
    builtin-SwiftPerFileCompile ErrorBase.swift
SwiftEmitModule normal arm64 Emitting\ module\ for\ XCBoxApp (in target 'XCBoxApp' from project 'xcbox')
SwiftCompile normal arm64 (in target 'XCBoxApp' from project 'xcbox')
    cd /Users/admin/builder/spi-builder-workspace/.swiftpm/xcode

SwiftDriverJobDiscovery normal arm64_32 Compiling fm.swift (in target 'XCBoxApp' from project 'xcbox')
SwiftCompile normal arm64 Compiling\ fm.swift /Users/admin/builder/spi-builder-workspace/Sources/XCBoxApp/fm.swift (in target 'XCBoxApp' from project 'xcbox')
SwiftCompile normal arm64 /Users/admin/builder/spi-builder-workspace/Sources/XCBoxApp/fm.swift (in target 'XCBoxApp' from project 'xcbox')
    cd /Users/admin/builder/spi-builder-workspace/.swiftpm/xcode
    builtin-SwiftPerFileCompile fm.swift
PruneExplicitPrecompiledModules /Users/admin/builder/spi-builder-workspace/.derivedData/Build/Intermediates.noindex/SwiftExplicitPrecompiledModules
PruneExplicitPrecompiledModules /Users/admin/builder/spi-builder-workspace/.derivedData/SDKExplicitPrecompiledModules
PruneExplicitPrecompiledModules /Users/admin/builder/spi-builder-workspace/.derivedData/Build/Intermediates.noindex/ExplicitPrecompiledModules
2026-09-16 08:16:17.176 xcodebuild[1025:5559] [MT] IDERunDestination: Supported platforms for the buildables in the current scheme is empty.
** BUILD FAILED **
The following build commands failed:
	SwiftCompile normal arm64_32 Compiling\ ProcessEx.swift /Users/admin/builder/spi-builder-workspace/Sources/XCBoxApp/ProcessEx.swift (in target 'XCBoxApp' from project 'xcbox')
	SwiftCompile normal arm64_32 /Users/admin/builder/spi-builder-workspace/Sources/XCBoxApp/ProcessEx.swift (in target 'XCBoxApp' from project 'xcbox')
	Building workspace xcbox with scheme xcbox-Package
(3 failures)
Command line invocation:
    /Applications/Xcode-27.0.0-Release.Candidate.app/Contents/Developer/usr/bin/xcodebuild -IDEClonedSourcePackagesDirPathOverride=/Users/admin/builder/spi-builder-workspace/.dependencies -resolvePackageDependencies
Resolve Package Graph
Resolved source packages:
  PathKit: https://github.com/kylef/PathKit @ 0.9.2
  SwiftShell: https://github.com/kareman/SwiftShell @ 4.1.2
  xcbox: /Users/admin/builder/spi-builder-workspace
  RichJSONParser: https://github.com/omochi/RichJSONParser.git @ 3.0.0
  xcodeproj: https://github.com/tuist/xcodeproj.git @ 6.7.0
  Spectre: https://github.com/kylef/Spectre.git @ 0.9.2
  AEXML: https://github.com/tadija/AEXML @ 4.3.3
  FineJSON: https://github.com/omochi/FineJSON.git @ 1.14.0
resolved source packages: PathKit, SwiftShell, xcbox, RichJSONParser, xcodeproj, Spectre, AEXML, FineJSON
2026-09-16 08:16:26.991 xcodebuild[1278:6992] [MT] IDERunDestination: Supported platforms for the buildables in the current scheme is empty.
{
  "dependencies" : [
    {
      "identity" : "xcodeproj",
      "requirement" : {
        "range" : [
          {
            "lower_bound" : "6.7.0",
            "upper_bound" : "7.0.0"
          }
        ]
      },
      "type" : "sourceControl",
      "url" : "https://github.com/tuist/xcodeproj.git"
    },
    {
      "identity" : "finejson",
      "requirement" : {
        "range" : [
          {
            "lower_bound" : "1.10.0",
            "upper_bound" : "2.0.0"
          }
        ]
      },
      "type" : "sourceControl",
      "url" : "https://github.com/omochi/FineJSON.git"
    }
  ],
  "manifest_display_name" : "xcbox",
  "name" : "xcbox",
  "path" : "/Users/admin/builder/spi-builder-workspace",
  "platforms" : [
    {
      "name" : "macos",
      "version" : "10.11"
    }
  ],
  "products" : [
    {
      "name" : "XCBoxApp",
      "targets" : [
        "XCBoxApp"
      ],
      "type" : {
        "library" : [
          "automatic"
        ]
      }
    },
    {
      "name" : "xcbox",
      "targets" : [
        "xcbox"
      ],
      "type" : {
        "executable" : null
      }
    }
  ],
  "targets" : [
    {
      "c99name" : "xcbox",
      "module_type" : "SwiftTarget",
      "name" : "xcbox",
      "path" : "Sources/xcbox",
      "product_memberships" : [
        "xcbox"
      ],
      "sources" : [
        "main.swift"
      ],
      "target_dependencies" : [
        "XCBoxApp"
      ],
      "type" : "executable"
    },
    {
      "c99name" : "XCBoxApp",
      "module_type" : "SwiftTarget",
      "name" : "XCBoxApp",
      "path" : "Sources/XCBoxApp",
      "product_dependencies" : [
        "xcodeproj",
        "FineJSON"
      ],
      "product_memberships" : [
        "XCBoxApp",
        "xcbox"
      ],
      "sources" : [
        "CodableEx.swift",
        "Config.swift",
        "DateEx.swift",
        "ErrorBase.swift",
        "FileSystems.swift",
        "NSStringEx.swift",
        "NewCommand.swift",
        "Platform.swift",
        "ProcessEx.swift",
        "Regex.swift",
        "Resources.swift",
        "RunOptions.swift",
        "XCBoxApp.swift",
        "fm.swift"
      ],
      "type" : "library"
    }
  ],
  "tools_version" : "5.0"
}
{
  "workspace" : {
    "name" : "xcbox",
    "schemes" : [
      "xcbox",
      "xcbox-Package",
      "XCBoxApp"
    ]
  }
}
2026-09-16 08:16:28.309 xcodebuild[1286:7060] [MT] IDERunDestination: Supported platforms for the buildables in the current scheme is empty.
Running build ...
env DEVELOPER_DIR=/Applications/Xcode-27.0.0-Release.Candidate.app xcrun xcodebuild -IDEClonedSourcePackagesDirPathOverride=$PWD/.dependencies -skipMacroValidation -skipPackagePluginValidation -derivedDataPath $PWD/.derivedData build -scheme xcbox-Package -destination generic/platform=watchOS
Command line invocation:
    /Applications/Xcode-27.0.0-Release.Candidate.app/Contents/Developer/usr/bin/xcodebuild -IDEClonedSourcePackagesDirPathOverride=/Users/admin/builder/spi-builder-workspace/.dependencies -skipMacroValidation -skipPackagePluginValidation -derivedDataPath /Users/admin/builder/spi-builder-workspace/.derivedData build -scheme xcbox-Package -destination generic/platform=watchOS
Resolve Package Graph
Resolved source packages:
  PathKit: https://github.com/kylef/PathKit @ 0.9.2
  FineJSON: https://github.com/omochi/FineJSON.git @ 1.14.0
  RichJSONParser: https://github.com/omochi/RichJSONParser.git @ 3.0.0
  AEXML: https://github.com/tadija/AEXML @ 4.3.3
  xcbox: /Users/admin/builder/spi-builder-workspace
  xcodeproj: https://github.com/tuist/xcodeproj.git @ 6.7.0
  Spectre: https://github.com/kylef/Spectre.git @ 0.9.2
  SwiftShell: https://github.com/kareman/SwiftShell @ 4.1.2
ComputePackagePrebuildTargetDependencyGraph
Prepare packages
CreateBuildRequest
SendProjectDescription
CreateBuildOperation
ComputeTargetDependencyGraph
note: Building targets in dependency order
note: Target dependency graph (13 targets)
    Target 'xcbox-product' in project 'xcbox'
        ➜ Explicit dependency on target 'XCBoxApp' in project 'xcbox'
        ➜ Explicit dependency on target 'xcodeproj-product' in project 'xcodeproj'
        ➜ Explicit dependency on target 'FineJSON-product' in project 'FineJSON'
    Target 'XCBoxApp-product' in project 'xcbox'
        ➜ Explicit dependency on target 'XCBoxApp' in project 'xcbox'
        ➜ Explicit dependency on target 'xcodeproj-product' in project 'xcodeproj'
        ➜ Explicit dependency on target 'FineJSON-product' in project 'FineJSON'
    Target 'XCBoxApp' in project 'xcbox'
        ➜ Explicit dependency on target 'xcodeproj-product' in project 'xcodeproj'
        ➜ Explicit dependency on target 'FineJSON-product' in project 'FineJSON'
    Target 'FineJSON-product' in project 'FineJSON'
        ➜ Explicit dependency on target 'FineJSON' in project 'FineJSON'
        ➜ Explicit dependency on target 'RichJSONParser-product' in project 'RichJSONParser'
    Target 'FineJSON' in project 'FineJSON'
        ➜ Explicit dependency on target 'RichJSONParser-product' in project 'RichJSONParser'
    Target 'RichJSONParser-product' in project 'RichJSONParser'
        ➜ Explicit dependency on target 'RichJSONParser' in project 'RichJSONParser'
    Target 'RichJSONParser' in project 'RichJSONParser' (no dependencies)
    Target 'xcodeproj-product' in project 'xcodeproj'
        ➜ Explicit dependency on target 'xcodeproj' in project 'xcodeproj'
        ➜ Explicit dependency on target 'PathKit-product' in project 'PathKit'
        ➜ Explicit dependency on target 'AEXML-product' in project 'AEXML'
    Target 'xcodeproj' in project 'xcodeproj'
        ➜ Explicit dependency on target 'PathKit-product' in project 'PathKit'
        ➜ Explicit dependency on target 'AEXML-product' in project 'AEXML'
    Target 'AEXML-product' in project 'AEXML'
        ➜ Explicit dependency on target 'AEXML' in project 'AEXML'
    Target 'AEXML' in project 'AEXML' (no dependencies)
    Target 'PathKit-product' in project 'PathKit'
        ➜ Explicit dependency on target 'PathKit' in project 'PathKit'
    Target 'PathKit' in project 'PathKit' (no dependencies)
GatherProvisioningInputs
CreateBuildDescription
ClangStatCache /Applications/Xcode-27.0.0-Release.Candidate.app/Contents/Developer/Toolchains/XcodeDefault.xctoolchain/usr/bin/clang-stat-cache /Applications/Xcode-27.0.0-Release.Candidate.app/Contents/Developer/Platforms/WatchOS.platform/Developer/SDKs/WatchOS27.0.sdk /Users/admin/builder/spi-builder-workspace/.derivedData/SDKStatCaches.noindex/watchos27.0-24R360-e829b21a6f8c9b70876ba0858053c04477534ef55a1706bf4c1112bbb242f0a2.sdkstatcache
    cd /Users/admin/builder/spi-builder-workspace/.swiftpm/xcode
    /Applications/Xcode-27.0.0-Release.Candidate.app/Contents/Developer/Toolchains/XcodeDefault.xctoolchain/usr/bin/clang-stat-cache /Applications/Xcode-27.0.0-Release.Candidate.app/Contents/Developer/Platforms/WatchOS.platform/Developer/SDKs/WatchOS27.0.sdk -o /Users/admin/builder/spi-builder-workspace/.derivedData/SDKStatCaches.noindex/watchos27.0-24R360-e829b21a6f8c9b70876ba0858053c04477534ef55a1706bf4c1112bbb242f0a2.sdkstatcache
SwiftDriver XCBoxApp normal arm64 com.apple.xcode.tools.swift.compiler (in target 'XCBoxApp' from project 'xcbox')
    cd /Users/admin/builder/spi-builder-workspace/.swiftpm/xcode
    builtin-SwiftDriver -- /Applications/Xcode-27.0.0-Release.Candidate.app/Contents/Developer/Toolchains/XcodeDefault.xctoolchain/usr/bin/swiftc -parse-as-library -module-name XCBoxApp -Onone @/Users/admin/builder/spi-builder-workspace/.derivedData/Build/Intermediates.noindex/xcbox.build/Debug-watchos/XCBoxApp-t.build/Objects-normal/arm64/XCBoxApp.SwiftFileList -DSWIFT_PACKAGE -DDEBUG -DSWIFT_MODULE_RESOURCE_BUNDLE_UNAVAILABLE -DXcode -plugin-path /Applications/Xcode-27.0.0-Release.Candidate.app/Contents/Developer/Toolchains/XcodeDefault.xctoolchain/usr/lib/swift/host/plugins/testing -enable-experimental-feature DebugDescriptionMacro -sdk /Applications/Xcode-27.0.0-Release.Candidate.app/Contents/Developer/Platforms/WatchOS.platform/Developer/SDKs/WatchOS27.0.sdk -target arm64-apple-watchos9.0 -g -module-cache-path /Users/admin/builder/spi-builder-workspace/.derivedData/ModuleCache.noindex -Xfrontend -serialize-debugging-options -enable-testing -index-store-path /Users/admin/builder/spi-builder-workspace/.derivedData/Index.noindex/DataStore -Xcc -D_LIBCPP_HARDENING_MODE\=_LIBCPP_HARDENING_MODE_DEBUG -swift-version 5 -I /Users/admin/builder/spi-builder-workspace/.derivedData/Build/Products/Debug-watchos -Isystem /Applications/Xcode-27.0.0-Release.Candidate.app/Contents/Developer/Platforms/WatchOS.platform/Developer/usr/lib -F /Users/admin/builder/spi-builder-workspace/.derivedData/Build/Products/Debug-watchos/PackageFrameworks -F /Users/admin/builder/spi-builder-workspace/.derivedData/Build/Products/Debug-watchos -F /Applications/Xcode-27.0.0-Release.Candidate.app/Contents/Developer/Platforms/WatchOS.platform/Developer/Library/Frameworks -F /Applications/Xcode-27.0.0-Release.Candidate.app/Contents/Developer/Platforms/WatchOS.platform/Developer/SDKs/WatchOS27.0.sdk/Developer/Library/Frameworks -c -j10 -enable-batch-mode -incremental -Xcc -ivfsstatcache -Xcc /Users/admin/builder/spi-builder-workspace/.derivedData/SDKStatCaches.noindex/watchos27.0-24R360-e829b21a6f8c9b70876ba0858053c04477534ef55a1706bf4c1112bbb242f0a2.sdkstatcache -output-file-map /Users/admin/builder/spi-builder-workspace/.derivedData/Build/Intermediates.noindex/xcbox.build/Debug-watchos/XCBoxApp-t.build/Objects-normal/arm64/XCBoxApp-OutputFileMap.json -save-temps -no-color-diagnostics -explicit-module-build -module-cache-path /Users/admin/builder/spi-builder-workspace/.derivedData/Build/Intermediates.noindex/SwiftExplicitPrecompiledModules -clang-scanner-module-cache-path /Users/admin/builder/spi-builder-workspace/.derivedData/ModuleCache.noindex -sdk-module-cache-path /Users/admin/builder/spi-builder-workspace/.derivedData/SDKExplicitPrecompiledModules -emit-dependencies -emit-module -emit-module-path /Users/admin/builder/spi-builder-workspace/.derivedData/Build/Intermediates.noindex/xcbox.build/Debug-watchos/XCBoxApp-t.build/Objects-normal/arm64/XCBoxApp.swiftmodule -serialize-diagnostics -dependency-scan-serialize-diagnostics-path /Users/admin/builder/spi-builder-workspace/.derivedData/Build/Intermediates.noindex/xcbox.build/Debug-watchos/XCBoxApp-t.build/Objects-normal/arm64/XCBoxApp-dependency-scan.dia -validate-clang-modules-once -clang-build-session-file /Users/admin/builder/spi-builder-workspace/.derivedData/ModuleCache.noindex/Session.modulevalidation -Xcc -fmodules-prune-interval\=86400 -Xcc -fmodules-prune-after\=345600 -emit-const-values -const-gather-protocols-list /Users/admin/builder/spi-builder-workspace/.derivedData/Build/Intermediates.noindex/xcbox.build/Debug-watchos/XCBoxApp-t.build/Objects-normal/arm64/XCBoxApp_const_extract_protocols.json -Xcc -I/Users/admin/builder/spi-builder-workspace/.derivedData/Build/Products/Debug-watchos/include -Xcc -I/Users/admin/builder/spi-builder-workspace/.derivedData/Build/Intermediates.noindex/xcbox.build/Debug-watchos/XCBoxApp-t.build/DerivedSources-normal/arm64 -Xcc -I/Users/admin/builder/spi-builder-workspace/.derivedData/Build/Intermediates.noindex/xcbox.build/Debug-watchos/XCBoxApp-t.build/DerivedSources/arm64 -Xcc -I/Users/admin/builder/spi-builder-workspace/.derivedData/Build/Intermediates.noindex/xcbox.build/Debug-watchos/XCBoxApp-t.build/DerivedSources -Xcc -DSWIFT_PACKAGE -Xcc -DDEBUG\=1 -emit-objc-header -emit-objc-header-path /Users/admin/builder/spi-builder-workspace/.derivedData/Build/Intermediates.noindex/xcbox.build/Debug-watchos/XCBoxApp-t.build/Objects-normal/arm64/XCBoxApp-Swift.h -working-directory /Users/admin/builder/spi-builder-workspace/.swiftpm/xcode -experimental-emit-module-separately -disable-cmo
SwiftDriver XCBoxApp normal arm64_32 com.apple.xcode.tools.swift.compiler (in target 'XCBoxApp' from project 'xcbox')
    cd /Users/admin/builder/spi-builder-workspace/.swiftpm/xcode
    builtin-SwiftDriver -- /Applications/Xcode-27.0.0-Release.Candidate.app/Contents/Developer/Toolchains/XcodeDefault.xctoolchain/usr/bin/swiftc -parse-as-library -module-name XCBoxApp -Onone @/Users/admin/builder/spi-builder-workspace/.derivedData/Build/Intermediates.noindex/xcbox.build/Debug-watchos/XCBoxApp-t.build/Objects-normal/arm64_32/XCBoxApp.SwiftFileList -DSWIFT_PACKAGE -DDEBUG -DSWIFT_MODULE_RESOURCE_BUNDLE_UNAVAILABLE -DXcode -plugin-path /Applications/Xcode-27.0.0-Release.Candidate.app/Contents/Developer/Toolchains/XcodeDefault.xctoolchain/usr/lib/swift/host/plugins/testing -enable-experimental-feature DebugDescriptionMacro -sdk /Applications/Xcode-27.0.0-Release.Candidate.app/Contents/Developer/Platforms/WatchOS.platform/Developer/SDKs/WatchOS27.0.sdk -target arm64_32-apple-watchos9.0 -g -module-cache-path /Users/admin/builder/spi-builder-workspace/.derivedData/ModuleCache.noindex -Xfrontend -serialize-debugging-options -enable-testing -index-store-path /Users/admin/builder/spi-builder-workspace/.derivedData/Index.noindex/DataStore -Xcc -D_LIBCPP_HARDENING_MODE\=_LIBCPP_HARDENING_MODE_DEBUG -swift-version 5 -I /Users/admin/builder/spi-builder-workspace/.derivedData/Build/Products/Debug-watchos -Isystem /Applications/Xcode-27.0.0-Release.Candidate.app/Contents/Developer/Platforms/WatchOS.platform/Developer/usr/lib -F /Users/admin/builder/spi-builder-workspace/.derivedData/Build/Products/Debug-watchos/PackageFrameworks -F /Users/admin/builder/spi-builder-workspace/.derivedData/Build/Products/Debug-watchos -F /Applications/Xcode-27.0.0-Release.Candidate.app/Contents/Developer/Platforms/WatchOS.platform/Developer/Library/Frameworks -F /Applications/Xcode-27.0.0-Release.Candidate.app/Contents/Developer/Platforms/WatchOS.platform/Developer/SDKs/WatchOS27.0.sdk/Developer/Library/Frameworks -c -j10 -enable-batch-mode -incremental -Xcc -ivfsstatcache -Xcc /Users/admin/builder/spi-builder-workspace/.derivedData/SDKStatCaches.noindex/watchos27.0-24R360-e829b21a6f8c9b70876ba0858053c04477534ef55a1706bf4c1112bbb242f0a2.sdkstatcache -output-file-map /Users/admin/builder/spi-builder-workspace/.derivedData/Build/Intermediates.noindex/xcbox.build/Debug-watchos/XCBoxApp-t.build/Objects-normal/arm64_32/XCBoxApp-OutputFileMap.json -save-temps -no-color-diagnostics -explicit-module-build -module-cache-path /Users/admin/builder/spi-builder-workspace/.derivedData/Build/Intermediates.noindex/SwiftExplicitPrecompiledModules -clang-scanner-module-cache-path /Users/admin/builder/spi-builder-workspace/.derivedData/ModuleCache.noindex -sdk-module-cache-path /Users/admin/builder/spi-builder-workspace/.derivedData/SDKExplicitPrecompiledModules -emit-dependencies -emit-module -emit-module-path /Users/admin/builder/spi-builder-workspace/.derivedData/Build/Intermediates.noindex/xcbox.build/Debug-watchos/XCBoxApp-t.build/Objects-normal/arm64_32/XCBoxApp.swiftmodule -serialize-diagnostics -dependency-scan-serialize-diagnostics-path /Users/admin/builder/spi-builder-workspace/.derivedData/Build/Intermediates.noindex/xcbox.build/Debug-watchos/XCBoxApp-t.build/Objects-normal/arm64_32/XCBoxApp-dependency-scan.dia -validate-clang-modules-once -clang-build-session-file /Users/admin/builder/spi-builder-workspace/.derivedData/ModuleCache.noindex/Session.modulevalidation -Xcc -fmodules-prune-interval\=86400 -Xcc -fmodules-prune-after\=345600 -emit-const-values -const-gather-protocols-list /Users/admin/builder/spi-builder-workspace/.derivedData/Build/Intermediates.noindex/xcbox.build/Debug-watchos/XCBoxApp-t.build/Objects-normal/arm64_32/XCBoxApp_const_extract_protocols.json -Xcc -I/Users/admin/builder/spi-builder-workspace/.derivedData/Build/Products/Debug-watchos/include -Xcc -I/Users/admin/builder/spi-builder-workspace/.derivedData/Build/Intermediates.noindex/xcbox.build/Debug-watchos/XCBoxApp-t.build/DerivedSources-normal/arm64_32 -Xcc -I/Users/admin/builder/spi-builder-workspace/.derivedData/Build/Intermediates.noindex/xcbox.build/Debug-watchos/XCBoxApp-t.build/DerivedSources/arm64_32 -Xcc -I/Users/admin/builder/spi-builder-workspace/.derivedData/Build/Intermediates.noindex/xcbox.build/Debug-watchos/XCBoxApp-t.build/DerivedSources -Xcc -DSWIFT_PACKAGE -Xcc -DDEBUG\=1 -emit-objc-header -emit-objc-header-path /Users/admin/builder/spi-builder-workspace/.derivedData/Build/Intermediates.noindex/xcbox.build/Debug-watchos/XCBoxApp-t.build/Objects-normal/arm64_32/XCBoxApp-Swift.h -working-directory /Users/admin/builder/spi-builder-workspace/.swiftpm/xcode -experimental-emit-module-separately -disable-cmo
SwiftCompile normal arm64 Compiling\ CodableEx.swift,\ Config.swift /Users/admin/builder/spi-builder-workspace/Sources/XCBoxApp/CodableEx.swift /Users/admin/builder/spi-builder-workspace/Sources/XCBoxApp/Config.swift (in target 'XCBoxApp' from project 'xcbox')
SwiftCompile normal arm64 /Users/admin/builder/spi-builder-workspace/Sources/XCBoxApp/CodableEx.swift (in target 'XCBoxApp' from project 'xcbox')
    cd /Users/admin/builder/spi-builder-workspace/.swiftpm/xcode
    builtin-SwiftPerFileCompile CodableEx.swift
SwiftCompile normal arm64 /Users/admin/builder/spi-builder-workspace/Sources/XCBoxApp/Config.swift (in target 'XCBoxApp' from project 'xcbox')
    cd /Users/admin/builder/spi-builder-workspace/.swiftpm/xcode
    builtin-SwiftPerFileCompile Config.swift
SwiftCompile normal arm64 Compiling\ ProcessEx.swift /Users/admin/builder/spi-builder-workspace/Sources/XCBoxApp/ProcessEx.swift (in target 'XCBoxApp' from project 'xcbox')
/Users/admin/builder/spi-builder-workspace/Sources/XCBoxApp/ProcessEx.swift:22:11: error: cannot find type 'Process' in scope
20 | }
21 |
22 | extension Process {
   |           `- error: cannot find type 'Process' in scope
23 |     public static func resolveCommand(name: String) throws -> String {
24 |         let path = try capture(command: ["/usr/bin/which", name], resolve: false)
Failed frontend command:
/Applications/Xcode-27.0.0-Release.Candidate.app/Contents/Developer/Toolchains/XcodeDefault.xctoolchain/usr/bin/swift-frontend -frontend -c /Users/admin/builder/spi-builder-workspace/Sources/XCBoxApp/CodableEx.swift /Users/admin/builder/spi-builder-workspace/Sources/XCBoxApp/Config.swift /Users/admin/builder/spi-builder-workspace/Sources/XCBoxApp/DateEx.swift /Users/admin/builder/spi-builder-workspace/Sources/XCBoxApp/ErrorBase.swift /Users/admin/builder/spi-builder-workspace/Sources/XCBoxApp/FileSystems.swift /Users/admin/builder/spi-builder-workspace/Sources/XCBoxApp/NSStringEx.swift /Users/admin/builder/spi-builder-workspace/Sources/XCBoxApp/NewCommand.swift /Users/admin/builder/spi-builder-workspace/Sources/XCBoxApp/Platform.swift -primary-file /Users/admin/builder/spi-builder-workspace/Sources/XCBoxApp/ProcessEx.swift /Users/admin/builder/spi-builder-workspace/Sources/XCBoxApp/Regex.swift /Users/admin/builder/spi-builder-workspace/Sources/XCBoxApp/Resources.swift /Users/admin/builder/spi-builder-workspace/Sources/XCBoxApp/RunOptions.swift /Users/admin/builder/spi-builder-workspace/Sources/XCBoxApp/XCBoxApp.swift /Users/admin/builder/spi-builder-workspace/Sources/XCBoxApp/fm.swift -emit-dependencies-path /Users/admin/builder/spi-builder-workspace/.derivedData/Build/Intermediates.noindex/xcbox.build/Debug-watchos/XCBoxApp-t.build/Objects-normal/arm64/ProcessEx.d -emit-const-values-path /Users/admin/builder/spi-builder-workspace/.derivedData/Build/Intermediates.noindex/xcbox.build/Debug-watchos/XCBoxApp-t.build/Objects-normal/arm64/ProcessEx.swiftconstvalues -emit-reference-dependencies-path /Users/admin/builder/spi-builder-workspace/.derivedData/Build/Intermediates.noindex/xcbox.build/Debug-watchos/XCBoxApp-t.build/Objects-normal/arm64/ProcessEx.swiftdeps -serialize-diagnostics-path /Users/admin/builder/spi-builder-workspace/.derivedData/Build/Intermediates.noindex/xcbox.build/Debug-watchos/XCBoxApp-t.build/Objects-normal/arm64/ProcessEx.dia -target arm64-apple-watchos9.0 -disable-cross-import-overlay-search -load-resolved-plugin /Applications/Xcode-27.0.0-Release.Candidate.app/Contents/Developer/Platforms/WatchOS.platform/Developer/usr/lib/swift/host/plugins/libFoundationMacros.dylib\#/Applications/Xcode-27.0.0-Release.Candidate.app/Contents/Developer/Platforms/WatchOS.platform/Developer/usr/bin/swift-plugin-server\#FoundationMacros -load-resolved-plugin /Applications/Xcode-27.0.0-Release.Candidate.app/Contents/Developer/Platforms/WatchOS.platform/Developer/usr/lib/swift/host/plugins/libObservationMacros.dylib\#/Applications/Xcode-27.0.0-Release.Candidate.app/Contents/Developer/Platforms/WatchOS.platform/Developer/usr/bin/swift-plugin-server\#ObservationMacros -load-resolved-plugin /Applications/Xcode-27.0.0-Release.Candidate.app/Contents/Developer/Platforms/WatchOS.platform/Developer/usr/lib/swift/host/plugins/libSwiftMacros.dylib\#/Applications/Xcode-27.0.0-Release.Candidate.app/Contents/Developer/Platforms/WatchOS.platform/Developer/usr/bin/swift-plugin-server\#SwiftMacros -disable-implicit-swift-modules -Xcc -fno-implicit-modules -Xcc -fno-implicit-module-maps -explicit-swift-module-map-file /Users/admin/builder/spi-builder-workspace/.derivedData/Build/Intermediates.noindex/xcbox.build/Debug-watchos/XCBoxApp-t.build/Objects-normal/arm64/XCBoxApp-dependencies-2.json -Xllvm -aarch64-use-tbi -enable-objc-interop -stack-check -sdk /Applications/Xcode-27.0.0-Release.Candidate.app/Contents/Developer/Platforms/WatchOS.platform/Developer/SDKs/WatchOS27.0.sdk -I /Users/admin/builder/spi-builder-workspace/.derivedData/Build/Products/Debug-watchos -Isystem /Applications/Xcode-27.0.0-Release.Candidate.app/Contents/Developer/Platforms/WatchOS.platform/Developer/usr/lib -F /Users/admin/builder/spi-builder-workspace/.derivedData/Build/Products/Debug-watchos/PackageFrameworks -F /Users/admin/builder/spi-builder-workspace/.derivedData/Build/Products/Debug-watchos -F /Applications/Xcode-27.0.0-Release.Candidate.app/Contents/Developer/Platforms/WatchOS.platform/Developer/Library/Frameworks -F /Applications/Xcode-27.0.0-Release.Candidate.app/Contents/Developer/Platforms/WatchOS.platform/Developer/SDKs/WatchOS27.0.sdk/Developer/Library/Frameworks -module-cache-path /Users/admin/builder/spi-builder-workspace/.derivedData/Build/Intermediates.noindex/SwiftExplicitPrecompiledModules -no-color-diagnostics -Xcc -fno-color-diagnostics -enable-testing -g -debug-info-format\=dwarf -dwarf-version\=4 -swift-version 5 -Onone -D SWIFT_PACKAGE -D DEBUG -D SWIFT_MODULE_RESOURCE_BUNDLE_UNAVAILABLE -D Xcode -serialize-debugging-options -enable-experimental-feature DebugDescriptionMacro -empty-abi-descriptor -validate-clang-modules-once -clang-build-session-file /Users/admin/builder/spi-builder-workspace/.derivedData/ModuleCache.noindex/Session.modulevalidation -Xcc -working-directory -Xcc /Users/admin/builder/spi-builder-workspace/.swiftpm/xcode -enable-anonymous-context-mangled-names -file-compilation-dir /Users/admin/builder/spi-builder-workspace/.swiftpm/xcode -Xcc -D_LIBCPP_HARDENING_MODE\=_LIBCPP_HARDENING_MODE_DEBUG -Xcc -ivfsstatcache -Xcc /Users/admin/builder/spi-builder-workspace/.derivedData/SDKStatCaches.noindex/watchos27.0-24R360-e829b21a6f8c9b70876ba0858053c04477534ef55a1706bf4c1112bbb242f0a2.sdkstatcache -Xcc -fmodules-prune-interval\=86400 -Xcc -fmodules-prune-after\=345600 -Xcc -I/Users/admin/builder/spi-builder-workspace/.derivedData/Build/Products/Debug-watchos/include -Xcc -I/Users/admin/builder/spi-builder-workspace/.derivedData/Build/Intermediates.noindex/xcbox.build/Debug-watchos/XCBoxApp-t.build/DerivedSources-normal/arm64 -Xcc -I/Users/admin/builder/spi-builder-workspace/.derivedData/Build/Intermediates.noindex/xcbox.build/Debug-watchos/XCBoxApp-t.build/DerivedSources/arm64 -Xcc -I/Users/admin/builder/spi-builder-workspace/.derivedData/Build/Intermediates.noindex/xcbox.build/Debug-watchos/XCBoxApp-t.build/DerivedSources -Xcc -DSWIFT_PACKAGE -Xcc -DDEBUG\=1 -no-auto-bridging-header-chaining -module-name XCBoxApp -const-gather-protocols-file /Users/admin/builder/spi-builder-workspace/.derivedData/Build/Intermediates.noindex/xcbox.build/Debug-watchos/XCBoxApp-t.build/Objects-normal/arm64/XCBoxApp_const_extract_protocols.json -disable-clang-spi -clang-target arm64-apple-watchos27.0 -target-sdk-version 27.0 -target-sdk-name watchos27.0 -in-process-plugin-server-path /Applications/Xcode-27.0.0-Release.Candidate.app/Contents/Developer/Toolchains/XcodeDefault.xctoolchain/usr/lib/swift/host/libSwiftInProcPluginServer.dylib -parse-as-library -o /Users/admin/builder/spi-builder-workspace/.derivedData/Build/Intermediates.noindex/xcbox.build/Debug-watchos/XCBoxApp-t.build/Objects-normal/arm64/ProcessEx.o -debug-module-path /Users/admin/builder/spi-builder-workspace/.derivedData/Build/Intermediates.noindex/xcbox.build/Debug-watchos/XCBoxApp-t.build/Objects-normal/arm64/XCBoxApp.swiftmodule -index-unit-output-path /xcbox.build/Debug-watchos/XCBoxApp-t.build/Objects-normal/arm64/ProcessEx.o -index-store-path /Users/admin/builder/spi-builder-workspace/.derivedData/Index.noindex/DataStore -index-system-modules
SwiftCompile normal arm64 /Users/admin/builder/spi-builder-workspace/Sources/XCBoxApp/ProcessEx.swift (in target 'XCBoxApp' from project 'xcbox')
    cd /Users/admin/builder/spi-builder-workspace/.swiftpm/xcode
    builtin-SwiftPerFileCompile ProcessEx.swift
SwiftCompile normal arm64 Compiling\ NewCommand.swift,\ Platform.swift /Users/admin/builder/spi-builder-workspace/Sources/XCBoxApp/NewCommand.swift /Users/admin/builder/spi-builder-workspace/Sources/XCBoxApp/Platform.swift (in target 'XCBoxApp' from project 'xcbox')
SwiftCompile normal arm64 /Users/admin/builder/spi-builder-workspace/Sources/XCBoxApp/NewCommand.swift (in target 'XCBoxApp' from project 'xcbox')
    cd /Users/admin/builder/spi-builder-workspace/.swiftpm/xcode
    builtin-SwiftPerFileCompile NewCommand.swift
SwiftCompile normal arm64 /Users/admin/builder/spi-builder-workspace/Sources/XCBoxApp/Platform.swift (in target 'XCBoxApp' from project 'xcbox')
    cd /Users/admin/builder/spi-builder-workspace/.swiftpm/xcode
    builtin-SwiftPerFileCompile Platform.swift
SwiftCompile normal arm64 Compiling\ DateEx.swift,\ ErrorBase.swift /Users/admin/builder/spi-builder-workspace/Sources/XCBoxApp/DateEx.swift /Users/admin/builder/spi-builder-workspace/Sources/XCBoxApp/ErrorBase.swift (in target 'XCBoxApp' from project 'xcbox')
SwiftCompile normal arm64 /Users/admin/builder/spi-builder-workspace/Sources/XCBoxApp/DateEx.swift (in target 'XCBoxApp' from project 'xcbox')
    cd /Users/admin/builder/spi-builder-workspace/.swiftpm/xcode
    builtin-SwiftPerFileCompile DateEx.swift
SwiftCompile normal arm64 /Users/admin/builder/spi-builder-workspace/Sources/XCBoxApp/ErrorBase.swift (in target 'XCBoxApp' from project 'xcbox')
    cd /Users/admin/builder/spi-builder-workspace/.swiftpm/xcode
    builtin-SwiftPerFileCompile ErrorBase.swift
SwiftCompile normal arm64 Compiling\ FileSystems.swift,\ NSStringEx.swift /Users/admin/builder/spi-builder-workspace/Sources/XCBoxApp/FileSystems.swift /Users/admin/builder/spi-builder-workspace/Sources/XCBoxApp/NSStringEx.swift (in target 'XCBoxApp' from project 'xcbox')
SwiftCompile normal arm64 /Users/admin/builder/spi-builder-workspace/Sources/XCBoxApp/FileSystems.swift (in target 'XCBoxApp' from project 'xcbox')
    cd /Users/admin/builder/spi-builder-workspace/.swiftpm/xcode
    builtin-SwiftPerFileCompile FileSystems.swift
SwiftCompile normal arm64 /Users/admin/builder/spi-builder-workspace/Sources/XCBoxApp/NSStringEx.swift (in target 'XCBoxApp' from project 'xcbox')
    cd /Users/admin/builder/spi-builder-workspace/.swiftpm/xcode
    builtin-SwiftPerFileCompile NSStringEx.swift
SwiftCompile normal arm64 Compiling\ Regex.swift /Users/admin/builder/spi-builder-workspace/Sources/XCBoxApp/Regex.swift (in target 'XCBoxApp' from project 'xcbox')
SwiftCompile normal arm64 /Users/admin/builder/spi-builder-workspace/Sources/XCBoxApp/Regex.swift (in target 'XCBoxApp' from project 'xcbox')
    cd /Users/admin/builder/spi-builder-workspace/.swiftpm/xcode
    builtin-SwiftPerFileCompile Regex.swift
SwiftCompile normal arm64 Compiling\ RunOptions.swift /Users/admin/builder/spi-builder-workspace/Sources/XCBoxApp/RunOptions.swift (in target 'XCBoxApp' from project 'xcbox')
SwiftCompile normal arm64 /Users/admin/builder/spi-builder-workspace/Sources/XCBoxApp/RunOptions.swift (in target 'XCBoxApp' from project 'xcbox')
    cd /Users/admin/builder/spi-builder-workspace/.swiftpm/xcode
    builtin-SwiftPerFileCompile RunOptions.swift
SwiftCompile normal arm64 Compiling\ fm.swift /Users/admin/builder/spi-builder-workspace/Sources/XCBoxApp/fm.swift (in target 'XCBoxApp' from project 'xcbox')
SwiftCompile normal arm64 /Users/admin/builder/spi-builder-workspace/Sources/XCBoxApp/fm.swift (in target 'XCBoxApp' from project 'xcbox')
    cd /Users/admin/builder/spi-builder-workspace/.swiftpm/xcode
    builtin-SwiftPerFileCompile fm.swift
SwiftCompile normal arm64 Compiling\ XCBoxApp.swift /Users/admin/builder/spi-builder-workspace/Sources/XCBoxApp/XCBoxApp.swift (in target 'XCBoxApp' from project 'xcbox')
SwiftCompile normal arm64 /Users/admin/builder/spi-builder-workspace/Sources/XCBoxApp/XCBoxApp.swift (in target 'XCBoxApp' from project 'xcbox')
    cd /Users/admin/builder/spi-builder-workspace/.swiftpm/xcode
    builtin-SwiftPerFileCompile XCBoxApp.swift
SwiftEmitModule normal arm64 Emitting\ module\ for\ XCBoxApp (in target 'XCBoxApp' from project 'xcbox')
SwiftCompile normal arm64 (in target 'XCBoxApp' from project 'xcbox')
    cd /Users/admin/builder/spi-builder-workspace/.swiftpm/xcode

SwiftEmitModule normal arm64_32 Emitting\ module\ for\ XCBoxApp (in target 'XCBoxApp' from project 'xcbox')
SwiftCompile normal arm64_32 (in target 'XCBoxApp' from project 'xcbox')
    cd /Users/admin/builder/spi-builder-workspace/.swiftpm/xcode

SwiftDriverJobDiscovery normal arm64 Compiling fm.swift (in target 'XCBoxApp' from project 'xcbox')
SwiftCompile normal arm64_32 Compiling\ Regex.swift /Users/admin/builder/spi-builder-workspace/Sources/XCBoxApp/Regex.swift (in target 'XCBoxApp' from project 'xcbox')
SwiftCompile normal arm64_32 /Users/admin/builder/spi-builder-workspace/Sources/XCBoxApp/Regex.swift (in target 'XCBoxApp' from project 'xcbox')
    cd /Users/admin/builder/spi-builder-workspace/.swiftpm/xcode
    builtin-SwiftPerFileCompile Regex.swift
PruneExplicitPrecompiledModules /Users/admin/builder/spi-builder-workspace/.derivedData/Build/Intermediates.noindex/ExplicitPrecompiledModules
PruneExplicitPrecompiledModules /Users/admin/builder/spi-builder-workspace/.derivedData/Build/Intermediates.noindex/SwiftExplicitPrecompiledModules
PruneExplicitPrecompiledModules /Users/admin/builder/spi-builder-workspace/.derivedData/SDKExplicitPrecompiledModules
2026-09-16 08:16:29.370 xcodebuild[1287:7088] [MT] IDERunDestination: Supported platforms for the buildables in the current scheme is empty.
** BUILD FAILED **
The following build commands failed:
	SwiftCompile normal arm64 Compiling\ ProcessEx.swift /Users/admin/builder/spi-builder-workspace/Sources/XCBoxApp/ProcessEx.swift (in target 'XCBoxApp' from project 'xcbox')
	SwiftCompile normal arm64 /Users/admin/builder/spi-builder-workspace/Sources/XCBoxApp/ProcessEx.swift (in target 'XCBoxApp' from project 'xcbox')
	Building workspace xcbox with scheme xcbox-Package
(3 failures)
BUILD FAILURE 6.4 watchOS