Build Information
Failed to build OrbitalLayout, reference 1.4.1 (059322), with Swift 6.3 for watchOS using Xcode 26.4 on 11 Aug 2026 14:57:45 UTC.
Build Command
env DEVELOPER_DIR=/Applications/Xcode-26.4.0.app xcrun xcodebuild -IDEClonedSourcePackagesDirPathOverride=$PWD/.dependencies -skipMacroValidation -skipPackagePluginValidation -derivedDataPath $PWD/.derivedData build -scheme OrbitalLayout -destination generic/platform=watchOSBuild Log
========================================
RunAll
========================================
Builder version: undefined version: run 'make version' to update
Interrupt handler set up.
========================================
Checkout
========================================
Clone URL: https://github.com/dimayurkovski/OrbitalLayout.git
Reference: 1.4.1
Initialized empty Git repository in /Users/admin/builder/spi-builder-workspace/.git/
From https://github.com/dimayurkovski/OrbitalLayout
* tag 1.4.1 -> FETCH_HEAD
HEAD is now at 059322a Silence noisy negative-constant warning, add warn-once dedup
Cloned https://github.com/dimayurkovski/OrbitalLayout.git
Revision (git rev-parse @):
059322a65bf92a53eb15948d484bcfc442560780
SUCCESS checkout https://github.com/dimayurkovski/OrbitalLayout.git at 1.4.1
========================================
Build
========================================
Selected platform: watchOS
Swift version: 6.3
Building package at path: $PWD
https://github.com/dimayurkovski/OrbitalLayout.git
Command line invocation:
/Applications/Xcode-26.4.0.app/Contents/Developer/usr/bin/xcodebuild -IDEClonedSourcePackagesDirPathOverride=/Users/admin/builder/spi-builder-workspace/.dependencies -resolvePackageDependencies
Resolve Package Graph
Resolve Package Graph
Resolved source packages:
OrbitalLayout: /Users/admin/builder/spi-builder-workspace
resolved source packages: OrbitalLayout
2026-08-11 10:57:12.153 xcodebuild[541:3126] [MT] IDERunDestination: Supported platforms for the buildables in the current scheme is empty.
{
"dependencies" : [
],
"manifest_display_name" : "OrbitalLayout",
"name" : "OrbitalLayout",
"path" : "/Users/admin/builder/spi-builder-workspace",
"platforms" : [
{
"name" : "ios",
"version" : "15.0"
},
{
"name" : "macos",
"version" : "12.0"
},
{
"name" : "tvos",
"version" : "15.0"
}
],
"products" : [
{
"name" : "OrbitalLayout",
"targets" : [
"OrbitalLayout"
],
"type" : {
"library" : [
"automatic"
]
}
}
],
"targets" : [
{
"c99name" : "OrbitalLayoutTests",
"module_type" : "SwiftTarget",
"name" : "OrbitalLayoutTests",
"path" : "Tests",
"sources" : [
"ConstraintFactoryTests.swift",
"ConstraintStorageTests.swift",
"ErrorHandlingTests.swift",
"IntegrationTests.swift",
"OrbitalAnchorTests.swift",
"OrbitalConstraintExtensionTests.swift",
"OrbitalDescriptorTests.swift",
"OrbitalLayoutTests.swift",
"OrbitalPriorityTests.swift",
"OrbitalProxyTests.swift",
"OrbitalRelationTests.swift",
"OrbitalViewControllerExtensionTests.swift",
"OrbitalViewExtensionTests.swift"
],
"target_dependencies" : [
"OrbitalLayout"
],
"type" : "test"
},
{
"c99name" : "OrbitalLayout",
"module_type" : "SwiftTarget",
"name" : "OrbitalLayout",
"path" : "Sources",
"product_memberships" : [
"OrbitalLayout"
],
"resources" : [
{
"path" : "/Users/admin/builder/spi-builder-workspace/Sources/PrivacyInfo.xcprivacy",
"rule" : {
"process" : {
}
}
}
],
"sources" : [
"Core/ConstraintFactory.swift",
"Core/OrbitalAnchor.swift",
"Core/OrbitalDescriptor.swift",
"Core/OrbitalPriority.swift",
"Core/OrbitalRelation.swift",
"Extensions/OrbitalConstraint+Orbital.swift",
"Extensions/OrbitalView+Orbital.swift",
"Extensions/OrbitalViewController+Orbital.swift",
"Extensions/PlatformAliases.swift",
"Proxy/OrbitalProxy.swift",
"Storage/ConstraintStorage.swift"
],
"type" : "library"
}
],
"tools_version" : "5.9"
}
{
"workspace" : {
"name" : "spi-builder-workspace",
"schemes" : [
"OrbitalLayout"
]
}
}
2026-08-11 10:57:33.217 xcodebuild[709:4408] [MT] IDERunDestination: Supported platforms for the buildables in the current scheme is empty.
Running build ...
env DEVELOPER_DIR=/Applications/Xcode-26.4.0.app xcrun xcodebuild -IDEClonedSourcePackagesDirPathOverride=$PWD/.dependencies -skipMacroValidation -skipPackagePluginValidation -derivedDataPath $PWD/.derivedData build -scheme OrbitalLayout -destination generic/platform=watchOS
Command line invocation:
/Applications/Xcode-26.4.0.app/Contents/Developer/usr/bin/xcodebuild -IDEClonedSourcePackagesDirPathOverride=/Users/admin/builder/spi-builder-workspace/.dependencies -skipMacroValidation -skipPackagePluginValidation -derivedDataPath /Users/admin/builder/spi-builder-workspace/.derivedData build -scheme OrbitalLayout -destination generic/platform=watchOS
Resolve Package Graph
Resolved source packages:
OrbitalLayout: /Users/admin/builder/spi-builder-workspace
ComputePackagePrebuildTargetDependencyGraph
Prepare packages
CreateBuildRequest
SendProjectDescription
CreateBuildOperation
ComputeTargetDependencyGraph
note: Building targets in dependency order
note: Target dependency graph (3 targets)
Target 'OrbitalLayout' in project 'OrbitalLayout'
➜ Explicit dependency on target 'OrbitalLayout' in project 'OrbitalLayout'
➜ Explicit dependency on target 'OrbitalLayout_OrbitalLayout' in project 'OrbitalLayout'
Target 'OrbitalLayout' in project 'OrbitalLayout'
➜ Explicit dependency on target 'OrbitalLayout_OrbitalLayout' in project 'OrbitalLayout'
Target 'OrbitalLayout_OrbitalLayout' in project 'OrbitalLayout' (no dependencies)
GatherProvisioningInputs
CreateBuildDescription
ExecuteExternalTool /Applications/Xcode-26.4.0.app/Contents/Developer/Toolchains/XcodeDefault.xctoolchain/usr/bin/clang -v -E -dM -isysroot /Applications/Xcode-26.4.0.app/Contents/Developer/Platforms/WatchOS.platform/Developer/SDKs/WatchOS26.4.sdk -x c -c /dev/null
ExecuteExternalTool /Applications/Xcode-26.4.0.app/Contents/Developer/Toolchains/XcodeDefault.xctoolchain/usr/bin/swiftc --version
ExecuteExternalTool /Applications/Xcode-26.4.0.app/Contents/Developer/Toolchains/XcodeDefault.xctoolchain/usr/bin/ld -version_details
Build description signature: 6d6d24d90ad5cc7707308ca88a9ea186
Build description path: /Users/admin/builder/spi-builder-workspace/.derivedData/Build/Intermediates.noindex/XCBuildData/6d6d24d90ad5cc7707308ca88a9ea186.xcbuilddata
CreateBuildDirectory /Users/admin/builder/spi-builder-workspace/.derivedData/Build/Products
cd /Users/admin/builder/spi-builder-workspace/.swiftpm/xcode
builtin-create-build-directory /Users/admin/builder/spi-builder-workspace/.derivedData/Build/Products
CreateBuildDirectory /Users/admin/builder/spi-builder-workspace/.derivedData/Build/Intermediates.noindex
cd /Users/admin/builder/spi-builder-workspace/.swiftpm/xcode
builtin-create-build-directory /Users/admin/builder/spi-builder-workspace/.derivedData/Build/Intermediates.noindex
ClangStatCache /Applications/Xcode-26.4.0.app/Contents/Developer/Toolchains/XcodeDefault.xctoolchain/usr/bin/clang-stat-cache /Applications/Xcode-26.4.0.app/Contents/Developer/Platforms/WatchOS.platform/Developer/SDKs/WatchOS26.4.sdk /Users/admin/builder/spi-builder-workspace/.derivedData/SDKStatCaches.noindex/watchos26.4-23T238-688ef53f1462e2c8f657fdc38a81448f9e51884a582f42380855760c9d4cc599.sdkstatcache
cd /Users/admin/builder/spi-builder-workspace/.swiftpm/xcode
/Applications/Xcode-26.4.0.app/Contents/Developer/Toolchains/XcodeDefault.xctoolchain/usr/bin/clang-stat-cache /Applications/Xcode-26.4.0.app/Contents/Developer/Platforms/WatchOS.platform/Developer/SDKs/WatchOS26.4.sdk -o /Users/admin/builder/spi-builder-workspace/.derivedData/SDKStatCaches.noindex/watchos26.4-23T238-688ef53f1462e2c8f657fdc38a81448f9e51884a582f42380855760c9d4cc599.sdkstatcache
CreateBuildDirectory /Users/admin/builder/spi-builder-workspace/.derivedData/Build/Intermediates.noindex/ExplicitPrecompiledModules
cd /Users/admin/builder/spi-builder-workspace/.swiftpm/xcode
builtin-create-build-directory /Users/admin/builder/spi-builder-workspace/.derivedData/Build/Intermediates.noindex/ExplicitPrecompiledModules
CreateBuildDirectory /Users/admin/builder/spi-builder-workspace/.derivedData/Build/Intermediates.noindex/SwiftExplicitPrecompiledModules
cd /Users/admin/builder/spi-builder-workspace/.swiftpm/xcode
builtin-create-build-directory /Users/admin/builder/spi-builder-workspace/.derivedData/Build/Intermediates.noindex/SwiftExplicitPrecompiledModules
CreateBuildDirectory /Users/admin/builder/spi-builder-workspace/.derivedData/Build/Intermediates.noindex/EagerLinkingTBDs/Debug-watchos
cd /Users/admin/builder/spi-builder-workspace/.swiftpm/xcode
builtin-create-build-directory /Users/admin/builder/spi-builder-workspace/.derivedData/Build/Intermediates.noindex/EagerLinkingTBDs/Debug-watchos
CreateBuildDirectory /Users/admin/builder/spi-builder-workspace/.derivedData/Build/Products/Debug-watchos
cd /Users/admin/builder/spi-builder-workspace/.swiftpm/xcode
builtin-create-build-directory /Users/admin/builder/spi-builder-workspace/.derivedData/Build/Products/Debug-watchos
CreateBuildDirectory /Users/admin/builder/spi-builder-workspace/.derivedData/Build/Products/Debug-watchos/PackageFrameworks
cd /Users/admin/builder/spi-builder-workspace/.swiftpm/xcode
builtin-create-build-directory /Users/admin/builder/spi-builder-workspace/.derivedData/Build/Products/Debug-watchos/PackageFrameworks
WriteAuxiliaryFile /Users/admin/builder/spi-builder-workspace/.derivedData/Build/Intermediates.noindex/OrbitalLayout.build/Debug-watchos/OrbitalLayout_OrbitalLayout.build/OrbitalLayout_OrbitalLayout.DependencyStaticMetadataFileList (in target 'OrbitalLayout_OrbitalLayout' from project 'OrbitalLayout')
cd /Users/admin/builder/spi-builder-workspace
write-file /Users/admin/builder/spi-builder-workspace/.derivedData/Build/Intermediates.noindex/OrbitalLayout.build/Debug-watchos/OrbitalLayout_OrbitalLayout.build/OrbitalLayout_OrbitalLayout.DependencyStaticMetadataFileList
WriteAuxiliaryFile /Users/admin/builder/spi-builder-workspace/.derivedData/Build/Intermediates.noindex/OrbitalLayout.build/Debug-watchos/OrbitalLayout.build/OrbitalLayout.DependencyStaticMetadataFileList (in target 'OrbitalLayout' from project 'OrbitalLayout')
cd /Users/admin/builder/spi-builder-workspace
write-file /Users/admin/builder/spi-builder-workspace/.derivedData/Build/Intermediates.noindex/OrbitalLayout.build/Debug-watchos/OrbitalLayout.build/OrbitalLayout.DependencyStaticMetadataFileList
WriteAuxiliaryFile /Users/admin/builder/spi-builder-workspace/.derivedData/Build/Intermediates.noindex/OrbitalLayout.build/Debug-watchos/OrbitalLayout.build/OrbitalLayout.DependencyMetadataFileList (in target 'OrbitalLayout' from project 'OrbitalLayout')
cd /Users/admin/builder/spi-builder-workspace
write-file /Users/admin/builder/spi-builder-workspace/.derivedData/Build/Intermediates.noindex/OrbitalLayout.build/Debug-watchos/OrbitalLayout.build/OrbitalLayout.DependencyMetadataFileList
WriteAuxiliaryFile /Users/admin/builder/spi-builder-workspace/.derivedData/Build/Intermediates.noindex/OrbitalLayout.build/Debug-watchos/OrbitalLayout_OrbitalLayout.build/OrbitalLayout_OrbitalLayout.DependencyMetadataFileList (in target 'OrbitalLayout_OrbitalLayout' from project 'OrbitalLayout')
cd /Users/admin/builder/spi-builder-workspace
write-file /Users/admin/builder/spi-builder-workspace/.derivedData/Build/Intermediates.noindex/OrbitalLayout.build/Debug-watchos/OrbitalLayout_OrbitalLayout.build/OrbitalLayout_OrbitalLayout.DependencyMetadataFileList
WriteAuxiliaryFile /Users/admin/builder/spi-builder-workspace/.derivedData/Build/Intermediates.noindex/OrbitalLayout.build/Debug-watchos/OrbitalLayout.build/OrbitalLayout.modulemap (in target 'OrbitalLayout' from project 'OrbitalLayout')
cd /Users/admin/builder/spi-builder-workspace
write-file /Users/admin/builder/spi-builder-workspace/.derivedData/Build/Intermediates.noindex/OrbitalLayout.build/Debug-watchos/OrbitalLayout.build/OrbitalLayout.modulemap
WriteAuxiliaryFile /Users/admin/builder/spi-builder-workspace/.derivedData/Build/Intermediates.noindex/OrbitalLayout.build/Debug-watchos/OrbitalLayout_OrbitalLayout.build/empty-OrbitalLayout_OrbitalLayout.plist (in target 'OrbitalLayout_OrbitalLayout' from project 'OrbitalLayout')
cd /Users/admin/builder/spi-builder-workspace
write-file /Users/admin/builder/spi-builder-workspace/.derivedData/Build/Intermediates.noindex/OrbitalLayout.build/Debug-watchos/OrbitalLayout_OrbitalLayout.build/empty-OrbitalLayout_OrbitalLayout.plist
WriteAuxiliaryFile /Users/admin/builder/spi-builder-workspace/.derivedData/Build/Intermediates.noindex/OrbitalLayout.build/Debug-watchos/OrbitalLayout.build/Objects-normal/armv7k/OrbitalLayout.SwiftFileList (in target 'OrbitalLayout' from project 'OrbitalLayout')
cd /Users/admin/builder/spi-builder-workspace
write-file /Users/admin/builder/spi-builder-workspace/.derivedData/Build/Intermediates.noindex/OrbitalLayout.build/Debug-watchos/OrbitalLayout.build/Objects-normal/armv7k/OrbitalLayout.SwiftFileList
WriteAuxiliaryFile /Users/admin/builder/spi-builder-workspace/.derivedData/Build/Intermediates.noindex/OrbitalLayout.build/Debug-watchos/OrbitalLayout.build/Objects-normal/armv7k/OrbitalLayout.SwiftConstValuesFileList (in target 'OrbitalLayout' from project 'OrbitalLayout')
cd /Users/admin/builder/spi-builder-workspace
write-file /Users/admin/builder/spi-builder-workspace/.derivedData/Build/Intermediates.noindex/OrbitalLayout.build/Debug-watchos/OrbitalLayout.build/Objects-normal/armv7k/OrbitalLayout.SwiftConstValuesFileList
WriteAuxiliaryFile /Users/admin/builder/spi-builder-workspace/.derivedData/Build/Intermediates.noindex/OrbitalLayout.build/Debug-watchos/OrbitalLayout.build/Objects-normal/armv7k/OrbitalLayout_const_extract_protocols.json (in target 'OrbitalLayout' from project 'OrbitalLayout')
cd /Users/admin/builder/spi-builder-workspace
write-file /Users/admin/builder/spi-builder-workspace/.derivedData/Build/Intermediates.noindex/OrbitalLayout.build/Debug-watchos/OrbitalLayout.build/Objects-normal/armv7k/OrbitalLayout_const_extract_protocols.json
WriteAuxiliaryFile /Users/admin/builder/spi-builder-workspace/.derivedData/Build/Intermediates.noindex/OrbitalLayout.build/Debug-watchos/OrbitalLayout.build/Objects-normal/armv7k/OrbitalLayout.LinkFileList (in target 'OrbitalLayout' from project 'OrbitalLayout')
cd /Users/admin/builder/spi-builder-workspace
write-file /Users/admin/builder/spi-builder-workspace/.derivedData/Build/Intermediates.noindex/OrbitalLayout.build/Debug-watchos/OrbitalLayout.build/Objects-normal/armv7k/OrbitalLayout.LinkFileList
WriteAuxiliaryFile /Users/admin/builder/spi-builder-workspace/.derivedData/Build/Intermediates.noindex/OrbitalLayout.build/Debug-watchos/OrbitalLayout.build/Objects-normal/armv7k/OrbitalLayout-OutputFileMap.json (in target 'OrbitalLayout' from project 'OrbitalLayout')
cd /Users/admin/builder/spi-builder-workspace
write-file /Users/admin/builder/spi-builder-workspace/.derivedData/Build/Intermediates.noindex/OrbitalLayout.build/Debug-watchos/OrbitalLayout.build/Objects-normal/armv7k/OrbitalLayout-OutputFileMap.json
WriteAuxiliaryFile /Users/admin/builder/spi-builder-workspace/.derivedData/Build/Intermediates.noindex/OrbitalLayout.build/Debug-watchos/OrbitalLayout.build/Objects-normal/arm64_32/OrbitalLayout_const_extract_protocols.json (in target 'OrbitalLayout' from project 'OrbitalLayout')
cd /Users/admin/builder/spi-builder-workspace
write-file /Users/admin/builder/spi-builder-workspace/.derivedData/Build/Intermediates.noindex/OrbitalLayout.build/Debug-watchos/OrbitalLayout.build/Objects-normal/arm64_32/OrbitalLayout_const_extract_protocols.json
WriteAuxiliaryFile /Users/admin/builder/spi-builder-workspace/.derivedData/Build/Intermediates.noindex/OrbitalLayout.build/Debug-watchos/OrbitalLayout.build/Objects-normal/arm64_32/OrbitalLayout.SwiftFileList (in target 'OrbitalLayout' from project 'OrbitalLayout')
cd /Users/admin/builder/spi-builder-workspace
write-file /Users/admin/builder/spi-builder-workspace/.derivedData/Build/Intermediates.noindex/OrbitalLayout.build/Debug-watchos/OrbitalLayout.build/Objects-normal/arm64_32/OrbitalLayout.SwiftFileList
WriteAuxiliaryFile /Users/admin/builder/spi-builder-workspace/.derivedData/Build/Intermediates.noindex/OrbitalLayout.build/Debug-watchos/OrbitalLayout.build/Objects-normal/arm64_32/OrbitalLayout.SwiftConstValuesFileList (in target 'OrbitalLayout' from project 'OrbitalLayout')
cd /Users/admin/builder/spi-builder-workspace
write-file /Users/admin/builder/spi-builder-workspace/.derivedData/Build/Intermediates.noindex/OrbitalLayout.build/Debug-watchos/OrbitalLayout.build/Objects-normal/arm64_32/OrbitalLayout.SwiftConstValuesFileList
WriteAuxiliaryFile /Users/admin/builder/spi-builder-workspace/.derivedData/Build/Intermediates.noindex/OrbitalLayout.build/Debug-watchos/OrbitalLayout.build/Objects-normal/arm64_32/OrbitalLayout.LinkFileList (in target 'OrbitalLayout' from project 'OrbitalLayout')
cd /Users/admin/builder/spi-builder-workspace
write-file /Users/admin/builder/spi-builder-workspace/.derivedData/Build/Intermediates.noindex/OrbitalLayout.build/Debug-watchos/OrbitalLayout.build/Objects-normal/arm64_32/OrbitalLayout.LinkFileList
WriteAuxiliaryFile /Users/admin/builder/spi-builder-workspace/.derivedData/Build/Intermediates.noindex/OrbitalLayout.build/Debug-watchos/OrbitalLayout.build/Objects-normal/arm64_32/OrbitalLayout-OutputFileMap.json (in target 'OrbitalLayout' from project 'OrbitalLayout')
cd /Users/admin/builder/spi-builder-workspace
write-file /Users/admin/builder/spi-builder-workspace/.derivedData/Build/Intermediates.noindex/OrbitalLayout.build/Debug-watchos/OrbitalLayout.build/Objects-normal/arm64_32/OrbitalLayout-OutputFileMap.json
WriteAuxiliaryFile /Users/admin/builder/spi-builder-workspace/.derivedData/Build/Intermediates.noindex/OrbitalLayout.build/Debug-watchos/OrbitalLayout.build/Objects-normal/arm64/OrbitalLayout_const_extract_protocols.json (in target 'OrbitalLayout' from project 'OrbitalLayout')
cd /Users/admin/builder/spi-builder-workspace
write-file /Users/admin/builder/spi-builder-workspace/.derivedData/Build/Intermediates.noindex/OrbitalLayout.build/Debug-watchos/OrbitalLayout.build/Objects-normal/arm64/OrbitalLayout_const_extract_protocols.json
WriteAuxiliaryFile /Users/admin/builder/spi-builder-workspace/.derivedData/Build/Intermediates.noindex/OrbitalLayout.build/Debug-watchos/OrbitalLayout.build/Objects-normal/arm64/OrbitalLayout.SwiftFileList (in target 'OrbitalLayout' from project 'OrbitalLayout')
cd /Users/admin/builder/spi-builder-workspace
write-file /Users/admin/builder/spi-builder-workspace/.derivedData/Build/Intermediates.noindex/OrbitalLayout.build/Debug-watchos/OrbitalLayout.build/Objects-normal/arm64/OrbitalLayout.SwiftFileList
WriteAuxiliaryFile /Users/admin/builder/spi-builder-workspace/.derivedData/Build/Intermediates.noindex/OrbitalLayout.build/Debug-watchos/OrbitalLayout.build/Objects-normal/arm64/OrbitalLayout.SwiftConstValuesFileList (in target 'OrbitalLayout' from project 'OrbitalLayout')
cd /Users/admin/builder/spi-builder-workspace
write-file /Users/admin/builder/spi-builder-workspace/.derivedData/Build/Intermediates.noindex/OrbitalLayout.build/Debug-watchos/OrbitalLayout.build/Objects-normal/arm64/OrbitalLayout.SwiftConstValuesFileList
WriteAuxiliaryFile /Users/admin/builder/spi-builder-workspace/.derivedData/Build/Intermediates.noindex/OrbitalLayout.build/Debug-watchos/OrbitalLayout.build/Objects-normal/arm64/OrbitalLayout.LinkFileList (in target 'OrbitalLayout' from project 'OrbitalLayout')
cd /Users/admin/builder/spi-builder-workspace
write-file /Users/admin/builder/spi-builder-workspace/.derivedData/Build/Intermediates.noindex/OrbitalLayout.build/Debug-watchos/OrbitalLayout.build/Objects-normal/arm64/OrbitalLayout.LinkFileList
WriteAuxiliaryFile /Users/admin/builder/spi-builder-workspace/.derivedData/Build/Intermediates.noindex/OrbitalLayout.build/Debug-watchos/OrbitalLayout.build/Objects-normal/arm64/OrbitalLayout-OutputFileMap.json (in target 'OrbitalLayout' from project 'OrbitalLayout')
cd /Users/admin/builder/spi-builder-workspace
write-file /Users/admin/builder/spi-builder-workspace/.derivedData/Build/Intermediates.noindex/OrbitalLayout.build/Debug-watchos/OrbitalLayout.build/Objects-normal/arm64/OrbitalLayout-OutputFileMap.json
MkDir /Users/admin/builder/spi-builder-workspace/.derivedData/Build/Products/Debug-watchos/OrbitalLayout_OrbitalLayout.bundle (in target 'OrbitalLayout_OrbitalLayout' from project 'OrbitalLayout')
cd /Users/admin/builder/spi-builder-workspace
/bin/mkdir -p /Users/admin/builder/spi-builder-workspace/.derivedData/Build/Products/Debug-watchos/OrbitalLayout_OrbitalLayout.bundle
Copy /Users/admin/builder/spi-builder-workspace/.derivedData/Build/Intermediates.noindex/GeneratedModuleMaps-watchos/OrbitalLayout.modulemap /Users/admin/builder/spi-builder-workspace/.derivedData/Build/Intermediates.noindex/OrbitalLayout.build/Debug-watchos/OrbitalLayout.build/OrbitalLayout.modulemap (in target 'OrbitalLayout' from project 'OrbitalLayout')
cd /Users/admin/builder/spi-builder-workspace
builtin-copy -exclude .DS_Store -exclude CVS -exclude .svn -exclude .git -exclude .hg -resolve-src-symlinks /Users/admin/builder/spi-builder-workspace/.derivedData/Build/Intermediates.noindex/OrbitalLayout.build/Debug-watchos/OrbitalLayout.build/OrbitalLayout.modulemap /Users/admin/builder/spi-builder-workspace/.derivedData/Build/Intermediates.noindex/GeneratedModuleMaps-watchos
WriteAuxiliaryFile /Users/admin/builder/spi-builder-workspace/.derivedData/Build/Intermediates.noindex/OrbitalLayout.build/Debug-watchos/OrbitalLayout.build/DerivedSources/resource_bundle_accessor.swift (in target 'OrbitalLayout' from project 'OrbitalLayout')
cd /Users/admin/builder/spi-builder-workspace
write-file /Users/admin/builder/spi-builder-workspace/.derivedData/Build/Intermediates.noindex/OrbitalLayout.build/Debug-watchos/OrbitalLayout.build/DerivedSources/resource_bundle_accessor.swift
ProcessInfoPlistFile /Users/admin/builder/spi-builder-workspace/.derivedData/Build/Products/Debug-watchos/OrbitalLayout_OrbitalLayout.bundle/Info.plist /Users/admin/builder/spi-builder-workspace/.derivedData/Build/Intermediates.noindex/OrbitalLayout.build/Debug-watchos/OrbitalLayout_OrbitalLayout.build/empty-OrbitalLayout_OrbitalLayout.plist (in target 'OrbitalLayout_OrbitalLayout' from project 'OrbitalLayout')
cd /Users/admin/builder/spi-builder-workspace
builtin-infoPlistUtility /Users/admin/builder/spi-builder-workspace/.derivedData/Build/Intermediates.noindex/OrbitalLayout.build/Debug-watchos/OrbitalLayout_OrbitalLayout.build/empty-OrbitalLayout_OrbitalLayout.plist -producttype com.apple.product-type.bundle -expandbuildsettings -format binary -platform watchos -o /Users/admin/builder/spi-builder-workspace/.derivedData/Build/Products/Debug-watchos/OrbitalLayout_OrbitalLayout.bundle/Info.plist
CpResource /Users/admin/builder/spi-builder-workspace/.derivedData/Build/Products/Debug-watchos/OrbitalLayout_OrbitalLayout.bundle/PrivacyInfo.xcprivacy /Users/admin/builder/spi-builder-workspace/Sources/PrivacyInfo.xcprivacy (in target 'OrbitalLayout_OrbitalLayout' from project 'OrbitalLayout')
cd /Users/admin/builder/spi-builder-workspace
builtin-copy -exclude .DS_Store -exclude CVS -exclude .svn -exclude .git -exclude .hg -resolve-src-symlinks /Users/admin/builder/spi-builder-workspace/Sources/PrivacyInfo.xcprivacy /Users/admin/builder/spi-builder-workspace/.derivedData/Build/Products/Debug-watchos/OrbitalLayout_OrbitalLayout.bundle
RegisterExecutionPolicyException /Users/admin/builder/spi-builder-workspace/.derivedData/Build/Products/Debug-watchos/OrbitalLayout_OrbitalLayout.bundle (in target 'OrbitalLayout_OrbitalLayout' from project 'OrbitalLayout')
cd /Users/admin/builder/spi-builder-workspace
builtin-RegisterExecutionPolicyException /Users/admin/builder/spi-builder-workspace/.derivedData/Build/Products/Debug-watchos/OrbitalLayout_OrbitalLayout.bundle
Touch /Users/admin/builder/spi-builder-workspace/.derivedData/Build/Products/Debug-watchos/OrbitalLayout_OrbitalLayout.bundle (in target 'OrbitalLayout_OrbitalLayout' from project 'OrbitalLayout')
cd /Users/admin/builder/spi-builder-workspace
/usr/bin/touch -c /Users/admin/builder/spi-builder-workspace/.derivedData/Build/Products/Debug-watchos/OrbitalLayout_OrbitalLayout.bundle
SwiftDriver OrbitalLayout normal arm64_32 com.apple.xcode.tools.swift.compiler (in target 'OrbitalLayout' from project 'OrbitalLayout')
cd /Users/admin/builder/spi-builder-workspace/.swiftpm/xcode
builtin-SwiftDriver -- /Applications/Xcode-26.4.0.app/Contents/Developer/Toolchains/XcodeDefault.xctoolchain/usr/bin/swiftc -module-name OrbitalLayout -Onone @/Users/admin/builder/spi-builder-workspace/.derivedData/Build/Intermediates.noindex/OrbitalLayout.build/Debug-watchos/OrbitalLayout.build/Objects-normal/arm64_32/OrbitalLayout.SwiftFileList -DSWIFT_PACKAGE -DDEBUG -DSWIFT_MODULE_RESOURCE_BUNDLE_AVAILABLE -DXcode -plugin-path /Applications/Xcode-26.4.0.app/Contents/Developer/Toolchains/XcodeDefault.xctoolchain/usr/lib/swift/host/plugins/testing -enable-experimental-feature DebugDescriptionMacro -sdk /Applications/Xcode-26.4.0.app/Contents/Developer/Platforms/WatchOS.platform/Developer/SDKs/WatchOS26.4.sdk -target arm64_32-apple-watchos8.0 -g -module-cache-path /Users/admin/builder/spi-builder-workspace/.derivedData/ModuleCache.noindex -Xfrontend -serialize-debugging-options -profile-coverage-mapping -profile-generate -enable-testing -index-store-path /Users/admin/builder/spi-builder-workspace/.derivedData/Index.noindex/DataStore -Xcc -D_LIBCPP_HARDENING_MODE\=_LIBCPP_HARDENING_MODE_DEBUG -swift-version 5 -I /Users/admin/builder/spi-builder-workspace/.derivedData/Build/Products/Debug-watchos -Isystem /Applications/Xcode-26.4.0.app/Contents/Developer/Platforms/WatchOS.platform/Developer/usr/lib -F /Users/admin/builder/spi-builder-workspace/.derivedData/Build/Products/Debug-watchos -F /Applications/Xcode-26.4.0.app/Contents/Developer/Platforms/WatchOS.platform/Developer/Library/Frameworks -F /Applications/Xcode-26.4.0.app/Contents/Developer/Platforms/WatchOS.platform/Developer/SDKs/WatchOS26.4.sdk/Developer/Library/Frameworks -c -j10 -enable-batch-mode -incremental -Xcc -ivfsstatcache -Xcc /Users/admin/builder/spi-builder-workspace/.derivedData/SDKStatCaches.noindex/watchos26.4-23T238-688ef53f1462e2c8f657fdc38a81448f9e51884a582f42380855760c9d4cc599.sdkstatcache -output-file-map /Users/admin/builder/spi-builder-workspace/.derivedData/Build/Intermediates.noindex/OrbitalLayout.build/Debug-watchos/OrbitalLayout.build/Objects-normal/arm64_32/OrbitalLayout-OutputFileMap.json -use-frontend-parseable-output -save-temps -no-color-diagnostics -explicit-module-build -module-cache-path /Users/admin/builder/spi-builder-workspace/.derivedData/Build/Intermediates.noindex/SwiftExplicitPrecompiledModules -clang-scanner-module-cache-path /Users/admin/builder/spi-builder-workspace/.derivedData/ModuleCache.noindex -sdk-module-cache-path /Users/admin/builder/spi-builder-workspace/.derivedData/ModuleCache.noindex -serialize-diagnostics -emit-dependencies -emit-module -emit-module-path /Users/admin/builder/spi-builder-workspace/.derivedData/Build/Intermediates.noindex/OrbitalLayout.build/Debug-watchos/OrbitalLayout.build/Objects-normal/arm64_32/OrbitalLayout.swiftmodule -validate-clang-modules-once -clang-build-session-file /Users/admin/builder/spi-builder-workspace/.derivedData/ModuleCache.noindex/Session.modulevalidation -package-name spi_builder_workspace -Xcc -I/Users/admin/builder/spi-builder-workspace/.derivedData/Build/Intermediates.noindex/OrbitalLayout.build/Debug-watchos/OrbitalLayout.build/swift-overrides.hmap -emit-const-values -Xfrontend -const-gather-protocols-file -Xfrontend /Users/admin/builder/spi-builder-workspace/.derivedData/Build/Intermediates.noindex/OrbitalLayout.build/Debug-watchos/OrbitalLayout.build/Objects-normal/arm64_32/OrbitalLayout_const_extract_protocols.json -Xcc -I/Users/admin/builder/spi-builder-workspace/.derivedData/Build/Products/Debug-watchos/include -Xcc -I/Users/admin/builder/spi-builder-workspace/.derivedData/Build/Intermediates.noindex/OrbitalLayout.build/Debug-watchos/OrbitalLayout.build/DerivedSources-normal/arm64_32 -Xcc -I/Users/admin/builder/spi-builder-workspace/.derivedData/Build/Intermediates.noindex/OrbitalLayout.build/Debug-watchos/OrbitalLayout.build/DerivedSources/arm64_32 -Xcc -I/Users/admin/builder/spi-builder-workspace/.derivedData/Build/Intermediates.noindex/OrbitalLayout.build/Debug-watchos/OrbitalLayout.build/DerivedSources -Xcc -DSWIFT_PACKAGE -Xcc -DDEBUG\=1 -emit-objc-header -emit-objc-header-path /Users/admin/builder/spi-builder-workspace/.derivedData/Build/Intermediates.noindex/OrbitalLayout.build/Debug-watchos/OrbitalLayout.build/Objects-normal/arm64_32/OrbitalLayout-Swift.h -working-directory /Users/admin/builder/spi-builder-workspace/.swiftpm/xcode -experimental-emit-module-separately -disable-cmo
SwiftDriver OrbitalLayout normal arm64 com.apple.xcode.tools.swift.compiler (in target 'OrbitalLayout' from project 'OrbitalLayout')
cd /Users/admin/builder/spi-builder-workspace/.swiftpm/xcode
builtin-SwiftDriver -- /Applications/Xcode-26.4.0.app/Contents/Developer/Toolchains/XcodeDefault.xctoolchain/usr/bin/swiftc -module-name OrbitalLayout -Onone @/Users/admin/builder/spi-builder-workspace/.derivedData/Build/Intermediates.noindex/OrbitalLayout.build/Debug-watchos/OrbitalLayout.build/Objects-normal/arm64/OrbitalLayout.SwiftFileList -DSWIFT_PACKAGE -DDEBUG -DSWIFT_MODULE_RESOURCE_BUNDLE_AVAILABLE -DXcode -plugin-path /Applications/Xcode-26.4.0.app/Contents/Developer/Toolchains/XcodeDefault.xctoolchain/usr/lib/swift/host/plugins/testing -enable-experimental-feature DebugDescriptionMacro -sdk /Applications/Xcode-26.4.0.app/Contents/Developer/Platforms/WatchOS.platform/Developer/SDKs/WatchOS26.4.sdk -target arm64-apple-watchos8.0 -g -module-cache-path /Users/admin/builder/spi-builder-workspace/.derivedData/ModuleCache.noindex -Xfrontend -serialize-debugging-options -profile-coverage-mapping -profile-generate -enable-testing -index-store-path /Users/admin/builder/spi-builder-workspace/.derivedData/Index.noindex/DataStore -Xcc -D_LIBCPP_HARDENING_MODE\=_LIBCPP_HARDENING_MODE_DEBUG -swift-version 5 -I /Users/admin/builder/spi-builder-workspace/.derivedData/Build/Products/Debug-watchos -Isystem /Applications/Xcode-26.4.0.app/Contents/Developer/Platforms/WatchOS.platform/Developer/usr/lib -F /Users/admin/builder/spi-builder-workspace/.derivedData/Build/Products/Debug-watchos -F /Applications/Xcode-26.4.0.app/Contents/Developer/Platforms/WatchOS.platform/Developer/Library/Frameworks -F /Applications/Xcode-26.4.0.app/Contents/Developer/Platforms/WatchOS.platform/Developer/SDKs/WatchOS26.4.sdk/Developer/Library/Frameworks -c -j10 -enable-batch-mode -incremental -Xcc -ivfsstatcache -Xcc /Users/admin/builder/spi-builder-workspace/.derivedData/SDKStatCaches.noindex/watchos26.4-23T238-688ef53f1462e2c8f657fdc38a81448f9e51884a582f42380855760c9d4cc599.sdkstatcache -output-file-map /Users/admin/builder/spi-builder-workspace/.derivedData/Build/Intermediates.noindex/OrbitalLayout.build/Debug-watchos/OrbitalLayout.build/Objects-normal/arm64/OrbitalLayout-OutputFileMap.json -use-frontend-parseable-output -save-temps -no-color-diagnostics -explicit-module-build -module-cache-path /Users/admin/builder/spi-builder-workspace/.derivedData/Build/Intermediates.noindex/SwiftExplicitPrecompiledModules -clang-scanner-module-cache-path /Users/admin/builder/spi-builder-workspace/.derivedData/ModuleCache.noindex -sdk-module-cache-path /Users/admin/builder/spi-builder-workspace/.derivedData/ModuleCache.noindex -serialize-diagnostics -emit-dependencies -emit-module -emit-module-path /Users/admin/builder/spi-builder-workspace/.derivedData/Build/Intermediates.noindex/OrbitalLayout.build/Debug-watchos/OrbitalLayout.build/Objects-normal/arm64/OrbitalLayout.swiftmodule -validate-clang-modules-once -clang-build-session-file /Users/admin/builder/spi-builder-workspace/.derivedData/ModuleCache.noindex/Session.modulevalidation -package-name spi_builder_workspace -Xcc -I/Users/admin/builder/spi-builder-workspace/.derivedData/Build/Intermediates.noindex/OrbitalLayout.build/Debug-watchos/OrbitalLayout.build/swift-overrides.hmap -emit-const-values -Xfrontend -const-gather-protocols-file -Xfrontend /Users/admin/builder/spi-builder-workspace/.derivedData/Build/Intermediates.noindex/OrbitalLayout.build/Debug-watchos/OrbitalLayout.build/Objects-normal/arm64/OrbitalLayout_const_extract_protocols.json -Xcc -I/Users/admin/builder/spi-builder-workspace/.derivedData/Build/Products/Debug-watchos/include -Xcc -I/Users/admin/builder/spi-builder-workspace/.derivedData/Build/Intermediates.noindex/OrbitalLayout.build/Debug-watchos/OrbitalLayout.build/DerivedSources-normal/arm64 -Xcc -I/Users/admin/builder/spi-builder-workspace/.derivedData/Build/Intermediates.noindex/OrbitalLayout.build/Debug-watchos/OrbitalLayout.build/DerivedSources/arm64 -Xcc -I/Users/admin/builder/spi-builder-workspace/.derivedData/Build/Intermediates.noindex/OrbitalLayout.build/Debug-watchos/OrbitalLayout.build/DerivedSources -Xcc -DSWIFT_PACKAGE -Xcc -DDEBUG\=1 -emit-objc-header -emit-objc-header-path /Users/admin/builder/spi-builder-workspace/.derivedData/Build/Intermediates.noindex/OrbitalLayout.build/Debug-watchos/OrbitalLayout.build/Objects-normal/arm64/OrbitalLayout-Swift.h -working-directory /Users/admin/builder/spi-builder-workspace/.swiftpm/xcode -experimental-emit-module-separately -disable-cmo
SwiftDriver OrbitalLayout normal armv7k com.apple.xcode.tools.swift.compiler (in target 'OrbitalLayout' from project 'OrbitalLayout')
cd /Users/admin/builder/spi-builder-workspace/.swiftpm/xcode
builtin-SwiftDriver -- /Applications/Xcode-26.4.0.app/Contents/Developer/Toolchains/XcodeDefault.xctoolchain/usr/bin/swiftc -module-name OrbitalLayout -Onone @/Users/admin/builder/spi-builder-workspace/.derivedData/Build/Intermediates.noindex/OrbitalLayout.build/Debug-watchos/OrbitalLayout.build/Objects-normal/armv7k/OrbitalLayout.SwiftFileList -DSWIFT_PACKAGE -DDEBUG -DSWIFT_MODULE_RESOURCE_BUNDLE_AVAILABLE -DXcode -plugin-path /Applications/Xcode-26.4.0.app/Contents/Developer/Toolchains/XcodeDefault.xctoolchain/usr/lib/swift/host/plugins/testing -enable-experimental-feature DebugDescriptionMacro -sdk /Applications/Xcode-26.4.0.app/Contents/Developer/Platforms/WatchOS.platform/Developer/SDKs/WatchOS26.4.sdk -target armv7k-apple-watchos8.0 -g -module-cache-path /Users/admin/builder/spi-builder-workspace/.derivedData/ModuleCache.noindex -Xfrontend -serialize-debugging-options -profile-coverage-mapping -profile-generate -enable-testing -index-store-path /Users/admin/builder/spi-builder-workspace/.derivedData/Index.noindex/DataStore -Xcc -D_LIBCPP_HARDENING_MODE\=_LIBCPP_HARDENING_MODE_DEBUG -swift-version 5 -I /Users/admin/builder/spi-builder-workspace/.derivedData/Build/Products/Debug-watchos -Isystem /Applications/Xcode-26.4.0.app/Contents/Developer/Platforms/WatchOS.platform/Developer/usr/lib -F /Users/admin/builder/spi-builder-workspace/.derivedData/Build/Products/Debug-watchos -F /Applications/Xcode-26.4.0.app/Contents/Developer/Platforms/WatchOS.platform/Developer/Library/Frameworks -F /Applications/Xcode-26.4.0.app/Contents/Developer/Platforms/WatchOS.platform/Developer/SDKs/WatchOS26.4.sdk/Developer/Library/Frameworks -c -j10 -enable-batch-mode -incremental -Xcc -ivfsstatcache -Xcc /Users/admin/builder/spi-builder-workspace/.derivedData/SDKStatCaches.noindex/watchos26.4-23T238-688ef53f1462e2c8f657fdc38a81448f9e51884a582f42380855760c9d4cc599.sdkstatcache -output-file-map /Users/admin/builder/spi-builder-workspace/.derivedData/Build/Intermediates.noindex/OrbitalLayout.build/Debug-watchos/OrbitalLayout.build/Objects-normal/armv7k/OrbitalLayout-OutputFileMap.json -use-frontend-parseable-output -save-temps -no-color-diagnostics -explicit-module-build -module-cache-path /Users/admin/builder/spi-builder-workspace/.derivedData/Build/Intermediates.noindex/SwiftExplicitPrecompiledModules -clang-scanner-module-cache-path /Users/admin/builder/spi-builder-workspace/.derivedData/ModuleCache.noindex -sdk-module-cache-path /Users/admin/builder/spi-builder-workspace/.derivedData/ModuleCache.noindex -serialize-diagnostics -emit-dependencies -emit-module -emit-module-path /Users/admin/builder/spi-builder-workspace/.derivedData/Build/Intermediates.noindex/OrbitalLayout.build/Debug-watchos/OrbitalLayout.build/Objects-normal/armv7k/OrbitalLayout.swiftmodule -validate-clang-modules-once -clang-build-session-file /Users/admin/builder/spi-builder-workspace/.derivedData/ModuleCache.noindex/Session.modulevalidation -package-name spi_builder_workspace -Xcc -I/Users/admin/builder/spi-builder-workspace/.derivedData/Build/Intermediates.noindex/OrbitalLayout.build/Debug-watchos/OrbitalLayout.build/swift-overrides.hmap -emit-const-values -Xfrontend -const-gather-protocols-file -Xfrontend /Users/admin/builder/spi-builder-workspace/.derivedData/Build/Intermediates.noindex/OrbitalLayout.build/Debug-watchos/OrbitalLayout.build/Objects-normal/armv7k/OrbitalLayout_const_extract_protocols.json -Xcc -I/Users/admin/builder/spi-builder-workspace/.derivedData/Build/Products/Debug-watchos/include -Xcc -I/Users/admin/builder/spi-builder-workspace/.derivedData/Build/Intermediates.noindex/OrbitalLayout.build/Debug-watchos/OrbitalLayout.build/DerivedSources-normal/armv7k -Xcc -I/Users/admin/builder/spi-builder-workspace/.derivedData/Build/Intermediates.noindex/OrbitalLayout.build/Debug-watchos/OrbitalLayout.build/DerivedSources/armv7k -Xcc -I/Users/admin/builder/spi-builder-workspace/.derivedData/Build/Intermediates.noindex/OrbitalLayout.build/Debug-watchos/OrbitalLayout.build/DerivedSources -Xcc -DSWIFT_PACKAGE -Xcc -DDEBUG\=1 -emit-objc-header -emit-objc-header-path /Users/admin/builder/spi-builder-workspace/.derivedData/Build/Intermediates.noindex/OrbitalLayout.build/Debug-watchos/OrbitalLayout.build/Objects-normal/armv7k/OrbitalLayout-Swift.h -working-directory /Users/admin/builder/spi-builder-workspace/.swiftpm/xcode -experimental-emit-module-separately -disable-cmo
SwiftExplicitDependencyGeneratePcm armv7k /Users/admin/builder/spi-builder-workspace/.derivedData/ModuleCache.noindex/ptrauth-4BZZGJRME0ZQ2QLDG4BAHM1P8.pcm
SwiftExplicitDependencyGeneratePcm armv7k /Users/admin/builder/spi-builder-workspace/.derivedData/ModuleCache.noindex/_AvailabilityInternal-50HTZ6SZGZ9IV51FREK0QRLYW.pcm
SwiftExplicitDependencyGeneratePcm armv7k /Users/admin/builder/spi-builder-workspace/.derivedData/ModuleCache.noindex/SwiftShims-9MMX5TMSSBZ8G1ZAIIPKP9HPU.pcm
SwiftExplicitDependencyGeneratePcm armv7k /Users/admin/builder/spi-builder-workspace/.derivedData/ModuleCache.noindex/_Builtin_stdbool-B1UE543X3DG7AVFNONVIAHMSV.pcm
SwiftExplicitDependencyGeneratePcm armv7k /Users/admin/builder/spi-builder-workspace/.derivedData/ModuleCache.noindex/_SwiftConcurrencyShims-92NDN1PM0XPJ6AKX9UMEOCC9R.pcm
SwiftExplicitDependencyGeneratePcm armv7k /Users/admin/builder/spi-builder-workspace/.derivedData/ModuleCache.noindex/_Builtin_float-U3O30ZG2OR7WZLRTDZ78PNM9.pcm
SwiftExplicitDependencyGeneratePcm armv7k /Users/admin/builder/spi-builder-workspace/.derivedData/ModuleCache.noindex/DeveloperToolsSupport-CC3N5P6HF6UOU0A8AGDDCUPBN.pcm
SwiftExplicitDependencyGeneratePcm armv7k /Users/admin/builder/spi-builder-workspace/.derivedData/ModuleCache.noindex/_Builtin_stdarg-38D6D46E1F805OKD4ZFSCJMGW.pcm
SwiftExplicitDependencyGeneratePcm armv7k /Users/admin/builder/spi-builder-workspace/.derivedData/ModuleCache.noindex/_Builtin_stddef-B3YYDRA3XCKSULHML4U295GIY.pcm
SwiftExplicitDependencyGeneratePcm armv7k /Users/admin/builder/spi-builder-workspace/.derivedData/ModuleCache.noindex/ptrcheck-9PAMPYOKSCHI7H2Y69RB1CGOE.pcm
SwiftExplicitDependencyGeneratePcm arm64 /Users/admin/builder/spi-builder-workspace/.derivedData/ModuleCache.noindex/_SwiftConcurrencyShims-DUCOK4TK92CTD42OXDA1ZNQE4.pcm
SwiftExplicitDependencyGeneratePcm arm64_32 /Users/admin/builder/spi-builder-workspace/.derivedData/ModuleCache.noindex/_AvailabilityInternal-2DTNL8T5MKRQYAGUSOL6U8ZDV.pcm
SwiftExplicitDependencyGeneratePcm arm64 /Users/admin/builder/spi-builder-workspace/.derivedData/ModuleCache.noindex/_AvailabilityInternal-9FKWK8IDCHHC3NXLJ2XQ5IQV6.pcm
SwiftExplicitDependencyGeneratePcm arm64 /Users/admin/builder/spi-builder-workspace/.derivedData/ModuleCache.noindex/_Builtin_stddef-6BGY691FJWHBF8WK1C0KR0NSP.pcm
SwiftExplicitDependencyGeneratePcm arm64_32 /Users/admin/builder/spi-builder-workspace/.derivedData/ModuleCache.noindex/_Builtin_stddef-C4TC854O65J5497BBX600KKRB.pcm
SwiftExplicitDependencyGeneratePcm arm64 /Users/admin/builder/spi-builder-workspace/.derivedData/ModuleCache.noindex/_Builtin_float-64SVI3JFJ3UKP4C6X0OLYO830.pcm
SwiftExplicitDependencyGeneratePcm arm64_32 /Users/admin/builder/spi-builder-workspace/.derivedData/ModuleCache.noindex/ptrcheck-9HLFLNTO8GHE1CGLX3O9VDPWZ.pcm
SwiftExplicitDependencyGeneratePcm arm64_32 /Users/admin/builder/spi-builder-workspace/.derivedData/ModuleCache.noindex/_Builtin_stdarg-C5SVPIYECR3VZY1UE4FL7OF4G.pcm
SwiftExplicitDependencyGeneratePcm arm64 /Users/admin/builder/spi-builder-workspace/.derivedData/ModuleCache.noindex/DeveloperToolsSupport-5MZ8EW7NLJWA7IKR4GLJFNETU.pcm
SwiftExplicitDependencyGeneratePcm arm64_32 /Users/admin/builder/spi-builder-workspace/.derivedData/ModuleCache.noindex/_SwiftConcurrencyShims-8J360MDDQXUL93K2URBTQH9R7.pcm
SwiftExplicitDependencyGeneratePcm arm64 /Users/admin/builder/spi-builder-workspace/.derivedData/ModuleCache.noindex/_Builtin_stdarg-50H2DFYYV5EW682NL84TR3FV1.pcm
SwiftExplicitDependencyGeneratePcm arm64_32 /Users/admin/builder/spi-builder-workspace/.derivedData/ModuleCache.noindex/DeveloperToolsSupport-9J3L8AWD4607TMVHE9FJ9CPKD.pcm
SwiftExplicitDependencyGeneratePcm arm64 /Users/admin/builder/spi-builder-workspace/.derivedData/ModuleCache.noindex/_Builtin_stdbool-CM4QDBLSHYZT29UKT3T72KQVR.pcm
SwiftExplicitDependencyGeneratePcm armv7k /Users/admin/builder/spi-builder-workspace/.derivedData/ModuleCache.noindex/_DarwinFoundation1-8OXZTOLB7P8KCSE2SQHYCFL58.pcm
SwiftExplicitDependencyGeneratePcm arm64_32 /Users/admin/builder/spi-builder-workspace/.derivedData/ModuleCache.noindex/_Builtin_float-8WB2TQ5ID0E4TLXDTEVJ2XNQ6.pcm
SwiftExplicitDependencyGeneratePcm arm64_32 /Users/admin/builder/spi-builder-workspace/.derivedData/ModuleCache.noindex/_Builtin_stdbool-412RH2O2ONCZJ7OEVHFAOI0AK.pcm
SwiftExplicitDependencyGeneratePcm arm64_32 /Users/admin/builder/spi-builder-workspace/.derivedData/ModuleCache.noindex/ptrauth-CSYNJ36TKIRL7QNRKDKOGXJU2.pcm
SwiftExplicitDependencyGeneratePcm arm64 /Users/admin/builder/spi-builder-workspace/.derivedData/ModuleCache.noindex/SwiftShims-B69EYQWEVKSIGNJZKYHR2Q9QO.pcm
SwiftExplicitDependencyGeneratePcm arm64 /Users/admin/builder/spi-builder-workspace/.derivedData/ModuleCache.noindex/ptrcheck-CQT494I37559JYD3PA7WDDHWT.pcm
SwiftExplicitDependencyGeneratePcm arm64_32 /Users/admin/builder/spi-builder-workspace/.derivedData/ModuleCache.noindex/SwiftShims-1SU5ITVAD0IOPFW9PGAM4K5UA.pcm
SwiftExplicitDependencyGeneratePcm arm64_32 /Users/admin/builder/spi-builder-workspace/.derivedData/ModuleCache.noindex/_DarwinFoundation1-BS2JXGE4HZ5FY2BPGNP630G8F.pcm
SwiftExplicitDependencyGeneratePcm arm64 /Users/admin/builder/spi-builder-workspace/.derivedData/ModuleCache.noindex/ptrauth-AJX0T9B8L1Q3XNNOXOEZIT8RH.pcm
SwiftExplicitDependencyGeneratePcm arm64 /Users/admin/builder/spi-builder-workspace/.derivedData/ModuleCache.noindex/_DarwinFoundation1-2Q28C3Q4TAV3NMR8JWE92WTRF.pcm
SwiftExplicitDependencyGeneratePcm armv7k /Users/admin/builder/spi-builder-workspace/.derivedData/ModuleCache.noindex/_DarwinFoundation2-DHYSMCC7UHE3QVF1RN0W3KQF9.pcm
SwiftExplicitDependencyGeneratePcm armv7k /Users/admin/builder/spi-builder-workspace/.derivedData/ModuleCache.noindex/_Builtin_limits-9C6F7KVYM3Z3RD08B1R1S8JMO.pcm
SwiftExplicitDependencyGeneratePcm arm64_32 /Users/admin/builder/spi-builder-workspace/.derivedData/ModuleCache.noindex/_Builtin_limits-3IQFCXNJ9EXDUEG18FF5AUJ7Y.pcm
SwiftExplicitDependencyGeneratePcm arm64_32 /Users/admin/builder/spi-builder-workspace/.derivedData/ModuleCache.noindex/_DarwinFoundation2-1RJ6JRGXZ8SPWZ1ITP42AK7ED.pcm
SwiftExplicitDependencyGeneratePcm arm64 /Users/admin/builder/spi-builder-workspace/.derivedData/ModuleCache.noindex/_DarwinFoundation2-EWJ448ABN70728AP6ZZ9WEOUL.pcm
SwiftExplicitDependencyGeneratePcm arm64 /Users/admin/builder/spi-builder-workspace/.derivedData/ModuleCache.noindex/_Builtin_limits-9RZQTF1GJ0416YQ0Z02NZZXQC.pcm
SwiftExplicitDependencyGeneratePcm armv7k /Users/admin/builder/spi-builder-workspace/.derivedData/ModuleCache.noindex/_Builtin_stdint-7L2IRU9839QUZFO08BZ6BOLD8.pcm
SwiftExplicitDependencyGeneratePcm armv7k /Users/admin/builder/spi-builder-workspace/.derivedData/ModuleCache.noindex/_Builtin_tgmath-WMQ2TA40NAQIUHUKWP82MDFZ.pcm
SwiftExplicitDependencyGeneratePcm armv7k /Users/admin/builder/spi-builder-workspace/.derivedData/ModuleCache.noindex/sys_types-4V2TEHX2QDMBR03GJ8MZHXC1N.pcm
SwiftExplicitDependencyGeneratePcm arm64_32 /Users/admin/builder/spi-builder-workspace/.derivedData/ModuleCache.noindex/sys_types-A93LFYRPY6H19OYORB7OCRWS.pcm
SwiftExplicitDependencyGeneratePcm arm64_32 /Users/admin/builder/spi-builder-workspace/.derivedData/ModuleCache.noindex/_Builtin_stdint-EGGP79F0O4J8S59BX8NXLCSRA.pcm
SwiftExplicitDependencyGeneratePcm arm64_32 /Users/admin/builder/spi-builder-workspace/.derivedData/ModuleCache.noindex/_Builtin_tgmath-DY6WKCDV3NA72F8AGBGRFKZGG.pcm
SwiftExplicitDependencyGeneratePcm armv7k /Users/admin/builder/spi-builder-workspace/.derivedData/ModuleCache.noindex/_Builtin_intrinsics-D1F3WTTLIHL48ZBWH6YS9B75F.pcm
SwiftExplicitDependencyGeneratePcm armv7k /Users/admin/builder/spi-builder-workspace/.derivedData/ModuleCache.noindex/_Builtin_stdatomic-A781U4H3YQPFZWQRDELJ6IZP3.pcm
SwiftExplicitDependencyGeneratePcm armv7k /Users/admin/builder/spi-builder-workspace/.derivedData/ModuleCache.noindex/_DarwinFoundation3-CAHU97UQ07GHV8E3OQ2PUPELP.pcm
SwiftExplicitDependencyGeneratePcm arm64 /Users/admin/builder/spi-builder-workspace/.derivedData/ModuleCache.noindex/sys_types-2UB4LFMFDMJ9BAWDPUJUGHDF4.pcm
SwiftExplicitDependencyGeneratePcm arm64 /Users/admin/builder/spi-builder-workspace/.derivedData/ModuleCache.noindex/_Builtin_tgmath-1675B1725I7QUM5CROU7GGGIJ.pcm
SwiftExplicitDependencyGeneratePcm arm64 /Users/admin/builder/spi-builder-workspace/.derivedData/ModuleCache.noindex/_Builtin_stdint-1QOGRV0BGHI0YS4FVC1LRKC3H.pcm
SwiftExplicitDependencyGeneratePcm arm64_32 /Users/admin/builder/spi-builder-workspace/.derivedData/ModuleCache.noindex/_DarwinFoundation3-64R5F69X303A73IHCYRY9YQZ5.pcm
SwiftExplicitDependencyGeneratePcm arm64_32 /Users/admin/builder/spi-builder-workspace/.derivedData/ModuleCache.noindex/_Builtin_intrinsics-5E0WJX3ZS74HNOLQ8Q7FQHXTM.pcm
SwiftExplicitDependencyGeneratePcm arm64_32 /Users/admin/builder/spi-builder-workspace/.derivedData/ModuleCache.noindex/_Builtin_stdatomic-DLHOAHOR8GLK4022COFU562FV.pcm
SwiftExplicitDependencyGeneratePcm arm64 /Users/admin/builder/spi-builder-workspace/.derivedData/ModuleCache.noindex/_Builtin_stdatomic-C4XIH00HPYLUZUYX1OO6N5AHD.pcm
SwiftExplicitDependencyGeneratePcm arm64 /Users/admin/builder/spi-builder-workspace/.derivedData/ModuleCache.noindex/_DarwinFoundation3-85XSHOS3CYWKRNKX2G54S4O40.pcm
SwiftExplicitDependencyGeneratePcm arm64 /Users/admin/builder/spi-builder-workspace/.derivedData/ModuleCache.noindex/_Builtin_intrinsics-S7ZVJRS6BUI5XGE6CFWTY1EW.pcm
SwiftExplicitDependencyGeneratePcm armv7k /Users/admin/builder/spi-builder-workspace/.derivedData/ModuleCache.noindex/_Builtin_inttypes-2VQDTZFTBTV3PGS6QTFZ1T32L.pcm
SwiftExplicitDependencyGeneratePcm arm64_32 /Users/admin/builder/spi-builder-workspace/.derivedData/ModuleCache.noindex/_Builtin_inttypes-DFP9KL85KTQ4S03234NG2STCR.pcm
SwiftExplicitDependencyGeneratePcm armv7k /Users/admin/builder/spi-builder-workspace/.derivedData/ModuleCache.noindex/simd-DI7VMCHMWD3NX3X17W6VZR2SI.pcm
SwiftExplicitDependencyGeneratePcm armv7k /Users/admin/builder/spi-builder-workspace/.derivedData/ModuleCache.noindex/Darwin-4IK315PRAEE9HMP5FEW77MZEH.pcm
SwiftExplicitDependencyGeneratePcm arm64 /Users/admin/builder/spi-builder-workspace/.derivedData/ModuleCache.noindex/_Builtin_inttypes-5VSELNGR1UTMSG0B9R9OUAADQ.pcm
SwiftExplicitDependencyGeneratePcm arm64_32 /Users/admin/builder/spi-builder-workspace/.derivedData/ModuleCache.noindex/Darwin-7YSIOPFZ55PIKH4VLTSKSD1VC.pcm
SwiftExplicitDependencyGeneratePcm arm64 /Users/admin/builder/spi-builder-workspace/.derivedData/ModuleCache.noindex/Darwin-BBMJ4730QL10MWDNUFZJBYRN.pcm
SwiftExplicitDependencyGeneratePcm arm64_32 /Users/admin/builder/spi-builder-workspace/.derivedData/ModuleCache.noindex/simd-E5XINL4WKGFVXW9FA6LUC8YHB.pcm
SwiftExplicitDependencyGeneratePcm arm64 /Users/admin/builder/spi-builder-workspace/.derivedData/ModuleCache.noindex/simd-93HVP82BEGEB3QDZRARK75YZ0.pcm
SwiftExplicitDependencyGeneratePcm armv7k /Users/admin/builder/spi-builder-workspace/.derivedData/ModuleCache.noindex/ObjectiveC-BI7IE2KH5FMB24YSE2RFC99SD.pcm
SwiftExplicitDependencyGeneratePcm armv7k /Users/admin/builder/spi-builder-workspace/.derivedData/ModuleCache.noindex/MachO-9R02UT74CDAHN7SDE2C3NEP1O.pcm
SwiftExplicitDependencyGeneratePcm arm64_32 /Users/admin/builder/spi-builder-workspace/.derivedData/ModuleCache.noindex/MachO-6OVRRG971REDI9TGJVV7MUK7J.pcm
SwiftExplicitDependencyGeneratePcm arm64_32 /Users/admin/builder/spi-builder-workspace/.derivedData/ModuleCache.noindex/ObjectiveC-A454NAS899IHKN5FXNYEN6YN8.pcm
SwiftExplicitDependencyGeneratePcm arm64 /Users/admin/builder/spi-builder-workspace/.derivedData/ModuleCache.noindex/MachO-5XJ4B2ELAF9MVDJSZ5ZT9JPIJ.pcm
SwiftExplicitDependencyGeneratePcm arm64 /Users/admin/builder/spi-builder-workspace/.derivedData/ModuleCache.noindex/ObjectiveC-Y2H3FASB6S9J4MW2R2WQEJLM.pcm
SwiftExplicitDependencyGeneratePcm armv7k /Users/admin/builder/spi-builder-workspace/.derivedData/ModuleCache.noindex/os_object-935VVCGRNPUWQ7BH0U6OJVVSX.pcm
SwiftExplicitDependencyGeneratePcm armv7k /Users/admin/builder/spi-builder-workspace/.derivedData/ModuleCache.noindex/Spatial-DZZ0NMLAI4ALGKVQRG6GIEJEL.pcm
SwiftExplicitDependencyGeneratePcm armv7k /Users/admin/builder/spi-builder-workspace/.derivedData/ModuleCache.noindex/os_workgroup-2XJNM2Q043Z71ASPD0MSEO735.pcm
SwiftExplicitDependencyGeneratePcm arm64 /Users/admin/builder/spi-builder-workspace/.derivedData/ModuleCache.noindex/os_object-C5Y3EORD6K8DOSP4T3Q3RFZ8L.pcm
SwiftExplicitDependencyGeneratePcm arm64_32 /Users/admin/builder/spi-builder-workspace/.derivedData/ModuleCache.noindex/os_object-IVSSSVSJYK45M023SEEMEEK7.pcm
SwiftExplicitDependencyGeneratePcm armv7k /Users/admin/builder/spi-builder-workspace/.derivedData/ModuleCache.noindex/Dispatch-7XUT6EPRBSB5DW4MN71UXTKUV.pcm
SwiftExplicitDependencyGeneratePcm arm64 /Users/admin/builder/spi-builder-workspace/.derivedData/ModuleCache.noindex/os_workgroup-819V7E6IGB5TNT5WEQ245EX6R.pcm
SwiftExplicitDependencyGeneratePcm arm64_32 /Users/admin/builder/spi-builder-workspace/.derivedData/ModuleCache.noindex/os_workgroup-1OOJFHXIHOZPPYDUR9OHEF8Q8.pcm
SwiftExplicitDependencyGeneratePcm arm64_32 /Users/admin/builder/spi-builder-workspace/.derivedData/ModuleCache.noindex/Spatial-APGIL5XRA4Z9FRU214Q8KO347.pcm
SwiftExplicitDependencyGeneratePcm arm64 /Users/admin/builder/spi-builder-workspace/.derivedData/ModuleCache.noindex/Spatial-5SEWWCKXBGK2U2GP0AM85IL0M.pcm
SwiftExplicitDependencyGeneratePcm arm64 /Users/admin/builder/spi-builder-workspace/.derivedData/ModuleCache.noindex/Dispatch-R1PG9Y2DP3EK3LRUA8PRPADC.pcm
SwiftExplicitDependencyGeneratePcm armv7k /Users/admin/builder/spi-builder-workspace/.derivedData/ModuleCache.noindex/CoreFoundation-5RDWSHLMKE2HU2LCXVV68H9F0.pcm
SwiftExplicitDependencyGeneratePcm armv7k /Users/admin/builder/spi-builder-workspace/.derivedData/ModuleCache.noindex/XPC-5A1GJSVRTUEKXJ08IB057B6JN.pcm
SwiftExplicitDependencyGeneratePcm arm64_32 /Users/admin/builder/spi-builder-workspace/.derivedData/ModuleCache.noindex/Dispatch-3505J0L9W5O3CWY9CI0FWKIHP.pcm
SwiftExplicitDependencyGeneratePcm armv7k /Users/admin/builder/spi-builder-workspace/.derivedData/ModuleCache.noindex/os-75MMQ4N3INX451IU72F8E32FR.pcm
SwiftExplicitDependencyGeneratePcm arm64 /Users/admin/builder/spi-builder-workspace/.derivedData/ModuleCache.noindex/XPC-9LXFH1YGCTEYI6FZTMA69KC0E.pcm
SwiftExplicitDependencyGeneratePcm arm64 /Users/admin/builder/spi-builder-workspace/.derivedData/ModuleCache.noindex/CoreFoundation-5K8M5ISJ7BMQVNR98DK2M4NVG.pcm
SwiftExplicitDependencyGeneratePcm arm64_32 /Users/admin/builder/spi-builder-workspace/.derivedData/ModuleCache.noindex/XPC-EBVVYR4TF0PQUZ4W3Y6BB8T4R.pcm
SwiftExplicitDependencyGeneratePcm arm64_32 /Users/admin/builder/spi-builder-workspace/.derivedData/ModuleCache.noindex/CoreFoundation-ARJYTIRRDW39S4NN6EM23QIBS.pcm
SwiftExplicitDependencyGeneratePcm armv7k /Users/admin/builder/spi-builder-workspace/.derivedData/ModuleCache.noindex/Security-7PHGOPKBVRPUS00GX24N7Q9VD.pcm
SwiftExplicitDependencyGeneratePcm armv7k /Users/admin/builder/spi-builder-workspace/.derivedData/ModuleCache.noindex/CoreGraphics-DTM1C8TADQ0OEM4ZDGOJG437J.pcm
SwiftExplicitDependencyGeneratePcm arm64_32 /Users/admin/builder/spi-builder-workspace/.derivedData/ModuleCache.noindex/os-FCCOJCZWP2Q09XPQ8G3X375E.pcm
SwiftExplicitDependencyGeneratePcm arm64 /Users/admin/builder/spi-builder-workspace/.derivedData/ModuleCache.noindex/os-BDPCIHQ8S0Y3RPV5OGGIJLBOI.pcm
SwiftExplicitDependencyGeneratePcm arm64 /Users/admin/builder/spi-builder-workspace/.derivedData/ModuleCache.noindex/Security-BV24I6SQZR1TBPFSIT5KTQ5X9.pcm
SwiftExplicitDependencyGeneratePcm arm64 /Users/admin/builder/spi-builder-workspace/.derivedData/ModuleCache.noindex/CoreGraphics-1L5IBV5BK03AOHQMVY94DA0Y9.pcm
SwiftExplicitDependencyGeneratePcm arm64_32 /Users/admin/builder/spi-builder-workspace/.derivedData/ModuleCache.noindex/CoreGraphics-5GMJA9NE7FQ02TC83K493IA04.pcm
SwiftExplicitDependencyGeneratePcm arm64_32 /Users/admin/builder/spi-builder-workspace/.derivedData/ModuleCache.noindex/Security-18V7BBHOAWHI6N4MT8WMS1NTI.pcm
SwiftExplicitDependencyGeneratePcm armv7k /Users/admin/builder/spi-builder-workspace/.derivedData/ModuleCache.noindex/Foundation-3XX2BK9JF2VWZ6LQZCBIESSO0.pcm
SwiftExplicitDependencyGeneratePcm armv7k /Users/admin/builder/spi-builder-workspace/.derivedData/ModuleCache.noindex/CoreText-9D8Y0BBBYUPAKYBQWBSYUPUS3.pcm
SwiftExplicitDependencyGeneratePcm armv7k /Users/admin/builder/spi-builder-workspace/.derivedData/ModuleCache.noindex/CoreVideo-5O343TGC9TTBGJIRAODKG6I3X.pcm
SwiftExplicitDependencyGeneratePcm arm64 /Users/admin/builder/spi-builder-workspace/.derivedData/ModuleCache.noindex/Foundation-DGTSTG9ILAWV20UWIH3AFDWUP.pcm
SwiftExplicitDependencyGeneratePcm arm64_32 /Users/admin/builder/spi-builder-workspace/.derivedData/ModuleCache.noindex/Foundation-6R9V5UMJYXKQLO5TWCMLTAXSH.pcm
SwiftExplicitDependencyGeneratePcm arm64 /Users/admin/builder/spi-builder-workspace/.derivedData/ModuleCache.noindex/CoreVideo-1K1IVEGX3YCBIEYLBA6OWJAE3.pcm
SwiftExplicitDependencyGeneratePcm arm64 /Users/admin/builder/spi-builder-workspace/.derivedData/ModuleCache.noindex/CoreText-AR50W5VJFBMQSWJTE58G2P6XT.pcm
SwiftExplicitDependencyGeneratePcm arm64_32 /Users/admin/builder/spi-builder-workspace/.derivedData/ModuleCache.noindex/CoreText-5L7DP4XQGHN9DXPRFIEWGVXZP.pcm
SwiftExplicitDependencyGeneratePcm arm64_32 /Users/admin/builder/spi-builder-workspace/.derivedData/ModuleCache.noindex/CoreVideo-E4FR5RSL9DK6F673O677NE1YT.pcm
SwiftExplicitDependencyGeneratePcm armv7k /Users/admin/builder/spi-builder-workspace/.derivedData/ModuleCache.noindex/OSLog-9GMFCM8VM1D119JPWM47CB6EG.pcm
SwiftExplicitDependencyGeneratePcm armv7k /Users/admin/builder/spi-builder-workspace/.derivedData/ModuleCache.noindex/CoreTransferable-EM5LUAFSLHWW4NUT40IOHMVU9.pcm
SwiftExplicitDependencyGeneratePcm armv7k /Users/admin/builder/spi-builder-workspace/.derivedData/ModuleCache.noindex/UniformTypeIdentifiers-15U8RITTHH55OK8XZ94FOPPXW.pcm
SwiftExplicitDependencyGeneratePcm armv7k /Users/admin/builder/spi-builder-workspace/.derivedData/ModuleCache.noindex/DataDetection-8R95T5KG3JERZMFL4NWFIE19N.pcm
SwiftExplicitDependencyGeneratePcm armv7k /Users/admin/builder/spi-builder-workspace/.derivedData/ModuleCache.noindex/Symbols-84SU39395EORA0TEGBXUPMSXK.pcm
SwiftExplicitDependencyGeneratePcm armv7k /Users/admin/builder/spi-builder-workspace/.derivedData/ModuleCache.noindex/UserNotifications-18FVULGIQQ2RUUCIPHGWI4L7B.pcm
SwiftExplicitDependencyGeneratePcm armv7k /Users/admin/builder/spi-builder-workspace/.derivedData/ModuleCache.noindex/QuartzCore-QI40ABW7IJQSKRB6XW911RBN.pcm
SwiftExplicitDependencyGeneratePcm armv7k /Users/admin/builder/spi-builder-workspace/.derivedData/ModuleCache.noindex/Accessibility-386GF3MEUTUXY4PTM8QCXIQRM.pcm
SwiftExplicitDependencyGeneratePcm armv7k /Users/admin/builder/spi-builder-workspace/.derivedData/ModuleCache.noindex/UIUtilities-EYVSG54FBVGQ3A63R2TK31M5S.pcm
SwiftExplicitDependencyGeneratePcm arm64_32 /Users/admin/builder/spi-builder-workspace/.derivedData/ModuleCache.noindex/DataDetection-BKXNJSCY05VYJVQN4B51SQ2WU.pcm
SwiftExplicitDependencyGeneratePcm arm64_32 /Users/admin/builder/spi-builder-workspace/.derivedData/ModuleCache.noindex/Accessibility-60D33VG40IRSAK4ZJ67ER942Z.pcm
SwiftExplicitDependencyGeneratePcm arm64_32 /Users/admin/builder/spi-builder-workspace/.derivedData/ModuleCache.noindex/CoreTransferable-ALDBP3KNFU3XIEH7I3FWE9C55.pcm
SwiftExplicitDependencyGeneratePcm arm64_32 /Users/admin/builder/spi-builder-workspace/.derivedData/ModuleCache.noindex/UserNotifications-D88TG8IEWP7KRO0HXWQG7CBTD.pcm
SwiftExplicitDependencyGeneratePcm arm64_32 /Users/admin/builder/spi-builder-workspace/.derivedData/ModuleCache.noindex/UIUtilities-DPYL8PIIQR4U9ZSP4QJG5W7RE.pcm
SwiftExplicitDependencyGeneratePcm arm64_32 /Users/admin/builder/spi-builder-workspace/.derivedData/ModuleCache.noindex/UniformTypeIdentifiers-3L3AB6YHK1ZJ72QWR9VA199NK.pcm
SwiftExplicitDependencyGeneratePcm arm64_32 /Users/admin/builder/spi-builder-workspace/.derivedData/ModuleCache.noindex/QuartzCore-5EX6KFLXASOF4ZDWSBPXE6PW3.pcm
SwiftExplicitDependencyGeneratePcm arm64_32 /Users/admin/builder/spi-builder-workspace/.derivedData/ModuleCache.noindex/OSLog-C23HUI9F1HEGKBHKRW4E1YT4R.pcm
SwiftExplicitDependencyGeneratePcm arm64 /Users/admin/builder/spi-builder-workspace/.derivedData/ModuleCache.noindex/UserNotifications-9QZGO88OF6PPVA3VHH2OISBDA.pcm
SwiftExplicitDependencyGeneratePcm armv7k /Users/admin/builder/spi-builder-workspace/.derivedData/ModuleCache.noindex/SwiftUICore-70QPKBTH9B5IGXUXMSXWQQHZX.pcm
SwiftExplicitDependencyGeneratePcm arm64 /Users/admin/builder/spi-builder-workspace/.derivedData/ModuleCache.noindex/QuartzCore-5O2JCF71SSNHHYM5PE623JIQQ.pcm
SwiftExplicitDependencyGeneratePcm arm64 /Users/admin/builder/spi-builder-workspace/.derivedData/ModuleCache.noindex/CoreTransferable-3BB69E7UMLD3XTTJHSBD736H3.pcm
SwiftExplicitDependencyGeneratePcm arm64 /Users/admin/builder/spi-builder-workspace/.derivedData/ModuleCache.noindex/UniformTypeIdentifiers-C4ZFWHHUCMFEQ5ZB9GHY4SRR5.pcm
SwiftExplicitDependencyGeneratePcm arm64 /Users/admin/builder/spi-builder-workspace/.derivedData/ModuleCache.noindex/UIUtilities-6MCEYYNNB2NNIFT1JJ04J9339.pcm
SwiftExplicitDependencyGeneratePcm arm64 /Users/admin/builder/spi-builder-workspace/.derivedData/ModuleCache.noindex/Symbols-EA6E33ABXA034OLA3JC6B7411.pcm
SwiftExplicitDependencyGeneratePcm arm64 /Users/admin/builder/spi-builder-workspace/.derivedData/ModuleCache.noindex/Accessibility-4FJUXQLX9CHSXYEMQLI4P71WE.pcm
SwiftExplicitDependencyGeneratePcm arm64_32 /Users/admin/builder/spi-builder-workspace/.derivedData/ModuleCache.noindex/Symbols-4D0OKF0U8U0TQX1DXSV3MYO1Z.pcm
SwiftExplicitDependencyGeneratePcm armv7k /Users/admin/builder/spi-builder-workspace/.derivedData/ModuleCache.noindex/UIKit-DI715378YNATMG6VIFKVRLZUH.pcm
SwiftExplicitDependencyGeneratePcm arm64 /Users/admin/builder/spi-builder-workspace/.derivedData/ModuleCache.noindex/OSLog-DACM4PAKP5JOBUFCFB274ELTX.pcm
SwiftExplicitDependencyGeneratePcm arm64 /Users/admin/builder/spi-builder-workspace/.derivedData/ModuleCache.noindex/DataDetection-9MZGFMND9QLYM91N6G142CEC1.pcm
SwiftExplicitDependencyGeneratePcm arm64_32 /Users/admin/builder/spi-builder-workspace/.derivedData/ModuleCache.noindex/SwiftUICore-1V1QCOC1YJMMNVI402F6P2LXO.pcm
SwiftExplicitDependencyGeneratePcm arm64_32 /Users/admin/builder/spi-builder-workspace/.derivedData/ModuleCache.noindex/UIKit-D12962RW1UX3WWJBZMUULNP5A.pcm
SwiftExplicitDependencyGeneratePcm arm64 /Users/admin/builder/spi-builder-workspace/.derivedData/ModuleCache.noindex/UIKit-A8NAX9CYX4DL3CFEXO3JM8ZY5.pcm
SwiftExplicitDependencyGeneratePcm arm64 /Users/admin/builder/spi-builder-workspace/.derivedData/ModuleCache.noindex/SwiftUICore-6DYMKPCCH9OBNIDCHPW7233W3.pcm
SwiftCompile normal armv7k Compiling\ ConstraintStorage.swift /Users/admin/builder/spi-builder-workspace/Sources/Storage/ConstraintStorage.swift (in target 'OrbitalLayout' from project 'OrbitalLayout')
SwiftCompile normal armv7k /Users/admin/builder/spi-builder-workspace/Sources/Storage/ConstraintStorage.swift (in target 'OrbitalLayout' from project 'OrbitalLayout')
cd /Users/admin/builder/spi-builder-workspace/.swiftpm/xcode
SwiftCompile normal armv7k Compiling\ OrbitalViewController+Orbital.swift /Users/admin/builder/spi-builder-workspace/Sources/Extensions/OrbitalViewController+Orbital.swift (in target 'OrbitalLayout' from project 'OrbitalLayout')
SwiftCompile normal armv7k /Users/admin/builder/spi-builder-workspace/Sources/Extensions/OrbitalViewController+Orbital.swift (in target 'OrbitalLayout' from project 'OrbitalLayout')
cd /Users/admin/builder/spi-builder-workspace/.swiftpm/xcode
SwiftCompile normal armv7k Compiling\ PlatformAliases.swift /Users/admin/builder/spi-builder-workspace/Sources/Extensions/PlatformAliases.swift (in target 'OrbitalLayout' from project 'OrbitalLayout')
SwiftCompile normal armv7k /Users/admin/builder/spi-builder-workspace/Sources/Extensions/PlatformAliases.swift (in target 'OrbitalLayout' from project 'OrbitalLayout')
cd /Users/admin/builder/spi-builder-workspace/.swiftpm/xcode
SwiftCompile normal armv7k Compiling\ OrbitalProxy.swift /Users/admin/builder/spi-builder-workspace/Sources/Proxy/OrbitalProxy.swift (in target 'OrbitalLayout' from project 'OrbitalLayout')
SwiftCompile normal armv7k /Users/admin/builder/spi-builder-workspace/Sources/Proxy/OrbitalProxy.swift (in target 'OrbitalLayout' from project 'OrbitalLayout')
cd /Users/admin/builder/spi-builder-workspace/.swiftpm/xcode
SwiftCompile normal armv7k Compiling\ OrbitalView+Orbital.swift /Users/admin/builder/spi-builder-workspace/Sources/Extensions/OrbitalView+Orbital.swift (in target 'OrbitalLayout' from project 'OrbitalLayout')
SwiftCompile normal armv7k /Users/admin/builder/spi-builder-workspace/Sources/Extensions/OrbitalView+Orbital.swift (in target 'OrbitalLayout' from project 'OrbitalLayout')
cd /Users/admin/builder/spi-builder-workspace/.swiftpm/xcode
SwiftEmitModule normal armv7k Emitting\ module\ for\ OrbitalLayout (in target 'OrbitalLayout' from project 'OrbitalLayout')
Failed frontend command:
/Applications/Xcode-26.4.0.app/Contents/Developer/Toolchains/XcodeDefault.xctoolchain/usr/bin/swift-frontend -frontend -emit-module -experimental-skip-non-inlinable-function-bodies-without-types /Users/admin/builder/spi-builder-workspace/.derivedData/Build/Intermediates.noindex/OrbitalLayout.build/Debug-watchos/OrbitalLayout.build/DerivedSources/resource_bundle_accessor.swift /Users/admin/builder/spi-builder-workspace/Sources/Core/ConstraintFactory.swift /Users/admin/builder/spi-builder-workspace/Sources/Core/OrbitalAnchor.swift /Users/admin/builder/spi-builder-workspace/Sources/Core/OrbitalDescriptor.swift /Users/admin/builder/spi-builder-workspace/Sources/Core/OrbitalPriority.swift /Users/admin/builder/spi-builder-workspace/Sources/Core/OrbitalRelation.swift /Users/admin/builder/spi-builder-workspace/Sources/Extensions/OrbitalConstraint+Orbital.swift /Users/admin/builder/spi-builder-workspace/Sources/Extensions/OrbitalView+Orbital.swift /Users/admin/builder/spi-builder-workspace/Sources/Extensions/OrbitalViewController+Orbital.swift /Users/admin/builder/spi-builder-workspace/Sources/Extensions/PlatformAliases.swift /Users/admin/builder/spi-builder-workspace/Sources/Proxy/OrbitalProxy.swift /Users/admin/builder/spi-builder-workspace/Sources/Storage/ConstraintStorage.swift -target armv7k-apple-watchos8.0 -module-can-import-version UIKit 9126.4.27.1 9126.4.27 -load-resolved-plugin /Applications/Xcode-26.4.0.app/Contents/Developer/Platforms/WatchOS.platform/Developer/usr/lib/swift/host/plugins/libFoundationMacros.dylib\#/Applications/Xcode-26.4.0.app/Contents/Developer/Platforms/WatchOS.platform/Developer/usr/bin/swift-plugin-server\#FoundationMacros -load-resolved-plugin /Applications/Xcode-26.4.0.app/Contents/Developer/Platforms/WatchOS.platform/Developer/usr/lib/swift/host/plugins/libObservationMacros.dylib\#/Applications/Xcode-26.4.0.app/Contents/Developer/Platforms/WatchOS.platform/Developer/usr/bin/swift-plugin-server\#ObservationMacros -load-resolved-plugin /Applications/Xcode-26.4.0.app/Contents/Developer/Platforms/WatchOS.platform/Developer/usr/lib/swift/host/plugins/libSwiftMacros.dylib\#/Applications/Xcode-26.4.0.app/Contents/Developer/Platforms/WatchOS.platform/Developer/usr/bin/swift-plugin-server\#SwiftMacros -load-resolved-plugin /Applications/Xcode-26.4.0.app/Contents/Developer/Platforms/WatchOS.platform/Developer/usr/lib/swift/host/plugins/libSwiftUIMacros.dylib\#/Applications/Xcode-26.4.0.app/Contents/Developer/Platforms/WatchOS.platform/Developer/usr/bin/swift-plugin-server\#SwiftUIMacros -disable-implicit-swift-modules -Xcc -fno-implicit-modules -Xcc -fno-implicit-module-maps -explicit-swift-module-map-file /Users/admin/builder/spi-builder-workspace/.derivedData/Build/Intermediates.noindex/OrbitalLayout.build/Debug-watchos/OrbitalLayout.build/Objects-normal/armv7k/OrbitalLayout-dependencies-1.json -enable-objc-interop -stack-check -sdk /Applications/Xcode-26.4.0.app/Contents/Developer/Platforms/WatchOS.platform/Developer/SDKs/WatchOS26.4.sdk -I /Users/admin/builder/spi-builder-workspace/.derivedData/Build/Products/Debug-watchos -Isystem /Applications/Xcode-26.4.0.app/Contents/Developer/Platforms/WatchOS.platform/Developer/usr/lib -F /Users/admin/builder/spi-builder-workspace/.derivedData/Build/Products/Debug-watchos -F /Applications/Xcode-26.4.0.app/Contents/Developer/Platforms/WatchOS.platform/Developer/Library/Frameworks -F /Applications/Xcode-26.4.0.app/Contents/Developer/Platforms/WatchOS.platform/Developer/SDKs/WatchOS26.4.sdk/Developer/Library/Frameworks -no-color-diagnostics -Xcc -fno-color-diagnostics -enable-testing -g -debug-info-format\=dwarf -dwarf-version\=4 -module-cache-path /Users/admin/builder/spi-builder-workspace/.derivedData/Build/Intermediates.noindex/SwiftExplicitPrecompiledModules -profile-generate -profile-coverage-mapping -swift-version 5 -Onone -D SWIFT_PACKAGE -D DEBUG -D SWIFT_MODULE_RESOURCE_BUNDLE_AVAILABLE -D Xcode -serialize-debugging-options -const-gather-protocols-file /Users/admin/builder/spi-builder-workspace/.derivedData/Build/Intermediates.noindex/OrbitalLayout.build/Debug-watchos/OrbitalLayout.build/Objects-normal/armv7k/OrbitalLayout_const_extract_protocols.json -enable-experimental-feature DebugDescriptionMacro -empty-abi-descriptor -validate-clang-modules-once -clang-build-session-file /Users/admin/builder/spi-builder-workspace/.derivedData/ModuleCache.noindex/Session.modulevalidation -Xcc -working-directory -Xcc /Users/admin/builder/spi-builder-workspace/.swiftpm/xcode -enable-anonymous-context-mangled-names -file-compilation-dir /Users/admin/builder/spi-builder-workspace/.swiftpm/xcode -Xcc -D_LIBCPP_HARDENING_MODE\=_LIBCPP_HARDENING_MODE_DEBUG -Xcc -ivfsstatcache -Xcc /Users/admin/builder/spi-builder-workspace/.derivedData/SDKStatCaches.noindex/watchos26.4-23T238-688ef53f1462e2c8f657fdc38a81448f9e51884a582f42380855760c9d4cc599.sdkstatcache -Xcc -I/Users/admin/builder/spi-builder-workspace/.derivedData/Build/Intermediates.noindex/OrbitalLayout.build/Debug-watchos/OrbitalLayout.build/swift-overrides.hmap -Xcc -I/Users/admin/builder/spi-builder-workspace/.derivedData/Build/Products/Debug-watchos/include -Xcc -I/Users/admin/builder/spi-builder-workspace/.derivedData/Build/Intermediates.noindex/OrbitalLayout.build/Debug-watchos/OrbitalLayout.build/DerivedSources-normal/armv7k -Xcc -I/Users/admin/builder/spi-builder-workspace/.derivedData/Build/Intermediates.noindex/OrbitalLayout.build/Debug-watchos/OrbitalLayout.build/DerivedSources/armv7k -Xcc -I/Users/admin/builder/spi-builder-workspace/.derivedData/Build/Intermediates.noindex/OrbitalLayout.build/Debug-watchos/OrbitalLayout.build/DerivedSources -Xcc -DSWIFT_PACKAGE -Xcc -DDEBUG\=1 -no-auto-bridging-header-chaining -module-name OrbitalLayout -package-name spi_builder_workspace -frontend-parseable-output -disable-clang-spi -clang-target armv7k-apple-watchos26.4 -target-sdk-version 26.4 -target-sdk-name watchos26.4 -in-process-plugin-server-path /Applications/Xcode-26.4.0.app/Contents/Developer/Toolchains/XcodeDefault.xctoolchain/usr/lib/swift/host/libSwiftInProcPluginServer.dylib -emit-module-doc-path /Users/admin/builder/spi-builder-workspace/.derivedData/Build/Intermediates.noindex/OrbitalLayout.build/Debug-watchos/OrbitalLayout.build/Objects-normal/armv7k/OrbitalLayout.swiftdoc -emit-module-source-info-path /Users/admin/builder/spi-builder-workspace/.derivedData/Build/Intermediates.noindex/OrbitalLayout.build/Debug-watchos/OrbitalLayout.build/Objects-normal/armv7k/OrbitalLayout.swiftsourceinfo -emit-objc-header-path /Users/admin/builder/spi-builder-workspace/.derivedData/Build/Intermediates.noindex/OrbitalLayout.build/Debug-watchos/OrbitalLayout.build/Objects-normal/armv7k/OrbitalLayout-Swift.h -serialize-diagnostics-path /Users/admin/builder/spi-builder-workspace/.derivedData/Build/Intermediates.noindex/OrbitalLayout.build/Debug-watchos/OrbitalLayout.build/Objects-normal/armv7k/OrbitalLayout-primary-emit-module.dia -emit-dependencies-path /Users/admin/builder/spi-builder-workspace/.derivedData/Build/Intermediates.noindex/OrbitalLayout.build/Debug-watchos/OrbitalLayout.build/Objects-normal/armv7k/OrbitalLayout-primary-emit-module.d -o /Users/admin/builder/spi-builder-workspace/.derivedData/Build/Intermediates.noindex/OrbitalLayout.build/Debug-watchos/OrbitalLayout.build/Objects-normal/armv7k/OrbitalLayout.swiftmodule -emit-abi-descriptor-path /Users/admin/builder/spi-builder-workspace/.derivedData/Build/Intermediates.noindex/OrbitalLayout.build/Debug-watchos/OrbitalLayout.build/Objects-normal/armv7k/OrbitalLayout.abi.json
EmitSwiftModule normal armv7k (in target 'OrbitalLayout' from project 'OrbitalLayout')
cd /Users/admin/builder/spi-builder-workspace/.swiftpm/xcode
/Users/admin/builder/spi-builder-workspace/Sources/Core/ConstraintFactory.swift:413:19: error: 'NSLayoutXAxisAnchor' is unavailable in watchOS
_ source: NSLayoutXAxisAnchor,
^~~~~~~~~~~~~~~~~~~
/Applications/Xcode-26.4.0.app/Contents/Developer/Platforms/WatchOS.platform/Developer/SDKs/WatchOS26.4.sdk/System/Library/Frameworks/UIKit.framework/Headers/NSLayoutAnchor.h:64:12: note: 'NSLayoutXAxisAnchor' has been explicitly marked unavailable here
@interface NSLayoutXAxisAnchor : NSLayoutAnchor<NSLayoutXAxisAnchor *>
^
/Users/admin/builder/spi-builder-workspace/Sources/Core/ConstraintFactory.swift:432:19: error: 'NSLayoutXAxisAnchor' is unavailable in watchOS
_ source: NSLayoutXAxisAnchor,
^~~~~~~~~~~~~~~~~~~
/Applications/Xcode-26.4.0.app/Contents/Developer/Platforms/WatchOS.platform/Developer/SDKs/WatchOS26.4.sdk/System/Library/Frameworks/UIKit.framework/Headers/NSLayoutAnchor.h:64:12: note: 'NSLayoutXAxisAnchor' has been explicitly marked unavailable here
@interface NSLayoutXAxisAnchor : NSLayoutAnchor<NSLayoutXAxisAnchor *>
^
/Users/admin/builder/spi-builder-workspace/Sources/Core/ConstraintFactory.swift:434:20: error: 'NSLayoutXAxisAnchor' is unavailable in watchOS
to target: NSLayoutXAxisAnchor,
^~~~~~~~~~~~~~~~~~~
/Applications/Xcode-26.4.0.app/Contents/Developer/Platforms/WatchOS.platform/Developer/SDKs/WatchOS26.4.sdk/System/Library/Frameworks/UIKit.framework/Headers/NSLayoutAnchor.h:64:12: note: 'NSLayoutXAxisAnchor' has been explicitly marked unavailable here
@interface NSLayoutXAxisAnchor : NSLayoutAnchor<NSLayoutXAxisAnchor *>
^
/Users/admin/builder/spi-builder-workspace/Sources/Core/ConstraintFactory.swift:446:19: error: 'NSLayoutYAxisAnchor' is unavailable in watchOS
_ source: NSLayoutYAxisAnchor,
^~~~~~~~~~~~~~~~~~~
/Applications/Xcode-26.4.0.app/Contents/Developer/Platforms/WatchOS.platform/Developer/SDKs/WatchOS26.4.sdk/System/Library/Frameworks/UIKit.framework/Headers/NSLayoutAnchor.h:72:12: note: 'NSLayoutYAxisAnchor' has been explicitly marked unavailable here
@interface NSLayoutYAxisAnchor : NSLayoutAnchor<NSLayoutYAxisAnchor *>
^
/Users/admin/builder/spi-builder-workspace/Sources/Core/ConstraintFactory.swift:465:19: error: 'NSLayoutYAxisAnchor' is unavailable in watchOS
_ source: NSLayoutYAxisAnchor,
^~~~~~~~~~~~~~~~~~~
/Applications/Xcode-26.4.0.app/Contents/Developer/Platforms/WatchOS.platform/Developer/SDKs/WatchOS26.4.sdk/System/Library/Frameworks/UIKit.framework/Headers/NSLayoutAnchor.h:72:12: note: 'NSLayoutYAxisAnchor' has been explicitly marked unavailable here
@interface NSLayoutYAxisAnchor : NSLayoutAnchor<NSLayoutYAxisAnchor *>
^
/Users/admin/builder/spi-builder-workspace/Sources/Core/ConstraintFactory.swift:467:20: error: 'NSLayoutYAxisAnchor' is unavailable in watchOS
to target: NSLayoutYAxisAnchor,
^~~~~~~~~~~~~~~~~~~
/Applications/Xcode-26.4.0.app/Contents/Developer/Platforms/WatchOS.platform/Developer/SDKs/WatchOS26.4.sdk/System/Library/Frameworks/UIKit.framework/Headers/NSLayoutAnchor.h:72:12: note: 'NSLayoutYAxisAnchor' has been explicitly marked unavailable here
@interface NSLayoutYAxisAnchor : NSLayoutAnchor<NSLayoutYAxisAnchor *>
^
/Users/admin/builder/spi-builder-workspace/Sources/Core/ConstraintFactory.swift:479:19: error: 'NSLayoutDimension' is unavailable in watchOS
_ source: NSLayoutDimension,
^~~~~~~~~~~~~~~~~
/Applications/Xcode-26.4.0.app/Contents/Developer/Platforms/WatchOS.platform/Developer/SDKs/WatchOS26.4.sdk/System/Library/Frameworks/UIKit.framework/Headers/NSLayoutAnchor.h:81:12: note: 'NSLayoutDimension' has been explicitly marked unavailable here
@interface NSLayoutDimension : NSLayoutAnchor<NSLayoutDimension *>
^
/Users/admin/builder/spi-builder-workspace/Sources/Core/ConstraintFactory.swift:495:19: error: 'NSLayoutDimension' is unavailable in watchOS
_ source: NSLayoutDimension,
^~~~~~~~~~~~~~~~~
/Applications/Xcode-26.4.0.app/Contents/Developer/Platforms/WatchOS.platform/Developer/SDKs/WatchOS26.4.sdk/System/Library/Frameworks/UIKit.framework/Headers/NSLayoutAnchor.h:81:12: note: 'NSLayoutDimension' has been explicitly marked unavailable here
@interface NSLayoutDimension : NSLayoutAnchor<NSLayoutDimension *>
^
/Users/admin/builder/spi-builder-workspace/Sources/Core/ConstraintFactory.swift:511:19: error: 'NSLayoutDimension' is unavailable in watchOS
_ source: NSLayoutDimension,
^~~~~~~~~~~~~~~~~
/Applications/Xcode-26.4.0.app/Contents/Developer/Platforms/WatchOS.platform/Developer/SDKs/WatchOS26.4.sdk/System/Library/Frameworks/UIKit.framework/Headers/NSLayoutAnchor.h:81:12: note: 'NSLayoutDimension' has been explicitly marked unavailable here
@interface NSLayoutDimension : NSLayoutAnchor<NSLayoutDimension *>
^
/Users/admin/builder/spi-builder-workspace/Sources/Core/ConstraintFactory.swift:527:19: error: 'NSLayoutYAxisAnchor' is unavailable in watchOS
_ source: NSLayoutYAxisAnchor,
^~~~~~~~~~~~~~~~~~~
/Applications/Xcode-26.4.0.app/Contents/Developer/Platforms/WatchOS.platform/Developer/SDKs/WatchOS26.4.sdk/System/Library/Frameworks/UIKit.framework/Headers/NSLayoutAnchor.h:72:12: note: 'NSLayoutYAxisAnchor' has been explicitly marked unavailable here
@interface NSLayoutYAxisAnchor : NSLayoutAnchor<NSLayoutYAxisAnchor *>
^
/Users/admin/builder/spi-builder-workspace/Sources/Core/ConstraintFactory.swift:541:85: error: 'NSLayoutXAxisAnchor' is unavailable in watchOS
private static func xAnchor(for anchor: OrbitalAnchor, on view: OrbitalView) -> NSLayoutXAxisAnchor {
^~~~~~~~~~~~~~~~~~~
/Applications/Xcode-26.4.0.app/Contents/Developer/Platforms/WatchOS.platform/Developer/SDKs/WatchOS26.4.sdk/System/Library/Frameworks/UIKit.framework/Headers/NSLayoutAnchor.h:64:12: note: 'NSLayoutXAxisAnchor' has been explicitly marked unavailable here
@interface NSLayoutXAxisAnchor : NSLayoutAnchor<NSLayoutXAxisAnchor *>
^
/Users/admin/builder/spi-builder-workspace/Sources/Core/ConstraintFactory.swift:554:93: error: 'NSLayoutXAxisAnchor' is unavailable in watchOS
private static func xAnchor(for anchor: OrbitalAnchor, on guide: OrbitalLayoutGuide) -> NSLayoutXAxisAnchor {
^~~~~~~~~~~~~~~~~~~
/Applications/Xcode-26.4.0.app/Contents/Developer/Platforms/WatchOS.platform/Developer/SDKs/WatchOS26.4.sdk/System/Library/Frameworks/UIKit.framework/Headers/NSLayoutAnchor.h:64:12: note: 'NSLayoutXAxisAnchor' has been explicitly marked unavailable here
@interface NSLayoutXAxisAnchor : NSLayoutAnchor<NSLayoutXAxisAnchor *>
^
/Users/admin/builder/spi-builder-workspace/Sources/Core/ConstraintFactory.swift:567:85: error: 'NSLayoutYAxisAnchor' is unavailable in watchOS
private static func yAnchor(for anchor: OrbitalAnchor, on view: OrbitalView) -> NSLayoutYAxisAnchor {
^~~~~~~~~~~~~~~~~~~
/Applications/Xcode-26.4.0.app/Contents/Developer/Platforms/WatchOS.platform/Developer/SDKs/WatchOS26.4.sdk/System/Library/Frameworks/UIKit.framework/Headers/NSLayoutAnchor.h:72:12: note: 'NSLayoutYAxisAnchor' has been explicitly marked unavailable here
@interface NSLayoutYAxisAnchor : NSLayoutAnchor<NSLayoutYAxisAnchor *>
^
/Users/admin/builder/spi-builder-workspace/Sources/Core/ConstraintFactory.swift:582:93: error: 'NSLayoutYAxisAnchor' is unavailable in watchOS
private static func yAnchor(for anchor: OrbitalAnchor, on guide: OrbitalLayoutGuide) -> NSLayoutYAxisAnchor {
^~~~~~~~~~~~~~~~~~~
/Applications/Xcode-26.4.0.app/Contents/Developer/Platforms/WatchOS.platform/Developer/SDKs/WatchOS26.4.sdk/System/Library/Frameworks/UIKit.framework/Headers/NSLayoutAnchor.h:72:12: note: 'NSLayoutYAxisAnchor' has been explicitly marked unavailable here
@interface NSLayoutYAxisAnchor : NSLayoutAnchor<NSLayoutYAxisAnchor *>
^
/Users/admin/builder/spi-builder-workspace/Sources/Core/ConstraintFactory.swift:593:93: error: 'NSLayoutDimension' is unavailable in watchOS
private static func dimensionAnchor(for anchor: OrbitalAnchor, on view: OrbitalView) -> NSLayoutDimension {
^~~~~~~~~~~~~~~~~
/Applications/Xcode-26.4.0.app/Contents/Developer/Platforms/WatchOS.platform/Developer/SDKs/WatchOS26.4.sdk/System/Library/Frameworks/UIKit.framework/Headers/NSLayoutAnchor.h:81:12: note: 'NSLayoutDimension' has been explicitly marked unavailable here
@interface NSLayoutDimension : NSLayoutAnchor<NSLayoutDimension *>
^
/Users/admin/builder/spi-builder-workspace/Sources/Core/ConstraintFactory.swift:603:101: error: 'NSLayoutDimension' is unavailable in watchOS
private static func dimensionAnchor(for anchor: OrbitalAnchor, on guide: OrbitalLayoutGuide) -> NSLayoutDimension {
^~~~~~~~~~~~~~~~~
/Applications/Xcode-26.4.0.app/Contents/Developer/Platforms/WatchOS.platform/Developer/SDKs/WatchOS26.4.sdk/System/Library/Frameworks/UIKit.framework/Headers/NSLayoutAnchor.h:81:12: note: 'NSLayoutDimension' has been explicitly marked unavailable here
@interface NSLayoutDimension : NSLayoutAnchor<NSLayoutDimension *>
^
/Users/admin/builder/spi-builder-workspace/Sources/Core/ConstraintFactory.swift:644:73: error: 'NSLayoutConstraint' is unavailable in watchOS
private static func nsLayoutAttribute(for anchor: OrbitalAnchor) -> NSLayoutConstraint.Attribute {
^~~~~~~~~~~~~~~~~~
/Applications/Xcode-26.4.0.app/Contents/Developer/Platforms/WatchOS.platform/Developer/SDKs/WatchOS26.4.sdk/System/Library/Frameworks/UIKit.framework/Headers/NSLayoutConstraint.h:126:12: note: 'NSLayoutConstraint' has been explicitly marked unavailable here
@interface NSLayoutConstraint : NSObject
^
/Users/admin/builder/spi-builder-workspace/Sources/Core/ConstraintFactory.swift:664:76: error: 'NSLayoutConstraint' is unavailable in watchOS
private static func nsLayoutRelation(for relation: OrbitalRelation) -> NSLayoutConstraint.Relation {
^~~~~~~~~~~~~~~~~~
/Applications/Xcode-26.4.0.app/Contents/Developer/Platforms/WatchOS.platform/Developer/SDKs/WatchOS26.4.sdk/System/Library/Frameworks/UIKit.framework/Headers/NSLayoutConstraint.h:126:12: note: 'NSLayoutConstraint' has been explicitly marked unavailable here
@interface NSLayoutConstraint : NSObject
^
/Users/admin/builder/spi-builder-workspace/Sources/Extensions/PlatformAliases.swift:14:32: error: 'UIView' is unavailable in watchOS
public typealias OrbitalView = UIView
^~~~~~
/Applications/Xcode-26.4.0.app/Contents/Developer/Platforms/WatchOS.platform/Developer/SDKs/WatchOS26.4.sdk/System/Library/Frameworks/UIKit.framework/Headers/UIView.h:148:12: note: 'UIView' has been explicitly marked unavailable here
@interface UIView : UIResponder <NSCoding, UIAppearance, UIAppearanceContainer, UIDynamicItem, UITraitEnvironment, UICoordinateSpace, UIFocusItem, UIFocusItemContainer, CALayerDelegate>
^
/Users/admin/builder/spi-builder-workspace/Sources/Extensions/PlatformAliases.swift:20:39: error: 'UILayoutGuide' is unavailable in watchOS
public typealias OrbitalLayoutGuide = UILayoutGuide
^~~~~~~~~~~~~
/Applications/Xcode-26.4.0.app/Contents/Developer/Platforms/WatchOS.platform/Developer/SDKs/WatchOS26.4.sdk/System/Library/Frameworks/UIKit.framework/Headers/UILayoutGuide.h:24:12: note: 'UILayoutGuide' has been explicitly marked unavailable here
@interface UILayoutGuide : NSObject <NSCoding>
^
/Users/admin/builder/spi-builder-workspace/Sources/Extensions/PlatformAliases.swift:26:42: error: 'UILayoutPriority' is unavailable in watchOS
public typealias OrbitalLayoutPriority = UILayoutPriority
^~~~~~~~~~~~~~~~
/Applications/Xcode-26.4.0.app/Contents/Developer/Platforms/WatchOS.platform/Developer/SDKs/WatchOS26.4.sdk/System/Library/Frameworks/UIKit.framework/Headers/NSLayoutConstraint.h:17:15: note: 'UILayoutPriority' has been explicitly marked unavailable here
typedef float UILayoutPriority NS_TYPED_EXTENSIBLE_ENUM API_UNAVAILABLE(watchos);
^
/Users/admin/builder/spi-builder-workspace/Sources/Extensions/PlatformAliases.swift:32:42: error: 'UIViewController' is unavailable in watchOS
public typealias OrbitalViewController = UIViewController
^~~~~~~~~~~~~~~~
/Applications/Xcode-26.4.0.app/Contents/Developer/Platforms/WatchOS.platform/Developer/SDKs/WatchOS26.4.sdk/System/Library/Frameworks/UIKit.framework/Headers/UIViewController.h:102:12: note: 'UIViewController' has been explicitly marked unavailable here
@interface UIViewController : UIResponder <NSCoding, UIAppearanceContainer, UITraitEnvironment, UIContentContainer, UIFocusEnvironment>
^
/Users/admin/builder/spi-builder-workspace/Sources/Extensions/PlatformAliases.swift:70:38: error: 'NSLayoutConstraint' is unavailable in watchOS
public typealias OrbitalConstraint = NSLayoutConstraint
^~~~~~~~~~~~~~~~~~
/Applications/Xcode-26.4.0.app/Contents/Developer/Platforms/WatchOS.platform/Developer/SDKs/WatchOS26.4.sdk/System/Library/Frameworks/UIKit.framework/Headers/NSLayoutConstraint.h:126:12: note: 'NSLayoutConstraint' has been explicitly marked unavailable here
@interface NSLayoutConstraint : NSObject
^
/Users/admin/builder/spi-builder-workspace/Sources/Extensions/PlatformAliases.swift:79:32: error: 'NSLayoutConstraint' is unavailable in watchOS
public typealias OrbitalAxis = NSLayoutConstraint.Axis
^~~~~~~~~~~~~~~~~~
/Applications/Xcode-26.4.0.app/Contents/Developer/Platforms/WatchOS.platform/Developer/SDKs/WatchOS26.4.sdk/System/Library/Frameworks/UIKit.framework/Headers/NSLayoutConstraint.h:126:12: note: 'NSLayoutConstraint' has been explicitly marked unavailable here
@interface NSLayoutConstraint : NSObject
^
SwiftCompile normal armv7k Compiling\ OrbitalPriority.swift /Users/admin/builder/spi-builder-workspace/Sources/Core/OrbitalPriority.swift (in target 'OrbitalLayout' from project 'OrbitalLayout')
SwiftCompile normal armv7k /Users/admin/builder/spi-builder-workspace/Sources/Core/OrbitalPriority.swift (in target 'OrbitalLayout' from project 'OrbitalLayout')
cd /Users/admin/builder/spi-builder-workspace/.swiftpm/xcode
SwiftCompile normal armv7k Compiling\ OrbitalAnchor.swift,\ OrbitalDescriptor.swift /Users/admin/builder/spi-builder-workspace/Sources/Core/OrbitalAnchor.swift /Users/admin/builder/spi-builder-workspace/Sources/Core/OrbitalDescriptor.swift (in target 'OrbitalLayout' from project 'OrbitalLayout')
SwiftCompile normal armv7k /Users/admin/builder/spi-builder-workspace/Sources/Core/OrbitalAnchor.swift (in target 'OrbitalLayout' from project 'OrbitalLayout')
cd /Users/admin/builder/spi-builder-workspace/.swiftpm/xcode
SwiftCompile normal armv7k /Users/admin/builder/spi-builder-workspace/Sources/Core/OrbitalDescriptor.swift (in target 'OrbitalLayout' from project 'OrbitalLayout')
cd /Users/admin/builder/spi-builder-workspace/.swiftpm/xcode
SwiftCompile normal armv7k Compiling\ resource_bundle_accessor.swift,\ ConstraintFactory.swift /Users/admin/builder/spi-builder-workspace/.derivedData/Build/Intermediates.noindex/OrbitalLayout.build/Debug-watchos/OrbitalLayout.build/DerivedSources/resource_bundle_accessor.swift /Users/admin/builder/spi-builder-workspace/Sources/Core/ConstraintFactory.swift (in target 'OrbitalLayout' from project 'OrbitalLayout')
SwiftCompile normal armv7k /Users/admin/builder/spi-builder-workspace/.derivedData/Build/Intermediates.noindex/OrbitalLayout.build/Debug-watchos/OrbitalLayout.build/DerivedSources/resource_bundle_accessor.swift (in target 'OrbitalLayout' from project 'OrbitalLayout')
cd /Users/admin/builder/spi-builder-workspace/.swiftpm/xcode
SwiftCompile normal armv7k /Users/admin/builder/spi-builder-workspace/Sources/Core/ConstraintFactory.swift (in target 'OrbitalLayout' from project 'OrbitalLayout')
cd /Users/admin/builder/spi-builder-workspace/.swiftpm/xcode
SwiftEmitModule normal arm64_32 Emitting\ module\ for\ OrbitalLayout (in target 'OrbitalLayout' from project 'OrbitalLayout')
EmitSwiftModule normal arm64_32 (in target 'OrbitalLayout' from project 'OrbitalLayout')
cd /Users/admin/builder/spi-builder-workspace/.swiftpm/xcode
SwiftEmitModule normal arm64 Emitting\ module\ for\ OrbitalLayout (in target 'OrbitalLayout' from project 'OrbitalLayout')
2026-08-11 10:57:34.860 xcodebuild[717:4497] [MT] IDERunDestination: Supported platforms for the buildables in the current scheme is empty.
** BUILD FAILED **
The following build commands failed:
SwiftEmitModule normal armv7k Emitting\ module\ for\ OrbitalLayout (in target 'OrbitalLayout' from project 'OrbitalLayout')
EmitSwiftModule normal armv7k (in target 'OrbitalLayout' from project 'OrbitalLayout')
Building workspace spi-builder-workspace with scheme OrbitalLayout
(3 failures)
Command line invocation:
/Applications/Xcode-26.4.0.app/Contents/Developer/usr/bin/xcodebuild -IDEClonedSourcePackagesDirPathOverride=/Users/admin/builder/spi-builder-workspace/.dependencies -resolvePackageDependencies
Resolve Package Graph
Resolved source packages:
OrbitalLayout: /Users/admin/builder/spi-builder-workspace
resolved source packages: OrbitalLayout
2026-08-11 10:57:42.633 xcodebuild[886:5114] [MT] IDERunDestination: Supported platforms for the buildables in the current scheme is empty.
{
"dependencies" : [
],
"manifest_display_name" : "OrbitalLayout",
"name" : "OrbitalLayout",
"path" : "/Users/admin/builder/spi-builder-workspace",
"platforms" : [
{
"name" : "ios",
"version" : "15.0"
},
{
"name" : "macos",
"version" : "12.0"
},
{
"name" : "tvos",
"version" : "15.0"
}
],
"products" : [
{
"name" : "OrbitalLayout",
"targets" : [
"OrbitalLayout"
],
"type" : {
"library" : [
"automatic"
]
}
}
],
"targets" : [
{
"c99name" : "OrbitalLayoutTests",
"module_type" : "SwiftTarget",
"name" : "OrbitalLayoutTests",
"path" : "Tests",
"sources" : [
"ConstraintFactoryTests.swift",
"ConstraintStorageTests.swift",
"ErrorHandlingTests.swift",
"IntegrationTests.swift",
"OrbitalAnchorTests.swift",
"OrbitalConstraintExtensionTests.swift",
"OrbitalDescriptorTests.swift",
"OrbitalLayoutTests.swift",
"OrbitalPriorityTests.swift",
"OrbitalProxyTests.swift",
"OrbitalRelationTests.swift",
"OrbitalViewControllerExtensionTests.swift",
"OrbitalViewExtensionTests.swift"
],
"target_dependencies" : [
"OrbitalLayout"
],
"type" : "test"
},
{
"c99name" : "OrbitalLayout",
"module_type" : "SwiftTarget",
"name" : "OrbitalLayout",
"path" : "Sources",
"product_memberships" : [
"OrbitalLayout"
],
"resources" : [
{
"path" : "/Users/admin/builder/spi-builder-workspace/Sources/PrivacyInfo.xcprivacy",
"rule" : {
"process" : {
}
}
}
],
"sources" : [
"Core/ConstraintFactory.swift",
"Core/OrbitalAnchor.swift",
"Core/OrbitalDescriptor.swift",
"Core/OrbitalPriority.swift",
"Core/OrbitalRelation.swift",
"Extensions/OrbitalConstraint+Orbital.swift",
"Extensions/OrbitalView+Orbital.swift",
"Extensions/OrbitalViewController+Orbital.swift",
"Extensions/PlatformAliases.swift",
"Proxy/OrbitalProxy.swift",
"Storage/ConstraintStorage.swift"
],
"type" : "library"
}
],
"tools_version" : "5.9"
}
{
"workspace" : {
"name" : "spi-builder-workspace",
"schemes" : [
"OrbitalLayout"
]
}
}
2026-08-11 10:57:43.732 xcodebuild[896:5192] [MT] IDERunDestination: Supported platforms for the buildables in the current scheme is empty.
Running build ...
env DEVELOPER_DIR=/Applications/Xcode-26.4.0.app xcrun xcodebuild -IDEClonedSourcePackagesDirPathOverride=$PWD/.dependencies -skipMacroValidation -skipPackagePluginValidation -derivedDataPath $PWD/.derivedData build -scheme OrbitalLayout -destination generic/platform=watchOS
Command line invocation:
/Applications/Xcode-26.4.0.app/Contents/Developer/usr/bin/xcodebuild -IDEClonedSourcePackagesDirPathOverride=/Users/admin/builder/spi-builder-workspace/.dependencies -skipMacroValidation -skipPackagePluginValidation -derivedDataPath /Users/admin/builder/spi-builder-workspace/.derivedData build -scheme OrbitalLayout -destination generic/platform=watchOS
Resolve Package Graph
Resolved source packages:
OrbitalLayout: /Users/admin/builder/spi-builder-workspace
ComputePackagePrebuildTargetDependencyGraph
Prepare packages
CreateBuildRequest
SendProjectDescription
CreateBuildOperation
ComputeTargetDependencyGraph
note: Building targets in dependency order
note: Target dependency graph (3 targets)
Target 'OrbitalLayout' in project 'OrbitalLayout'
➜ Explicit dependency on target 'OrbitalLayout' in project 'OrbitalLayout'
➜ Explicit dependency on target 'OrbitalLayout_OrbitalLayout' in project 'OrbitalLayout'
Target 'OrbitalLayout' in project 'OrbitalLayout'
➜ Explicit dependency on target 'OrbitalLayout_OrbitalLayout' in project 'OrbitalLayout'
Target 'OrbitalLayout_OrbitalLayout' in project 'OrbitalLayout' (no dependencies)
GatherProvisioningInputs
CreateBuildDescription
ClangStatCache /Applications/Xcode-26.4.0.app/Contents/Developer/Toolchains/XcodeDefault.xctoolchain/usr/bin/clang-stat-cache /Applications/Xcode-26.4.0.app/Contents/Developer/Platforms/WatchOS.platform/Developer/SDKs/WatchOS26.4.sdk /Users/admin/builder/spi-builder-workspace/.derivedData/SDKStatCaches.noindex/watchos26.4-23T238-688ef53f1462e2c8f657fdc38a81448f9e51884a582f42380855760c9d4cc599.sdkstatcache
cd /Users/admin/builder/spi-builder-workspace/.swiftpm/xcode
/Applications/Xcode-26.4.0.app/Contents/Developer/Toolchains/XcodeDefault.xctoolchain/usr/bin/clang-stat-cache /Applications/Xcode-26.4.0.app/Contents/Developer/Platforms/WatchOS.platform/Developer/SDKs/WatchOS26.4.sdk -o /Users/admin/builder/spi-builder-workspace/.derivedData/SDKStatCaches.noindex/watchos26.4-23T238-688ef53f1462e2c8f657fdc38a81448f9e51884a582f42380855760c9d4cc599.sdkstatcache
SwiftDriver OrbitalLayout normal arm64_32 com.apple.xcode.tools.swift.compiler (in target 'OrbitalLayout' from project 'OrbitalLayout')
cd /Users/admin/builder/spi-builder-workspace/.swiftpm/xcode
builtin-SwiftDriver -- /Applications/Xcode-26.4.0.app/Contents/Developer/Toolchains/XcodeDefault.xctoolchain/usr/bin/swiftc -module-name OrbitalLayout -Onone @/Users/admin/builder/spi-builder-workspace/.derivedData/Build/Intermediates.noindex/OrbitalLayout.build/Debug-watchos/OrbitalLayout.build/Objects-normal/arm64_32/OrbitalLayout.SwiftFileList -DSWIFT_PACKAGE -DDEBUG -DSWIFT_MODULE_RESOURCE_BUNDLE_AVAILABLE -DXcode -plugin-path /Applications/Xcode-26.4.0.app/Contents/Developer/Toolchains/XcodeDefault.xctoolchain/usr/lib/swift/host/plugins/testing -enable-experimental-feature DebugDescriptionMacro -sdk /Applications/Xcode-26.4.0.app/Contents/Developer/Platforms/WatchOS.platform/Developer/SDKs/WatchOS26.4.sdk -target arm64_32-apple-watchos8.0 -g -module-cache-path /Users/admin/builder/spi-builder-workspace/.derivedData/ModuleCache.noindex -Xfrontend -serialize-debugging-options -profile-coverage-mapping -profile-generate -enable-testing -index-store-path /Users/admin/builder/spi-builder-workspace/.derivedData/Index.noindex/DataStore -Xcc -D_LIBCPP_HARDENING_MODE\=_LIBCPP_HARDENING_MODE_DEBUG -swift-version 5 -I /Users/admin/builder/spi-builder-workspace/.derivedData/Build/Products/Debug-watchos -Isystem /Applications/Xcode-26.4.0.app/Contents/Developer/Platforms/WatchOS.platform/Developer/usr/lib -F /Users/admin/builder/spi-builder-workspace/.derivedData/Build/Products/Debug-watchos -F /Applications/Xcode-26.4.0.app/Contents/Developer/Platforms/WatchOS.platform/Developer/Library/Frameworks -F /Applications/Xcode-26.4.0.app/Contents/Developer/Platforms/WatchOS.platform/Developer/SDKs/WatchOS26.4.sdk/Developer/Library/Frameworks -c -j10 -enable-batch-mode -incremental -Xcc -ivfsstatcache -Xcc /Users/admin/builder/spi-builder-workspace/.derivedData/SDKStatCaches.noindex/watchos26.4-23T238-688ef53f1462e2c8f657fdc38a81448f9e51884a582f42380855760c9d4cc599.sdkstatcache -output-file-map /Users/admin/builder/spi-builder-workspace/.derivedData/Build/Intermediates.noindex/OrbitalLayout.build/Debug-watchos/OrbitalLayout.build/Objects-normal/arm64_32/OrbitalLayout-OutputFileMap.json -use-frontend-parseable-output -save-temps -no-color-diagnostics -explicit-module-build -module-cache-path /Users/admin/builder/spi-builder-workspace/.derivedData/Build/Intermediates.noindex/SwiftExplicitPrecompiledModules -clang-scanner-module-cache-path /Users/admin/builder/spi-builder-workspace/.derivedData/ModuleCache.noindex -sdk-module-cache-path /Users/admin/builder/spi-builder-workspace/.derivedData/ModuleCache.noindex -serialize-diagnostics -emit-dependencies -emit-module -emit-module-path /Users/admin/builder/spi-builder-workspace/.derivedData/Build/Intermediates.noindex/OrbitalLayout.build/Debug-watchos/OrbitalLayout.build/Objects-normal/arm64_32/OrbitalLayout.swiftmodule -validate-clang-modules-once -clang-build-session-file /Users/admin/builder/spi-builder-workspace/.derivedData/ModuleCache.noindex/Session.modulevalidation -package-name spi_builder_workspace -Xcc -I/Users/admin/builder/spi-builder-workspace/.derivedData/Build/Intermediates.noindex/OrbitalLayout.build/Debug-watchos/OrbitalLayout.build/swift-overrides.hmap -emit-const-values -Xfrontend -const-gather-protocols-file -Xfrontend /Users/admin/builder/spi-builder-workspace/.derivedData/Build/Intermediates.noindex/OrbitalLayout.build/Debug-watchos/OrbitalLayout.build/Objects-normal/arm64_32/OrbitalLayout_const_extract_protocols.json -Xcc -I/Users/admin/builder/spi-builder-workspace/.derivedData/Build/Products/Debug-watchos/include -Xcc -I/Users/admin/builder/spi-builder-workspace/.derivedData/Build/Intermediates.noindex/OrbitalLayout.build/Debug-watchos/OrbitalLayout.build/DerivedSources-normal/arm64_32 -Xcc -I/Users/admin/builder/spi-builder-workspace/.derivedData/Build/Intermediates.noindex/OrbitalLayout.build/Debug-watchos/OrbitalLayout.build/DerivedSources/arm64_32 -Xcc -I/Users/admin/builder/spi-builder-workspace/.derivedData/Build/Intermediates.noindex/OrbitalLayout.build/Debug-watchos/OrbitalLayout.build/DerivedSources -Xcc -DSWIFT_PACKAGE -Xcc -DDEBUG\=1 -emit-objc-header -emit-objc-header-path /Users/admin/builder/spi-builder-workspace/.derivedData/Build/Intermediates.noindex/OrbitalLayout.build/Debug-watchos/OrbitalLayout.build/Objects-normal/arm64_32/OrbitalLayout-Swift.h -working-directory /Users/admin/builder/spi-builder-workspace/.swiftpm/xcode -experimental-emit-module-separately -disable-cmo
SwiftDriver OrbitalLayout normal arm64 com.apple.xcode.tools.swift.compiler (in target 'OrbitalLayout' from project 'OrbitalLayout')
cd /Users/admin/builder/spi-builder-workspace/.swiftpm/xcode
builtin-SwiftDriver -- /Applications/Xcode-26.4.0.app/Contents/Developer/Toolchains/XcodeDefault.xctoolchain/usr/bin/swiftc -module-name OrbitalLayout -Onone @/Users/admin/builder/spi-builder-workspace/.derivedData/Build/Intermediates.noindex/OrbitalLayout.build/Debug-watchos/OrbitalLayout.build/Objects-normal/arm64/OrbitalLayout.SwiftFileList -DSWIFT_PACKAGE -DDEBUG -DSWIFT_MODULE_RESOURCE_BUNDLE_AVAILABLE -DXcode -plugin-path /Applications/Xcode-26.4.0.app/Contents/Developer/Toolchains/XcodeDefault.xctoolchain/usr/lib/swift/host/plugins/testing -enable-experimental-feature DebugDescriptionMacro -sdk /Applications/Xcode-26.4.0.app/Contents/Developer/Platforms/WatchOS.platform/Developer/SDKs/WatchOS26.4.sdk -target arm64-apple-watchos8.0 -g -module-cache-path /Users/admin/builder/spi-builder-workspace/.derivedData/ModuleCache.noindex -Xfrontend -serialize-debugging-options -profile-coverage-mapping -profile-generate -enable-testing -index-store-path /Users/admin/builder/spi-builder-workspace/.derivedData/Index.noindex/DataStore -Xcc -D_LIBCPP_HARDENING_MODE\=_LIBCPP_HARDENING_MODE_DEBUG -swift-version 5 -I /Users/admin/builder/spi-builder-workspace/.derivedData/Build/Products/Debug-watchos -Isystem /Applications/Xcode-26.4.0.app/Contents/Developer/Platforms/WatchOS.platform/Developer/usr/lib -F /Users/admin/builder/spi-builder-workspace/.derivedData/Build/Products/Debug-watchos -F /Applications/Xcode-26.4.0.app/Contents/Developer/Platforms/WatchOS.platform/Developer/Library/Frameworks -F /Applications/Xcode-26.4.0.app/Contents/Developer/Platforms/WatchOS.platform/Developer/SDKs/WatchOS26.4.sdk/Developer/Library/Frameworks -c -j10 -enable-batch-mode -incremental -Xcc -ivfsstatcache -Xcc /Users/admin/builder/spi-builder-workspace/.derivedData/SDKStatCaches.noindex/watchos26.4-23T238-688ef53f1462e2c8f657fdc38a81448f9e51884a582f42380855760c9d4cc599.sdkstatcache -output-file-map /Users/admin/builder/spi-builder-workspace/.derivedData/Build/Intermediates.noindex/OrbitalLayout.build/Debug-watchos/OrbitalLayout.build/Objects-normal/arm64/OrbitalLayout-OutputFileMap.json -use-frontend-parseable-output -save-temps -no-color-diagnostics -explicit-module-build -module-cache-path /Users/admin/builder/spi-builder-workspace/.derivedData/Build/Intermediates.noindex/SwiftExplicitPrecompiledModules -clang-scanner-module-cache-path /Users/admin/builder/spi-builder-workspace/.derivedData/ModuleCache.noindex -sdk-module-cache-path /Users/admin/builder/spi-builder-workspace/.derivedData/ModuleCache.noindex -serialize-diagnostics -emit-dependencies -emit-module -emit-module-path /Users/admin/builder/spi-builder-workspace/.derivedData/Build/Intermediates.noindex/OrbitalLayout.build/Debug-watchos/OrbitalLayout.build/Objects-normal/arm64/OrbitalLayout.swiftmodule -validate-clang-modules-once -clang-build-session-file /Users/admin/builder/spi-builder-workspace/.derivedData/ModuleCache.noindex/Session.modulevalidation -package-name spi_builder_workspace -Xcc -I/Users/admin/builder/spi-builder-workspace/.derivedData/Build/Intermediates.noindex/OrbitalLayout.build/Debug-watchos/OrbitalLayout.build/swift-overrides.hmap -emit-const-values -Xfrontend -const-gather-protocols-file -Xfrontend /Users/admin/builder/spi-builder-workspace/.derivedData/Build/Intermediates.noindex/OrbitalLayout.build/Debug-watchos/OrbitalLayout.build/Objects-normal/arm64/OrbitalLayout_const_extract_protocols.json -Xcc -I/Users/admin/builder/spi-builder-workspace/.derivedData/Build/Products/Debug-watchos/include -Xcc -I/Users/admin/builder/spi-builder-workspace/.derivedData/Build/Intermediates.noindex/OrbitalLayout.build/Debug-watchos/OrbitalLayout.build/DerivedSources-normal/arm64 -Xcc -I/Users/admin/builder/spi-builder-workspace/.derivedData/Build/Intermediates.noindex/OrbitalLayout.build/Debug-watchos/OrbitalLayout.build/DerivedSources/arm64 -Xcc -I/Users/admin/builder/spi-builder-workspace/.derivedData/Build/Intermediates.noindex/OrbitalLayout.build/Debug-watchos/OrbitalLayout.build/DerivedSources -Xcc -DSWIFT_PACKAGE -Xcc -DDEBUG\=1 -emit-objc-header -emit-objc-header-path /Users/admin/builder/spi-builder-workspace/.derivedData/Build/Intermediates.noindex/OrbitalLayout.build/Debug-watchos/OrbitalLayout.build/Objects-normal/arm64/OrbitalLayout-Swift.h -working-directory /Users/admin/builder/spi-builder-workspace/.swiftpm/xcode -experimental-emit-module-separately -disable-cmo
SwiftDriver OrbitalLayout normal armv7k com.apple.xcode.tools.swift.compiler (in target 'OrbitalLayout' from project 'OrbitalLayout')
cd /Users/admin/builder/spi-builder-workspace/.swiftpm/xcode
builtin-SwiftDriver -- /Applications/Xcode-26.4.0.app/Contents/Developer/Toolchains/XcodeDefault.xctoolchain/usr/bin/swiftc -module-name OrbitalLayout -Onone @/Users/admin/builder/spi-builder-workspace/.derivedData/Build/Intermediates.noindex/OrbitalLayout.build/Debug-watchos/OrbitalLayout.build/Objects-normal/armv7k/OrbitalLayout.SwiftFileList -DSWIFT_PACKAGE -DDEBUG -DSWIFT_MODULE_RESOURCE_BUNDLE_AVAILABLE -DXcode -plugin-path /Applications/Xcode-26.4.0.app/Contents/Developer/Toolchains/XcodeDefault.xctoolchain/usr/lib/swift/host/plugins/testing -enable-experimental-feature DebugDescriptionMacro -sdk /Applications/Xcode-26.4.0.app/Contents/Developer/Platforms/WatchOS.platform/Developer/SDKs/WatchOS26.4.sdk -target armv7k-apple-watchos8.0 -g -module-cache-path /Users/admin/builder/spi-builder-workspace/.derivedData/ModuleCache.noindex -Xfrontend -serialize-debugging-options -profile-coverage-mapping -profile-generate -enable-testing -index-store-path /Users/admin/builder/spi-builder-workspace/.derivedData/Index.noindex/DataStore -Xcc -D_LIBCPP_HARDENING_MODE\=_LIBCPP_HARDENING_MODE_DEBUG -swift-version 5 -I /Users/admin/builder/spi-builder-workspace/.derivedData/Build/Products/Debug-watchos -Isystem /Applications/Xcode-26.4.0.app/Contents/Developer/Platforms/WatchOS.platform/Developer/usr/lib -F /Users/admin/builder/spi-builder-workspace/.derivedData/Build/Products/Debug-watchos -F /Applications/Xcode-26.4.0.app/Contents/Developer/Platforms/WatchOS.platform/Developer/Library/Frameworks -F /Applications/Xcode-26.4.0.app/Contents/Developer/Platforms/WatchOS.platform/Developer/SDKs/WatchOS26.4.sdk/Developer/Library/Frameworks -c -j10 -enable-batch-mode -incremental -Xcc -ivfsstatcache -Xcc /Users/admin/builder/spi-builder-workspace/.derivedData/SDKStatCaches.noindex/watchos26.4-23T238-688ef53f1462e2c8f657fdc38a81448f9e51884a582f42380855760c9d4cc599.sdkstatcache -output-file-map /Users/admin/builder/spi-builder-workspace/.derivedData/Build/Intermediates.noindex/OrbitalLayout.build/Debug-watchos/OrbitalLayout.build/Objects-normal/armv7k/OrbitalLayout-OutputFileMap.json -use-frontend-parseable-output -save-temps -no-color-diagnostics -explicit-module-build -module-cache-path /Users/admin/builder/spi-builder-workspace/.derivedData/Build/Intermediates.noindex/SwiftExplicitPrecompiledModules -clang-scanner-module-cache-path /Users/admin/builder/spi-builder-workspace/.derivedData/ModuleCache.noindex -sdk-module-cache-path /Users/admin/builder/spi-builder-workspace/.derivedData/ModuleCache.noindex -serialize-diagnostics -emit-dependencies -emit-module -emit-module-path /Users/admin/builder/spi-builder-workspace/.derivedData/Build/Intermediates.noindex/OrbitalLayout.build/Debug-watchos/OrbitalLayout.build/Objects-normal/armv7k/OrbitalLayout.swiftmodule -validate-clang-modules-once -clang-build-session-file /Users/admin/builder/spi-builder-workspace/.derivedData/ModuleCache.noindex/Session.modulevalidation -package-name spi_builder_workspace -Xcc -I/Users/admin/builder/spi-builder-workspace/.derivedData/Build/Intermediates.noindex/OrbitalLayout.build/Debug-watchos/OrbitalLayout.build/swift-overrides.hmap -emit-const-values -Xfrontend -const-gather-protocols-file -Xfrontend /Users/admin/builder/spi-builder-workspace/.derivedData/Build/Intermediates.noindex/OrbitalLayout.build/Debug-watchos/OrbitalLayout.build/Objects-normal/armv7k/OrbitalLayout_const_extract_protocols.json -Xcc -I/Users/admin/builder/spi-builder-workspace/.derivedData/Build/Products/Debug-watchos/include -Xcc -I/Users/admin/builder/spi-builder-workspace/.derivedData/Build/Intermediates.noindex/OrbitalLayout.build/Debug-watchos/OrbitalLayout.build/DerivedSources-normal/armv7k -Xcc -I/Users/admin/builder/spi-builder-workspace/.derivedData/Build/Intermediates.noindex/OrbitalLayout.build/Debug-watchos/OrbitalLayout.build/DerivedSources/armv7k -Xcc -I/Users/admin/builder/spi-builder-workspace/.derivedData/Build/Intermediates.noindex/OrbitalLayout.build/Debug-watchos/OrbitalLayout.build/DerivedSources -Xcc -DSWIFT_PACKAGE -Xcc -DDEBUG\=1 -emit-objc-header -emit-objc-header-path /Users/admin/builder/spi-builder-workspace/.derivedData/Build/Intermediates.noindex/OrbitalLayout.build/Debug-watchos/OrbitalLayout.build/Objects-normal/armv7k/OrbitalLayout-Swift.h -working-directory /Users/admin/builder/spi-builder-workspace/.swiftpm/xcode -experimental-emit-module-separately -disable-cmo
SwiftEmitModule normal arm64_32 Emitting\ module\ for\ OrbitalLayout (in target 'OrbitalLayout' from project 'OrbitalLayout')
EmitSwiftModule normal arm64_32 (in target 'OrbitalLayout' from project 'OrbitalLayout')
cd /Users/admin/builder/spi-builder-workspace/.swiftpm/xcode
/Users/admin/builder/spi-builder-workspace/Sources/Core/ConstraintFactory.swift:413:19: error: 'NSLayoutXAxisAnchor' is unavailable in watchOS
_ source: NSLayoutXAxisAnchor,
^~~~~~~~~~~~~~~~~~~
/Applications/Xcode-26.4.0.app/Contents/Developer/Platforms/WatchOS.platform/Developer/SDKs/WatchOS26.4.sdk/System/Library/Frameworks/UIKit.framework/Headers/NSLayoutAnchor.h:64:12: note: 'NSLayoutXAxisAnchor' has been explicitly marked unavailable here
@interface NSLayoutXAxisAnchor : NSLayoutAnchor<NSLayoutXAxisAnchor *>
^
/Users/admin/builder/spi-builder-workspace/Sources/Core/ConstraintFactory.swift:432:19: error: 'NSLayoutXAxisAnchor' is unavailable in watchOS
_ source: NSLayoutXAxisAnchor,
^~~~~~~~~~~~~~~~~~~
/Applications/Xcode-26.4.0.app/Contents/Developer/Platforms/WatchOS.platform/Developer/SDKs/WatchOS26.4.sdk/System/Library/Frameworks/UIKit.framework/Headers/NSLayoutAnchor.h:64:12: note: 'NSLayoutXAxisAnchor' has been explicitly marked unavailable here
@interface NSLayoutXAxisAnchor : NSLayoutAnchor<NSLayoutXAxisAnchor *>
^
/Users/admin/builder/spi-builder-workspace/Sources/Core/ConstraintFactory.swift:434:20: error: 'NSLayoutXAxisAnchor' is unavailable in watchOS
to target: NSLayoutXAxisAnchor,
^~~~~~~~~~~~~~~~~~~
/Applications/Xcode-26.4.0.app/Contents/Developer/Platforms/WatchOS.platform/Developer/SDKs/WatchOS26.4.sdk/System/Library/Frameworks/UIKit.framework/Headers/NSLayoutAnchor.h:64:12: note: 'NSLayoutXAxisAnchor' has been explicitly marked unavailable here
@interface NSLayoutXAxisAnchor : NSLayoutAnchor<NSLayoutXAxisAnchor *>
^
/Users/admin/builder/spi-builder-workspace/Sources/Core/ConstraintFactory.swift:446:19: error: 'NSLayoutYAxisAnchor' is unavailable in watchOS
_ source: NSLayoutYAxisAnchor,
^~~~~~~~~~~~~~~~~~~
/Applications/Xcode-26.4.0.app/Contents/Developer/Platforms/WatchOS.platform/Developer/SDKs/WatchOS26.4.sdk/System/Library/Frameworks/UIKit.framework/Headers/NSLayoutAnchor.h:72:12: note: 'NSLayoutYAxisAnchor' has been explicitly marked unavailable here
@interface NSLayoutYAxisAnchor : NSLayoutAnchor<NSLayoutYAxisAnchor *>
^
/Users/admin/builder/spi-builder-workspace/Sources/Core/ConstraintFactory.swift:465:19: error: 'NSLayoutYAxisAnchor' is unavailable in watchOS
_ source: NSLayoutYAxisAnchor,
^~~~~~~~~~~~~~~~~~~
/Applications/Xcode-26.4.0.app/Contents/Developer/Platforms/WatchOS.platform/Developer/SDKs/WatchOS26.4.sdk/System/Library/Frameworks/UIKit.framework/Headers/NSLayoutAnchor.h:72:12: note: 'NSLayoutYAxisAnchor' has been explicitly marked unavailable here
@interface NSLayoutYAxisAnchor : NSLayoutAnchor<NSLayoutYAxisAnchor *>
^
/Users/admin/builder/spi-builder-workspace/Sources/Core/ConstraintFactory.swift:467:20: error: 'NSLayoutYAxisAnchor' is unavailable in watchOS
to target: NSLayoutYAxisAnchor,
^~~~~~~~~~~~~~~~~~~
/Applications/Xcode-26.4.0.app/Contents/Developer/Platforms/WatchOS.platform/Developer/SDKs/WatchOS26.4.sdk/System/Library/Frameworks/UIKit.framework/Headers/NSLayoutAnchor.h:72:12: note: 'NSLayoutYAxisAnchor' has been explicitly marked unavailable here
@interface NSLayoutYAxisAnchor : NSLayoutAnchor<NSLayoutYAxisAnchor *>
^
/Users/admin/builder/spi-builder-workspace/Sources/Core/ConstraintFactory.swift:479:19: error: 'NSLayoutDimension' is unavailable in watchOS
_ source: NSLayoutDimension,
^~~~~~~~~~~~~~~~~
/Applications/Xcode-26.4.0.app/Contents/Developer/Platforms/WatchOS.platform/Developer/SDKs/WatchOS26.4.sdk/System/Library/Frameworks/UIKit.framework/Headers/NSLayoutAnchor.h:81:12: note: 'NSLayoutDimension' has been explicitly marked unavailable here
@interface NSLayoutDimension : NSLayoutAnchor<NSLayoutDimension *>
^
/Users/admin/builder/spi-builder-workspace/Sources/Core/ConstraintFactory.swift:495:19: error: 'NSLayoutDimension' is unavailable in watchOS
_ source: NSLayoutDimension,
^~~~~~~~~~~~~~~~~
/Applications/Xcode-26.4.0.app/Contents/Developer/Platforms/WatchOS.platform/Developer/SDKs/WatchOS26.4.sdk/System/Library/Frameworks/UIKit.framework/Headers/NSLayoutAnchor.h:81:12: note: 'NSLayoutDimension' has been explicitly marked unavailable here
@interface NSLayoutDimension : NSLayoutAnchor<NSLayoutDimension *>
^
/Users/admin/builder/spi-builder-workspace/Sources/Core/ConstraintFactory.swift:511:19: error: 'NSLayoutDimension' is unavailable in watchOS
_ source: NSLayoutDimension,
^~~~~~~~~~~~~~~~~
/Applications/Xcode-26.4.0.app/Contents/Developer/Platforms/WatchOS.platform/Developer/SDKs/WatchOS26.4.sdk/System/Library/Frameworks/UIKit.framework/Headers/NSLayoutAnchor.h:81:12: note: 'NSLayoutDimension' has been explicitly marked unavailable here
@interface NSLayoutDimension : NSLayoutAnchor<NSLayoutDimension *>
^
/Users/admin/builder/spi-builder-workspace/Sources/Core/ConstraintFactory.swift:527:19: error: 'NSLayoutYAxisAnchor' is unavailable in watchOS
_ source: NSLayoutYAxisAnchor,
^~~~~~~~~~~~~~~~~~~
/Applications/Xcode-26.4.0.app/Contents/Developer/Platforms/WatchOS.platform/Developer/SDKs/WatchOS26.4.sdk/System/Library/Frameworks/UIKit.framework/Headers/NSLayoutAnchor.h:72:12: note: 'NSLayoutYAxisAnchor' has been explicitly marked unavailable here
@interface NSLayoutYAxisAnchor : NSLayoutAnchor<NSLayoutYAxisAnchor *>
^
/Users/admin/builder/spi-builder-workspace/Sources/Core/ConstraintFactory.swift:541:85: error: 'NSLayoutXAxisAnchor' is unavailable in watchOS
private static func xAnchor(for anchor: OrbitalAnchor, on view: OrbitalView) -> NSLayoutXAxisAnchor {
^~~~~~~~~~~~~~~~~~~
/Applications/Xcode-26.4.0.app/Contents/Developer/Platforms/WatchOS.platform/Developer/SDKs/WatchOS26.4.sdk/System/Library/Frameworks/UIKit.framework/Headers/NSLayoutAnchor.h:64:12: note: 'NSLayoutXAxisAnchor' has been explicitly marked unavailable here
@interface NSLayoutXAxisAnchor : NSLayoutAnchor<NSLayoutXAxisAnchor *>
^
/Users/admin/builder/spi-builder-workspace/Sources/Core/ConstraintFactory.swift:554:93: error: 'NSLayoutXAxisAnchor' is unavailable in watchOS
private static func xAnchor(for anchor: OrbitalAnchor, on guide: OrbitalLayoutGuide) -> NSLayoutXAxisAnchor {
^~~~~~~~~~~~~~~~~~~
/Applications/Xcode-26.4.0.app/Contents/Developer/Platforms/WatchOS.platform/Developer/SDKs/WatchOS26.4.sdk/System/Library/Frameworks/UIKit.framework/Headers/NSLayoutAnchor.h:64:12: note: 'NSLayoutXAxisAnchor' has been explicitly marked unavailable here
@interface NSLayoutXAxisAnchor : NSLayoutAnchor<NSLayoutXAxisAnchor *>
^
/Users/admin/builder/spi-builder-workspace/Sources/Core/ConstraintFactory.swift:567:85: error: 'NSLayoutYAxisAnchor' is unavailable in watchOS
private static func yAnchor(for anchor: OrbitalAnchor, on view: OrbitalView) -> NSLayoutYAxisAnchor {
^~~~~~~~~~~~~~~~~~~
/Applications/Xcode-26.4.0.app/Contents/Developer/Platforms/WatchOS.platform/Developer/SDKs/WatchOS26.4.sdk/System/Library/Frameworks/UIKit.framework/Headers/NSLayoutAnchor.h:72:12: note: 'NSLayoutYAxisAnchor' has been explicitly marked unavailable here
@interface NSLayoutYAxisAnchor : NSLayoutAnchor<NSLayoutYAxisAnchor *>
^
/Users/admin/builder/spi-builder-workspace/Sources/Core/ConstraintFactory.swift:582:93: error: 'NSLayoutYAxisAnchor' is unavailable in watchOS
private static func yAnchor(for anchor: OrbitalAnchor, on guide: OrbitalLayoutGuide) -> NSLayoutYAxisAnchor {
^~~~~~~~~~~~~~~~~~~
/Applications/Xcode-26.4.0.app/Contents/Developer/Platforms/WatchOS.platform/Developer/SDKs/WatchOS26.4.sdk/System/Library/Frameworks/UIKit.framework/Headers/NSLayoutAnchor.h:72:12: note: 'NSLayoutYAxisAnchor' has been explicitly marked unavailable here
@interface NSLayoutYAxisAnchor : NSLayoutAnchor<NSLayoutYAxisAnchor *>
^
/Users/admin/builder/spi-builder-workspace/Sources/Core/ConstraintFactory.swift:593:93: error: 'NSLayoutDimension' is unavailable in watchOS
private static func dimensionAnchor(for anchor: OrbitalAnchor, on view: OrbitalView) -> NSLayoutDimension {
^~~~~~~~~~~~~~~~~
/Applications/Xcode-26.4.0.app/Contents/Developer/Platforms/WatchOS.platform/Developer/SDKs/WatchOS26.4.sdk/System/Library/Frameworks/UIKit.framework/Headers/NSLayoutAnchor.h:81:12: note: 'NSLayoutDimension' has been explicitly marked unavailable here
@interface NSLayoutDimension : NSLayoutAnchor<NSLayoutDimension *>
^
/Users/admin/builder/spi-builder-workspace/Sources/Core/ConstraintFactory.swift:603:101: error: 'NSLayoutDimension' is unavailable in watchOS
private static func dimensionAnchor(for anchor: OrbitalAnchor, on guide: OrbitalLayoutGuide) -> NSLayoutDimension {
^~~~~~~~~~~~~~~~~
/Applications/Xcode-26.4.0.app/Contents/Developer/Platforms/WatchOS.platform/Developer/SDKs/WatchOS26.4.sdk/System/Library/Frameworks/UIKit.framework/Headers/NSLayoutAnchor.h:81:12: note: 'NSLayoutDimension' has been explicitly marked unavailable here
@interface NSLayoutDimension : NSLayoutAnchor<NSLayoutDimension *>
^
/Users/admin/builder/spi-builder-workspace/Sources/Core/ConstraintFactory.swift:644:73: error: 'NSLayoutConstraint' is unavailable in watchOS
private static func nsLayoutAttribute(for anchor: OrbitalAnchor) -> NSLayoutConstraint.Attribute {
^~~~~~~~~~~~~~~~~~
/Applications/Xcode-26.4.0.app/Contents/Developer/Platforms/WatchOS.platform/Developer/SDKs/WatchOS26.4.sdk/System/Library/Frameworks/UIKit.framework/Headers/NSLayoutConstraint.h:126:12: note: 'NSLayoutConstraint' has been explicitly marked unavailable here
@interface NSLayoutConstraint : NSObject
^
/Users/admin/builder/spi-builder-workspace/Sources/Core/ConstraintFactory.swift:664:76: error: 'NSLayoutConstraint' is unavailable in watchOS
private static func nsLayoutRelation(for relation: OrbitalRelation) -> NSLayoutConstraint.Relation {
^~~~~~~~~~~~~~~~~~
/Applications/Xcode-26.4.0.app/Contents/Developer/Platforms/WatchOS.platform/Developer/SDKs/WatchOS26.4.sdk/System/Library/Frameworks/UIKit.framework/Headers/NSLayoutConstraint.h:126:12: note: 'NSLayoutConstraint' has been explicitly marked unavailable here
@interface NSLayoutConstraint : NSObject
^
/Users/admin/builder/spi-builder-workspace/Sources/Extensions/PlatformAliases.swift:14:32: error: 'UIView' is unavailable in watchOS
public typealias OrbitalView = UIView
^~~~~~
/Applications/Xcode-26.4.0.app/Contents/Developer/Platforms/WatchOS.platform/Developer/SDKs/WatchOS26.4.sdk/System/Library/Frameworks/UIKit.framework/Headers/UIView.h:148:12: note: 'UIView' has been explicitly marked unavailable here
@interface UIView : UIResponder <NSCoding, UIAppearance, UIAppearanceContainer, UIDynamicItem, UITraitEnvironment, UICoordinateSpace, UIFocusItem, UIFocusItemContainer, CALayerDelegate>
^
/Users/admin/builder/spi-builder-workspace/Sources/Extensions/PlatformAliases.swift:20:39: error: 'UILayoutGuide' is unavailable in watchOS
public typealias OrbitalLayoutGuide = UILayoutGuide
^~~~~~~~~~~~~
/Applications/Xcode-26.4.0.app/Contents/Developer/Platforms/WatchOS.platform/Developer/SDKs/WatchOS26.4.sdk/System/Library/Frameworks/UIKit.framework/Headers/UILayoutGuide.h:24:12: note: 'UILayoutGuide' has been explicitly marked unavailable here
@interface UILayoutGuide : NSObject <NSCoding>
^
/Users/admin/builder/spi-builder-workspace/Sources/Extensions/PlatformAliases.swift:26:42: error: 'UILayoutPriority' is unavailable in watchOS
public typealias OrbitalLayoutPriority = UILayoutPriority
^~~~~~~~~~~~~~~~
/Applications/Xcode-26.4.0.app/Contents/Developer/Platforms/WatchOS.platform/Developer/SDKs/WatchOS26.4.sdk/System/Library/Frameworks/UIKit.framework/Headers/NSLayoutConstraint.h:17:15: note: 'UILayoutPriority' has been explicitly marked unavailable here
typedef float UILayoutPriority NS_TYPED_EXTENSIBLE_ENUM API_UNAVAILABLE(watchos);
^
/Users/admin/builder/spi-builder-workspace/Sources/Extensions/PlatformAliases.swift:32:42: error: 'UIViewController' is unavailable in watchOS
public typealias OrbitalViewController = UIViewController
^~~~~~~~~~~~~~~~
/Applications/Xcode-26.4.0.app/Contents/Developer/Platforms/WatchOS.platform/Developer/SDKs/WatchOS26.4.sdk/System/Library/Frameworks/UIKit.framework/Headers/UIViewController.h:102:12: note: 'UIViewController' has been explicitly marked unavailable here
@interface UIViewController : UIResponder <NSCoding, UIAppearanceContainer, UITraitEnvironment, UIContentContainer, UIFocusEnvironment>
^
/Users/admin/builder/spi-builder-workspace/Sources/Extensions/PlatformAliases.swift:70:38: error: 'NSLayoutConstraint' is unavailable in watchOS
public typealias OrbitalConstraint = NSLayoutConstraint
^~~~~~~~~~~~~~~~~~
/Applications/Xcode-26.4.0.app/Contents/Developer/Platforms/WatchOS.platform/Developer/SDKs/WatchOS26.4.sdk/System/Library/Frameworks/UIKit.framework/Headers/NSLayoutConstraint.h:126:12: note: 'NSLayoutConstraint' has been explicitly marked unavailable here
@interface NSLayoutConstraint : NSObject
^
/Users/admin/builder/spi-builder-workspace/Sources/Extensions/PlatformAliases.swift:79:32: error: 'NSLayoutConstraint' is unavailable in watchOS
public typealias OrbitalAxis = NSLayoutConstraint.Axis
^~~~~~~~~~~~~~~~~~
/Applications/Xcode-26.4.0.app/Contents/Developer/Platforms/WatchOS.platform/Developer/SDKs/WatchOS26.4.sdk/System/Library/Frameworks/UIKit.framework/Headers/NSLayoutConstraint.h:126:12: note: 'NSLayoutConstraint' has been explicitly marked unavailable here
@interface NSLayoutConstraint : NSObject
^
SwiftCompile normal arm64_32 Compiling\ OrbitalRelation.swift /Users/admin/builder/spi-builder-workspace/Sources/Core/OrbitalRelation.swift (in target 'OrbitalLayout' from project 'OrbitalLayout')
SwiftCompile normal arm64_32 /Users/admin/builder/spi-builder-workspace/Sources/Core/OrbitalRelation.swift (in target 'OrbitalLayout' from project 'OrbitalLayout')
cd /Users/admin/builder/spi-builder-workspace/.swiftpm/xcode
SwiftCompile normal arm64_32 Compiling\ OrbitalPriority.swift /Users/admin/builder/spi-builder-workspace/Sources/Core/OrbitalPriority.swift (in target 'OrbitalLayout' from project 'OrbitalLayout')
SwiftCompile normal arm64_32 /Users/admin/builder/spi-builder-workspace/Sources/Core/OrbitalPriority.swift (in target 'OrbitalLayout' from project 'OrbitalLayout')
cd /Users/admin/builder/spi-builder-workspace/.swiftpm/xcode
SwiftCompile normal arm64_32 Compiling\ OrbitalAnchor.swift,\ OrbitalDescriptor.swift /Users/admin/builder/spi-builder-workspace/Sources/Core/OrbitalAnchor.swift /Users/admin/builder/spi-builder-workspace/Sources/Core/OrbitalDescriptor.swift (in target 'OrbitalLayout' from project 'OrbitalLayout')
SwiftCompile normal arm64_32 /Users/admin/builder/spi-builder-workspace/Sources/Core/OrbitalAnchor.swift (in target 'OrbitalLayout' from project 'OrbitalLayout')
cd /Users/admin/builder/spi-builder-workspace/.swiftpm/xcode
SwiftCompile normal arm64_32 /Users/admin/builder/spi-builder-workspace/Sources/Core/OrbitalDescriptor.swift (in target 'OrbitalLayout' from project 'OrbitalLayout')
cd /Users/admin/builder/spi-builder-workspace/.swiftpm/xcode
SwiftEmitModule normal armv7k Emitting\ module\ for\ OrbitalLayout (in target 'OrbitalLayout' from project 'OrbitalLayout')
Failed frontend command:
/Applications/Xcode-26.4.0.app/Contents/Developer/Toolchains/XcodeDefault.xctoolchain/usr/bin/swift-frontend -frontend -emit-module -experimental-skip-non-inlinable-function-bodies-without-types /Users/admin/builder/spi-builder-workspace/.derivedData/Build/Intermediates.noindex/OrbitalLayout.build/Debug-watchos/OrbitalLayout.build/DerivedSources/resource_bundle_accessor.swift /Users/admin/builder/spi-builder-workspace/Sources/Core/ConstraintFactory.swift /Users/admin/builder/spi-builder-workspace/Sources/Core/OrbitalAnchor.swift /Users/admin/builder/spi-builder-workspace/Sources/Core/OrbitalDescriptor.swift /Users/admin/builder/spi-builder-workspace/Sources/Core/OrbitalPriority.swift /Users/admin/builder/spi-builder-workspace/Sources/Core/OrbitalRelation.swift /Users/admin/builder/spi-builder-workspace/Sources/Extensions/OrbitalConstraint+Orbital.swift /Users/admin/builder/spi-builder-workspace/Sources/Extensions/OrbitalView+Orbital.swift /Users/admin/builder/spi-builder-workspace/Sources/Extensions/OrbitalViewController+Orbital.swift /Users/admin/builder/spi-builder-workspace/Sources/Extensions/PlatformAliases.swift /Users/admin/builder/spi-builder-workspace/Sources/Proxy/OrbitalProxy.swift /Users/admin/builder/spi-builder-workspace/Sources/Storage/ConstraintStorage.swift -target armv7k-apple-watchos8.0 -module-can-import-version UIKit 9126.4.27.1 9126.4.27 -load-resolved-plugin /Applications/Xcode-26.4.0.app/Contents/Developer/Platforms/WatchOS.platform/Developer/usr/lib/swift/host/plugins/libFoundationMacros.dylib\#/Applications/Xcode-26.4.0.app/Contents/Developer/Platforms/WatchOS.platform/Developer/usr/bin/swift-plugin-server\#FoundationMacros -load-resolved-plugin /Applications/Xcode-26.4.0.app/Contents/Developer/Platforms/WatchOS.platform/Developer/usr/lib/swift/host/plugins/libObservationMacros.dylib\#/Applications/Xcode-26.4.0.app/Contents/Developer/Platforms/WatchOS.platform/Developer/usr/bin/swift-plugin-server\#ObservationMacros -load-resolved-plugin /Applications/Xcode-26.4.0.app/Contents/Developer/Platforms/WatchOS.platform/Developer/usr/lib/swift/host/plugins/libSwiftMacros.dylib\#/Applications/Xcode-26.4.0.app/Contents/Developer/Platforms/WatchOS.platform/Developer/usr/bin/swift-plugin-server\#SwiftMacros -load-resolved-plugin /Applications/Xcode-26.4.0.app/Contents/Developer/Platforms/WatchOS.platform/Developer/usr/lib/swift/host/plugins/libSwiftUIMacros.dylib\#/Applications/Xcode-26.4.0.app/Contents/Developer/Platforms/WatchOS.platform/Developer/usr/bin/swift-plugin-server\#SwiftUIMacros -disable-implicit-swift-modules -Xcc -fno-implicit-modules -Xcc -fno-implicit-module-maps -explicit-swift-module-map-file /Users/admin/builder/spi-builder-workspace/.derivedData/Build/Intermediates.noindex/OrbitalLayout.build/Debug-watchos/OrbitalLayout.build/Objects-normal/armv7k/OrbitalLayout-dependencies-1.json -enable-objc-interop -stack-check -sdk /Applications/Xcode-26.4.0.app/Contents/Developer/Platforms/WatchOS.platform/Developer/SDKs/WatchOS26.4.sdk -I /Users/admin/builder/spi-builder-workspace/.derivedData/Build/Products/Debug-watchos -Isystem /Applications/Xcode-26.4.0.app/Contents/Developer/Platforms/WatchOS.platform/Developer/usr/lib -F /Users/admin/builder/spi-builder-workspace/.derivedData/Build/Products/Debug-watchos -F /Applications/Xcode-26.4.0.app/Contents/Developer/Platforms/WatchOS.platform/Developer/Library/Frameworks -F /Applications/Xcode-26.4.0.app/Contents/Developer/Platforms/WatchOS.platform/Developer/SDKs/WatchOS26.4.sdk/Developer/Library/Frameworks -no-color-diagnostics -Xcc -fno-color-diagnostics -enable-testing -g -debug-info-format\=dwarf -dwarf-version\=4 -module-cache-path /Users/admin/builder/spi-builder-workspace/.derivedData/Build/Intermediates.noindex/SwiftExplicitPrecompiledModules -profile-generate -profile-coverage-mapping -swift-version 5 -Onone -D SWIFT_PACKAGE -D DEBUG -D SWIFT_MODULE_RESOURCE_BUNDLE_AVAILABLE -D Xcode -serialize-debugging-options -const-gather-protocols-file /Users/admin/builder/spi-builder-workspace/.derivedData/Build/Intermediates.noindex/OrbitalLayout.build/Debug-watchos/OrbitalLayout.build/Objects-normal/armv7k/OrbitalLayout_const_extract_protocols.json -enable-experimental-feature DebugDescriptionMacro -empty-abi-descriptor -validate-clang-modules-once -clang-build-session-file /Users/admin/builder/spi-builder-workspace/.derivedData/ModuleCache.noindex/Session.modulevalidation -Xcc -working-directory -Xcc /Users/admin/builder/spi-builder-workspace/.swiftpm/xcode -enable-anonymous-context-mangled-names -file-compilation-dir /Users/admin/builder/spi-builder-workspace/.swiftpm/xcode -Xcc -D_LIBCPP_HARDENING_MODE\=_LIBCPP_HARDENING_MODE_DEBUG -Xcc -ivfsstatcache -Xcc /Users/admin/builder/spi-builder-workspace/.derivedData/SDKStatCaches.noindex/watchos26.4-23T238-688ef53f1462e2c8f657fdc38a81448f9e51884a582f42380855760c9d4cc599.sdkstatcache -Xcc -I/Users/admin/builder/spi-builder-workspace/.derivedData/Build/Intermediates.noindex/OrbitalLayout.build/Debug-watchos/OrbitalLayout.build/swift-overrides.hmap -Xcc -I/Users/admin/builder/spi-builder-workspace/.derivedData/Build/Products/Debug-watchos/include -Xcc -I/Users/admin/builder/spi-builder-workspace/.derivedData/Build/Intermediates.noindex/OrbitalLayout.build/Debug-watchos/OrbitalLayout.build/DerivedSources-normal/armv7k -Xcc -I/Users/admin/builder/spi-builder-workspace/.derivedData/Build/Intermediates.noindex/OrbitalLayout.build/Debug-watchos/OrbitalLayout.build/DerivedSources/armv7k -Xcc -I/Users/admin/builder/spi-builder-workspace/.derivedData/Build/Intermediates.noindex/OrbitalLayout.build/Debug-watchos/OrbitalLayout.build/DerivedSources -Xcc -DSWIFT_PACKAGE -Xcc -DDEBUG\=1 -no-auto-bridging-header-chaining -module-name OrbitalLayout -package-name spi_builder_workspace -frontend-parseable-output -disable-clang-spi -clang-target armv7k-apple-watchos26.4 -target-sdk-version 26.4 -target-sdk-name watchos26.4 -in-process-plugin-server-path /Applications/Xcode-26.4.0.app/Contents/Developer/Toolchains/XcodeDefault.xctoolchain/usr/lib/swift/host/libSwiftInProcPluginServer.dylib -emit-module-doc-path /Users/admin/builder/spi-builder-workspace/.derivedData/Build/Intermediates.noindex/OrbitalLayout.build/Debug-watchos/OrbitalLayout.build/Objects-normal/armv7k/OrbitalLayout.swiftdoc -emit-module-source-info-path /Users/admin/builder/spi-builder-workspace/.derivedData/Build/Intermediates.noindex/OrbitalLayout.build/Debug-watchos/OrbitalLayout.build/Objects-normal/armv7k/OrbitalLayout.swiftsourceinfo -emit-objc-header-path /Users/admin/builder/spi-builder-workspace/.derivedData/Build/Intermediates.noindex/OrbitalLayout.build/Debug-watchos/OrbitalLayout.build/Objects-normal/armv7k/OrbitalLayout-Swift.h -serialize-diagnostics-path /Users/admin/builder/spi-builder-workspace/.derivedData/Build/Intermediates.noindex/OrbitalLayout.build/Debug-watchos/OrbitalLayout.build/Objects-normal/armv7k/OrbitalLayout-primary-emit-module.dia -emit-dependencies-path /Users/admin/builder/spi-builder-workspace/.derivedData/Build/Intermediates.noindex/OrbitalLayout.build/Debug-watchos/OrbitalLayout.build/Objects-normal/armv7k/OrbitalLayout-primary-emit-module.d -o /Users/admin/builder/spi-builder-workspace/.derivedData/Build/Intermediates.noindex/OrbitalLayout.build/Debug-watchos/OrbitalLayout.build/Objects-normal/armv7k/OrbitalLayout.swiftmodule -emit-abi-descriptor-path /Users/admin/builder/spi-builder-workspace/.derivedData/Build/Intermediates.noindex/OrbitalLayout.build/Debug-watchos/OrbitalLayout.build/Objects-normal/armv7k/OrbitalLayout.abi.json
EmitSwiftModule normal armv7k (in target 'OrbitalLayout' from project 'OrbitalLayout')
cd /Users/admin/builder/spi-builder-workspace/.swiftpm/xcode
/Users/admin/builder/spi-builder-workspace/Sources/Core/ConstraintFactory.swift:413:19: error: 'NSLayoutXAxisAnchor' is unavailable in watchOS
_ source: NSLayoutXAxisAnchor,
^~~~~~~~~~~~~~~~~~~
/Applications/Xcode-26.4.0.app/Contents/Developer/Platforms/WatchOS.platform/Developer/SDKs/WatchOS26.4.sdk/System/Library/Frameworks/UIKit.framework/Headers/NSLayoutAnchor.h:64:12: note: 'NSLayoutXAxisAnchor' has been explicitly marked unavailable here
@interface NSLayoutXAxisAnchor : NSLayoutAnchor<NSLayoutXAxisAnchor *>
^
/Users/admin/builder/spi-builder-workspace/Sources/Core/ConstraintFactory.swift:432:19: error: 'NSLayoutXAxisAnchor' is unavailable in watchOS
_ source: NSLayoutXAxisAnchor,
^~~~~~~~~~~~~~~~~~~
/Applications/Xcode-26.4.0.app/Contents/Developer/Platforms/WatchOS.platform/Developer/SDKs/WatchOS26.4.sdk/System/Library/Frameworks/UIKit.framework/Headers/NSLayoutAnchor.h:64:12: note: 'NSLayoutXAxisAnchor' has been explicitly marked unavailable here
@interface NSLayoutXAxisAnchor : NSLayoutAnchor<NSLayoutXAxisAnchor *>
^
/Users/admin/builder/spi-builder-workspace/Sources/Core/ConstraintFactory.swift:434:20: error: 'NSLayoutXAxisAnchor' is unavailable in watchOS
to target: NSLayoutXAxisAnchor,
^~~~~~~~~~~~~~~~~~~
/Applications/Xcode-26.4.0.app/Contents/Developer/Platforms/WatchOS.platform/Developer/SDKs/WatchOS26.4.sdk/System/Library/Frameworks/UIKit.framework/Headers/NSLayoutAnchor.h:64:12: note: 'NSLayoutXAxisAnchor' has been explicitly marked unavailable here
@interface NSLayoutXAxisAnchor : NSLayoutAnchor<NSLayoutXAxisAnchor *>
^
/Users/admin/builder/spi-builder-workspace/Sources/Core/ConstraintFactory.swift:446:19: error: 'NSLayoutYAxisAnchor' is unavailable in watchOS
_ source: NSLayoutYAxisAnchor,
^~~~~~~~~~~~~~~~~~~
/Applications/Xcode-26.4.0.app/Contents/Developer/Platforms/WatchOS.platform/Developer/SDKs/WatchOS26.4.sdk/System/Library/Frameworks/UIKit.framework/Headers/NSLayoutAnchor.h:72:12: note: 'NSLayoutYAxisAnchor' has been explicitly marked unavailable here
@interface NSLayoutYAxisAnchor : NSLayoutAnchor<NSLayoutYAxisAnchor *>
^
/Users/admin/builder/spi-builder-workspace/Sources/Core/ConstraintFactory.swift:465:19: error: 'NSLayoutYAxisAnchor' is unavailable in watchOS
_ source: NSLayoutYAxisAnchor,
^~~~~~~~~~~~~~~~~~~
/Applications/Xcode-26.4.0.app/Contents/Developer/Platforms/WatchOS.platform/Developer/SDKs/WatchOS26.4.sdk/System/Library/Frameworks/UIKit.framework/Headers/NSLayoutAnchor.h:72:12: note: 'NSLayoutYAxisAnchor' has been explicitly marked unavailable here
@interface NSLayoutYAxisAnchor : NSLayoutAnchor<NSLayoutYAxisAnchor *>
^
/Users/admin/builder/spi-builder-workspace/Sources/Core/ConstraintFactory.swift:467:20: error: 'NSLayoutYAxisAnchor' is unavailable in watchOS
to target: NSLayoutYAxisAnchor,
^~~~~~~~~~~~~~~~~~~
/Applications/Xcode-26.4.0.app/Contents/Developer/Platforms/WatchOS.platform/Developer/SDKs/WatchOS26.4.sdk/System/Library/Frameworks/UIKit.framework/Headers/NSLayoutAnchor.h:72:12: note: 'NSLayoutYAxisAnchor' has been explicitly marked unavailable here
@interface NSLayoutYAxisAnchor : NSLayoutAnchor<NSLayoutYAxisAnchor *>
^
/Users/admin/builder/spi-builder-workspace/Sources/Core/ConstraintFactory.swift:479:19: error: 'NSLayoutDimension' is unavailable in watchOS
_ source: NSLayoutDimension,
^~~~~~~~~~~~~~~~~
/Applications/Xcode-26.4.0.app/Contents/Developer/Platforms/WatchOS.platform/Developer/SDKs/WatchOS26.4.sdk/System/Library/Frameworks/UIKit.framework/Headers/NSLayoutAnchor.h:81:12: note: 'NSLayoutDimension' has been explicitly marked unavailable here
@interface NSLayoutDimension : NSLayoutAnchor<NSLayoutDimension *>
^
/Users/admin/builder/spi-builder-workspace/Sources/Core/ConstraintFactory.swift:495:19: error: 'NSLayoutDimension' is unavailable in watchOS
_ source: NSLayoutDimension,
^~~~~~~~~~~~~~~~~
/Applications/Xcode-26.4.0.app/Contents/Developer/Platforms/WatchOS.platform/Developer/SDKs/WatchOS26.4.sdk/System/Library/Frameworks/UIKit.framework/Headers/NSLayoutAnchor.h:81:12: note: 'NSLayoutDimension' has been explicitly marked unavailable here
@interface NSLayoutDimension : NSLayoutAnchor<NSLayoutDimension *>
^
/Users/admin/builder/spi-builder-workspace/Sources/Core/ConstraintFactory.swift:511:19: error: 'NSLayoutDimension' is unavailable in watchOS
_ source: NSLayoutDimension,
^~~~~~~~~~~~~~~~~
/Applications/Xcode-26.4.0.app/Contents/Developer/Platforms/WatchOS.platform/Developer/SDKs/WatchOS26.4.sdk/System/Library/Frameworks/UIKit.framework/Headers/NSLayoutAnchor.h:81:12: note: 'NSLayoutDimension' has been explicitly marked unavailable here
@interface NSLayoutDimension : NSLayoutAnchor<NSLayoutDimension *>
^
/Users/admin/builder/spi-builder-workspace/Sources/Core/ConstraintFactory.swift:527:19: error: 'NSLayoutYAxisAnchor' is unavailable in watchOS
_ source: NSLayoutYAxisAnchor,
^~~~~~~~~~~~~~~~~~~
/Applications/Xcode-26.4.0.app/Contents/Developer/Platforms/WatchOS.platform/Developer/SDKs/WatchOS26.4.sdk/System/Library/Frameworks/UIKit.framework/Headers/NSLayoutAnchor.h:72:12: note: 'NSLayoutYAxisAnchor' has been explicitly marked unavailable here
@interface NSLayoutYAxisAnchor : NSLayoutAnchor<NSLayoutYAxisAnchor *>
^
/Users/admin/builder/spi-builder-workspace/Sources/Core/ConstraintFactory.swift:541:85: error: 'NSLayoutXAxisAnchor' is unavailable in watchOS
private static func xAnchor(for anchor: OrbitalAnchor, on view: OrbitalView) -> NSLayoutXAxisAnchor {
^~~~~~~~~~~~~~~~~~~
/Applications/Xcode-26.4.0.app/Contents/Developer/Platforms/WatchOS.platform/Developer/SDKs/WatchOS26.4.sdk/System/Library/Frameworks/UIKit.framework/Headers/NSLayoutAnchor.h:64:12: note: 'NSLayoutXAxisAnchor' has been explicitly marked unavailable here
@interface NSLayoutXAxisAnchor : NSLayoutAnchor<NSLayoutXAxisAnchor *>
^
/Users/admin/builder/spi-builder-workspace/Sources/Core/ConstraintFactory.swift:554:93: error: 'NSLayoutXAxisAnchor' is unavailable in watchOS
private static func xAnchor(for anchor: OrbitalAnchor, on guide: OrbitalLayoutGuide) -> NSLayoutXAxisAnchor {
^~~~~~~~~~~~~~~~~~~
/Applications/Xcode-26.4.0.app/Contents/Developer/Platforms/WatchOS.platform/Developer/SDKs/WatchOS26.4.sdk/System/Library/Frameworks/UIKit.framework/Headers/NSLayoutAnchor.h:64:12: note: 'NSLayoutXAxisAnchor' has been explicitly marked unavailable here
@interface NSLayoutXAxisAnchor : NSLayoutAnchor<NSLayoutXAxisAnchor *>
^
/Users/admin/builder/spi-builder-workspace/Sources/Core/ConstraintFactory.swift:567:85: error: 'NSLayoutYAxisAnchor' is unavailable in watchOS
private static func yAnchor(for anchor: OrbitalAnchor, on view: OrbitalView) -> NSLayoutYAxisAnchor {
^~~~~~~~~~~~~~~~~~~
/Applications/Xcode-26.4.0.app/Contents/Developer/Platforms/WatchOS.platform/Developer/SDKs/WatchOS26.4.sdk/System/Library/Frameworks/UIKit.framework/Headers/NSLayoutAnchor.h:72:12: note: 'NSLayoutYAxisAnchor' has been explicitly marked unavailable here
@interface NSLayoutYAxisAnchor : NSLayoutAnchor<NSLayoutYAxisAnchor *>
^
/Users/admin/builder/spi-builder-workspace/Sources/Core/ConstraintFactory.swift:582:93: error: 'NSLayoutYAxisAnchor' is unavailable in watchOS
private static func yAnchor(for anchor: OrbitalAnchor, on guide: OrbitalLayoutGuide) -> NSLayoutYAxisAnchor {
^~~~~~~~~~~~~~~~~~~
/Applications/Xcode-26.4.0.app/Contents/Developer/Platforms/WatchOS.platform/Developer/SDKs/WatchOS26.4.sdk/System/Library/Frameworks/UIKit.framework/Headers/NSLayoutAnchor.h:72:12: note: 'NSLayoutYAxisAnchor' has been explicitly marked unavailable here
@interface NSLayoutYAxisAnchor : NSLayoutAnchor<NSLayoutYAxisAnchor *>
^
/Users/admin/builder/spi-builder-workspace/Sources/Core/ConstraintFactory.swift:593:93: error: 'NSLayoutDimension' is unavailable in watchOS
private static func dimensionAnchor(for anchor: OrbitalAnchor, on view: OrbitalView) -> NSLayoutDimension {
^~~~~~~~~~~~~~~~~
/Applications/Xcode-26.4.0.app/Contents/Developer/Platforms/WatchOS.platform/Developer/SDKs/WatchOS26.4.sdk/System/Library/Frameworks/UIKit.framework/Headers/NSLayoutAnchor.h:81:12: note: 'NSLayoutDimension' has been explicitly marked unavailable here
@interface NSLayoutDimension : NSLayoutAnchor<NSLayoutDimension *>
^
/Users/admin/builder/spi-builder-workspace/Sources/Core/ConstraintFactory.swift:603:101: error: 'NSLayoutDimension' is unavailable in watchOS
private static func dimensionAnchor(for anchor: OrbitalAnchor, on guide: OrbitalLayoutGuide) -> NSLayoutDimension {
^~~~~~~~~~~~~~~~~
/Applications/Xcode-26.4.0.app/Contents/Developer/Platforms/WatchOS.platform/Developer/SDKs/WatchOS26.4.sdk/System/Library/Frameworks/UIKit.framework/Headers/NSLayoutAnchor.h:81:12: note: 'NSLayoutDimension' has been explicitly marked unavailable here
@interface NSLayoutDimension : NSLayoutAnchor<NSLayoutDimension *>
^
/Users/admin/builder/spi-builder-workspace/Sources/Core/ConstraintFactory.swift:644:73: error: 'NSLayoutConstraint' is unavailable in watchOS
private static func nsLayoutAttribute(for anchor: OrbitalAnchor) -> NSLayoutConstraint.Attribute {
^~~~~~~~~~~~~~~~~~
/Applications/Xcode-26.4.0.app/Contents/Developer/Platforms/WatchOS.platform/Developer/SDKs/WatchOS26.4.sdk/System/Library/Frameworks/UIKit.framework/Headers/NSLayoutConstraint.h:126:12: note: 'NSLayoutConstraint' has been explicitly marked unavailable here
@interface NSLayoutConstraint : NSObject
^
/Users/admin/builder/spi-builder-workspace/Sources/Core/ConstraintFactory.swift:664:76: error: 'NSLayoutConstraint' is unavailable in watchOS
private static func nsLayoutRelation(for relation: OrbitalRelation) -> NSLayoutConstraint.Relation {
^~~~~~~~~~~~~~~~~~
/Applications/Xcode-26.4.0.app/Contents/Developer/Platforms/WatchOS.platform/Developer/SDKs/WatchOS26.4.sdk/System/Library/Frameworks/UIKit.framework/Headers/NSLayoutConstraint.h:126:12: note: 'NSLayoutConstraint' has been explicitly marked unavailable here
@interface NSLayoutConstraint : NSObject
^
/Users/admin/builder/spi-builder-workspace/Sources/Extensions/PlatformAliases.swift:14:32: error: 'UIView' is unavailable in watchOS
public typealias OrbitalView = UIView
^~~~~~
/Applications/Xcode-26.4.0.app/Contents/Developer/Platforms/WatchOS.platform/Developer/SDKs/WatchOS26.4.sdk/System/Library/Frameworks/UIKit.framework/Headers/UIView.h:148:12: note: 'UIView' has been explicitly marked unavailable here
@interface UIView : UIResponder <NSCoding, UIAppearance, UIAppearanceContainer, UIDynamicItem, UITraitEnvironment, UICoordinateSpace, UIFocusItem, UIFocusItemContainer, CALayerDelegate>
^
/Users/admin/builder/spi-builder-workspace/Sources/Extensions/PlatformAliases.swift:20:39: error: 'UILayoutGuide' is unavailable in watchOS
public typealias OrbitalLayoutGuide = UILayoutGuide
^~~~~~~~~~~~~
/Applications/Xcode-26.4.0.app/Contents/Developer/Platforms/WatchOS.platform/Developer/SDKs/WatchOS26.4.sdk/System/Library/Frameworks/UIKit.framework/Headers/UILayoutGuide.h:24:12: note: 'UILayoutGuide' has been explicitly marked unavailable here
@interface UILayoutGuide : NSObject <NSCoding>
^
/Users/admin/builder/spi-builder-workspace/Sources/Extensions/PlatformAliases.swift:26:42: error: 'UILayoutPriority' is unavailable in watchOS
public typealias OrbitalLayoutPriority = UILayoutPriority
^~~~~~~~~~~~~~~~
/Applications/Xcode-26.4.0.app/Contents/Developer/Platforms/WatchOS.platform/Developer/SDKs/WatchOS26.4.sdk/System/Library/Frameworks/UIKit.framework/Headers/NSLayoutConstraint.h:17:15: note: 'UILayoutPriority' has been explicitly marked unavailable here
typedef float UILayoutPriority NS_TYPED_EXTENSIBLE_ENUM API_UNAVAILABLE(watchos);
^
/Users/admin/builder/spi-builder-workspace/Sources/Extensions/PlatformAliases.swift:32:42: error: 'UIViewController' is unavailable in watchOS
public typealias OrbitalViewController = UIViewController
^~~~~~~~~~~~~~~~
/Applications/Xcode-26.4.0.app/Contents/Developer/Platforms/WatchOS.platform/Developer/SDKs/WatchOS26.4.sdk/System/Library/Frameworks/UIKit.framework/Headers/UIViewController.h:102:12: note: 'UIViewController' has been explicitly marked unavailable here
@interface UIViewController : UIResponder <NSCoding, UIAppearanceContainer, UITraitEnvironment, UIContentContainer, UIFocusEnvironment>
^
/Users/admin/builder/spi-builder-workspace/Sources/Extensions/PlatformAliases.swift:70:38: error: 'NSLayoutConstraint' is unavailable in watchOS
public typealias OrbitalConstraint = NSLayoutConstraint
^~~~~~~~~~~~~~~~~~
/Applications/Xcode-26.4.0.app/Contents/Developer/Platforms/WatchOS.platform/Developer/SDKs/WatchOS26.4.sdk/System/Library/Frameworks/UIKit.framework/Headers/NSLayoutConstraint.h:126:12: note: 'NSLayoutConstraint' has been explicitly marked unavailable here
@interface NSLayoutConstraint : NSObject
^
/Users/admin/builder/spi-builder-workspace/Sources/Extensions/PlatformAliases.swift:79:32: error: 'NSLayoutConstraint' is unavailable in watchOS
public typealias OrbitalAxis = NSLayoutConstraint.Axis
^~~~~~~~~~~~~~~~~~
/Applications/Xcode-26.4.0.app/Contents/Developer/Platforms/WatchOS.platform/Developer/SDKs/WatchOS26.4.sdk/System/Library/Frameworks/UIKit.framework/Headers/NSLayoutConstraint.h:126:12: note: 'NSLayoutConstraint' has been explicitly marked unavailable here
@interface NSLayoutConstraint : NSObject
^
SwiftCompile normal arm64 Compiling\ resource_bundle_accessor.swift,\ ConstraintFactory.swift /Users/admin/builder/spi-builder-workspace/.derivedData/Build/Intermediates.noindex/OrbitalLayout.build/Debug-watchos/OrbitalLayout.build/DerivedSources/resource_bundle_accessor.swift /Users/admin/builder/spi-builder-workspace/Sources/Core/ConstraintFactory.swift (in target 'OrbitalLayout' from project 'OrbitalLayout')
SwiftCompile normal arm64 /Users/admin/builder/spi-builder-workspace/.derivedData/Build/Intermediates.noindex/OrbitalLayout.build/Debug-watchos/OrbitalLayout.build/DerivedSources/resource_bundle_accessor.swift (in target 'OrbitalLayout' from project 'OrbitalLayout')
cd /Users/admin/builder/spi-builder-workspace/.swiftpm/xcode
SwiftCompile normal arm64 /Users/admin/builder/spi-builder-workspace/Sources/Core/ConstraintFactory.swift (in target 'OrbitalLayout' from project 'OrbitalLayout')
cd /Users/admin/builder/spi-builder-workspace/.swiftpm/xcode
SwiftEmitModule normal arm64 Emitting\ module\ for\ OrbitalLayout (in target 'OrbitalLayout' from project 'OrbitalLayout')
EmitSwiftModule normal arm64 (in target 'OrbitalLayout' from project 'OrbitalLayout')
cd /Users/admin/builder/spi-builder-workspace/.swiftpm/xcode
SwiftCompile normal armv7k Compiling\ OrbitalViewController+Orbital.swift /Users/admin/builder/spi-builder-workspace/Sources/Extensions/OrbitalViewController+Orbital.swift (in target 'OrbitalLayout' from project 'OrbitalLayout')
SwiftCompile normal armv7k /Users/admin/builder/spi-builder-workspace/Sources/Extensions/OrbitalViewController+Orbital.swift (in target 'OrbitalLayout' from project 'OrbitalLayout')
cd /Users/admin/builder/spi-builder-workspace/.swiftpm/xcode
SwiftCompile normal armv7k Compiling\ OrbitalProxy.swift /Users/admin/builder/spi-builder-workspace/Sources/Proxy/OrbitalProxy.swift (in target 'OrbitalLayout' from project 'OrbitalLayout')
SwiftCompile normal armv7k /Users/admin/builder/spi-builder-workspace/Sources/Proxy/OrbitalProxy.swift (in target 'OrbitalLayout' from project 'OrbitalLayout')
cd /Users/admin/builder/spi-builder-workspace/.swiftpm/xcode
SwiftCompile normal armv7k Compiling\ OrbitalPriority.swift /Users/admin/builder/spi-builder-workspace/Sources/Core/OrbitalPriority.swift (in target 'OrbitalLayout' from project 'OrbitalLayout')
SwiftCompile normal armv7k /Users/admin/builder/spi-builder-workspace/Sources/Core/OrbitalPriority.swift (in target 'OrbitalLayout' from project 'OrbitalLayout')
cd /Users/admin/builder/spi-builder-workspace/.swiftpm/xcode
SwiftCompile normal armv7k Compiling\ PlatformAliases.swift /Users/admin/builder/spi-builder-workspace/Sources/Extensions/PlatformAliases.swift (in target 'OrbitalLayout' from project 'OrbitalLayout')
2026-08-11 10:57:44.559 xcodebuild[899:5225] [MT] IDERunDestination: Supported platforms for the buildables in the current scheme is empty.
** BUILD FAILED **
The following build commands failed:
EmitSwiftModule normal arm64_32 (in target 'OrbitalLayout' from project 'OrbitalLayout')
SwiftEmitModule normal armv7k Emitting\ module\ for\ OrbitalLayout (in target 'OrbitalLayout' from project 'OrbitalLayout')
EmitSwiftModule normal armv7k (in target 'OrbitalLayout' from project 'OrbitalLayout')
Building workspace spi-builder-workspace with scheme OrbitalLayout
(4 failures)
BUILD FAILURE 6.3 watchOS