Build Information
Failed to build swift-package-resources, reference 5.0.1 (9eb4c5), with Swift 6.2 for Wasm on 12 Aug 2026 12:00:02 UTC.
Build Command
bash -c docker run --pull=always --rm -v "checkouts-54344849-0":/host -w "$PWD" -e JAVA_HOME="/root/.sdkman/candidates/java/current" -e SPI_BUILD="1" -e SPI_PROCESSING="1" registry.gitlab.com/saguaro1/spi-images:wasm-6.2-latest swift build --swift-sdk swift-6.2-RELEASE_wasm 2>&1Build Log
========================================
RunAll
========================================
Builder version: 729ceb5fcd9493dc13ee340bc4f0908bd201f85d
Interrupt handler set up.
========================================
Checkout
========================================
Clone URL: https://github.com/capturecontext/swift-package-resources.git
Reference: 5.0.1
Initialized empty Git repository in /host/spi-builder-workspace/.git/
hint: Using 'master' as the name for the initial branch. This default branch name
hint: is subject to change. To configure the initial branch name to use in all
hint: of your new repositories, which will suppress this warning, call:
hint:
hint: git config --global init.defaultBranch <name>
hint:
hint: Names commonly chosen instead of 'master' are 'main', 'trunk' and
hint: 'development'. The just-created branch can be renamed via this command:
hint:
hint: git branch -m <name>
From https://github.com/capturecontext/swift-package-resources
* tag 5.0.1 -> FETCH_HEAD
HEAD is now at 9eb4c5c chore: update platform Swift interfaces (#8)
Cloned https://github.com/capturecontext/swift-package-resources.git
Revision (git rev-parse @):
9eb4c5c74173f0f32b21c2cf897614b7d4c869b3
SPI manifest file found: $PWD/.spi.yml
SUCCESS checkout https://github.com/capturecontext/swift-package-resources.git at 5.0.1
========================================
Build
========================================
Selected platform: wasm
Swift version: 6.2
Building package at path: $PWD
https://github.com/capturecontext/swift-package-resources.git
Running build ...
bash -c docker run --pull=always --rm -v "checkouts-54344849-0":/host -w "$PWD" -e JAVA_HOME="/root/.sdkman/candidates/java/current" -e SPI_BUILD="1" -e SPI_PROCESSING="1" registry.gitlab.com/saguaro1/spi-images:wasm-6.2-latest swift build --swift-sdk swift-6.2-RELEASE_wasm 2>&1
wasm-6.2-latest: Pulling from saguaro1/spi-images
Digest: sha256:70428a4f4110aef5b17a27427e965f31cf3855e8cf1dfdc416ed61c780337965
Status: Image is up to date for registry.gitlab.com/saguaro1/spi-images:wasm-6.2-latest
Building for debugging...
[0/3] Write sources
[2/3] Write swift-version-24593BA9C3E375BF.txt
[4/11] Compiling PackageResourcesCore Typealiases.swift
[5/12] Compiling PackageResourcesCore XCStringResource.swift
[6/12] Compiling PackageResourcesCore StoryboardResource.swift
[7/12] Compiling PackageResourcesCore SCNSceneResource.swift
[8/12] Compiling PackageResourcesCore NibResource.swift
[9/12] Compiling PackageResourcesCore ImageResource.swift
[10/12] Compiling PackageResourcesCore ColorResource.swift
[11/12] Emitting module PackageResourcesCore
[12/12] Compiling PackageResourcesCore FontResource.swift
error: emit-module command failed with exit code 1 (use -v to see invocation)
[14/16] Compiling PackageResources Exports.swift
[15/16] Emitting module PackageResources
/host/spi-builder-workspace/Sources/PackageResources/XCStringResource.swift:7:34: error: 'LocalizationValue' is not a member type of struct 'Swift.String'
5 | @available(macOS 12, iOS 15, tvOS 15, watchOS 8, *)
6 | @_spi(Internals)
7 | public var defaultValue: String.LocalizationValue {
| `- error: 'LocalizationValue' is not a member type of struct 'Swift.String'
8 | String.LocalizationValue(
9 | stringInterpolation: .init(self)
Swift.String:1:23: note: 'String' declared here
1 | @frozen public struct String {
| `- note: 'String' declared here
2 | public var _guts: _StringGuts
3 | @inlinable public init()
/host/spi-builder-workspace/Sources/PackageResources/XCStringResource.swift:16:18: error: 'LocalizationValue' is not a member type of struct 'Swift.String'
14 | @available(macOS 12, iOS 15, tvOS 15, watchOS 8, *)
15 | @_spi(Internals)
16 | extension String.LocalizationValue.StringInterpolation {
| `- error: 'LocalizationValue' is not a member type of struct 'Swift.String'
17 | public init(_ resource: _XCStringResource) {
18 | var interpolation = String.LocalizationValue.StringInterpolation(
Swift.String:1:23: note: 'String' declared here
1 | @frozen public struct String {
| `- note: 'String' declared here
2 | public var _guts: _StringGuts
3 | @inlinable public init()
/host/spi-builder-workspace/Sources/PackageResources/XCStringResource.swift:42:11: error: cannot find type 'LocalizedStringKey' in scope
40 | }
41 |
42 | extension LocalizedStringKey.StringInterpolation {
| `- error: cannot find type 'LocalizedStringKey' in scope
43 | @_spi(Internals)
44 | public init(_ resource: _XCStringResource) {
/host/spi-builder-workspace/Sources/PackageResources/XCStringResource.swift:88:11: error: cannot find type 'LocalizedStringResource' in scope
86 |
87 | @available(macOS 13, iOS 16, tvOS 16, watchOS 9, *)
88 | extension LocalizedStringResource {
| `- error: cannot find type 'LocalizedStringResource' in scope
89 | public static func localized(
90 | _ resource: _XCStringResource,
[16/16] Compiling PackageResources XCStringResource.swift
/host/spi-builder-workspace/Sources/PackageResources/XCStringResource.swift:7:34: error: 'LocalizationValue' is not a member type of struct 'Swift.String'
5 | @available(macOS 12, iOS 15, tvOS 15, watchOS 8, *)
6 | @_spi(Internals)
7 | public var defaultValue: String.LocalizationValue {
| `- error: 'LocalizationValue' is not a member type of struct 'Swift.String'
8 | String.LocalizationValue(
9 | stringInterpolation: .init(self)
Swift.String:1:23: note: 'String' declared here
1 | @frozen public struct String {
| `- note: 'String' declared here
2 | public var _guts: _StringGuts
3 | @inlinable public init()
/host/spi-builder-workspace/Sources/PackageResources/XCStringResource.swift:16:18: error: 'LocalizationValue' is not a member type of struct 'Swift.String'
14 | @available(macOS 12, iOS 15, tvOS 15, watchOS 8, *)
15 | @_spi(Internals)
16 | extension String.LocalizationValue.StringInterpolation {
| `- error: 'LocalizationValue' is not a member type of struct 'Swift.String'
17 | public init(_ resource: _XCStringResource) {
18 | var interpolation = String.LocalizationValue.StringInterpolation(
Swift.String:1:23: note: 'String' declared here
1 | @frozen public struct String {
| `- note: 'String' declared here
2 | public var _guts: _StringGuts
3 | @inlinable public init()
/host/spi-builder-workspace/Sources/PackageResources/XCStringResource.swift:42:11: error: cannot find type 'LocalizedStringKey' in scope
40 | }
41 |
42 | extension LocalizedStringKey.StringInterpolation {
| `- error: cannot find type 'LocalizedStringKey' in scope
43 | @_spi(Internals)
44 | public init(_ resource: _XCStringResource) {
/host/spi-builder-workspace/Sources/PackageResources/XCStringResource.swift:88:11: error: cannot find type 'LocalizedStringResource' in scope
86 |
87 | @available(macOS 13, iOS 16, tvOS 16, watchOS 9, *)
88 | extension LocalizedStringResource {
| `- error: cannot find type 'LocalizedStringResource' in scope
89 | public static func localized(
90 | _ resource: _XCStringResource,
/host/spi-builder-workspace/Sources/PackageResources/XCStringResource.swift:92:7: error: cannot find type 'LocalizedStringResource' in scope
90 | _ resource: _XCStringResource,
91 | locale: Locale = .current
92 | ) -> LocalizedStringResource {
| `- error: cannot find type 'LocalizedStringResource' in scope
93 | return .init(
94 | resource.key,
BUILD FAILURE 6.2 wasm