The Swift Package Index logo.Swift Package Index

Build Information

Failed to build DeepSeekKit, reference master (4d5758), with Swift 6.4 for Wasm on 22 Sep 2026 15:49:43 UTC.

Build Command

bash -c docker run --pull=always --rm -v "checkouts-54344847-1":/host -w "$PWD" -e JAVA_HOME="/root/.sdkman/candidates/java/current" -e SPI_BUILD="1" -e SPI_PROCESSING="1" registry.gitlab.com/saguaro1/spi-images:wasm-6.4-latest swift build --swift-sdk swift-6.4.x-DEVELOPMENT-SNAPSHOT-2026-09-04-a_wasm 2>&1

Build Log

========================================
RunAll
========================================
Builder version: 5.1.0
Interrupt handler set up.
========================================
Checkout
========================================
Clone URL: https://github.com/guitaripod/DeepSeekKit.git
Reference: master
Initialized empty Git repository in /host/spi-builder-workspace/.git/
hint: Using 'master' as the name for the initial branch. This default branch name
hint: is subject to change. To configure the initial branch name to use in all
hint: of your new repositories, which will suppress this warning, call:
hint:
hint: 	git config --global init.defaultBranch <name>
hint:
hint: Names commonly chosen instead of 'master' are 'main', 'trunk' and
hint: 'development'. The just-created branch can be renamed via this command:
hint:
hint: 	git branch -m <name>
From https://github.com/guitaripod/DeepSeekKit
 * branch            master     -> FETCH_HEAD
 * [new branch]      master     -> origin/master
HEAD is now at 4d5758f Update GitHub username from marcusziade to guitaripod
Cloned https://github.com/guitaripod/DeepSeekKit.git
Revision (git rev-parse @):
4d5758f6a3c4e724eaa83dab8d91ef579d9a3bb3
SUCCESS checkout https://github.com/guitaripod/DeepSeekKit.git at master
========================================
Build
========================================
Selected platform:         wasm
Swift version:             6.4
Building package at path:  $PWD
https://github.com/guitaripod/DeepSeekKit.git
Running build ...
bash -c docker run --pull=always --rm -v "checkouts-54344847-1":/host -w "$PWD" -e JAVA_HOME="/root/.sdkman/candidates/java/current" -e SPI_BUILD="1" -e SPI_PROCESSING="1" registry.gitlab.com/saguaro1/spi-images:wasm-6.4-latest swift build --swift-sdk swift-6.4.x-DEVELOPMENT-SNAPSHOT-2026-09-04-a_wasm 2>&1
wasm-6.4-latest: Pulling from saguaro1/spi-images
Digest: sha256:4328fdb43c680d205c1d6761b1e3267aa38277eefdda9ddfb17b6a0f1a77857a
Status: Image is up to date for registry.gitlab.com/saguaro1/spi-images:wasm-6.4-latest
Fetching https://github.com/apple/swift-argument-parser
Fetching https://github.com/apple/swift-docc-plugin
[1/2345] Fetching swift-docc-plugin
[447/21263] Fetching swift-docc-plugin, swift-argument-parser
Fetched https://github.com/apple/swift-docc-plugin (0.75s)
Fetched https://github.com/apple/swift-argument-parser (0.75s)
Computing version for https://github.com/apple/swift-docc-plugin
Computed https://github.com/apple/swift-docc-plugin at 1.5.0 (1.82s)
Fetching https://github.com/swiftlang/swift-docc-symbolkit
[1/3829] Fetching swift-docc-symbolkit
Fetched https://github.com/swiftlang/swift-docc-symbolkit (0.62s)
Computing version for https://github.com/swiftlang/swift-docc-symbolkit
Computed https://github.com/swiftlang/swift-docc-symbolkit at 1.0.0 (0.86s)
Computing version for https://github.com/apple/swift-argument-parser
Computed https://github.com/apple/swift-argument-parser at 1.8.2 (0.21s)
Creating working copy for https://github.com/apple/swift-argument-parser
Working copy of https://github.com/apple/swift-argument-parser resolved at 1.8.2
Creating working copy for https://github.com/apple/swift-docc-plugin
Working copy of https://github.com/apple/swift-docc-plugin resolved at 1.5.0
Creating working copy for https://github.com/swiftlang/swift-docc-symbolkit
Working copy of https://github.com/swiftlang/swift-docc-symbolkit resolved at 1.0.0
Building for debugging...
[Pre-planning 1 / 154]
[Starting]
[42 / 69] DeepSeekKit
error: SwiftCompile normal wasm32 failed with a nonzero exit code. Command line:     cd /host

/host/spi-builder-workspace/Sources/DeepSeekKit/Core/NetworkingProtocol.swift:18:43: error: cannot find type 'URLRequest' in scope
16 |     /// - Returns: The decoded response object.
17 |     /// - Throws: `DeepSeekError` if the request fails or decoding fails.
18 |     func perform<T: Decodable>(_ request: URLRequest, expecting type: T.Type) async throws -> T
   |                                           `- error: cannot find type 'URLRequest' in scope
19 |
20 |     /// Performs a network request and returns the raw data.
/host/spi-builder-workspace/Sources/DeepSeekKit/Core/NetworkingProtocol.swift:25:32: error: cannot find type 'URLRequest' in scope
23 |     /// - Returns: The raw response data.
24 |     /// - Throws: `DeepSeekError` if the request fails.
25 |     func performRaw(_ request: URLRequest) async throws -> Data
   |                                `- error: cannot find type 'URLRequest' in scope
26 | }
/host/spi-builder-workspace/Sources/DeepSeekKit/DeepSeekClient.swift:42:18: error: 'URLSession' is unavailable: This type has moved to the FoundationNetworking module. Import that module to use it.
40 |         apiKey: String,
41 |         baseURL: URL = URL(string: "https://api.deepseek.com/v1")!,
42 |         session: URLSession = .shared
   |                  `- error: 'URLSession' is unavailable: This type has moved to the FoundationNetworking module. Import that module to use it.
43 |     ) {
44 |         self.apiKey = apiKey
Foundation.URLSession:2:18: note: 'URLSession' has been explicitly marked unavailable here
1 | @available(*, unavailable, message: "This type has moved to the FoundationNetworking module. Import that module to use it.")
2 | public typealias URLSession = AnyObject
  |                  `- note: 'URLSession' has been explicitly marked unavailable here
/host/spi-builder-workspace/Sources/DeepSeekKit/DeepSeekClient.swift:42:32: error: value of type '_' expected to be instance of class or class-constrained type
40 |         apiKey: String,
41 |         baseURL: URL = URL(string: "https://api.deepseek.com/v1")!,
42 |         session: URLSession = .shared
   |                                `- error: value of type '_' expected to be instance of class or class-constrained type
43 |     ) {
44 |         self.apiKey = apiKey
/host/spi-builder-workspace/Sources/DeepSeekKit/DeepSeekClient.swift:42:32: error: type 'URLSession' (aka 'AnyObject') has no member 'shared'
40 |         apiKey: String,
41 |         baseURL: URL = URL(string: "https://api.deepseek.com/v1")!,
42 |         session: URLSession = .shared
   |                                `- error: type 'URLSession' (aka 'AnyObject') has no member 'shared'
43 |     ) {
44 |         self.apiKey = apiKey
/host/spi-builder-workspace/Sources/DeepSeekKit/Models/Tool.swift:70:16: warning: stored property 'parameters' of 'Sendable'-conforming struct 'FunctionDefinition' contains non-Sendable type 'Any'; this is an error in the Swift 6 language mode
 68 |
 69 |     /// The parameters schema in JSON Schema format. Defines the structure and validation rules for function parameters.
 70 |     public let parameters: [String: Any]
    |                `- warning: stored property 'parameters' of 'Sendable'-conforming struct 'FunctionDefinition' contains non-Sendable type 'Any'; this is an error in the Swift 6 language mode
 71 |
 72 |     /// Creates a new function definition.
/host/spi-builder-workspace/Sources/DeepSeekKit/Networking/RequestBuilder.swift:19:76: error: cannot find type 'URLRequest' in scope
17 |
18 |     /// Creates a request for the chat completions endpoint.
19 |     func chatCompletionRequest(_ request: ChatCompletionRequest) throws -> URLRequest {
   |                                                                            `- error: cannot find type 'URLRequest' in scope
20 |         let url = baseURL.appendingPathComponent("chat/completions")
21 |         return try createPOSTRequest(url: url, body: request)
/host/spi-builder-workspace/Sources/DeepSeekKit/Networking/RequestBuilder.swift:25:68: error: cannot find type 'URLRequest' in scope
23 |
24 |     /// Creates a request for the completions endpoint (beta).
25 |     func completionRequest(_ request: CompletionRequest) throws -> URLRequest {
   |                                                                    `- error: cannot find type 'URLRequest' in scope
26 |         let betaURL = URL(string: "https://api.deepseek.com/beta")!
27 |         let url = betaURL.appendingPathComponent("completions")
/host/spi-builder-workspace/Sources/DeepSeekKit/Networking/RequestBuilder.swift:32:33: error: cannot find type 'URLRequest' in scope
30 |
31 |     /// Creates a request to list models.
32 |     func listModelsRequest() -> URLRequest {
   |                                 `- error: cannot find type 'URLRequest' in scope
33 |         let url = baseURL.appendingPathComponent("models")
34 |         return createGETRequest(url: url)
/host/spi-builder-workspace/Sources/DeepSeekKit/Networking/RequestBuilder.swift:38:33: error: cannot find type 'URLRequest' in scope
36 |
37 |     /// Creates a request to get user balance.
38 |     func getBalanceRequest() -> URLRequest {
   |                                 `- error: cannot find type 'URLRequest' in scope
39 |         // Balance endpoint uses the root API URL without /v1
40 |         let balanceURL = URL(string: "https://api.deepseek.com/user/balance")!
/host/spi-builder-workspace/Sources/DeepSeekKit/Networking/RequestBuilder.swift:46:48: error: cannot find type 'URLRequest' in scope
44 |     // MARK: - Private Methods
45 |
46 |     private func createGETRequest(url: URL) -> URLRequest {
   |                                                `- error: cannot find type 'URLRequest' in scope
47 |         var request = URLRequest(url: url)
48 |         request.httpMethod = "GET"
/host/spi-builder-workspace/Sources/DeepSeekKit/Networking/RequestBuilder.swift:54:79: error: cannot find type 'URLRequest' in scope
52 |     }
53 |
54 |     private func createPOSTRequest<T: Encodable>(url: URL, body: T) throws -> URLRequest {
   |                                                                               `- error: cannot find type 'URLRequest' in scope
55 |         var request = URLRequest(url: url)
56 |         request.httpMethod = "POST"
/host/spi-builder-workspace/Sources/DeepSeekKit/Networking/URLSessionNetworking.swift:8:26: error: 'URLSession' is unavailable: This type has moved to the FoundationNetworking module. Import that module to use it.
 6 | /// URLSession-based implementation of the networking protocol.
 7 | final class URLSessionNetworking: NetworkingProtocol {
 8 |     private let session: URLSession
   |                          `- error: 'URLSession' is unavailable: This type has moved to the FoundationNetworking module. Import that module to use it.
 9 |     private let decoder: JSONDecoder
10 |     private let encoder: JSONEncoder
Foundation.URLSession:2:18: note: 'URLSession' has been explicitly marked unavailable here
1 | @available(*, unavailable, message: "This type has moved to the FoundationNetworking module. Import that module to use it.")
2 | public typealias URLSession = AnyObject
  |                  `- note: 'URLSession' has been explicitly marked unavailable here
/host/spi-builder-workspace/Sources/DeepSeekKit/Networking/URLSessionNetworking.swift:13:18: error: 'URLSession' is unavailable: This type has moved to the FoundationNetworking module. Import that module to use it.
11 |
12 |     init(
13 |         session: URLSession = .shared,
   |                  `- error: 'URLSession' is unavailable: This type has moved to the FoundationNetworking module. Import that module to use it.
14 |         decoder: JSONDecoder = JSONDecoder(),
15 |         encoder: JSONEncoder = JSONEncoder()
Foundation.URLSession:2:18: note: 'URLSession' has been explicitly marked unavailable here
1 | @available(*, unavailable, message: "This type has moved to the FoundationNetworking module. Import that module to use it.")
2 | public typealias URLSession = AnyObject
  |                  `- note: 'URLSession' has been explicitly marked unavailable here
/host/spi-builder-workspace/Sources/DeepSeekKit/Networking/URLSessionNetworking.swift:13:32: error: type 'URLSession' (aka 'AnyObject') has no member 'shared'
11 |
12 |     init(
13 |         session: URLSession = .shared,
   |                                `- error: type 'URLSession' (aka 'AnyObject') has no member 'shared'
14 |         decoder: JSONDecoder = JSONDecoder(),
15 |         encoder: JSONEncoder = JSONEncoder()
/host/spi-builder-workspace/Sources/DeepSeekKit/Networking/URLSessionNetworking.swift:13:32: error: value of type '_' expected to be instance of class or class-constrained type
11 |
12 |     init(
13 |         session: URLSession = .shared,
   |                                `- error: value of type '_' expected to be instance of class or class-constrained type
14 |         decoder: JSONDecoder = JSONDecoder(),
15 |         encoder: JSONEncoder = JSONEncoder()
/host/spi-builder-workspace/Sources/DeepSeekKit/Networking/URLSessionNetworking.swift:22:43: error: cannot find type 'URLRequest' in scope
20 |     }
21 |
22 |     func perform<T: Decodable>(_ request: URLRequest, expecting type: T.Type) async throws -> T {
   |                                           `- error: cannot find type 'URLRequest' in scope
23 |         let data = try await performRaw(request)
24 |
/host/spi-builder-workspace/Sources/DeepSeekKit/Networking/URLSessionNetworking.swift:45:32: error: cannot find type 'URLRequest' in scope
43 |     }
44 |
45 |     func performRaw(_ request: URLRequest) async throws -> Data {
   |                                `- error: cannot find type 'URLRequest' in scope
46 |         do {
47 |             return try await withCheckedThrowingContinuation { continuation in
/host/spi-builder-workspace/Sources/DeepSeekKit/Networking/URLSessionNetworking.swift:8:17: warning: stored property 'session' of 'Sendable'-conforming class 'URLSessionNetworking' has non-Sendable type 'AnyObject'; this is an error in the Swift 6 language mode
 6 | /// URLSession-based implementation of the networking protocol.
 7 | final class URLSessionNetworking: NetworkingProtocol {
 8 |     private let session: URLSession
   |                 `- warning: stored property 'session' of 'Sendable'-conforming class 'URLSessionNetworking' has non-Sendable type 'AnyObject'; this is an error in the Swift 6 language mode
 9 |     private let decoder: JSONDecoder
10 |     private let encoder: JSONEncoder
Failed frontend command:
/usr/bin/swift-frontend -frontend -emit-module -experimental-skip-non-inlinable-function-bodies-without-types /host/spi-builder-workspace/Sources/DeepSeekKit/Core/BalanceServiceProtocol.swift /host/spi-builder-workspace/Sources/DeepSeekKit/Core/ChatServiceProtocol.swift /host/spi-builder-workspace/Sources/DeepSeekKit/Core/DeepSeekProtocol.swift /host/spi-builder-workspace/Sources/DeepSeekKit/Core/ModelServiceProtocol.swift /host/spi-builder-workspace/Sources/DeepSeekKit/Core/NetworkingProtocol.swift /host/spi-builder-workspace/Sources/DeepSeekKit/DeepSeekClient.swift /host/spi-builder-workspace/Sources/DeepSeekKit/DeepSeekKit.swift /host/spi-builder-workspace/Sources/DeepSeekKit/Errors/DeepSeekError.swift /host/spi-builder-workspace/Sources/DeepSeekKit/Extensions/ChatMessage+Convenience.swift /host/spi-builder-workspace/Sources/DeepSeekKit/Extensions/FunctionBuilder.swift /host/spi-builder-workspace/Sources/DeepSeekKit/Models/BalanceResponse.swift /host/spi-builder-workspace/Sources/DeepSeekKit/Models/ChatCompletionChunk.swift /host/spi-builder-workspace/Sources/DeepSeekKit/Models/ChatCompletionRequest.swift /host/spi-builder-workspace/Sources/DeepSeekKit/Models/ChatCompletionResponse.swift /host/spi-builder-workspace/Sources/DeepSeekKit/Models/ChatMessage.swift /host/spi-builder-workspace/Sources/DeepSeekKit/Models/CompletionRequest.swift /host/spi-builder-workspace/Sources/DeepSeekKit/Models/CompletionResponse.swift /host/spi-builder-workspace/Sources/DeepSeekKit/Models/Model.swift /host/spi-builder-workspace/Sources/DeepSeekKit/Models/Tool.swift /host/spi-builder-workspace/Sources/DeepSeekKit/Networking/RequestBuilder.swift /host/spi-builder-workspace/Sources/DeepSeekKit/Networking/URLSessionNetworking.swift /host/spi-builder-workspace/Sources/DeepSeekKit/Services/BalanceService.swift /host/spi-builder-workspace/Sources/DeepSeekKit/Services/ChatService.swift /host/spi-builder-workspace/Sources/DeepSeekKit/Services/ModelService.swift /host/spi-builder-workspace/Sources/DeepSeekKit/Streaming/CURLStreamingHandler.swift /host/spi-builder-workspace/Sources/DeepSeekKit/Streaming/StreamingHandler.swift /host/spi-builder-workspace/Sources/DeepSeekKit/Streaming/URLSessionStreamingHandler.swift -target wasm32-unknown-wasip1 -disable-objc-interop -sdk /root/.swiftpm/swift-sdks/swift-6.4.x-DEVELOPMENT-SNAPSHOT-2026-09-04-a_wasm.artifactbundle/swift-6.4.x-DEVELOPMENT-SNAPSHOT-2026-09-04-a_wasm/wasm32-unknown-wasip1/WASI.sdk -sysroot /root/.swiftpm/swift-sdks/swift-6.4.x-DEVELOPMENT-SNAPSHOT-2026-09-04-a_wasm.artifactbundle/swift-6.4.x-DEVELOPMENT-SNAPSHOT-2026-09-04-a_wasm/wasm32-unknown-wasip1/WASI.sdk -I /host/spi-builder-workspace/.build/out/Products/Debug-webassembly-wasm32 -module-cache-path /host/spi-builder-workspace/.build/out/ModuleCache.noindex -color-diagnostics -Xcc -fcolor-diagnostics -enable-testing -g -debug-info-format\=dwarf -dwarf-version\=4 -swift-version 5 -Onone -D SWIFT_PACKAGE -D DEBUG -D SWIFT_MODULE_RESOURCE_BUNDLE_UNAVAILABLE -D Xcode -serialize-debugging-options -enable-experimental-feature StrictConcurrency -enable-experimental-feature DebugDescriptionMacro -empty-abi-descriptor -external-plugin-path /usr/lib/swift/host/plugins/testing\#/usr/bin/swift-plugin-server -validate-clang-modules-once -clang-build-session-file /host/spi-builder-workspace/.build/out/ModuleCache.noindex/Session.modulevalidation -Xcc -working-directory -Xcc /host -resource-dir /root/.swiftpm/swift-sdks/swift-6.4.x-DEVELOPMENT-SNAPSHOT-2026-09-04-a_wasm.artifactbundle/swift-6.4.x-DEVELOPMENT-SNAPSHOT-2026-09-04-a_wasm/wasm32-unknown-wasip1/swift.xctoolchain/usr/lib/swift_static -use-static-resource-dir -enable-anonymous-context-mangled-names -file-compilation-dir /host -Xcc -resource-dir -Xcc /root/.swiftpm/swift-sdks/swift-6.4.x-DEVELOPMENT-SNAPSHOT-2026-09-04-a_wasm.artifactbundle/swift-6.4.x-DEVELOPMENT-SNAPSHOT-2026-09-04-a_wasm/wasm32-unknown-wasip1/swift.xctoolchain/usr/lib/swift_static/clang -Xcc -D_LIBCPP_HARDENING_MODE\=_LIBCPP_HARDENING_MODE_DEBUG -Xcc -fmodules-prune-interval\=86400 -Xcc -fmodules-prune-after\=345600 -Xcc -I/host/spi-builder-workspace/.build/out/Products/Debug-webassembly-wasm32/include -Xcc -I/host/spi-builder-workspace/.build/out/Intermediates.noindex/DeepSeekKit.build/Debug-webassembly-wasm32/DeepSeekKit-t.build/DerivedSources-normal/wasm32 -Xcc -I/host/spi-builder-workspace/.build/out/Intermediates.noindex/DeepSeekKit.build/Debug-webassembly-wasm32/DeepSeekKit-t.build/DerivedSources/wasm32 -Xcc -I/host/spi-builder-workspace/.build/out/Intermediates.noindex/DeepSeekKit.build/Debug-webassembly-wasm32/DeepSeekKit-t.build/DerivedSources -Xcc -DSWIFT_PACKAGE -Xcc -DDEBUG\=1 -no-auto-bridging-header-chaining -module-name DeepSeekKit -package-name spi_builder_workspace -const-gather-protocols-file /host/spi-builder-workspace/.build/out/Intermediates.noindex/DeepSeekKit.build/Debug-webassembly-wasm32/DeepSeekKit-t.build/Objects-normal/wasm32/DeepSeekKit_const_extract_protocols.json -in-process-plugin-server-path /usr/lib/swift/host/libSwiftInProcPluginServer.so -plugin-path /usr/lib/swift/host/plugins -plugin-path /usr/local/lib/swift/host/plugins -emit-module-doc-path /host/spi-builder-workspace/.build/out/Intermediates.noindex/DeepSeekKit.build/Debug-webassembly-wasm32/DeepSeekKit-t.build/Objects-normal/wasm32/Modules/DeepSeekKit.swiftdoc -emit-module-source-info-path /host/spi-builder-workspace/.build/out/Intermediates.noindex/DeepSeekKit.build/Debug-webassembly-wasm32/DeepSeekKit-t.build/Objects-normal/wasm32/Modules/DeepSeekKit.swiftsourceinfo -emit-objc-header-path /host/spi-builder-workspace/.build/out/Intermediates.noindex/DeepSeekKit.build/Debug-webassembly-wasm32/DeepSeekKit-t.build/Objects-normal/wasm32/DeepSeekKit-Swift.h -serialize-diagnostics-path /host/spi-builder-workspace/.build/out/Intermediates.noindex/DeepSeekKit.build/Debug-webassembly-wasm32/DeepSeekKit-t.build/Objects-normal/wasm32/DeepSeekKit-primary-emit-module.dia -emit-dependencies-path /host/spi-builder-workspace/.build/out/Intermediates.noindex/DeepSeekKit.build/Debug-webassembly-wasm32/DeepSeekKit-t.build/Objects-normal/wasm32/DeepSeekKit-primary-emit-module.d -parse-as-library -o /host/spi-builder-workspace/.build/out/Intermediates.noindex/DeepSeekKit.build/Debug-webassembly-wasm32/DeepSeekKit-t.build/Objects-normal/wasm32/Modules/DeepSeekKit.swiftmodule
error: Build failed
BUILD FAILURE 6.4 wasm