Build Information
Failed to build SwiftGodotBuilder, reference main (b88257), with Swift 6.4 for macOS (Xcode) using Xcode 27.0 on 23 Sep 2026 16:41:36 UTC.
Build Command
No build command. This typically means the build failed at an early stage where we determine the build command.Build Log
========================================
RunAll
========================================
Builder version: 5.1.0
Interrupt handler set up.
========================================
Checkout
========================================
Clone URL: https://github.com/johnsusek/SwiftGodotBuilder.git
Reference: main
Initialized empty Git repository in /Users/admin/builder/spi-builder-workspace/.git/
From https://github.com/johnsusek/SwiftGodotBuilder
* branch main -> FETCH_HEAD
* [new branch] main -> origin/main
HEAD is now at b882575 Update packages
Cloned https://github.com/johnsusek/SwiftGodotBuilder.git
Revision (git rev-parse @):
b882575c0eed60f973097487a78d137c32c82914
SPI manifest file found: $PWD/.spi.yml
SUCCESS checkout https://github.com/johnsusek/SwiftGodotBuilder.git at main
========================================
Build
========================================
Selected platform: macosXcodebuild
Swift version: 6.4
Building package at path: $PWD
https://github.com/johnsusek/SwiftGodotBuilder.git
Command line invocation:
/Applications/Xcode-27.0.0-Release.Candidate.app/Contents/Developer/usr/bin/xcodebuild -IDEClonedSourcePackagesDirPathOverride=/Users/admin/builder/spi-builder-workspace/.dependencies -resolvePackageDependencies
Resolve Package Graph
Fetching from https://github.com/migueldeicaza/SwiftGodot
Resolve Package Graph
Updating from https://github.com/migueldeicaza/SwiftGodot
Resolve Package Graph
Updating from https://github.com/migueldeicaza/SwiftGodot
Resolve Package Graph
Updating from https://github.com/migueldeicaza/SwiftGodot
Resolved source packages:
spi-builder-workspace: (null)
2026-09-23 12:41:34.234 xcodebuild[563:3074] Writing error result bundle to /var/folders/xq/y_g06wb113726d38xsyx71_h0000gn/T/ResultBundle_2026-23-09_12-41-0034.xcresult
xcodebuild: error: Could not resolve package dependencies:
Failed to resolve dependencies Dependencies could not be resolved because root depends on 'swift-syntax' 600.0.0..<601.0.0 and 'swiftgodot' depends on 'swift-syntax' 603.0.2..<604.0.0.
Command line invocation:
/Applications/Xcode-27.0.0-Release.Candidate.app/Contents/Developer/usr/bin/xcodebuild -IDEClonedSourcePackagesDirPathOverride=/Users/admin/builder/spi-builder-workspace/.dependencies -resolvePackageDependencies
Resolve Package Graph
Updating from https://github.com/migueldeicaza/SwiftGodot
Resolved source packages:
spi-builder-workspace: (null)
2026-09-23 12:41:36.798 xcodebuild[691:3961] Writing error result bundle to /var/folders/xq/y_g06wb113726d38xsyx71_h0000gn/T/ResultBundle_2026-23-09_12-41-0036.xcresult
xcodebuild: error: Could not resolve package dependencies:
Failed to resolve dependencies Dependencies could not be resolved because root depends on 'swift-syntax' 600.0.0..<601.0.0 and 'swiftgodot' depends on 'swift-syntax' 603.0.2..<604.0.0.
BUILD FAILURE 6.4 macosXcodebuild