Build Information
Failed to build any-error-swift, reference 0.1.1 (ac630c), with Swift 6.1 for visionOS using Xcode 16.3 on 21 Jul 2026 21:40:26 UTC.
Build Command
No build command. This typically means the build failed at an early stage where we determine the build command.Build Log
========================================
RunAll
========================================
Builder version: undefined version: run 'make version' to update
Interrupt handler set up.
========================================
Checkout
========================================
Clone URL: https://github.com/MFB-Technologies-Inc/any-error-swift.git
Reference: 0.1.1
Initialized empty Git repository in /Users/admin/builder/spi-builder-workspace/.git/
From https://github.com/MFB-Technologies-Inc/any-error-swift
* tag 0.1.1 -> FETCH_HEAD
HEAD is now at ac630c7 Merge pull request #3 from MFB-Technologies-Inc/fix-spi-android-builds
Cloned https://github.com/MFB-Technologies-Inc/any-error-swift.git
Revision (git rev-parse @):
ac630c7f05086d50ac4dcde85626c55887a3eab8
SPI manifest file found: $PWD/.spi.yml
SUCCESS checkout https://github.com/MFB-Technologies-Inc/any-error-swift.git at 0.1.1
========================================
Build
========================================
Selected platform: visionOS
Swift version: 6.1
Building package at path: $PWD
https://github.com/MFB-Technologies-Inc/any-error-swift.git
https://github.com/MFB-Technologies-Inc/any-error-swift.git
error: 'spi-builder-workspace': package 'spi-builder-workspace' is using Swift tools version 6.2.0 but the installed version is 6.1.0
error: fatalError
Command line invocation:
/Applications/Xcode-16.3.0.app/Contents/Developer/usr/bin/xcodebuild -IDEClonedSourcePackagesDirPathOverride=/Users/admin/builder/spi-builder-workspace/.dependencies -resolvePackageDependencies
Resolve Package Graph
package 'spi-builder-workspace' is using Swift tools version 6.2.0 but the installed version is 6.1.0
Resolved source packages:
spi-builder-workspace: (null)
2026-07-21 14:40:26.050 xcodebuild[504:2905] Writing error result bundle to /var/folders/5k/5yc19ymj0jqd5v0zvgfqz0xw0000gn/T/ResultBundle_2026-21-07_14-40-0026.xcresult
xcodebuild: error: Could not resolve package dependencies:
package 'spi-builder-workspace' is using Swift tools version 6.2.0 but the installed version is 6.1.0
Command line invocation:
/Applications/Xcode-16.3.0.app/Contents/Developer/usr/bin/xcodebuild -IDEClonedSourcePackagesDirPathOverride=/Users/admin/builder/spi-builder-workspace/.dependencies -resolvePackageDependencies
Resolve Package Graph
package 'spi-builder-workspace' is using Swift tools version 6.2.0 but the installed version is 6.1.0
Resolved source packages:
spi-builder-workspace: (null)
2026-07-21 14:40:26.760 xcodebuild[513:2985] Writing error result bundle to /var/folders/5k/5yc19ymj0jqd5v0zvgfqz0xw0000gn/T/ResultBundle_2026-21-07_14-40-0026.xcresult
xcodebuild: error: Could not resolve package dependencies:
package 'spi-builder-workspace' is using Swift tools version 6.2.0 but the installed version is 6.1.0
BUILD FAILURE 6.1 visionOS