Build Information
Failed to build swift-dependencies, reference main (b476cc), with Swift 6.4 for macOS (Xcode) using Xcode 27.0 on 27 Sep 2026 12:39:53 UTC.
Build Command
No build command. This typically means the build failed at an early stage where we determine the build command.Build Log
========================================
RunAll
========================================
Builder version: 5.1.0
Interrupt handler set up.
========================================
Checkout
========================================
Clone URL: https://github.com/pointfreeco/swift-dependencies.git
Reference: main
Initialized empty Git repository in /Users/admin/builder/spi-builder-workspace/.git/
From https://github.com/pointfreeco/swift-dependencies
* branch main -> FETCH_HEAD
* [new branch] main -> origin/main
HEAD is now at b476cc5 Bump to IssueReporting 2.0 (#457)
Cloned https://github.com/pointfreeco/swift-dependencies.git
Revision (git rev-parse @):
b476cc5761057d8d857de063fe7ac8daecf5c06b
SPI manifest file found: $PWD/.spi.yml
SUCCESS checkout https://github.com/pointfreeco/swift-dependencies.git at main
========================================
Build
========================================
Selected platform: macosXcodebuild
Swift version: 6.4
Building package at path: $PWD
https://github.com/pointfreeco/swift-dependencies.git
Command line invocation:
/Applications/Xcode-27.0.0-Release.Candidate.app/Contents/Developer/usr/bin/xcodebuild -IDEClonedSourcePackagesDirPathOverride=/Users/admin/builder/spi-builder-workspace/.dependencies -resolvePackageDependencies
Resolve Package Graph
Fetching from https://github.com/pointfreeco/combine-schedulers
Fetching from https://github.com/pointfreeco/swift-clocks
Fetching from https://github.com/pointfreeco/swift-snapshot-testing
Fetching from https://github.com/swiftlang/swift-docc-symbolkit
Fetching from https://github.com/pointfreeco/xctest-dynamic-overlay
Fetching from https://github.com/swiftlang/swift-syntax
Fetching from https://github.com/pointfreeco/swift-concurrency-extras
Fetching from https://github.com/apple/swift-docc-plugin
Fetching from https://github.com/pointfreeco/swift-macro-testing
Fetching from https://github.com/pointfreeco/swift-custom-dump
Fetching from https://github.com/pointfreeco/swift-issue-reporting
Creating working copy of package ‘swift-docc-symbolkit’
Checking out 1.0.0 of package ‘swift-docc-symbolkit’
Creating working copy of package ‘xctest-dynamic-overlay’
Checking out 1.10.1 of package ‘xctest-dynamic-overlay’
Creating working copy of package ‘swift-docc-plugin’
Checking out 1.5.0 of package ‘swift-docc-plugin’
Creating working copy of package ‘swift-custom-dump’
Checking out 1.6.1 of package ‘swift-custom-dump’
Creating working copy of package ‘swift-macro-testing’
Checking out 0.6.5 of package ‘swift-macro-testing’
Creating working copy of package ‘swift-clocks’
Checking out 1.1.0 of package ‘swift-clocks’
Creating working copy of package ‘swift-concurrency-extras’
Checking out 1.4.0 of package ‘swift-concurrency-extras’
Creating working copy of package ‘swift-snapshot-testing’
Checking out 1.19.2 of package ‘swift-snapshot-testing’
Creating working copy of package ‘swift-syntax’
Checking out 603.0.2 of package ‘swift-syntax’
Creating working copy of package ‘combine-schedulers’
Checking out 1.2.0 of package ‘combine-schedulers’
Creating working copy of package ‘swift-issue-reporting’
Checking out 2.1.1 of package ‘swift-issue-reporting’
Downloading package prebuilt https://download.swift.org/prebuilts/swift-syntax/603.0.2/swiftlang-6.4.0.34.1-macosx27.0-MacroSupport.zip
multiple packages ('swift-issue-reporting', 'xctest-dynamic-overlay') declare targets with a conflicting name: 'IssueReporting’; target names need to be unique across the package graphmultiple packages ('swift-issue-reporting', 'xctest-dynamic-overlay') declare targets with a conflicting name: 'IssueReportingTestSupport’; target names need to be unique across the package graphResolve Package Graph
multiple packages ('swift-issue-reporting', 'xctest-dynamic-overlay') declare targets with a conflicting name: 'IssueReportingTestSupport’; target names need to be unique across the package graphmultiple packages ('swift-issue-reporting', 'xctest-dynamic-overlay') declare targets with a conflicting name: 'IssueReporting’; target names need to be unique across the package graph
Resolved source packages:
spi-builder-workspace: (null)
2026-09-27 08:38:57.024 xcodebuild[528:3024] [MT] IDERunDestination: Supported platforms for the buildables in the current scheme is empty.
2026-09-27 08:38:57.173 xcodebuild[528:3024] [MT] IDERunDestination: Supported platforms for the buildables in the current scheme is empty.
2026-09-27 08:38:58.779 xcodebuild[528:3024] [MT] IDERunDestination: Supported platforms for the buildables in the current scheme is empty.
2026-09-27 08:39:45.312 xcodebuild[528:3024] Writing error result bundle to /var/folders/xq/y_g06wb113726d38xsyx71_h0000gn/T/ResultBundle_2026-27-09_08-39-0045.xcresult
xcodebuild: error: Could not resolve package dependencies:
multiple packages ('swift-issue-reporting', 'xctest-dynamic-overlay') declare targets with a conflicting name: 'IssueReportingTestSupport’; target names need to be unique across the package graph
multiple packages ('swift-issue-reporting', 'xctest-dynamic-overlay') declare targets with a conflicting name: 'IssueReporting’; target names need to be unique across the package graph
Command line invocation:
/Applications/Xcode-27.0.0-Release.Candidate.app/Contents/Developer/usr/bin/xcodebuild -IDEClonedSourcePackagesDirPathOverride=/Users/admin/builder/spi-builder-workspace/.dependencies -resolvePackageDependencies
Resolve Package Graph
multiple packages ('swift-issue-reporting', 'xctest-dynamic-overlay') declare targets with a conflicting name: 'IssueReportingTestSupport’; target names need to be unique across the package graphmultiple packages ('swift-issue-reporting', 'xctest-dynamic-overlay') declare targets with a conflicting name: 'IssueReporting’; target names need to be unique across the package graph
Resolved source packages:
spi-builder-workspace: (null)
2026-09-27 08:39:46.348 xcodebuild[1144:6299] [MT] IDERunDestination: Supported platforms for the buildables in the current scheme is empty.
2026-09-27 08:39:46.446 xcodebuild[1144:6299] [MT] IDERunDestination: Supported platforms for the buildables in the current scheme is empty.
2026-09-27 08:39:53.195 xcodebuild[1144:6299] Writing error result bundle to /var/folders/xq/y_g06wb113726d38xsyx71_h0000gn/T/ResultBundle_2026-27-09_08-39-0053.xcresult
xcodebuild: error: Could not resolve package dependencies:
multiple packages ('swift-issue-reporting', 'xctest-dynamic-overlay') declare targets with a conflicting name: 'IssueReportingTestSupport’; target names need to be unique across the package graph
multiple packages ('swift-issue-reporting', 'xctest-dynamic-overlay') declare targets with a conflicting name: 'IssueReporting’; target names need to be unique across the package graph
BUILD FAILURE 6.4 macosXcodebuild