Build Information
Failed to build CustomNavigationTitle, reference 1.2.0 (5edfd2), with Swift 6.4 for tvOS using Xcode 27.0 on 26 Sep 2026 18:39:40 UTC.
Build Command
env DEVELOPER_DIR=/Applications/Xcode-27.0.0-Release.Candidate.app xcrun xcodebuild -IDEClonedSourcePackagesDirPathOverride=$PWD/.dependencies -skipMacroValidation -skipPackagePluginValidation -derivedDataPath $PWD/.derivedData build -scheme CustomNavigationTitle -destination generic/platform=tvOSBuild Log
========================================
RunAll
========================================
Builder version: 5.1.0
Interrupt handler set up.
========================================
Checkout
========================================
Clone URL: https://github.com/vistar941/CustomNavigationTitle.git
Reference: 1.2.0
Initialized empty Git repository in /Users/admin/builder/spi-builder-workspace/.git/
From https://github.com/vistar941/CustomNavigationTitle
* tag 1.2.0 -> FETCH_HEAD
HEAD is now at 5edfd2f Limit Solarium effect to iOS 26 (#6)
Cloned https://github.com/vistar941/CustomNavigationTitle.git
Revision (git rev-parse @):
5edfd2f5668fea782c12cc4f0bd95a9af12dbfb8
SUCCESS checkout https://github.com/vistar941/CustomNavigationTitle.git at 1.2.0
========================================
Build
========================================
Selected platform: tvOS
Swift version: 6.4
Building package at path: $PWD
https://github.com/vistar941/CustomNavigationTitle.git
Command line invocation:
/Applications/Xcode-27.0.0-Release.Candidate.app/Contents/Developer/usr/bin/xcodebuild -IDEClonedSourcePackagesDirPathOverride=/Users/admin/builder/spi-builder-workspace/.dependencies -resolvePackageDependencies
Resolve Package Graph
Resolve Package Graph
Resolved source packages:
CustomNavigationTitle: /Users/admin/builder/spi-builder-workspace
resolved source packages: CustomNavigationTitle
2026-09-26 14:38:54.765 xcodebuild[529:3020] [MT] IDERunDestination: Supported platforms for the buildables in the current scheme is empty.
{
"dependencies" : [
],
"manifest_display_name" : "CustomNavigationTitle",
"name" : "CustomNavigationTitle",
"path" : "/Users/admin/builder/spi-builder-workspace",
"platforms" : [
{
"name" : "ios",
"version" : "16.0"
},
{
"name" : "maccatalyst",
"version" : "16.0"
},
{
"name" : "macos",
"version" : "13.0"
}
],
"products" : [
{
"name" : "CustomNavigationTitle",
"targets" : [
"CustomNavigationTitle"
],
"type" : {
"library" : [
"automatic"
]
}
}
],
"targets" : [
{
"c99name" : "CustomNavigationTitleTests",
"module_type" : "SwiftTarget",
"name" : "CustomNavigationTitleTests",
"path" : "Tests/CustomNavigationTitleTests",
"sources" : [
"CustomNavigationTitleTests.swift"
],
"target_dependencies" : [
"CustomNavigationTitle"
],
"type" : "test"
},
{
"c99name" : "CustomNavigationTitle",
"module_type" : "SwiftTarget",
"name" : "CustomNavigationTitle",
"path" : "Sources/CustomNavigationTitle",
"product_memberships" : [
"CustomNavigationTitle"
],
"sources" : [
"CustomNavigationTitle.swift",
"Extension/Modifier+Ex.swift",
"ScrollAwareTitleAnimation.swift"
],
"type" : "library"
}
],
"tools_version" : "6.0"
}
{
"workspace" : {
"name" : "CustomNavigationTitle",
"schemes" : [
"CustomNavigationTitle"
]
}
}
2026-09-26 14:39:26.896 xcodebuild[626:3834] [MT] IDERunDestination: Supported platforms for the buildables in the current scheme is empty.
Running build ...
env DEVELOPER_DIR=/Applications/Xcode-27.0.0-Release.Candidate.app xcrun xcodebuild -IDEClonedSourcePackagesDirPathOverride=$PWD/.dependencies -skipMacroValidation -skipPackagePluginValidation -derivedDataPath $PWD/.derivedData build -scheme CustomNavigationTitle -destination generic/platform=tvOS
Command line invocation:
/Applications/Xcode-27.0.0-Release.Candidate.app/Contents/Developer/usr/bin/xcodebuild -IDEClonedSourcePackagesDirPathOverride=/Users/admin/builder/spi-builder-workspace/.dependencies -skipMacroValidation -skipPackagePluginValidation -derivedDataPath /Users/admin/builder/spi-builder-workspace/.derivedData build -scheme CustomNavigationTitle -destination generic/platform=tvOS
Resolve Package Graph
Resolved source packages:
CustomNavigationTitle: /Users/admin/builder/spi-builder-workspace
ComputePackagePrebuildTargetDependencyGraph
Prepare packages
CreateBuildRequest
SendProjectDescription
CreateBuildOperation
ComputeTargetDependencyGraph
note: Building targets in dependency order
note: Target dependency graph (2 targets)
Target 'CustomNavigationTitle-product' in project 'CustomNavigationTitle'
➜ Explicit dependency on target 'CustomNavigationTitle' in project 'CustomNavigationTitle'
Target 'CustomNavigationTitle' in project 'CustomNavigationTitle' (no dependencies)
GatherProvisioningInputs
CreateBuildDescription
ExecuteExternalTool /Applications/Xcode-27.0.0-Release.Candidate.app/Contents/Developer/Toolchains/XcodeDefault.xctoolchain/usr/bin/clang -v -E -dM -isysroot /Applications/Xcode-27.0.0-Release.Candidate.app/Contents/Developer/Platforms/AppleTVOS.platform/Developer/SDKs/AppleTVOS27.0.sdk -x c -c /dev/null
ExecuteExternalTool /Applications/Xcode-27.0.0-Release.Candidate.app/Contents/Developer/Toolchains/XcodeDefault.xctoolchain/usr/bin/swiftc --version
ExecuteExternalTool /Applications/Xcode-27.0.0-Release.Candidate.app/Contents/Developer/Toolchains/XcodeDefault.xctoolchain/usr/bin/ld -version_details
Build description signature: e704494b9d1d78a5fabee38061dca2dd
Build description path: /Users/admin/builder/spi-builder-workspace/.derivedData/Build/Intermediates.noindex/XCBuildData/e704494b9d1d78a5fabee38061dca2dd.xcbuilddata
CreateBuildDirectory /Users/admin/builder/spi-builder-workspace/.derivedData/SDKExplicitPrecompiledModules
cd /Users/admin/builder/spi-builder-workspace/.swiftpm/xcode
builtin-create-build-directory /Users/admin/builder/spi-builder-workspace/.derivedData/SDKExplicitPrecompiledModules
CreateBuildDirectory /Users/admin/builder/spi-builder-workspace/.derivedData/CompilationCache.noindex
cd /Users/admin/builder/spi-builder-workspace/.swiftpm/xcode
builtin-create-build-directory /Users/admin/builder/spi-builder-workspace/.derivedData/CompilationCache.noindex
CreateBuildDirectory /Users/admin/builder/spi-builder-workspace/.derivedData/ModuleCache.noindex
cd /Users/admin/builder/spi-builder-workspace/.swiftpm/xcode
builtin-create-build-directory /Users/admin/builder/spi-builder-workspace/.derivedData/ModuleCache.noindex
CreateBuildDirectory /Users/admin/builder/spi-builder-workspace/.derivedData/Build/Intermediates.noindex
cd /Users/admin/builder/spi-builder-workspace/.swiftpm/xcode
builtin-create-build-directory /Users/admin/builder/spi-builder-workspace/.derivedData/Build/Intermediates.noindex
CreateBuildDirectory /Users/admin/builder/spi-builder-workspace/.derivedData/Build/Products
cd /Users/admin/builder/spi-builder-workspace/.swiftpm/xcode
builtin-create-build-directory /Users/admin/builder/spi-builder-workspace/.derivedData/Build/Products
ClangStatCache /Applications/Xcode-27.0.0-Release.Candidate.app/Contents/Developer/Toolchains/XcodeDefault.xctoolchain/usr/bin/clang-stat-cache /Applications/Xcode-27.0.0-Release.Candidate.app/Contents/Developer/Platforms/AppleTVOS.platform/Developer/SDKs/AppleTVOS27.0.sdk /Users/admin/builder/spi-builder-workspace/.derivedData/SDKStatCaches.noindex/appletvos27.0-24J360-e829b21a6f8c9b70876ba0858053c044b32bfd8d43560033f8d89884cdb90028.sdkstatcache
cd /Users/admin/builder/spi-builder-workspace/.swiftpm/xcode
/Applications/Xcode-27.0.0-Release.Candidate.app/Contents/Developer/Toolchains/XcodeDefault.xctoolchain/usr/bin/clang-stat-cache /Applications/Xcode-27.0.0-Release.Candidate.app/Contents/Developer/Platforms/AppleTVOS.platform/Developer/SDKs/AppleTVOS27.0.sdk -o /Users/admin/builder/spi-builder-workspace/.derivedData/SDKStatCaches.noindex/appletvos27.0-24J360-e829b21a6f8c9b70876ba0858053c044b32bfd8d43560033f8d89884cdb90028.sdkstatcache
CreateBuildDirectory /Users/admin/builder/spi-builder-workspace/.derivedData/Build/Intermediates.noindex/SwiftExplicitPrecompiledModules
cd /Users/admin/builder/spi-builder-workspace/.swiftpm/xcode
builtin-create-build-directory /Users/admin/builder/spi-builder-workspace/.derivedData/Build/Intermediates.noindex/SwiftExplicitPrecompiledModules
CreateBuildDirectory /Users/admin/builder/spi-builder-workspace/.derivedData/Build/Intermediates.noindex/PrecompiledHeaders
cd /Users/admin/builder/spi-builder-workspace/.swiftpm/xcode
builtin-create-build-directory /Users/admin/builder/spi-builder-workspace/.derivedData/Build/Intermediates.noindex/PrecompiledHeaders
CreateBuildDirectory /Users/admin/builder/spi-builder-workspace/.derivedData/Build/Intermediates.noindex/ExplicitPrecompiledModules
cd /Users/admin/builder/spi-builder-workspace/.swiftpm/xcode
builtin-create-build-directory /Users/admin/builder/spi-builder-workspace/.derivedData/Build/Intermediates.noindex/ExplicitPrecompiledModules
CreateBuildDirectory /Users/admin/builder/spi-builder-workspace/.derivedData/Build/Products/Debug-appletvos
cd /Users/admin/builder/spi-builder-workspace/.swiftpm/xcode
builtin-create-build-directory /Users/admin/builder/spi-builder-workspace/.derivedData/Build/Products/Debug-appletvos
CreateBuildDirectory /Users/admin/builder/spi-builder-workspace/.derivedData/Build/Intermediates.noindex/EagerLinkingTBDs/Debug-appletvos
cd /Users/admin/builder/spi-builder-workspace/.swiftpm/xcode
builtin-create-build-directory /Users/admin/builder/spi-builder-workspace/.derivedData/Build/Intermediates.noindex/EagerLinkingTBDs/Debug-appletvos
CreateBuildDirectory /Users/admin/builder/spi-builder-workspace/.derivedData/Build/Products/Debug-appletvos/PackageFrameworks
cd /Users/admin/builder/spi-builder-workspace/.swiftpm/xcode
builtin-create-build-directory /Users/admin/builder/spi-builder-workspace/.derivedData/Build/Products/Debug-appletvos/PackageFrameworks
WriteAuxiliaryFile /Users/admin/builder/spi-builder-workspace/.derivedData/Build/Intermediates.noindex/CustomNavigationTitle.build/Debug-appletvos/CustomNavigationTitle-t.build/CustomNavigationTitle.modulemap (in target 'CustomNavigationTitle' from project 'CustomNavigationTitle')
cd /Users/admin/builder/spi-builder-workspace
write-file /Users/admin/builder/spi-builder-workspace/.derivedData/Build/Intermediates.noindex/CustomNavigationTitle.build/Debug-appletvos/CustomNavigationTitle-t.build/CustomNavigationTitle.modulemap
WriteAuxiliaryFile /Users/admin/builder/spi-builder-workspace/.derivedData/Build/Intermediates.noindex/CustomNavigationTitle.build/Debug-appletvos/CustomNavigationTitle-t.build/CustomNavigationTitle.DependencyStaticMetadataFileList (in target 'CustomNavigationTitle' from project 'CustomNavigationTitle')
cd /Users/admin/builder/spi-builder-workspace
write-file /Users/admin/builder/spi-builder-workspace/.derivedData/Build/Intermediates.noindex/CustomNavigationTitle.build/Debug-appletvos/CustomNavigationTitle-t.build/CustomNavigationTitle.DependencyStaticMetadataFileList
WriteAuxiliaryFile /Users/admin/builder/spi-builder-workspace/.derivedData/Build/Intermediates.noindex/CustomNavigationTitle.build/Debug-appletvos/CustomNavigationTitle-t.build/CustomNavigationTitle.DependencyMetadataFileList (in target 'CustomNavigationTitle' from project 'CustomNavigationTitle')
cd /Users/admin/builder/spi-builder-workspace
write-file /Users/admin/builder/spi-builder-workspace/.derivedData/Build/Intermediates.noindex/CustomNavigationTitle.build/Debug-appletvos/CustomNavigationTitle-t.build/CustomNavigationTitle.DependencyMetadataFileList
WriteAuxiliaryFile /Users/admin/builder/spi-builder-workspace/.derivedData/Build/Intermediates.noindex/CustomNavigationTitle.build/Debug-appletvos/CustomNavigationTitle-t.build/Objects-normal/arm64/CustomNavigationTitle-OutputFileMap.json (in target 'CustomNavigationTitle' from project 'CustomNavigationTitle')
cd /Users/admin/builder/spi-builder-workspace
write-file /Users/admin/builder/spi-builder-workspace/.derivedData/Build/Intermediates.noindex/CustomNavigationTitle.build/Debug-appletvos/CustomNavigationTitle-t.build/Objects-normal/arm64/CustomNavigationTitle-OutputFileMap.json
WriteAuxiliaryFile /Users/admin/builder/spi-builder-workspace/.derivedData/Build/Intermediates.noindex/CustomNavigationTitle.build/Debug-appletvos/CustomNavigationTitle-t.build/Objects-normal/arm64/CustomNavigationTitle.LinkFileList (in target 'CustomNavigationTitle' from project 'CustomNavigationTitle')
cd /Users/admin/builder/spi-builder-workspace
write-file /Users/admin/builder/spi-builder-workspace/.derivedData/Build/Intermediates.noindex/CustomNavigationTitle.build/Debug-appletvos/CustomNavigationTitle-t.build/Objects-normal/arm64/CustomNavigationTitle.LinkFileList
WriteAuxiliaryFile /Users/admin/builder/spi-builder-workspace/.derivedData/Build/Intermediates.noindex/CustomNavigationTitle.build/Debug-appletvos/CustomNavigationTitle-t.build/Objects-normal/arm64/CustomNavigationTitle.SwiftFileList (in target 'CustomNavigationTitle' from project 'CustomNavigationTitle')
cd /Users/admin/builder/spi-builder-workspace
write-file /Users/admin/builder/spi-builder-workspace/.derivedData/Build/Intermediates.noindex/CustomNavigationTitle.build/Debug-appletvos/CustomNavigationTitle-t.build/Objects-normal/arm64/CustomNavigationTitle.SwiftFileList
WriteAuxiliaryFile /Users/admin/builder/spi-builder-workspace/.derivedData/Build/Intermediates.noindex/CustomNavigationTitle.build/Debug-appletvos/CustomNavigationTitle-t.build/Objects-normal/arm64/CustomNavigationTitle.SwiftConstValuesFileList (in target 'CustomNavigationTitle' from project 'CustomNavigationTitle')
cd /Users/admin/builder/spi-builder-workspace
write-file /Users/admin/builder/spi-builder-workspace/.derivedData/Build/Intermediates.noindex/CustomNavigationTitle.build/Debug-appletvos/CustomNavigationTitle-t.build/Objects-normal/arm64/CustomNavigationTitle.SwiftConstValuesFileList
WriteAuxiliaryFile /Users/admin/builder/spi-builder-workspace/.derivedData/Build/Intermediates.noindex/CustomNavigationTitle.build/Debug-appletvos/CustomNavigationTitle-t.build/Objects-normal/arm64/CustomNavigationTitle_const_extract_protocols.json (in target 'CustomNavigationTitle' from project 'CustomNavigationTitle')
cd /Users/admin/builder/spi-builder-workspace
write-file /Users/admin/builder/spi-builder-workspace/.derivedData/Build/Intermediates.noindex/CustomNavigationTitle.build/Debug-appletvos/CustomNavigationTitle-t.build/Objects-normal/arm64/CustomNavigationTitle_const_extract_protocols.json
Copy /Users/admin/builder/spi-builder-workspace/.derivedData/Build/Intermediates.noindex/GeneratedModuleMaps-appletvos/CustomNavigationTitle.modulemap /Users/admin/builder/spi-builder-workspace/.derivedData/Build/Intermediates.noindex/CustomNavigationTitle.build/Debug-appletvos/CustomNavigationTitle-t.build/CustomNavigationTitle.modulemap (in target 'CustomNavigationTitle' from project 'CustomNavigationTitle')
cd /Users/admin/builder/spi-builder-workspace
builtin-copy -exclude .DS_Store -exclude CVS -exclude .svn -exclude .git -exclude .hg -resolve-src-symlinks /Users/admin/builder/spi-builder-workspace/.derivedData/Build/Intermediates.noindex/CustomNavigationTitle.build/Debug-appletvos/CustomNavigationTitle-t.build/CustomNavigationTitle.modulemap /Users/admin/builder/spi-builder-workspace/.derivedData/Build/Intermediates.noindex/GeneratedModuleMaps-appletvos
SwiftDriver CustomNavigationTitle normal arm64 com.apple.xcode.tools.swift.compiler (in target 'CustomNavigationTitle' from project 'CustomNavigationTitle')
cd /Users/admin/builder/spi-builder-workspace/.swiftpm/xcode
builtin-SwiftDriver -- /Applications/Xcode-27.0.0-Release.Candidate.app/Contents/Developer/Toolchains/XcodeDefault.xctoolchain/usr/bin/swiftc -parse-as-library -module-name CustomNavigationTitle -Onone @/Users/admin/builder/spi-builder-workspace/.derivedData/Build/Intermediates.noindex/CustomNavigationTitle.build/Debug-appletvos/CustomNavigationTitle-t.build/Objects-normal/arm64/CustomNavigationTitle.SwiftFileList -DSWIFT_PACKAGE -DDEBUG -DSWIFT_MODULE_RESOURCE_BUNDLE_UNAVAILABLE -DXcode -plugin-path /Applications/Xcode-27.0.0-Release.Candidate.app/Contents/Developer/Toolchains/XcodeDefault.xctoolchain/usr/lib/swift/host/plugins/testing -enable-experimental-feature DebugDescriptionMacro -sdk /Applications/Xcode-27.0.0-Release.Candidate.app/Contents/Developer/Platforms/AppleTVOS.platform/Developer/SDKs/AppleTVOS27.0.sdk -target arm64-apple-tvos16.0 -g -module-cache-path /Users/admin/builder/spi-builder-workspace/.derivedData/ModuleCache.noindex -Xfrontend -serialize-debugging-options -profile-coverage-mapping -profile-generate -enable-testing -index-store-path /Users/admin/builder/spi-builder-workspace/.derivedData/Index.noindex/DataStore -Xcc -D_LIBCPP_HARDENING_MODE\=_LIBCPP_HARDENING_MODE_DEBUG -swift-version 6 -I /Users/admin/builder/spi-builder-workspace/.derivedData/Build/Products/Debug-appletvos -Isystem /Applications/Xcode-27.0.0-Release.Candidate.app/Contents/Developer/Platforms/AppleTVOS.platform/Developer/usr/lib -F /Users/admin/builder/spi-builder-workspace/.derivedData/Build/Products/Debug-appletvos -F /Applications/Xcode-27.0.0-Release.Candidate.app/Contents/Developer/Platforms/AppleTVOS.platform/Developer/Library/Frameworks -F /Applications/Xcode-27.0.0-Release.Candidate.app/Contents/Developer/Platforms/AppleTVOS.platform/Developer/SDKs/AppleTVOS27.0.sdk/Developer/Library/Frameworks -c -j10 -enable-batch-mode -incremental -Xcc -ivfsstatcache -Xcc /Users/admin/builder/spi-builder-workspace/.derivedData/SDKStatCaches.noindex/appletvos27.0-24J360-e829b21a6f8c9b70876ba0858053c044b32bfd8d43560033f8d89884cdb90028.sdkstatcache -output-file-map /Users/admin/builder/spi-builder-workspace/.derivedData/Build/Intermediates.noindex/CustomNavigationTitle.build/Debug-appletvos/CustomNavigationTitle-t.build/Objects-normal/arm64/CustomNavigationTitle-OutputFileMap.json -save-temps -no-color-diagnostics -explicit-module-build -module-cache-path /Users/admin/builder/spi-builder-workspace/.derivedData/Build/Intermediates.noindex/SwiftExplicitPrecompiledModules -clang-scanner-module-cache-path /Users/admin/builder/spi-builder-workspace/.derivedData/ModuleCache.noindex -sdk-module-cache-path /Users/admin/builder/spi-builder-workspace/.derivedData/SDKExplicitPrecompiledModules -emit-dependencies -emit-module -emit-module-path /Users/admin/builder/spi-builder-workspace/.derivedData/Build/Intermediates.noindex/CustomNavigationTitle.build/Debug-appletvos/CustomNavigationTitle-t.build/Objects-normal/arm64/CustomNavigationTitle.swiftmodule -serialize-diagnostics -dependency-scan-serialize-diagnostics-path /Users/admin/builder/spi-builder-workspace/.derivedData/Build/Intermediates.noindex/CustomNavigationTitle.build/Debug-appletvos/CustomNavigationTitle-t.build/Objects-normal/arm64/CustomNavigationTitle-dependency-scan.dia -validate-clang-modules-once -clang-build-session-file /Users/admin/builder/spi-builder-workspace/.derivedData/ModuleCache.noindex/Session.modulevalidation -Xcc -fmodules-prune-interval\=86400 -Xcc -fmodules-prune-after\=345600 -package-name spi_builder_workspace -emit-const-values -const-gather-protocols-list /Users/admin/builder/spi-builder-workspace/.derivedData/Build/Intermediates.noindex/CustomNavigationTitle.build/Debug-appletvos/CustomNavigationTitle-t.build/Objects-normal/arm64/CustomNavigationTitle_const_extract_protocols.json -Xcc -I/Users/admin/builder/spi-builder-workspace/.derivedData/Build/Products/Debug-appletvos/include -Xcc -I/Users/admin/builder/spi-builder-workspace/.derivedData/Build/Intermediates.noindex/CustomNavigationTitle.build/Debug-appletvos/CustomNavigationTitle-t.build/DerivedSources-normal/arm64 -Xcc -I/Users/admin/builder/spi-builder-workspace/.derivedData/Build/Intermediates.noindex/CustomNavigationTitle.build/Debug-appletvos/CustomNavigationTitle-t.build/DerivedSources/arm64 -Xcc -I/Users/admin/builder/spi-builder-workspace/.derivedData/Build/Intermediates.noindex/CustomNavigationTitle.build/Debug-appletvos/CustomNavigationTitle-t.build/DerivedSources -Xcc -DSWIFT_PACKAGE -Xcc -DDEBUG\=1 -emit-objc-header -emit-objc-header-path /Users/admin/builder/spi-builder-workspace/.derivedData/Build/Intermediates.noindex/CustomNavigationTitle.build/Debug-appletvos/CustomNavigationTitle-t.build/Objects-normal/arm64/CustomNavigationTitle-Swift.h -working-directory /Users/admin/builder/spi-builder-workspace/.swiftpm/xcode -experimental-emit-module-separately -disable-cmo
SwiftExplicitDependencyGeneratePcm arm64 /Users/admin/builder/spi-builder-workspace/.derivedData/SDKExplicitPrecompiledModules/_AvailabilityInternal-99L1JVU5TYE8S0FGGB7E09QQS.pcm
SwiftExplicitDependencyGeneratePcm arm64 /Users/admin/builder/spi-builder-workspace/.derivedData/SDKExplicitPrecompiledModules/DeveloperToolsSupport-CJV8SY9BXJUTONPFWMLQEGTXA.pcm
SwiftExplicitDependencyGeneratePcm arm64 /Users/admin/builder/spi-builder-workspace/.derivedData/SDKExplicitPrecompiledModules/_Builtin_stddef-1MAO6P3OSQFGZFQEPM31XXNSS.pcm
SwiftExplicitDependencyGeneratePcm arm64 /Users/admin/builder/spi-builder-workspace/.derivedData/SDKExplicitPrecompiledModules/_Builtin_stdarg-719DH4G2R3NRP3HRX5HE8WX08.pcm
SwiftExplicitDependencyGeneratePcm arm64 /Users/admin/builder/spi-builder-workspace/.derivedData/SDKExplicitPrecompiledModules/SwiftShims-73G9EXEO9PVWB6PL1BR4TAJ0B.pcm
SwiftExplicitDependencyGeneratePcm arm64 /Users/admin/builder/spi-builder-workspace/.derivedData/SDKExplicitPrecompiledModules/ptrcheck-BA65H1NXYZJ0BLLWO9HZOAZ6Y.pcm
SwiftExplicitDependencyGeneratePcm arm64 /Users/admin/builder/spi-builder-workspace/.derivedData/SDKExplicitPrecompiledModules/_SwiftConcurrencyShims-3HZGHPZQL3GY71QUHDRB0P39S.pcm
SwiftExplicitDependencyGeneratePcm arm64 /Users/admin/builder/spi-builder-workspace/.derivedData/SDKExplicitPrecompiledModules/_Builtin_float-3RF4B70MBHPP952AX3GNZ8W3H.pcm
SwiftExplicitDependencyGeneratePcm arm64 /Users/admin/builder/spi-builder-workspace/.derivedData/SDKExplicitPrecompiledModules/_Builtin_stdbool-4UUPXTY52W6RPSB0N2WGGLTJT.pcm
SwiftExplicitDependencyGeneratePcm arm64 /Users/admin/builder/spi-builder-workspace/.derivedData/SDKExplicitPrecompiledModules/ptrauth-EMKXYE8GN9BK4M3ODSTVDUJU2.pcm
SwiftExplicitDependencyGeneratePcm arm64 /Users/admin/builder/spi-builder-workspace/.derivedData/SDKExplicitPrecompiledModules/_DarwinFoundation1-90NUFDXQ765U5FR62173FT21A.pcm
SwiftExplicitDependencyGeneratePcm arm64 /Users/admin/builder/spi-builder-workspace/.derivedData/SDKExplicitPrecompiledModules/_Builtin_limits-3JICJWOCEYXXXNXAMEJBF6UQN.pcm
SwiftExplicitDependencyGeneratePcm arm64 /Users/admin/builder/spi-builder-workspace/.derivedData/SDKExplicitPrecompiledModules/_DarwinFoundation2-EPKSYG5WMVE7WSPFQB4C0UC59.pcm
SwiftExplicitDependencyGeneratePcm arm64 /Users/admin/builder/spi-builder-workspace/.derivedData/SDKExplicitPrecompiledModules/sys_types-CATSGLJDZ8UZUMKHO6M4I4PJT.pcm
SwiftExplicitDependencyGeneratePcm arm64 /Users/admin/builder/spi-builder-workspace/.derivedData/SDKExplicitPrecompiledModules/_Builtin_tgmath-320K271Z6IM134IWIB7S3LTD.pcm
SwiftExplicitDependencyGeneratePcm arm64 /Users/admin/builder/spi-builder-workspace/.derivedData/SDKExplicitPrecompiledModules/string_h-B6D36UOVIZC2Y0YE3KEZLZAP6.pcm
SwiftExplicitDependencyGeneratePcm arm64 /Users/admin/builder/spi-builder-workspace/.derivedData/SDKExplicitPrecompiledModules/_Builtin_stdint-A8OKY0NXO26BZ4GWYKP79TKL9.pcm
SwiftExplicitDependencyGeneratePcm arm64 /Users/admin/builder/spi-builder-workspace/.derivedData/SDKExplicitPrecompiledModules/_Builtin_stdatomic-71DQV8BR56LNANL900GGEC9KO.pcm
SwiftExplicitDependencyGeneratePcm arm64 /Users/admin/builder/spi-builder-workspace/.derivedData/SDKExplicitPrecompiledModules/_DarwinFoundation3-63L5I5VCGX6CLI6HI7OWUXJN6.pcm
SwiftExplicitDependencyGeneratePcm arm64 /Users/admin/builder/spi-builder-workspace/.derivedData/SDKExplicitPrecompiledModules/_Builtin_intrinsics-AQDFY8KQQX9Z38C6EI15S53EQ.pcm
SwiftExplicitDependencyGeneratePcm arm64 /Users/admin/builder/spi-builder-workspace/.derivedData/SDKExplicitPrecompiledModules/_Builtin_inttypes-80RS02PM2X81SP8N0Q7X05540.pcm
SwiftExplicitDependencyGeneratePcm arm64 /Users/admin/builder/spi-builder-workspace/.derivedData/SDKExplicitPrecompiledModules/Darwin-1VTILT8KA42CNDAUB0H1FM7MC.pcm
SwiftExplicitDependencyGeneratePcm arm64 /Users/admin/builder/spi-builder-workspace/.derivedData/SDKExplicitPrecompiledModules/simd-D50CDGAQRFNF5E2BA2UWCCHLJ.pcm
SwiftExplicitDependencyGeneratePcm arm64 /Users/admin/builder/spi-builder-workspace/.derivedData/SDKExplicitPrecompiledModules/MachO-A5KLTMTLJD1DPHEYPZHUSRJ4O.pcm
SwiftExplicitDependencyGeneratePcm arm64 /Users/admin/builder/spi-builder-workspace/.derivedData/SDKExplicitPrecompiledModules/ObjectiveC-CC0BYHG21IQMMT48PGDNSK7G6.pcm
SwiftExplicitDependencyGeneratePcm arm64 /Users/admin/builder/spi-builder-workspace/.derivedData/SDKExplicitPrecompiledModules/os_object-1TJLDNS7X3UT7Y5TM4QQ2RN6G.pcm
SwiftExplicitDependencyGeneratePcm arm64 /Users/admin/builder/spi-builder-workspace/.derivedData/SDKExplicitPrecompiledModules/os_workgroup-E61GF9E8FAHZGKXVOV9QHUD27.pcm
SwiftExplicitDependencyGeneratePcm arm64 /Users/admin/builder/spi-builder-workspace/.derivedData/SDKExplicitPrecompiledModules/Dispatch-F564M6B2H1RRD83XZ8EBWFSHE.pcm
SwiftExplicitDependencyGeneratePcm arm64 /Users/admin/builder/spi-builder-workspace/.derivedData/SDKExplicitPrecompiledModules/Spatial-2KZFBWN278VTZL619Y96SAJC9.pcm
SwiftExplicitDependencyGeneratePcm arm64 /Users/admin/builder/spi-builder-workspace/.derivedData/SDKExplicitPrecompiledModules/CoreFoundation-A4LOYEEJIFQKOPZRDOG9M3N2K.pcm
SwiftExplicitDependencyGeneratePcm arm64 /Users/admin/builder/spi-builder-workspace/.derivedData/SDKExplicitPrecompiledModules/XPC-2WVXL0UION0MYZOZAJZC6DUXD.pcm
SwiftExplicitDependencyGeneratePcm arm64 /Users/admin/builder/spi-builder-workspace/.derivedData/SDKExplicitPrecompiledModules/os-4NLIUP5HHN7FW5ML70YLEU8QE.pcm
SwiftExplicitDependencyGeneratePcm arm64 /Users/admin/builder/spi-builder-workspace/.derivedData/SDKExplicitPrecompiledModules/CoreGraphics-D8Y0X4J52BHG7HHUQLTX6SXE1.pcm
SwiftExplicitDependencyGeneratePcm arm64 /Users/admin/builder/spi-builder-workspace/.derivedData/SDKExplicitPrecompiledModules/Security-6KU6X9W8QDIJW83JUF0DRES83.pcm
SwiftExplicitDependencyGeneratePcm arm64 /Users/admin/builder/spi-builder-workspace/.derivedData/SDKExplicitPrecompiledModules/CoreAudioTypes-3D575H9KXE9GWSK6ZWEWBV9TM.pcm
SwiftExplicitDependencyGeneratePcm arm64 /Users/admin/builder/spi-builder-workspace/.derivedData/SDKExplicitPrecompiledModules/CFNetwork-8S7XZ5SI3TWM2JOZPDZPRY8W9.pcm
SwiftExplicitDependencyGeneratePcm arm64 /Users/admin/builder/spi-builder-workspace/.derivedData/SDKExplicitPrecompiledModules/CoreAudio-46JNU59TK6U76A9ILN06CT9NS.pcm
SwiftExplicitDependencyGeneratePcm arm64 /Users/admin/builder/spi-builder-workspace/.derivedData/SDKExplicitPrecompiledModules/Foundation-1AS5K10MY6XENLLR2NDUCKYTM.pcm
SwiftExplicitDependencyGeneratePcm arm64 /Users/admin/builder/spi-builder-workspace/.derivedData/SDKExplicitPrecompiledModules/CoreText-E0GG8D3D527TJX7D2QEHFQLM2.pcm
SwiftExplicitDependencyGeneratePcm arm64 /Users/admin/builder/spi-builder-workspace/.derivedData/SDKExplicitPrecompiledModules/ImageIO-48DA7ET77Q34HPZP9CPHI9VS4.pcm
SwiftExplicitDependencyGeneratePcm arm64 /Users/admin/builder/spi-builder-workspace/.derivedData/SDKExplicitPrecompiledModules/UniformTypeIdentifiers-DQ77M7R0D7VCBK0YUO3VHCRB1.pcm
SwiftExplicitDependencyGeneratePcm arm64 /Users/admin/builder/spi-builder-workspace/.derivedData/SDKExplicitPrecompiledModules/Symbols-9TNA7JIKOEYVTYC7A16HCS4Z8.pcm
SwiftExplicitDependencyGeneratePcm arm64 /Users/admin/builder/spi-builder-workspace/.derivedData/SDKExplicitPrecompiledModules/UserNotifications-AKH3GC0FQWUK55FNTW4WEMFQE.pcm
SwiftExplicitDependencyGeneratePcm arm64 /Users/admin/builder/spi-builder-workspace/.derivedData/SDKExplicitPrecompiledModules/_LocationEssentials-2OY9351FRBO717MIULOKMYA9E.pcm
SwiftExplicitDependencyGeneratePcm arm64 /Users/admin/builder/spi-builder-workspace/.derivedData/SDKExplicitPrecompiledModules/IOSurface-DEQULTJ8SC21O986FDCNTM8FX.pcm
SwiftExplicitDependencyGeneratePcm arm64 /Users/admin/builder/spi-builder-workspace/.derivedData/SDKExplicitPrecompiledModules/CoreData-3R0N6HKKQMVS32U7KOKR14383.pcm
SwiftExplicitDependencyGeneratePcm arm64 /Users/admin/builder/spi-builder-workspace/.derivedData/SDKExplicitPrecompiledModules/DataDetection-9IX0C1MAX33MS6TCZDSNKXEO8.pcm
SwiftExplicitDependencyGeneratePcm arm64 /Users/admin/builder/spi-builder-workspace/.derivedData/SDKExplicitPrecompiledModules/CoreTransferable-84B3V3M9DHRIQERK179SSQO5U.pcm
SwiftExplicitDependencyGeneratePcm arm64 /Users/admin/builder/spi-builder-workspace/.derivedData/SDKExplicitPrecompiledModules/OSLog-1UX1YGRJSIOEO9YC3MNFFD818.pcm
SwiftExplicitDependencyGeneratePcm arm64 /Users/admin/builder/spi-builder-workspace/.derivedData/SDKExplicitPrecompiledModules/UIUtilities-9NQVCWATNLLVY125LB74695HY.pcm
SwiftExplicitDependencyGeneratePcm arm64 /Users/admin/builder/spi-builder-workspace/.derivedData/SDKExplicitPrecompiledModules/Accessibility-EAPB6A95K5V0S27QNKR6ATG7F.pcm
SwiftExplicitDependencyGeneratePcm arm64 /Users/admin/builder/spi-builder-workspace/.derivedData/SDKExplicitPrecompiledModules/CoreLocation-6939X9DMB2SA43P0TYB7Z14Z5.pcm
SwiftExplicitDependencyGeneratePcm arm64 /Users/admin/builder/spi-builder-workspace/.derivedData/SDKExplicitPrecompiledModules/Metal-52GB3RCZ6A2WEZ7RWCXV2WL0N.pcm
SwiftExplicitDependencyGeneratePcm arm64 /Users/admin/builder/spi-builder-workspace/.derivedData/SDKExplicitPrecompiledModules/OpenGLES-6Y33D4DDPO1R82EJXT1SIGNPS.pcm
SwiftExplicitDependencyGeneratePcm arm64 /Users/admin/builder/spi-builder-workspace/.derivedData/SDKExplicitPrecompiledModules/CoreVideo-5G4VAY32QMJB00PUALI6188LK.pcm
SwiftExplicitDependencyGeneratePcm arm64 /Users/admin/builder/spi-builder-workspace/.derivedData/SDKExplicitPrecompiledModules/CoreMedia-43BPYBY7ZACBDCUTAJXJFLTBP.pcm
SwiftExplicitDependencyGeneratePcm arm64 /Users/admin/builder/spi-builder-workspace/.derivedData/SDKExplicitPrecompiledModules/QuartzCore-DSNZZA81DYNK4OK1ANRR6HM7G.pcm
SwiftExplicitDependencyGeneratePcm arm64 /Users/admin/builder/spi-builder-workspace/.derivedData/SDKExplicitPrecompiledModules/CoreImage-ATUQ374FIDJPA1DF5BLR644CG.pcm
SwiftExplicitDependencyGeneratePcm arm64 /Users/admin/builder/spi-builder-workspace/.derivedData/SDKExplicitPrecompiledModules/SwiftUICore-7SJQ9GB90ACGZV5NB09LFJIRX.pcm
SwiftExplicitDependencyGeneratePcm arm64 /Users/admin/builder/spi-builder-workspace/.derivedData/SDKExplicitPrecompiledModules/UIKit-42T2ZGON9LDZUXRIAUKELQ554.pcm
SwiftExplicitDependencyGeneratePcm arm64 /Users/admin/builder/spi-builder-workspace/.derivedData/SDKExplicitPrecompiledModules/SwiftUI-B634212FU5XQXG1OEBY2WYYH3.pcm
SwiftCompile normal arm64 Compiling\ ScrollAwareTitleAnimation.swift /Users/admin/builder/spi-builder-workspace/Sources/CustomNavigationTitle/ScrollAwareTitleAnimation.swift (in target 'CustomNavigationTitle' from project 'CustomNavigationTitle')
SwiftCompile normal arm64 /Users/admin/builder/spi-builder-workspace/Sources/CustomNavigationTitle/ScrollAwareTitleAnimation.swift (in target 'CustomNavigationTitle' from project 'CustomNavigationTitle')
cd /Users/admin/builder/spi-builder-workspace/.swiftpm/xcode
builtin-SwiftPerFileCompile ScrollAwareTitleAnimation.swift
SwiftEmitModule normal arm64 Emitting\ module\ for\ CustomNavigationTitle (in target 'CustomNavigationTitle' from project 'CustomNavigationTitle')
SwiftCompile normal arm64 (in target 'CustomNavigationTitle' from project 'CustomNavigationTitle')
cd /Users/admin/builder/spi-builder-workspace/.swiftpm/xcode
SwiftCompile normal arm64 Compiling\ CustomNavigationTitle.swift /Users/admin/builder/spi-builder-workspace/Sources/CustomNavigationTitle/CustomNavigationTitle.swift (in target 'CustomNavigationTitle' from project 'CustomNavigationTitle')
/Users/admin/builder/spi-builder-workspace/Sources/CustomNavigationTitle/CustomNavigationTitle.swift:38:10: error: failed to produce diagnostic for expression; please submit a bug report (https://swift.org/contributing/#reporting-bugs)
36 | }
37 |
38 | func body(content: Content) -> some View {
| `- error: failed to produce diagnostic for expression; please submit a bug report (https://swift.org/contributing/#reporting-bugs)
39 | content
40 | .backgroundPreferenceValue(BoundsPreferenceKey.self) { anchor in
Failed frontend command:
/Applications/Xcode-27.0.0-Release.Candidate.app/Contents/Developer/Toolchains/XcodeDefault.xctoolchain/usr/bin/swift-frontend -frontend -c -primary-file /Users/admin/builder/spi-builder-workspace/Sources/CustomNavigationTitle/CustomNavigationTitle.swift /Users/admin/builder/spi-builder-workspace/Sources/CustomNavigationTitle/Extension/Modifier+Ex.swift /Users/admin/builder/spi-builder-workspace/Sources/CustomNavigationTitle/ScrollAwareTitleAnimation.swift -emit-dependencies-path /Users/admin/builder/spi-builder-workspace/.derivedData/Build/Intermediates.noindex/CustomNavigationTitle.build/Debug-appletvos/CustomNavigationTitle-t.build/Objects-normal/arm64/CustomNavigationTitle.d -emit-const-values-path /Users/admin/builder/spi-builder-workspace/.derivedData/Build/Intermediates.noindex/CustomNavigationTitle.build/Debug-appletvos/CustomNavigationTitle-t.build/Objects-normal/arm64/CustomNavigationTitle.swiftconstvalues -emit-reference-dependencies-path /Users/admin/builder/spi-builder-workspace/.derivedData/Build/Intermediates.noindex/CustomNavigationTitle.build/Debug-appletvos/CustomNavigationTitle-t.build/Objects-normal/arm64/CustomNavigationTitle.swiftdeps -serialize-diagnostics-path /Users/admin/builder/spi-builder-workspace/.derivedData/Build/Intermediates.noindex/CustomNavigationTitle.build/Debug-appletvos/CustomNavigationTitle-t.build/Objects-normal/arm64/CustomNavigationTitle.dia -target arm64-apple-tvos16.0 -module-can-import-version UIKit 9127.0.84.1 9127.0.84 -disable-cross-import-overlay-search -load-resolved-plugin /Applications/Xcode-27.0.0-Release.Candidate.app/Contents/Developer/Platforms/AppleTVOS.platform/Developer/usr/lib/swift/host/plugins/libFoundationMacros.dylib\#/Applications/Xcode-27.0.0-Release.Candidate.app/Contents/Developer/Platforms/AppleTVOS.platform/Developer/usr/bin/swift-plugin-server\#FoundationMacros -load-resolved-plugin /Applications/Xcode-27.0.0-Release.Candidate.app/Contents/Developer/Platforms/AppleTVOS.platform/Developer/usr/lib/swift/host/plugins/libObservationMacros.dylib\#/Applications/Xcode-27.0.0-Release.Candidate.app/Contents/Developer/Platforms/AppleTVOS.platform/Developer/usr/bin/swift-plugin-server\#ObservationMacros -load-resolved-plugin /Applications/Xcode-27.0.0-Release.Candidate.app/Contents/Developer/Platforms/AppleTVOS.platform/Developer/usr/lib/swift/host/plugins/libPreviewsMacros.dylib\#/Applications/Xcode-27.0.0-Release.Candidate.app/Contents/Developer/Platforms/AppleTVOS.platform/Developer/usr/bin/swift-plugin-server\#PreviewsMacros -load-resolved-plugin /Applications/Xcode-27.0.0-Release.Candidate.app/Contents/Developer/Platforms/AppleTVOS.platform/Developer/usr/lib/swift/host/plugins/libSwiftMacros.dylib\#/Applications/Xcode-27.0.0-Release.Candidate.app/Contents/Developer/Platforms/AppleTVOS.platform/Developer/usr/bin/swift-plugin-server\#SwiftMacros -load-resolved-plugin /Applications/Xcode-27.0.0-Release.Candidate.app/Contents/Developer/Platforms/AppleTVOS.platform/Developer/usr/lib/swift/host/plugins/libSwiftUIMacros.dylib\#/Applications/Xcode-27.0.0-Release.Candidate.app/Contents/Developer/Platforms/AppleTVOS.platform/Developer/usr/bin/swift-plugin-server\#SwiftUIMacros -disable-implicit-swift-modules -Xcc -fno-implicit-modules -Xcc -fno-implicit-module-maps -explicit-swift-module-map-file /Users/admin/builder/spi-builder-workspace/.derivedData/Build/Intermediates.noindex/CustomNavigationTitle.build/Debug-appletvos/CustomNavigationTitle-t.build/Objects-normal/arm64/CustomNavigationTitle-dependencies-1.json -Xllvm -aarch64-use-tbi -enable-objc-interop -stack-check -sdk /Applications/Xcode-27.0.0-Release.Candidate.app/Contents/Developer/Platforms/AppleTVOS.platform/Developer/SDKs/AppleTVOS27.0.sdk -I /Users/admin/builder/spi-builder-workspace/.derivedData/Build/Products/Debug-appletvos -Isystem /Applications/Xcode-27.0.0-Release.Candidate.app/Contents/Developer/Platforms/AppleTVOS.platform/Developer/usr/lib -F /Users/admin/builder/spi-builder-workspace/.derivedData/Build/Products/Debug-appletvos -F /Applications/Xcode-27.0.0-Release.Candidate.app/Contents/Developer/Platforms/AppleTVOS.platform/Developer/Library/Frameworks -F /Applications/Xcode-27.0.0-Release.Candidate.app/Contents/Developer/Platforms/AppleTVOS.platform/Developer/SDKs/AppleTVOS27.0.sdk/Developer/Library/Frameworks -module-cache-path /Users/admin/builder/spi-builder-workspace/.derivedData/Build/Intermediates.noindex/SwiftExplicitPrecompiledModules -no-color-diagnostics -Xcc -fno-color-diagnostics -enable-testing -g -debug-info-format\=dwarf -dwarf-version\=4 -profile-generate -profile-coverage-mapping -swift-version 6 -Onone -D SWIFT_PACKAGE -D DEBUG -D SWIFT_MODULE_RESOURCE_BUNDLE_UNAVAILABLE -D Xcode -serialize-debugging-options -enable-experimental-feature DebugDescriptionMacro -empty-abi-descriptor -validate-clang-modules-once -clang-build-session-file /Users/admin/builder/spi-builder-workspace/.derivedData/ModuleCache.noindex/Session.modulevalidation -Xcc -working-directory -Xcc /Users/admin/builder/spi-builder-workspace/.swiftpm/xcode -enable-anonymous-context-mangled-names -file-compilation-dir /Users/admin/builder/spi-builder-workspace/.swiftpm/xcode -Xcc -D_LIBCPP_HARDENING_MODE\=_LIBCPP_HARDENING_MODE_DEBUG -Xcc -ivfsstatcache -Xcc /Users/admin/builder/spi-builder-workspace/.derivedData/SDKStatCaches.noindex/appletvos27.0-24J360-e829b21a6f8c9b70876ba0858053c044b32bfd8d43560033f8d89884cdb90028.sdkstatcache -Xcc -fmodules-prune-interval\=86400 -Xcc -fmodules-prune-after\=345600 -Xcc -I/Users/admin/builder/spi-builder-workspace/.derivedData/Build/Products/Debug-appletvos/include -Xcc -I/Users/admin/builder/spi-builder-workspace/.derivedData/Build/Intermediates.noindex/CustomNavigationTitle.build/Debug-appletvos/CustomNavigationTitle-t.build/DerivedSources-normal/arm64 -Xcc -I/Users/admin/builder/spi-builder-workspace/.derivedData/Build/Intermediates.noindex/CustomNavigationTitle.build/Debug-appletvos/CustomNavigationTitle-t.build/DerivedSources/arm64 -Xcc -I/Users/admin/builder/spi-builder-workspace/.derivedData/Build/Intermediates.noindex/CustomNavigationTitle.build/Debug-appletvos/CustomNavigationTitle-t.build/DerivedSources -Xcc -DSWIFT_PACKAGE -Xcc -DDEBUG\=1 -no-auto-bridging-header-chaining -module-name CustomNavigationTitle -package-name spi_builder_workspace -const-gather-protocols-file /Users/admin/builder/spi-builder-workspace/.derivedData/Build/Intermediates.noindex/CustomNavigationTitle.build/Debug-appletvos/CustomNavigationTitle-t.build/Objects-normal/arm64/CustomNavigationTitle_const_extract_protocols.json -disable-clang-spi -clang-target arm64-apple-tvos27.0 -target-sdk-version 27.0 -target-sdk-name appletvos27.0 -in-process-plugin-server-path /Applications/Xcode-27.0.0-Release.Candidate.app/Contents/Developer/Toolchains/XcodeDefault.xctoolchain/usr/lib/swift/host/libSwiftInProcPluginServer.dylib -parse-as-library -o /Users/admin/builder/spi-builder-workspace/.derivedData/Build/Intermediates.noindex/CustomNavigationTitle.build/Debug-appletvos/CustomNavigationTitle-t.build/Objects-normal/arm64/CustomNavigationTitle.o -debug-module-path /Users/admin/builder/spi-builder-workspace/.derivedData/Build/Intermediates.noindex/CustomNavigationTitle.build/Debug-appletvos/CustomNavigationTitle-t.build/Objects-normal/arm64/CustomNavigationTitle.swiftmodule -index-unit-output-path /CustomNavigationTitle.build/Debug-appletvos/CustomNavigationTitle-t.build/Objects-normal/arm64/CustomNavigationTitle.o -index-store-path /Users/admin/builder/spi-builder-workspace/.derivedData/Index.noindex/DataStore -index-system-modules
SwiftCompile normal arm64 /Users/admin/builder/spi-builder-workspace/Sources/CustomNavigationTitle/CustomNavigationTitle.swift (in target 'CustomNavigationTitle' from project 'CustomNavigationTitle')
cd /Users/admin/builder/spi-builder-workspace/.swiftpm/xcode
builtin-SwiftPerFileCompile CustomNavigationTitle.swift
SwiftCompile normal arm64 Compiling\ Modifier+Ex.swift /Users/admin/builder/spi-builder-workspace/Sources/CustomNavigationTitle/Extension/Modifier+Ex.swift (in target 'CustomNavigationTitle' from project 'CustomNavigationTitle')
SwiftCompile normal arm64 /Users/admin/builder/spi-builder-workspace/Sources/CustomNavigationTitle/Extension/Modifier+Ex.swift (in target 'CustomNavigationTitle' from project 'CustomNavigationTitle')
cd /Users/admin/builder/spi-builder-workspace/.swiftpm/xcode
builtin-SwiftPerFileCompile Modifier+Ex.swift
SwiftDriverJobDiscovery normal arm64 Emitting module for CustomNavigationTitle (in target 'CustomNavigationTitle' from project 'CustomNavigationTitle')
SwiftDriver\ Compilation\ Requirements CustomNavigationTitle normal arm64 com.apple.xcode.tools.swift.compiler (in target 'CustomNavigationTitle' from project 'CustomNavigationTitle')
cd /Users/admin/builder/spi-builder-workspace/.swiftpm/xcode
builtin-Swift-Compilation-Requirements -- /Applications/Xcode-27.0.0-Release.Candidate.app/Contents/Developer/Toolchains/XcodeDefault.xctoolchain/usr/bin/swiftc -parse-as-library -module-name CustomNavigationTitle -Onone @/Users/admin/builder/spi-builder-workspace/.derivedData/Build/Intermediates.noindex/CustomNavigationTitle.build/Debug-appletvos/CustomNavigationTitle-t.build/Objects-normal/arm64/CustomNavigationTitle.SwiftFileList -DSWIFT_PACKAGE -DDEBUG -DSWIFT_MODULE_RESOURCE_BUNDLE_UNAVAILABLE -DXcode -plugin-path /Applications/Xcode-27.0.0-Release.Candidate.app/Contents/Developer/Toolchains/XcodeDefault.xctoolchain/usr/lib/swift/host/plugins/testing -enable-experimental-feature DebugDescriptionMacro -sdk /Applications/Xcode-27.0.0-Release.Candidate.app/Contents/Developer/Platforms/AppleTVOS.platform/Developer/SDKs/AppleTVOS27.0.sdk -target arm64-apple-tvos16.0 -g -module-cache-path /Users/admin/builder/spi-builder-workspace/.derivedData/ModuleCache.noindex -Xfrontend -serialize-debugging-options -profile-coverage-mapping -profile-generate -enable-testing -index-store-path /Users/admin/builder/spi-builder-workspace/.derivedData/Index.noindex/DataStore -Xcc -D_LIBCPP_HARDENING_MODE\=_LIBCPP_HARDENING_MODE_DEBUG -swift-version 6 -I /Users/admin/builder/spi-builder-workspace/.derivedData/Build/Products/Debug-appletvos -Isystem /Applications/Xcode-27.0.0-Release.Candidate.app/Contents/Developer/Platforms/AppleTVOS.platform/Developer/usr/lib -F /Users/admin/builder/spi-builder-workspace/.derivedData/Build/Products/Debug-appletvos -F /Applications/Xcode-27.0.0-Release.Candidate.app/Contents/Developer/Platforms/AppleTVOS.platform/Developer/Library/Frameworks -F /Applications/Xcode-27.0.0-Release.Candidate.app/Contents/Developer/Platforms/AppleTVOS.platform/Developer/SDKs/AppleTVOS27.0.sdk/Developer/Library/Frameworks -c -j10 -enable-batch-mode -incremental -Xcc -ivfsstatcache -Xcc /Users/admin/builder/spi-builder-workspace/.derivedData/SDKStatCaches.noindex/appletvos27.0-24J360-e829b21a6f8c9b70876ba0858053c044b32bfd8d43560033f8d89884cdb90028.sdkstatcache -output-file-map /Users/admin/builder/spi-builder-workspace/.derivedData/Build/Intermediates.noindex/CustomNavigationTitle.build/Debug-appletvos/CustomNavigationTitle-t.build/Objects-normal/arm64/CustomNavigationTitle-OutputFileMap.json -save-temps -no-color-diagnostics -explicit-module-build -module-cache-path /Users/admin/builder/spi-builder-workspace/.derivedData/Build/Intermediates.noindex/SwiftExplicitPrecompiledModules -clang-scanner-module-cache-path /Users/admin/builder/spi-builder-workspace/.derivedData/ModuleCache.noindex -sdk-module-cache-path /Users/admin/builder/spi-builder-workspace/.derivedData/SDKExplicitPrecompiledModules -emit-dependencies -emit-module -emit-module-path /Users/admin/builder/spi-builder-workspace/.derivedData/Build/Intermediates.noindex/CustomNavigationTitle.build/Debug-appletvos/CustomNavigationTitle-t.build/Objects-normal/arm64/CustomNavigationTitle.swiftmodule -serialize-diagnostics -dependency-scan-serialize-diagnostics-path /Users/admin/builder/spi-builder-workspace/.derivedData/Build/Intermediates.noindex/CustomNavigationTitle.build/Debug-appletvos/CustomNavigationTitle-t.build/Objects-normal/arm64/CustomNavigationTitle-dependency-scan.dia -validate-clang-modules-once -clang-build-session-file /Users/admin/builder/spi-builder-workspace/.derivedData/ModuleCache.noindex/Session.modulevalidation -Xcc -fmodules-prune-interval\=86400 -Xcc -fmodules-prune-after\=345600 -package-name spi_builder_workspace -emit-const-values -const-gather-protocols-list /Users/admin/builder/spi-builder-workspace/.derivedData/Build/Intermediates.noindex/CustomNavigationTitle.build/Debug-appletvos/CustomNavigationTitle-t.build/Objects-normal/arm64/CustomNavigationTitle_const_extract_protocols.json -Xcc -I/Users/admin/builder/spi-builder-workspace/.derivedData/Build/Products/Debug-appletvos/include -Xcc -I/Users/admin/builder/spi-builder-workspace/.derivedData/Build/Intermediates.noindex/CustomNavigationTitle.build/Debug-appletvos/CustomNavigationTitle-t.build/DerivedSources-normal/arm64 -Xcc -I/Users/admin/builder/spi-builder-workspace/.derivedData/Build/Intermediates.noindex/CustomNavigationTitle.build/Debug-appletvos/CustomNavigationTitle-t.build/DerivedSources/arm64 -Xcc -I/Users/admin/builder/spi-builder-workspace/.derivedData/Build/Intermediates.noindex/CustomNavigationTitle.build/Debug-appletvos/CustomNavigationTitle-t.build/DerivedSources -Xcc -DSWIFT_PACKAGE -Xcc -DDEBUG\=1 -emit-objc-header -emit-objc-header-path /Users/admin/builder/spi-builder-workspace/.derivedData/Build/Intermediates.noindex/CustomNavigationTitle.build/Debug-appletvos/CustomNavigationTitle-t.build/Objects-normal/arm64/CustomNavigationTitle-Swift.h -working-directory /Users/admin/builder/spi-builder-workspace/.swiftpm/xcode -experimental-emit-module-separately -disable-cmo
SwiftMergeGeneratedHeaders /Users/admin/builder/spi-builder-workspace/.derivedData/Build/Intermediates.noindex/GeneratedModuleMaps-appletvos/CustomNavigationTitle-Swift.h /Users/admin/builder/spi-builder-workspace/.derivedData/Build/Intermediates.noindex/CustomNavigationTitle.build/Debug-appletvos/CustomNavigationTitle-t.build/Objects-normal/arm64/CustomNavigationTitle-Swift.h (in target 'CustomNavigationTitle' from project 'CustomNavigationTitle')
cd /Users/admin/builder/spi-builder-workspace
builtin-swiftHeaderTool -arch arm64 /Users/admin/builder/spi-builder-workspace/.derivedData/Build/Intermediates.noindex/CustomNavigationTitle.build/Debug-appletvos/CustomNavigationTitle-t.build/Objects-normal/arm64/CustomNavigationTitle-Swift.h -o /Users/admin/builder/spi-builder-workspace/.derivedData/Build/Intermediates.noindex/GeneratedModuleMaps-appletvos/CustomNavigationTitle-Swift.h
Copy /Users/admin/builder/spi-builder-workspace/.derivedData/Build/Products/Debug-appletvos/CustomNavigationTitle.swiftmodule/arm64-apple-tvos.swiftmodule /Users/admin/builder/spi-builder-workspace/.derivedData/Build/Intermediates.noindex/CustomNavigationTitle.build/Debug-appletvos/CustomNavigationTitle-t.build/Objects-normal/arm64/CustomNavigationTitle.swiftmodule (in target 'CustomNavigationTitle' from project 'CustomNavigationTitle')
cd /Users/admin/builder/spi-builder-workspace
builtin-copy -exclude .DS_Store -exclude CVS -exclude .svn -exclude .git -exclude .hg -resolve-src-symlinks -rename /Users/admin/builder/spi-builder-workspace/.derivedData/Build/Intermediates.noindex/CustomNavigationTitle.build/Debug-appletvos/CustomNavigationTitle-t.build/Objects-normal/arm64/CustomNavigationTitle.swiftmodule /Users/admin/builder/spi-builder-workspace/.derivedData/Build/Products/Debug-appletvos/CustomNavigationTitle.swiftmodule/arm64-apple-tvos.swiftmodule
Copy /Users/admin/builder/spi-builder-workspace/.derivedData/Build/Products/Debug-appletvos/CustomNavigationTitle.swiftmodule/arm64-apple-tvos.abi.json /Users/admin/builder/spi-builder-workspace/.derivedData/Build/Intermediates.noindex/CustomNavigationTitle.build/Debug-appletvos/CustomNavigationTitle-t.build/Objects-normal/arm64/CustomNavigationTitle.abi.json (in target 'CustomNavigationTitle' from project 'CustomNavigationTitle')
cd /Users/admin/builder/spi-builder-workspace
builtin-copy -exclude .DS_Store -exclude CVS -exclude .svn -exclude .git -exclude .hg -resolve-src-symlinks -rename /Users/admin/builder/spi-builder-workspace/.derivedData/Build/Intermediates.noindex/CustomNavigationTitle.build/Debug-appletvos/CustomNavigationTitle-t.build/Objects-normal/arm64/CustomNavigationTitle.abi.json /Users/admin/builder/spi-builder-workspace/.derivedData/Build/Products/Debug-appletvos/CustomNavigationTitle.swiftmodule/arm64-apple-tvos.abi.json
Copy /Users/admin/builder/spi-builder-workspace/.derivedData/Build/Products/Debug-appletvos/CustomNavigationTitle.swiftmodule/arm64-apple-tvos.swiftdoc /Users/admin/builder/spi-builder-workspace/.derivedData/Build/Intermediates.noindex/CustomNavigationTitle.build/Debug-appletvos/CustomNavigationTitle-t.build/Objects-normal/arm64/CustomNavigationTitle.swiftdoc (in target 'CustomNavigationTitle' from project 'CustomNavigationTitle')
cd /Users/admin/builder/spi-builder-workspace
builtin-copy -exclude .DS_Store -exclude CVS -exclude .svn -exclude .git -exclude .hg -resolve-src-symlinks -rename /Users/admin/builder/spi-builder-workspace/.derivedData/Build/Intermediates.noindex/CustomNavigationTitle.build/Debug-appletvos/CustomNavigationTitle-t.build/Objects-normal/arm64/CustomNavigationTitle.swiftdoc /Users/admin/builder/spi-builder-workspace/.derivedData/Build/Products/Debug-appletvos/CustomNavigationTitle.swiftmodule/arm64-apple-tvos.swiftdoc
Copy /Users/admin/builder/spi-builder-workspace/.derivedData/Build/Products/Debug-appletvos/CustomNavigationTitle.swiftmodule/Project/arm64-apple-tvos.swiftsourceinfo /Users/admin/builder/spi-builder-workspace/.derivedData/Build/Intermediates.noindex/CustomNavigationTitle.build/Debug-appletvos/CustomNavigationTitle-t.build/Objects-normal/arm64/CustomNavigationTitle.swiftsourceinfo (in target 'CustomNavigationTitle' from project 'CustomNavigationTitle')
cd /Users/admin/builder/spi-builder-workspace
builtin-copy -exclude .DS_Store -exclude CVS -exclude .svn -exclude .git -exclude .hg -resolve-src-symlinks -rename /Users/admin/builder/spi-builder-workspace/.derivedData/Build/Intermediates.noindex/CustomNavigationTitle.build/Debug-appletvos/CustomNavigationTitle-t.build/Objects-normal/arm64/CustomNavigationTitle.swiftsourceinfo /Users/admin/builder/spi-builder-workspace/.derivedData/Build/Products/Debug-appletvos/CustomNavigationTitle.swiftmodule/Project/arm64-apple-tvos.swiftsourceinfo
PruneExplicitPrecompiledModules /Users/admin/builder/spi-builder-workspace/.derivedData/Build/Intermediates.noindex/SwiftExplicitPrecompiledModules
PruneExplicitPrecompiledModules /Users/admin/builder/spi-builder-workspace/.derivedData/Build/Intermediates.noindex/ExplicitPrecompiledModules
PruneExplicitPrecompiledModules /Users/admin/builder/spi-builder-workspace/.derivedData/SDKExplicitPrecompiledModules
2026-09-26 14:39:28.449 xcodebuild[627:3879] [MT] IDERunDestination: Supported platforms for the buildables in the current scheme is empty.
** BUILD FAILED **
The following build commands failed:
SwiftCompile normal arm64 Compiling\ CustomNavigationTitle.swift /Users/admin/builder/spi-builder-workspace/Sources/CustomNavigationTitle/CustomNavigationTitle.swift (in target 'CustomNavigationTitle' from project 'CustomNavigationTitle')
SwiftCompile normal arm64 /Users/admin/builder/spi-builder-workspace/Sources/CustomNavigationTitle/CustomNavigationTitle.swift (in target 'CustomNavigationTitle' from project 'CustomNavigationTitle')
Building workspace CustomNavigationTitle with scheme CustomNavigationTitle
(3 failures)
Command line invocation:
/Applications/Xcode-27.0.0-Release.Candidate.app/Contents/Developer/usr/bin/xcodebuild -IDEClonedSourcePackagesDirPathOverride=/Users/admin/builder/spi-builder-workspace/.dependencies -resolvePackageDependencies
Resolve Package Graph
Resolved source packages:
CustomNavigationTitle: /Users/admin/builder/spi-builder-workspace
resolved source packages: CustomNavigationTitle
2026-09-26 14:39:37.073 xcodebuild[740:4443] [MT] IDERunDestination: Supported platforms for the buildables in the current scheme is empty.
{
"dependencies" : [
],
"manifest_display_name" : "CustomNavigationTitle",
"name" : "CustomNavigationTitle",
"path" : "/Users/admin/builder/spi-builder-workspace",
"platforms" : [
{
"name" : "ios",
"version" : "16.0"
},
{
"name" : "maccatalyst",
"version" : "16.0"
},
{
"name" : "macos",
"version" : "13.0"
}
],
"products" : [
{
"name" : "CustomNavigationTitle",
"targets" : [
"CustomNavigationTitle"
],
"type" : {
"library" : [
"automatic"
]
}
}
],
"targets" : [
{
"c99name" : "CustomNavigationTitleTests",
"module_type" : "SwiftTarget",
"name" : "CustomNavigationTitleTests",
"path" : "Tests/CustomNavigationTitleTests",
"sources" : [
"CustomNavigationTitleTests.swift"
],
"target_dependencies" : [
"CustomNavigationTitle"
],
"type" : "test"
},
{
"c99name" : "CustomNavigationTitle",
"module_type" : "SwiftTarget",
"name" : "CustomNavigationTitle",
"path" : "Sources/CustomNavigationTitle",
"product_memberships" : [
"CustomNavigationTitle"
],
"sources" : [
"CustomNavigationTitle.swift",
"Extension/Modifier+Ex.swift",
"ScrollAwareTitleAnimation.swift"
],
"type" : "library"
}
],
"tools_version" : "6.0"
}
{
"workspace" : {
"name" : "CustomNavigationTitle",
"schemes" : [
"CustomNavigationTitle"
]
}
}
2026-09-26 14:39:38.284 xcodebuild[748:4508] [MT] IDERunDestination: Supported platforms for the buildables in the current scheme is empty.
Running build ...
env DEVELOPER_DIR=/Applications/Xcode-27.0.0-Release.Candidate.app xcrun xcodebuild -IDEClonedSourcePackagesDirPathOverride=$PWD/.dependencies -skipMacroValidation -skipPackagePluginValidation -derivedDataPath $PWD/.derivedData build -scheme CustomNavigationTitle -destination generic/platform=tvOS
Command line invocation:
/Applications/Xcode-27.0.0-Release.Candidate.app/Contents/Developer/usr/bin/xcodebuild -IDEClonedSourcePackagesDirPathOverride=/Users/admin/builder/spi-builder-workspace/.dependencies -skipMacroValidation -skipPackagePluginValidation -derivedDataPath /Users/admin/builder/spi-builder-workspace/.derivedData build -scheme CustomNavigationTitle -destination generic/platform=tvOS
Resolve Package Graph
Resolved source packages:
CustomNavigationTitle: /Users/admin/builder/spi-builder-workspace
ComputePackagePrebuildTargetDependencyGraph
Prepare packages
CreateBuildRequest
SendProjectDescription
CreateBuildOperation
ComputeTargetDependencyGraph
note: Building targets in dependency order
note: Target dependency graph (2 targets)
Target 'CustomNavigationTitle-product' in project 'CustomNavigationTitle'
➜ Explicit dependency on target 'CustomNavigationTitle' in project 'CustomNavigationTitle'
Target 'CustomNavigationTitle' in project 'CustomNavigationTitle' (no dependencies)
GatherProvisioningInputs
CreateBuildDescription
ClangStatCache /Applications/Xcode-27.0.0-Release.Candidate.app/Contents/Developer/Toolchains/XcodeDefault.xctoolchain/usr/bin/clang-stat-cache /Applications/Xcode-27.0.0-Release.Candidate.app/Contents/Developer/Platforms/AppleTVOS.platform/Developer/SDKs/AppleTVOS27.0.sdk /Users/admin/builder/spi-builder-workspace/.derivedData/SDKStatCaches.noindex/appletvos27.0-24J360-e829b21a6f8c9b70876ba0858053c044b32bfd8d43560033f8d89884cdb90028.sdkstatcache
cd /Users/admin/builder/spi-builder-workspace/.swiftpm/xcode
/Applications/Xcode-27.0.0-Release.Candidate.app/Contents/Developer/Toolchains/XcodeDefault.xctoolchain/usr/bin/clang-stat-cache /Applications/Xcode-27.0.0-Release.Candidate.app/Contents/Developer/Platforms/AppleTVOS.platform/Developer/SDKs/AppleTVOS27.0.sdk -o /Users/admin/builder/spi-builder-workspace/.derivedData/SDKStatCaches.noindex/appletvos27.0-24J360-e829b21a6f8c9b70876ba0858053c044b32bfd8d43560033f8d89884cdb90028.sdkstatcache
SwiftDriver CustomNavigationTitle normal arm64 com.apple.xcode.tools.swift.compiler (in target 'CustomNavigationTitle' from project 'CustomNavigationTitle')
cd /Users/admin/builder/spi-builder-workspace/.swiftpm/xcode
builtin-SwiftDriver -- /Applications/Xcode-27.0.0-Release.Candidate.app/Contents/Developer/Toolchains/XcodeDefault.xctoolchain/usr/bin/swiftc -parse-as-library -module-name CustomNavigationTitle -Onone @/Users/admin/builder/spi-builder-workspace/.derivedData/Build/Intermediates.noindex/CustomNavigationTitle.build/Debug-appletvos/CustomNavigationTitle-t.build/Objects-normal/arm64/CustomNavigationTitle.SwiftFileList -DSWIFT_PACKAGE -DDEBUG -DSWIFT_MODULE_RESOURCE_BUNDLE_UNAVAILABLE -DXcode -plugin-path /Applications/Xcode-27.0.0-Release.Candidate.app/Contents/Developer/Toolchains/XcodeDefault.xctoolchain/usr/lib/swift/host/plugins/testing -enable-experimental-feature DebugDescriptionMacro -sdk /Applications/Xcode-27.0.0-Release.Candidate.app/Contents/Developer/Platforms/AppleTVOS.platform/Developer/SDKs/AppleTVOS27.0.sdk -target arm64-apple-tvos16.0 -g -module-cache-path /Users/admin/builder/spi-builder-workspace/.derivedData/ModuleCache.noindex -Xfrontend -serialize-debugging-options -profile-coverage-mapping -profile-generate -enable-testing -index-store-path /Users/admin/builder/spi-builder-workspace/.derivedData/Index.noindex/DataStore -Xcc -D_LIBCPP_HARDENING_MODE\=_LIBCPP_HARDENING_MODE_DEBUG -swift-version 6 -I /Users/admin/builder/spi-builder-workspace/.derivedData/Build/Products/Debug-appletvos -Isystem /Applications/Xcode-27.0.0-Release.Candidate.app/Contents/Developer/Platforms/AppleTVOS.platform/Developer/usr/lib -F /Users/admin/builder/spi-builder-workspace/.derivedData/Build/Products/Debug-appletvos -F /Applications/Xcode-27.0.0-Release.Candidate.app/Contents/Developer/Platforms/AppleTVOS.platform/Developer/Library/Frameworks -F /Applications/Xcode-27.0.0-Release.Candidate.app/Contents/Developer/Platforms/AppleTVOS.platform/Developer/SDKs/AppleTVOS27.0.sdk/Developer/Library/Frameworks -c -j10 -enable-batch-mode -incremental -Xcc -ivfsstatcache -Xcc /Users/admin/builder/spi-builder-workspace/.derivedData/SDKStatCaches.noindex/appletvos27.0-24J360-e829b21a6f8c9b70876ba0858053c044b32bfd8d43560033f8d89884cdb90028.sdkstatcache -output-file-map /Users/admin/builder/spi-builder-workspace/.derivedData/Build/Intermediates.noindex/CustomNavigationTitle.build/Debug-appletvos/CustomNavigationTitle-t.build/Objects-normal/arm64/CustomNavigationTitle-OutputFileMap.json -save-temps -no-color-diagnostics -explicit-module-build -module-cache-path /Users/admin/builder/spi-builder-workspace/.derivedData/Build/Intermediates.noindex/SwiftExplicitPrecompiledModules -clang-scanner-module-cache-path /Users/admin/builder/spi-builder-workspace/.derivedData/ModuleCache.noindex -sdk-module-cache-path /Users/admin/builder/spi-builder-workspace/.derivedData/SDKExplicitPrecompiledModules -emit-dependencies -emit-module -emit-module-path /Users/admin/builder/spi-builder-workspace/.derivedData/Build/Intermediates.noindex/CustomNavigationTitle.build/Debug-appletvos/CustomNavigationTitle-t.build/Objects-normal/arm64/CustomNavigationTitle.swiftmodule -serialize-diagnostics -dependency-scan-serialize-diagnostics-path /Users/admin/builder/spi-builder-workspace/.derivedData/Build/Intermediates.noindex/CustomNavigationTitle.build/Debug-appletvos/CustomNavigationTitle-t.build/Objects-normal/arm64/CustomNavigationTitle-dependency-scan.dia -validate-clang-modules-once -clang-build-session-file /Users/admin/builder/spi-builder-workspace/.derivedData/ModuleCache.noindex/Session.modulevalidation -Xcc -fmodules-prune-interval\=86400 -Xcc -fmodules-prune-after\=345600 -package-name spi_builder_workspace -emit-const-values -const-gather-protocols-list /Users/admin/builder/spi-builder-workspace/.derivedData/Build/Intermediates.noindex/CustomNavigationTitle.build/Debug-appletvos/CustomNavigationTitle-t.build/Objects-normal/arm64/CustomNavigationTitle_const_extract_protocols.json -Xcc -I/Users/admin/builder/spi-builder-workspace/.derivedData/Build/Products/Debug-appletvos/include -Xcc -I/Users/admin/builder/spi-builder-workspace/.derivedData/Build/Intermediates.noindex/CustomNavigationTitle.build/Debug-appletvos/CustomNavigationTitle-t.build/DerivedSources-normal/arm64 -Xcc -I/Users/admin/builder/spi-builder-workspace/.derivedData/Build/Intermediates.noindex/CustomNavigationTitle.build/Debug-appletvos/CustomNavigationTitle-t.build/DerivedSources/arm64 -Xcc -I/Users/admin/builder/spi-builder-workspace/.derivedData/Build/Intermediates.noindex/CustomNavigationTitle.build/Debug-appletvos/CustomNavigationTitle-t.build/DerivedSources -Xcc -DSWIFT_PACKAGE -Xcc -DDEBUG\=1 -emit-objc-header -emit-objc-header-path /Users/admin/builder/spi-builder-workspace/.derivedData/Build/Intermediates.noindex/CustomNavigationTitle.build/Debug-appletvos/CustomNavigationTitle-t.build/Objects-normal/arm64/CustomNavigationTitle-Swift.h -working-directory /Users/admin/builder/spi-builder-workspace/.swiftpm/xcode -experimental-emit-module-separately -disable-cmo
SwiftEmitModule normal arm64 Emitting\ module\ for\ CustomNavigationTitle (in target 'CustomNavigationTitle' from project 'CustomNavigationTitle')
SwiftCompile normal arm64 (in target 'CustomNavigationTitle' from project 'CustomNavigationTitle')
cd /Users/admin/builder/spi-builder-workspace/.swiftpm/xcode
SwiftCompile normal arm64 Compiling\ ScrollAwareTitleAnimation.swift /Users/admin/builder/spi-builder-workspace/Sources/CustomNavigationTitle/ScrollAwareTitleAnimation.swift (in target 'CustomNavigationTitle' from project 'CustomNavigationTitle')
SwiftCompile normal arm64 /Users/admin/builder/spi-builder-workspace/Sources/CustomNavigationTitle/ScrollAwareTitleAnimation.swift (in target 'CustomNavigationTitle' from project 'CustomNavigationTitle')
cd /Users/admin/builder/spi-builder-workspace/.swiftpm/xcode
builtin-SwiftPerFileCompile ScrollAwareTitleAnimation.swift
SwiftCompile normal arm64 Compiling\ CustomNavigationTitle.swift /Users/admin/builder/spi-builder-workspace/Sources/CustomNavigationTitle/CustomNavigationTitle.swift (in target 'CustomNavigationTitle' from project 'CustomNavigationTitle')
SwiftCompile normal arm64 /Users/admin/builder/spi-builder-workspace/Sources/CustomNavigationTitle/CustomNavigationTitle.swift (in target 'CustomNavigationTitle' from project 'CustomNavigationTitle')
cd /Users/admin/builder/spi-builder-workspace/.swiftpm/xcode
builtin-SwiftPerFileCompile CustomNavigationTitle.swift
/Users/admin/builder/spi-builder-workspace/Sources/CustomNavigationTitle/CustomNavigationTitle.swift:38:10: error: failed to produce diagnostic for expression; please submit a bug report (https://swift.org/contributing/#reporting-bugs)
36 | }
37 |
38 | func body(content: Content) -> some View {
| `- error: failed to produce diagnostic for expression; please submit a bug report (https://swift.org/contributing/#reporting-bugs)
39 | content
40 | .backgroundPreferenceValue(BoundsPreferenceKey.self) { anchor in
Failed frontend command:
/Applications/Xcode-27.0.0-Release.Candidate.app/Contents/Developer/Toolchains/XcodeDefault.xctoolchain/usr/bin/swift-frontend -frontend -c -primary-file /Users/admin/builder/spi-builder-workspace/Sources/CustomNavigationTitle/CustomNavigationTitle.swift /Users/admin/builder/spi-builder-workspace/Sources/CustomNavigationTitle/Extension/Modifier+Ex.swift /Users/admin/builder/spi-builder-workspace/Sources/CustomNavigationTitle/ScrollAwareTitleAnimation.swift -emit-dependencies-path /Users/admin/builder/spi-builder-workspace/.derivedData/Build/Intermediates.noindex/CustomNavigationTitle.build/Debug-appletvos/CustomNavigationTitle-t.build/Objects-normal/arm64/CustomNavigationTitle.d -emit-const-values-path /Users/admin/builder/spi-builder-workspace/.derivedData/Build/Intermediates.noindex/CustomNavigationTitle.build/Debug-appletvos/CustomNavigationTitle-t.build/Objects-normal/arm64/CustomNavigationTitle.swiftconstvalues -emit-reference-dependencies-path /Users/admin/builder/spi-builder-workspace/.derivedData/Build/Intermediates.noindex/CustomNavigationTitle.build/Debug-appletvos/CustomNavigationTitle-t.build/Objects-normal/arm64/CustomNavigationTitle.swiftdeps -serialize-diagnostics-path /Users/admin/builder/spi-builder-workspace/.derivedData/Build/Intermediates.noindex/CustomNavigationTitle.build/Debug-appletvos/CustomNavigationTitle-t.build/Objects-normal/arm64/CustomNavigationTitle.dia -target arm64-apple-tvos16.0 -module-can-import-version UIKit 9127.0.84.1 9127.0.84 -disable-cross-import-overlay-search -load-resolved-plugin /Applications/Xcode-27.0.0-Release.Candidate.app/Contents/Developer/Platforms/AppleTVOS.platform/Developer/usr/lib/swift/host/plugins/libFoundationMacros.dylib\#/Applications/Xcode-27.0.0-Release.Candidate.app/Contents/Developer/Platforms/AppleTVOS.platform/Developer/usr/bin/swift-plugin-server\#FoundationMacros -load-resolved-plugin /Applications/Xcode-27.0.0-Release.Candidate.app/Contents/Developer/Platforms/AppleTVOS.platform/Developer/usr/lib/swift/host/plugins/libObservationMacros.dylib\#/Applications/Xcode-27.0.0-Release.Candidate.app/Contents/Developer/Platforms/AppleTVOS.platform/Developer/usr/bin/swift-plugin-server\#ObservationMacros -load-resolved-plugin /Applications/Xcode-27.0.0-Release.Candidate.app/Contents/Developer/Platforms/AppleTVOS.platform/Developer/usr/lib/swift/host/plugins/libPreviewsMacros.dylib\#/Applications/Xcode-27.0.0-Release.Candidate.app/Contents/Developer/Platforms/AppleTVOS.platform/Developer/usr/bin/swift-plugin-server\#PreviewsMacros -load-resolved-plugin /Applications/Xcode-27.0.0-Release.Candidate.app/Contents/Developer/Platforms/AppleTVOS.platform/Developer/usr/lib/swift/host/plugins/libSwiftMacros.dylib\#/Applications/Xcode-27.0.0-Release.Candidate.app/Contents/Developer/Platforms/AppleTVOS.platform/Developer/usr/bin/swift-plugin-server\#SwiftMacros -load-resolved-plugin /Applications/Xcode-27.0.0-Release.Candidate.app/Contents/Developer/Platforms/AppleTVOS.platform/Developer/usr/lib/swift/host/plugins/libSwiftUIMacros.dylib\#/Applications/Xcode-27.0.0-Release.Candidate.app/Contents/Developer/Platforms/AppleTVOS.platform/Developer/usr/bin/swift-plugin-server\#SwiftUIMacros -disable-implicit-swift-modules -Xcc -fno-implicit-modules -Xcc -fno-implicit-module-maps -explicit-swift-module-map-file /Users/admin/builder/spi-builder-workspace/.derivedData/Build/Intermediates.noindex/CustomNavigationTitle.build/Debug-appletvos/CustomNavigationTitle-t.build/Objects-normal/arm64/CustomNavigationTitle-dependencies-1.json -Xllvm -aarch64-use-tbi -enable-objc-interop -stack-check -sdk /Applications/Xcode-27.0.0-Release.Candidate.app/Contents/Developer/Platforms/AppleTVOS.platform/Developer/SDKs/AppleTVOS27.0.sdk -I /Users/admin/builder/spi-builder-workspace/.derivedData/Build/Products/Debug-appletvos -Isystem /Applications/Xcode-27.0.0-Release.Candidate.app/Contents/Developer/Platforms/AppleTVOS.platform/Developer/usr/lib -F /Users/admin/builder/spi-builder-workspace/.derivedData/Build/Products/Debug-appletvos -F /Applications/Xcode-27.0.0-Release.Candidate.app/Contents/Developer/Platforms/AppleTVOS.platform/Developer/Library/Frameworks -F /Applications/Xcode-27.0.0-Release.Candidate.app/Contents/Developer/Platforms/AppleTVOS.platform/Developer/SDKs/AppleTVOS27.0.sdk/Developer/Library/Frameworks -module-cache-path /Users/admin/builder/spi-builder-workspace/.derivedData/Build/Intermediates.noindex/SwiftExplicitPrecompiledModules -no-color-diagnostics -Xcc -fno-color-diagnostics -enable-testing -g -debug-info-format\=dwarf -dwarf-version\=4 -profile-generate -profile-coverage-mapping -swift-version 6 -Onone -D SWIFT_PACKAGE -D DEBUG -D SWIFT_MODULE_RESOURCE_BUNDLE_UNAVAILABLE -D Xcode -serialize-debugging-options -enable-experimental-feature DebugDescriptionMacro -empty-abi-descriptor -validate-clang-modules-once -clang-build-session-file /Users/admin/builder/spi-builder-workspace/.derivedData/ModuleCache.noindex/Session.modulevalidation -Xcc -working-directory -Xcc /Users/admin/builder/spi-builder-workspace/.swiftpm/xcode -enable-anonymous-context-mangled-names -file-compilation-dir /Users/admin/builder/spi-builder-workspace/.swiftpm/xcode -Xcc -D_LIBCPP_HARDENING_MODE\=_LIBCPP_HARDENING_MODE_DEBUG -Xcc -ivfsstatcache -Xcc /Users/admin/builder/spi-builder-workspace/.derivedData/SDKStatCaches.noindex/appletvos27.0-24J360-e829b21a6f8c9b70876ba0858053c044b32bfd8d43560033f8d89884cdb90028.sdkstatcache -Xcc -fmodules-prune-interval\=86400 -Xcc -fmodules-prune-after\=345600 -Xcc -I/Users/admin/builder/spi-builder-workspace/.derivedData/Build/Products/Debug-appletvos/include -Xcc -I/Users/admin/builder/spi-builder-workspace/.derivedData/Build/Intermediates.noindex/CustomNavigationTitle.build/Debug-appletvos/CustomNavigationTitle-t.build/DerivedSources-normal/arm64 -Xcc -I/Users/admin/builder/spi-builder-workspace/.derivedData/Build/Intermediates.noindex/CustomNavigationTitle.build/Debug-appletvos/CustomNavigationTitle-t.build/DerivedSources/arm64 -Xcc -I/Users/admin/builder/spi-builder-workspace/.derivedData/Build/Intermediates.noindex/CustomNavigationTitle.build/Debug-appletvos/CustomNavigationTitle-t.build/DerivedSources -Xcc -DSWIFT_PACKAGE -Xcc -DDEBUG\=1 -no-auto-bridging-header-chaining -module-name CustomNavigationTitle -package-name spi_builder_workspace -const-gather-protocols-file /Users/admin/builder/spi-builder-workspace/.derivedData/Build/Intermediates.noindex/CustomNavigationTitle.build/Debug-appletvos/CustomNavigationTitle-t.build/Objects-normal/arm64/CustomNavigationTitle_const_extract_protocols.json -disable-clang-spi -clang-target arm64-apple-tvos27.0 -target-sdk-version 27.0 -target-sdk-name appletvos27.0 -in-process-plugin-server-path /Applications/Xcode-27.0.0-Release.Candidate.app/Contents/Developer/Toolchains/XcodeDefault.xctoolchain/usr/lib/swift/host/libSwiftInProcPluginServer.dylib -parse-as-library -o /Users/admin/builder/spi-builder-workspace/.derivedData/Build/Intermediates.noindex/CustomNavigationTitle.build/Debug-appletvos/CustomNavigationTitle-t.build/Objects-normal/arm64/CustomNavigationTitle.o -debug-module-path /Users/admin/builder/spi-builder-workspace/.derivedData/Build/Intermediates.noindex/CustomNavigationTitle.build/Debug-appletvos/CustomNavigationTitle-t.build/Objects-normal/arm64/CustomNavigationTitle.swiftmodule -index-unit-output-path /CustomNavigationTitle.build/Debug-appletvos/CustomNavigationTitle-t.build/Objects-normal/arm64/CustomNavigationTitle.o -index-store-path /Users/admin/builder/spi-builder-workspace/.derivedData/Index.noindex/DataStore -index-system-modules
SwiftCompile normal arm64 Compiling\ Modifier+Ex.swift /Users/admin/builder/spi-builder-workspace/Sources/CustomNavigationTitle/Extension/Modifier+Ex.swift (in target 'CustomNavigationTitle' from project 'CustomNavigationTitle')
SwiftCompile normal arm64 /Users/admin/builder/spi-builder-workspace/Sources/CustomNavigationTitle/Extension/Modifier+Ex.swift (in target 'CustomNavigationTitle' from project 'CustomNavigationTitle')
cd /Users/admin/builder/spi-builder-workspace/.swiftpm/xcode
builtin-SwiftPerFileCompile Modifier+Ex.swift
SwiftDriverJobDiscovery normal arm64 Compiling Modifier+Ex.swift (in target 'CustomNavigationTitle' from project 'CustomNavigationTitle')
SwiftDriverJobDiscovery normal arm64 Compiling ScrollAwareTitleAnimation.swift (in target 'CustomNavigationTitle' from project 'CustomNavigationTitle')
PruneExplicitPrecompiledModules /Users/admin/builder/spi-builder-workspace/.derivedData/SDKExplicitPrecompiledModules
PruneExplicitPrecompiledModules /Users/admin/builder/spi-builder-workspace/.derivedData/Build/Intermediates.noindex/SwiftExplicitPrecompiledModules
PruneExplicitPrecompiledModules /Users/admin/builder/spi-builder-workspace/.derivedData/Build/Intermediates.noindex/ExplicitPrecompiledModules
2026-09-26 14:39:39.246 xcodebuild[749:4545] [MT] IDERunDestination: Supported platforms for the buildables in the current scheme is empty.
** BUILD FAILED **
The following build commands failed:
SwiftCompile normal arm64 /Users/admin/builder/spi-builder-workspace/Sources/CustomNavigationTitle/CustomNavigationTitle.swift (in target 'CustomNavigationTitle' from project 'CustomNavigationTitle')
SwiftCompile normal arm64 Compiling\ CustomNavigationTitle.swift /Users/admin/builder/spi-builder-workspace/Sources/CustomNavigationTitle/CustomNavigationTitle.swift (in target 'CustomNavigationTitle' from project 'CustomNavigationTitle')
Building workspace CustomNavigationTitle with scheme CustomNavigationTitle
(3 failures)
BUILD FAILURE 6.4 tvOS