Build Information
Failed to build Figranium, reference v0.4.0 (fb9de3), with Swift 6.1 for watchOS using Xcode 16.3 on 12 Oct 2026 13:42:21 UTC.
Build Command
env DEVELOPER_DIR=/Applications/Xcode-16.3.0.app xcrun xcodebuild -IDEClonedSourcePackagesDirPathOverride=$PWD/.dependencies -skipMacroValidation -skipPackagePluginValidation -derivedDataPath $PWD/.derivedData build -scheme Figranium -destination generic/platform=watchOSBuild Log
========================================
RunAll
========================================
Builder version: 5.1.1
Interrupt handler set up.
========================================
Checkout
========================================
Clone URL: https://github.com/figranium/figranium-swift.git
Reference: v0.4.0
Initialized empty Git repository in /Users/admin/builder/spi-builder-workspace/.git/
From https://github.com/figranium/figranium-swift
* tag v0.4.0 -> FETCH_HEAD
HEAD is now at fb9de33 ci: release v0.4.0 via one-time trigger
Cloned https://github.com/figranium/figranium-swift.git
Revision (git rev-parse @):
fb9de331b8a595972d5cab68204e9c1bb71ff089
SPI manifest file found: $PWD/.spi.yml
SUCCESS checkout https://github.com/figranium/figranium-swift.git at v0.4.0
========================================
Build
========================================
Selected platform: watchOS
Swift version: 6.1
Building package at path: $PWD
https://github.com/figranium/figranium-swift.git
https://github.com/figranium/figranium-swift.git
{
"dependencies" : [
],
"manifest_display_name" : "Figranium",
"name" : "Figranium",
"path" : "/Users/admin/builder/spi-builder-workspace",
"platforms" : [
{
"name" : "macos",
"version" : "13.0"
},
{
"name" : "ios",
"version" : "16.0"
},
{
"name" : "tvos",
"version" : "16.0"
},
{
"name" : "watchos",
"version" : "9.0"
}
],
"products" : [
{
"name" : "Figranium",
"targets" : [
"Figranium"
],
"type" : {
"library" : [
"automatic"
]
}
}
],
"targets" : [
{
"c99name" : "FigraniumTests",
"module_type" : "SwiftTarget",
"name" : "FigraniumTests",
"path" : "Tests/FigraniumTests",
"sources" : [
"FigraniumTests.swift"
],
"target_dependencies" : [
"Figranium"
],
"type" : "test"
},
{
"c99name" : "Figranium",
"module_type" : "SwiftTarget",
"name" : "Figranium",
"path" : "Sources/Figranium",
"product_memberships" : [
"Figranium"
],
"sources" : [
"Actions.swift",
"AppIntents.swift",
"Client.swift",
"FoundationModels.swift",
"Models.swift",
"Resources.swift",
"Templates.swift"
],
"type" : "library"
}
],
"tools_version" : "6.0"
}
Command line invocation:
/Applications/Xcode-16.3.0.app/Contents/Developer/usr/bin/xcodebuild -IDEClonedSourcePackagesDirPathOverride=/Users/admin/builder/spi-builder-workspace/.dependencies -resolvePackageDependencies
Resolve Package Graph
Resolve Package Graph
Resolved source packages:
Figranium: /Users/admin/builder/spi-builder-workspace
resolved source packages: Figranium
{
"dependencies" : [
],
"manifest_display_name" : "Figranium",
"name" : "Figranium",
"path" : "/Users/admin/builder/spi-builder-workspace",
"platforms" : [
{
"name" : "macos",
"version" : "13.0"
},
{
"name" : "ios",
"version" : "16.0"
},
{
"name" : "tvos",
"version" : "16.0"
},
{
"name" : "watchos",
"version" : "9.0"
}
],
"products" : [
{
"name" : "Figranium",
"targets" : [
"Figranium"
],
"type" : {
"library" : [
"automatic"
]
}
}
],
"targets" : [
{
"c99name" : "FigraniumTests",
"module_type" : "SwiftTarget",
"name" : "FigraniumTests",
"path" : "Tests/FigraniumTests",
"sources" : [
"FigraniumTests.swift"
],
"target_dependencies" : [
"Figranium"
],
"type" : "test"
},
{
"c99name" : "Figranium",
"module_type" : "SwiftTarget",
"name" : "Figranium",
"path" : "Sources/Figranium",
"product_memberships" : [
"Figranium"
],
"sources" : [
"Actions.swift",
"AppIntents.swift",
"Client.swift",
"FoundationModels.swift",
"Models.swift",
"Resources.swift",
"Templates.swift"
],
"type" : "library"
}
],
"tools_version" : "6.0"
}
{
"workspace" : {
"name" : "spi-builder-workspace",
"schemes" : [
"Figranium"
]
}
}
Running build ...
env DEVELOPER_DIR=/Applications/Xcode-16.3.0.app xcrun xcodebuild -IDEClonedSourcePackagesDirPathOverride=$PWD/.dependencies -skipMacroValidation -skipPackagePluginValidation -derivedDataPath $PWD/.derivedData build -scheme Figranium -destination generic/platform=watchOS OTHER_SWIFT_FLAGS=-stats-output-dir .stats
Command line invocation:
/Applications/Xcode-16.3.0.app/Contents/Developer/usr/bin/xcodebuild -IDEClonedSourcePackagesDirPathOverride=/Users/admin/builder/spi-builder-workspace/.dependencies -skipMacroValidation -skipPackagePluginValidation -derivedDataPath /Users/admin/builder/spi-builder-workspace/.derivedData build -scheme Figranium -destination generic/platform=watchOS "OTHER_SWIFT_FLAGS=-stats-output-dir .stats"
Build settings from command line:
OTHER_SWIFT_FLAGS = -stats-output-dir .stats
Resolve Package Graph
Resolved source packages:
Figranium: /Users/admin/builder/spi-builder-workspace
ComputePackagePrebuildTargetDependencyGraph
Prepare packages
CreateBuildRequest
SendProjectDescription
CreateBuildOperation
ComputeTargetDependencyGraph
note: Building targets in dependency order
note: Target dependency graph (2 targets)
Target 'Figranium' in project 'Figranium'
➜ Explicit dependency on target 'Figranium' in project 'Figranium'
Target 'Figranium' in project 'Figranium' (no dependencies)
GatherProvisioningInputs
CreateBuildDescription
ExecuteExternalTool /Applications/Xcode-16.3.0.app/Contents/Developer/Toolchains/XcodeDefault.xctoolchain/usr/bin/clang -v -E -dM -isysroot /Applications/Xcode-16.3.0.app/Contents/Developer/Platforms/WatchOS.platform/Developer/SDKs/WatchOS11.4.sdk -x c -c /dev/null
ExecuteExternalTool /Applications/Xcode-16.3.0.app/Contents/Developer/Toolchains/XcodeDefault.xctoolchain/usr/bin/swiftc --version
ExecuteExternalTool /Applications/Xcode-16.3.0.app/Contents/Developer/Toolchains/XcodeDefault.xctoolchain/usr/bin/ld -version_details
Build description signature: db4eee5888be3070565c3324ba019efb
Build description path: /Users/admin/builder/spi-builder-workspace/.derivedData/Build/Intermediates.noindex/XCBuildData/db4eee5888be3070565c3324ba019efb.xcbuilddata
CreateBuildDirectory /Users/admin/builder/spi-builder-workspace/.derivedData/Build/Intermediates.noindex
cd /Users/admin/builder/spi-builder-workspace/.swiftpm/xcode
builtin-create-build-directory /Users/admin/builder/spi-builder-workspace/.derivedData/Build/Intermediates.noindex
CreateBuildDirectory /Users/admin/builder/spi-builder-workspace/.derivedData/Build/Products
cd /Users/admin/builder/spi-builder-workspace/.swiftpm/xcode
builtin-create-build-directory /Users/admin/builder/spi-builder-workspace/.derivedData/Build/Products
ClangStatCache /Applications/Xcode-16.3.0.app/Contents/Developer/Toolchains/XcodeDefault.xctoolchain/usr/bin/clang-stat-cache /Applications/Xcode-16.3.0.app/Contents/Developer/Platforms/WatchOS.platform/Developer/SDKs/WatchOS11.4.sdk /Users/admin/builder/spi-builder-workspace/.derivedData/SDKStatCaches.noindex/watchos11.4-22T246-43efb940ff07ba2497b70ec94253f576.sdkstatcache
cd /Users/admin/builder/spi-builder-workspace/.swiftpm/xcode
/Applications/Xcode-16.3.0.app/Contents/Developer/Toolchains/XcodeDefault.xctoolchain/usr/bin/clang-stat-cache /Applications/Xcode-16.3.0.app/Contents/Developer/Platforms/WatchOS.platform/Developer/SDKs/WatchOS11.4.sdk -o /Users/admin/builder/spi-builder-workspace/.derivedData/SDKStatCaches.noindex/watchos11.4-22T246-43efb940ff07ba2497b70ec94253f576.sdkstatcache
CreateBuildDirectory /Users/admin/builder/spi-builder-workspace/.derivedData/Build/Intermediates.noindex/EagerLinkingTBDs/Debug-watchos
cd /Users/admin/builder/spi-builder-workspace/.swiftpm/xcode
builtin-create-build-directory /Users/admin/builder/spi-builder-workspace/.derivedData/Build/Intermediates.noindex/EagerLinkingTBDs/Debug-watchos
CreateBuildDirectory /Users/admin/builder/spi-builder-workspace/.derivedData/Build/Products/Debug-watchos
cd /Users/admin/builder/spi-builder-workspace/.swiftpm/xcode
builtin-create-build-directory /Users/admin/builder/spi-builder-workspace/.derivedData/Build/Products/Debug-watchos
CreateBuildDirectory /Users/admin/builder/spi-builder-workspace/.derivedData/Build/Products/Debug-watchos/PackageFrameworks
cd /Users/admin/builder/spi-builder-workspace/.swiftpm/xcode
builtin-create-build-directory /Users/admin/builder/spi-builder-workspace/.derivedData/Build/Products/Debug-watchos/PackageFrameworks
WriteAuxiliaryFile /Users/admin/builder/spi-builder-workspace/.derivedData/Build/Intermediates.noindex/Figranium.build/Debug-watchos/Figranium.build/Figranium.modulemap (in target 'Figranium' from project 'Figranium')
cd /Users/admin/builder/spi-builder-workspace
write-file /Users/admin/builder/spi-builder-workspace/.derivedData/Build/Intermediates.noindex/Figranium.build/Debug-watchos/Figranium.build/Figranium.modulemap
WriteAuxiliaryFile /Users/admin/builder/spi-builder-workspace/.derivedData/Build/Intermediates.noindex/Figranium.build/Debug-watchos/Figranium.build/Objects-normal/arm64_32/Figranium.SwiftFileList (in target 'Figranium' from project 'Figranium')
cd /Users/admin/builder/spi-builder-workspace
write-file /Users/admin/builder/spi-builder-workspace/.derivedData/Build/Intermediates.noindex/Figranium.build/Debug-watchos/Figranium.build/Objects-normal/arm64_32/Figranium.SwiftFileList
WriteAuxiliaryFile /Users/admin/builder/spi-builder-workspace/.derivedData/Build/Intermediates.noindex/Figranium.build/Debug-watchos/Figranium.build/Objects-normal/arm64_32/Figranium.SwiftConstValuesFileList (in target 'Figranium' from project 'Figranium')
cd /Users/admin/builder/spi-builder-workspace
write-file /Users/admin/builder/spi-builder-workspace/.derivedData/Build/Intermediates.noindex/Figranium.build/Debug-watchos/Figranium.build/Objects-normal/arm64_32/Figranium.SwiftConstValuesFileList
WriteAuxiliaryFile /Users/admin/builder/spi-builder-workspace/.derivedData/Build/Intermediates.noindex/Figranium.build/Debug-watchos/Figranium.build/Objects-normal/arm64_32/Figranium.LinkFileList (in target 'Figranium' from project 'Figranium')
cd /Users/admin/builder/spi-builder-workspace
write-file /Users/admin/builder/spi-builder-workspace/.derivedData/Build/Intermediates.noindex/Figranium.build/Debug-watchos/Figranium.build/Objects-normal/arm64_32/Figranium.LinkFileList
WriteAuxiliaryFile /Users/admin/builder/spi-builder-workspace/.derivedData/Build/Intermediates.noindex/Figranium.build/Debug-watchos/Figranium.build/Objects-normal/arm64_32/Figranium-OutputFileMap.json (in target 'Figranium' from project 'Figranium')
cd /Users/admin/builder/spi-builder-workspace
write-file /Users/admin/builder/spi-builder-workspace/.derivedData/Build/Intermediates.noindex/Figranium.build/Debug-watchos/Figranium.build/Objects-normal/arm64_32/Figranium-OutputFileMap.json
WriteAuxiliaryFile /Users/admin/builder/spi-builder-workspace/.derivedData/Build/Intermediates.noindex/Figranium.build/Debug-watchos/Figranium.build/Objects-normal/arm64/Figranium.SwiftFileList (in target 'Figranium' from project 'Figranium')
cd /Users/admin/builder/spi-builder-workspace
write-file /Users/admin/builder/spi-builder-workspace/.derivedData/Build/Intermediates.noindex/Figranium.build/Debug-watchos/Figranium.build/Objects-normal/arm64/Figranium.SwiftFileList
WriteAuxiliaryFile /Users/admin/builder/spi-builder-workspace/.derivedData/Build/Intermediates.noindex/Figranium.build/Debug-watchos/Figranium.build/Objects-normal/arm64/Figranium.SwiftConstValuesFileList (in target 'Figranium' from project 'Figranium')
cd /Users/admin/builder/spi-builder-workspace
write-file /Users/admin/builder/spi-builder-workspace/.derivedData/Build/Intermediates.noindex/Figranium.build/Debug-watchos/Figranium.build/Objects-normal/arm64/Figranium.SwiftConstValuesFileList
WriteAuxiliaryFile /Users/admin/builder/spi-builder-workspace/.derivedData/Build/Intermediates.noindex/Figranium.build/Debug-watchos/Figranium.build/Objects-normal/arm64_32/Figranium_const_extract_protocols.json (in target 'Figranium' from project 'Figranium')
cd /Users/admin/builder/spi-builder-workspace
write-file /Users/admin/builder/spi-builder-workspace/.derivedData/Build/Intermediates.noindex/Figranium.build/Debug-watchos/Figranium.build/Objects-normal/arm64_32/Figranium_const_extract_protocols.json
WriteAuxiliaryFile /Users/admin/builder/spi-builder-workspace/.derivedData/Build/Intermediates.noindex/Figranium.build/Debug-watchos/Figranium.build/Objects-normal/arm64/Figranium_const_extract_protocols.json (in target 'Figranium' from project 'Figranium')
cd /Users/admin/builder/spi-builder-workspace
write-file /Users/admin/builder/spi-builder-workspace/.derivedData/Build/Intermediates.noindex/Figranium.build/Debug-watchos/Figranium.build/Objects-normal/arm64/Figranium_const_extract_protocols.json
WriteAuxiliaryFile /Users/admin/builder/spi-builder-workspace/.derivedData/Build/Intermediates.noindex/Figranium.build/Debug-watchos/Figranium.build/Objects-normal/arm64/Figranium.LinkFileList (in target 'Figranium' from project 'Figranium')
cd /Users/admin/builder/spi-builder-workspace
write-file /Users/admin/builder/spi-builder-workspace/.derivedData/Build/Intermediates.noindex/Figranium.build/Debug-watchos/Figranium.build/Objects-normal/arm64/Figranium.LinkFileList
WriteAuxiliaryFile /Users/admin/builder/spi-builder-workspace/.derivedData/Build/Intermediates.noindex/Figranium.build/Debug-watchos/Figranium.build/Objects-normal/arm64/Figranium-OutputFileMap.json (in target 'Figranium' from project 'Figranium')
cd /Users/admin/builder/spi-builder-workspace
write-file /Users/admin/builder/spi-builder-workspace/.derivedData/Build/Intermediates.noindex/Figranium.build/Debug-watchos/Figranium.build/Objects-normal/arm64/Figranium-OutputFileMap.json
WriteAuxiliaryFile /Users/admin/builder/spi-builder-workspace/.derivedData/Build/Intermediates.noindex/Figranium.build/Debug-watchos/Figranium.build/Figranium.DependencyMetadataFileList (in target 'Figranium' from project 'Figranium')
cd /Users/admin/builder/spi-builder-workspace
write-file /Users/admin/builder/spi-builder-workspace/.derivedData/Build/Intermediates.noindex/Figranium.build/Debug-watchos/Figranium.build/Figranium.DependencyMetadataFileList
WriteAuxiliaryFile /Users/admin/builder/spi-builder-workspace/.derivedData/Build/Intermediates.noindex/Figranium.build/Debug-watchos/Figranium.build/Figranium.DependencyStaticMetadataFileList (in target 'Figranium' from project 'Figranium')
cd /Users/admin/builder/spi-builder-workspace
write-file /Users/admin/builder/spi-builder-workspace/.derivedData/Build/Intermediates.noindex/Figranium.build/Debug-watchos/Figranium.build/Figranium.DependencyStaticMetadataFileList
Copy /Users/admin/builder/spi-builder-workspace/.derivedData/Build/Intermediates.noindex/GeneratedModuleMaps-watchos/Figranium.modulemap /Users/admin/builder/spi-builder-workspace/.derivedData/Build/Intermediates.noindex/Figranium.build/Debug-watchos/Figranium.build/Figranium.modulemap (in target 'Figranium' from project 'Figranium')
cd /Users/admin/builder/spi-builder-workspace
builtin-copy -exclude .DS_Store -exclude CVS -exclude .svn -exclude .git -exclude .hg -resolve-src-symlinks /Users/admin/builder/spi-builder-workspace/.derivedData/Build/Intermediates.noindex/Figranium.build/Debug-watchos/Figranium.build/Figranium.modulemap /Users/admin/builder/spi-builder-workspace/.derivedData/Build/Intermediates.noindex/GeneratedModuleMaps-watchos
SwiftDriver Figranium normal arm64 com.apple.xcode.tools.swift.compiler (in target 'Figranium' from project 'Figranium')
cd /Users/admin/builder/spi-builder-workspace/.swiftpm/xcode
builtin-SwiftDriver -- /Applications/Xcode-16.3.0.app/Contents/Developer/Toolchains/XcodeDefault.xctoolchain/usr/bin/swiftc -module-name Figranium -Onone -enforce-exclusivity\=checked @/Users/admin/builder/spi-builder-workspace/.derivedData/Build/Intermediates.noindex/Figranium.build/Debug-watchos/Figranium.build/Objects-normal/arm64/Figranium.SwiftFileList -DSWIFT_PACKAGE -DDEBUG -stats-output-dir .stats -plugin-path /Applications/Xcode-16.3.0.app/Contents/Developer/Toolchains/XcodeDefault.xctoolchain/usr/lib/swift/host/plugins/testing -enable-experimental-feature DebugDescriptionMacro -sdk /Applications/Xcode-16.3.0.app/Contents/Developer/Platforms/WatchOS.platform/Developer/SDKs/WatchOS11.4.sdk -target arm64-apple-watchos9.0 -g -module-cache-path /Users/admin/builder/spi-builder-workspace/.derivedData/ModuleCache.noindex -Xfrontend -serialize-debugging-options -profile-coverage-mapping -profile-generate -enable-testing -index-store-path /Users/admin/builder/spi-builder-workspace/.derivedData/Index.noindex/DataStore -swift-version 6 -I /Users/admin/builder/spi-builder-workspace/.derivedData/Build/Products/Debug-watchos -I /Applications/Xcode-16.3.0.app/Contents/Developer/Platforms/WatchOS.platform/Developer/usr/lib -F /Users/admin/builder/spi-builder-workspace/.derivedData/Build/Products/Debug-watchos -F /Applications/Xcode-16.3.0.app/Contents/Developer/Platforms/WatchOS.platform/Developer/Library/Frameworks -F /Applications/Xcode-16.3.0.app/Contents/Developer/Platforms/WatchOS.platform/Developer/SDKs/WatchOS11.4.sdk/Developer/Library/Frameworks -c -j10 -enable-batch-mode -incremental -Xcc -ivfsstatcache -Xcc /Users/admin/builder/spi-builder-workspace/.derivedData/SDKStatCaches.noindex/watchos11.4-22T246-43efb940ff07ba2497b70ec94253f576.sdkstatcache -output-file-map /Users/admin/builder/spi-builder-workspace/.derivedData/Build/Intermediates.noindex/Figranium.build/Debug-watchos/Figranium.build/Objects-normal/arm64/Figranium-OutputFileMap.json -use-frontend-parseable-output -save-temps -no-color-diagnostics -serialize-diagnostics -emit-dependencies -emit-module -emit-module-path /Users/admin/builder/spi-builder-workspace/.derivedData/Build/Intermediates.noindex/Figranium.build/Debug-watchos/Figranium.build/Objects-normal/arm64/Figranium.swiftmodule -validate-clang-modules-once -clang-build-session-file /Users/admin/builder/spi-builder-workspace/.derivedData/ModuleCache.noindex/Session.modulevalidation -package-name spi_builder_workspace -Xcc -I/Users/admin/builder/spi-builder-workspace/.derivedData/Build/Intermediates.noindex/Figranium.build/Debug-watchos/Figranium.build/swift-overrides.hmap -emit-const-values -Xfrontend -const-gather-protocols-file -Xfrontend /Users/admin/builder/spi-builder-workspace/.derivedData/Build/Intermediates.noindex/Figranium.build/Debug-watchos/Figranium.build/Objects-normal/arm64/Figranium_const_extract_protocols.json -Xcc -I/Users/admin/builder/spi-builder-workspace/.derivedData/Build/Products/Debug-watchos/include -Xcc -I/Users/admin/builder/spi-builder-workspace/.derivedData/Build/Intermediates.noindex/Figranium.build/Debug-watchos/Figranium.build/DerivedSources-normal/arm64 -Xcc -I/Users/admin/builder/spi-builder-workspace/.derivedData/Build/Intermediates.noindex/Figranium.build/Debug-watchos/Figranium.build/DerivedSources/arm64 -Xcc -I/Users/admin/builder/spi-builder-workspace/.derivedData/Build/Intermediates.noindex/Figranium.build/Debug-watchos/Figranium.build/DerivedSources -Xcc -DSWIFT_PACKAGE -Xcc -DDEBUG\=1 -emit-objc-header -emit-objc-header-path /Users/admin/builder/spi-builder-workspace/.derivedData/Build/Intermediates.noindex/Figranium.build/Debug-watchos/Figranium.build/Objects-normal/arm64/Figranium-Swift.h -working-directory /Users/admin/builder/spi-builder-workspace/.swiftpm/xcode -experimental-emit-module-separately -disable-cmo
SwiftDriver Figranium normal arm64_32 com.apple.xcode.tools.swift.compiler (in target 'Figranium' from project 'Figranium')
cd /Users/admin/builder/spi-builder-workspace/.swiftpm/xcode
builtin-SwiftDriver -- /Applications/Xcode-16.3.0.app/Contents/Developer/Toolchains/XcodeDefault.xctoolchain/usr/bin/swiftc -module-name Figranium -Onone -enforce-exclusivity\=checked @/Users/admin/builder/spi-builder-workspace/.derivedData/Build/Intermediates.noindex/Figranium.build/Debug-watchos/Figranium.build/Objects-normal/arm64_32/Figranium.SwiftFileList -DSWIFT_PACKAGE -DDEBUG -stats-output-dir .stats -plugin-path /Applications/Xcode-16.3.0.app/Contents/Developer/Toolchains/XcodeDefault.xctoolchain/usr/lib/swift/host/plugins/testing -enable-experimental-feature DebugDescriptionMacro -sdk /Applications/Xcode-16.3.0.app/Contents/Developer/Platforms/WatchOS.platform/Developer/SDKs/WatchOS11.4.sdk -target arm64_32-apple-watchos9.0 -g -module-cache-path /Users/admin/builder/spi-builder-workspace/.derivedData/ModuleCache.noindex -Xfrontend -serialize-debugging-options -profile-coverage-mapping -profile-generate -enable-testing -index-store-path /Users/admin/builder/spi-builder-workspace/.derivedData/Index.noindex/DataStore -swift-version 6 -I /Users/admin/builder/spi-builder-workspace/.derivedData/Build/Products/Debug-watchos -I /Applications/Xcode-16.3.0.app/Contents/Developer/Platforms/WatchOS.platform/Developer/usr/lib -F /Users/admin/builder/spi-builder-workspace/.derivedData/Build/Products/Debug-watchos -F /Applications/Xcode-16.3.0.app/Contents/Developer/Platforms/WatchOS.platform/Developer/Library/Frameworks -F /Applications/Xcode-16.3.0.app/Contents/Developer/Platforms/WatchOS.platform/Developer/SDKs/WatchOS11.4.sdk/Developer/Library/Frameworks -c -j10 -enable-batch-mode -incremental -Xcc -ivfsstatcache -Xcc /Users/admin/builder/spi-builder-workspace/.derivedData/SDKStatCaches.noindex/watchos11.4-22T246-43efb940ff07ba2497b70ec94253f576.sdkstatcache -output-file-map /Users/admin/builder/spi-builder-workspace/.derivedData/Build/Intermediates.noindex/Figranium.build/Debug-watchos/Figranium.build/Objects-normal/arm64_32/Figranium-OutputFileMap.json -use-frontend-parseable-output -save-temps -no-color-diagnostics -serialize-diagnostics -emit-dependencies -emit-module -emit-module-path /Users/admin/builder/spi-builder-workspace/.derivedData/Build/Intermediates.noindex/Figranium.build/Debug-watchos/Figranium.build/Objects-normal/arm64_32/Figranium.swiftmodule -validate-clang-modules-once -clang-build-session-file /Users/admin/builder/spi-builder-workspace/.derivedData/ModuleCache.noindex/Session.modulevalidation -package-name spi_builder_workspace -Xcc -I/Users/admin/builder/spi-builder-workspace/.derivedData/Build/Intermediates.noindex/Figranium.build/Debug-watchos/Figranium.build/swift-overrides.hmap -emit-const-values -Xfrontend -const-gather-protocols-file -Xfrontend /Users/admin/builder/spi-builder-workspace/.derivedData/Build/Intermediates.noindex/Figranium.build/Debug-watchos/Figranium.build/Objects-normal/arm64_32/Figranium_const_extract_protocols.json -Xcc -I/Users/admin/builder/spi-builder-workspace/.derivedData/Build/Products/Debug-watchos/include -Xcc -I/Users/admin/builder/spi-builder-workspace/.derivedData/Build/Intermediates.noindex/Figranium.build/Debug-watchos/Figranium.build/DerivedSources-normal/arm64_32 -Xcc -I/Users/admin/builder/spi-builder-workspace/.derivedData/Build/Intermediates.noindex/Figranium.build/Debug-watchos/Figranium.build/DerivedSources/arm64_32 -Xcc -I/Users/admin/builder/spi-builder-workspace/.derivedData/Build/Intermediates.noindex/Figranium.build/Debug-watchos/Figranium.build/DerivedSources -Xcc -DSWIFT_PACKAGE -Xcc -DDEBUG\=1 -emit-objc-header -emit-objc-header-path /Users/admin/builder/spi-builder-workspace/.derivedData/Build/Intermediates.noindex/Figranium.build/Debug-watchos/Figranium.build/Objects-normal/arm64_32/Figranium-Swift.h -working-directory /Users/admin/builder/spi-builder-workspace/.swiftpm/xcode -experimental-emit-module-separately -disable-cmo
SwiftEmitModule normal arm64_32 Emitting\ module\ for\ Figranium (in target 'Figranium' from project 'Figranium')
EmitSwiftModule normal arm64_32 (in target 'Figranium' from project 'Figranium')
cd /Users/admin/builder/spi-builder-workspace/.swiftpm/xcode
SwiftCompile normal arm64_32 Compiling\ AppIntents.swift /Users/admin/builder/spi-builder-workspace/Sources/Figranium/AppIntents.swift (in target 'Figranium' from project 'Figranium')
SwiftCompile normal arm64_32 /Users/admin/builder/spi-builder-workspace/Sources/Figranium/AppIntents.swift (in target 'Figranium' from project 'Figranium')
cd /Users/admin/builder/spi-builder-workspace/.swiftpm/xcode
SwiftCompile normal arm64_32 Compiling\ Actions.swift /Users/admin/builder/spi-builder-workspace/Sources/Figranium/Actions.swift (in target 'Figranium' from project 'Figranium')
SwiftCompile normal arm64_32 /Users/admin/builder/spi-builder-workspace/Sources/Figranium/Actions.swift (in target 'Figranium' from project 'Figranium')
cd /Users/admin/builder/spi-builder-workspace/.swiftpm/xcode
SwiftCompile normal arm64_32 Compiling\ FoundationModels.swift /Users/admin/builder/spi-builder-workspace/Sources/Figranium/FoundationModels.swift (in target 'Figranium' from project 'Figranium')
SwiftCompile normal arm64_32 /Users/admin/builder/spi-builder-workspace/Sources/Figranium/FoundationModels.swift (in target 'Figranium' from project 'Figranium')
cd /Users/admin/builder/spi-builder-workspace/.swiftpm/xcode
SwiftCompile normal arm64_32 Compiling\ Models.swift /Users/admin/builder/spi-builder-workspace/Sources/Figranium/Models.swift (in target 'Figranium' from project 'Figranium')
SwiftCompile normal arm64_32 /Users/admin/builder/spi-builder-workspace/Sources/Figranium/Models.swift (in target 'Figranium' from project 'Figranium')
cd /Users/admin/builder/spi-builder-workspace/.swiftpm/xcode
SwiftCompile normal arm64_32 Compiling\ Client.swift /Users/admin/builder/spi-builder-workspace/Sources/Figranium/Client.swift (in target 'Figranium' from project 'Figranium')
Failed frontend command:
/Applications/Xcode-16.3.0.app/Contents/Developer/Toolchains/XcodeDefault.xctoolchain/usr/bin/swift-frontend -frontend -c /Users/admin/builder/spi-builder-workspace/Sources/Figranium/Actions.swift /Users/admin/builder/spi-builder-workspace/Sources/Figranium/AppIntents.swift -primary-file /Users/admin/builder/spi-builder-workspace/Sources/Figranium/Client.swift /Users/admin/builder/spi-builder-workspace/Sources/Figranium/FoundationModels.swift /Users/admin/builder/spi-builder-workspace/Sources/Figranium/Models.swift /Users/admin/builder/spi-builder-workspace/Sources/Figranium/Resources.swift /Users/admin/builder/spi-builder-workspace/Sources/Figranium/Templates.swift -emit-dependencies-path /Users/admin/builder/spi-builder-workspace/.derivedData/Build/Intermediates.noindex/Figranium.build/Debug-watchos/Figranium.build/Objects-normal/arm64_32/Client.d -emit-const-values-path /Users/admin/builder/spi-builder-workspace/.derivedData/Build/Intermediates.noindex/Figranium.build/Debug-watchos/Figranium.build/Objects-normal/arm64_32/Client.swiftconstvalues -emit-reference-dependencies-path /Users/admin/builder/spi-builder-workspace/.derivedData/Build/Intermediates.noindex/Figranium.build/Debug-watchos/Figranium.build/Objects-normal/arm64_32/Client.swiftdeps -serialize-diagnostics-path /Users/admin/builder/spi-builder-workspace/.derivedData/Build/Intermediates.noindex/Figranium.build/Debug-watchos/Figranium.build/Objects-normal/arm64_32/Client.dia -target arm64_32-apple-watchos9.0 -enable-objc-interop -sdk /Applications/Xcode-16.3.0.app/Contents/Developer/Platforms/WatchOS.platform/Developer/SDKs/WatchOS11.4.sdk -I /Users/admin/builder/spi-builder-workspace/.derivedData/Build/Products/Debug-watchos -I /Applications/Xcode-16.3.0.app/Contents/Developer/Platforms/WatchOS.platform/Developer/usr/lib -F /Users/admin/builder/spi-builder-workspace/.derivedData/Build/Products/Debug-watchos -F /Applications/Xcode-16.3.0.app/Contents/Developer/Platforms/WatchOS.platform/Developer/Library/Frameworks -F /Applications/Xcode-16.3.0.app/Contents/Developer/Platforms/WatchOS.platform/Developer/SDKs/WatchOS11.4.sdk/Developer/Library/Frameworks -no-color-diagnostics -enable-testing -g -debug-info-format\=dwarf -dwarf-version\=4 -module-cache-path /Users/admin/builder/spi-builder-workspace/.derivedData/ModuleCache.noindex -profile-generate -profile-coverage-mapping -swift-version 6 -enforce-exclusivity\=checked -stats-output-dir /Users/admin/builder/spi-builder-workspace/.swiftpm/xcode/.stats -Onone -D SWIFT_PACKAGE -D DEBUG -serialize-debugging-options -const-gather-protocols-file /Users/admin/builder/spi-builder-workspace/.derivedData/Build/Intermediates.noindex/Figranium.build/Debug-watchos/Figranium.build/Objects-normal/arm64_32/Figranium_const_extract_protocols.json -enable-experimental-feature DebugDescriptionMacro -empty-abi-descriptor -plugin-path /Applications/Xcode-16.3.0.app/Contents/Developer/Toolchains/XcodeDefault.xctoolchain/usr/lib/swift/host/plugins/testing -validate-clang-modules-once -clang-build-session-file /Users/admin/builder/spi-builder-workspace/.derivedData/ModuleCache.noindex/Session.modulevalidation -Xcc -working-directory -Xcc /Users/admin/builder/spi-builder-workspace/.swiftpm/xcode -resource-dir /Applications/Xcode-16.3.0.app/Contents/Developer/Toolchains/XcodeDefault.xctoolchain/usr/lib/swift -enable-anonymous-context-mangled-names -file-compilation-dir /Users/admin/builder/spi-builder-workspace/.swiftpm/xcode -Xcc -ivfsstatcache -Xcc /Users/admin/builder/spi-builder-workspace/.derivedData/SDKStatCaches.noindex/watchos11.4-22T246-43efb940ff07ba2497b70ec94253f576.sdkstatcache -Xcc -I/Users/admin/builder/spi-builder-workspace/.derivedData/Build/Intermediates.noindex/Figranium.build/Debug-watchos/Figranium.build/swift-overrides.hmap -Xcc -I/Users/admin/builder/spi-builder-workspace/.derivedData/Build/Products/Debug-watchos/include -Xcc -I/Users/admin/builder/spi-builder-workspace/.derivedData/Build/Intermediates.noindex/Figranium.build/Debug-watchos/Figranium.build/DerivedSources-normal/arm64_32 -Xcc -I/Users/admin/builder/spi-builder-workspace/.derivedData/Build/Intermediates.noindex/Figranium.build/Debug-watchos/Figranium.build/DerivedSources/arm64_32 -Xcc -I/Users/admin/builder/spi-builder-workspace/.derivedData/Build/Intermediates.noindex/Figranium.build/Debug-watchos/Figranium.build/DerivedSources -Xcc -DSWIFT_PACKAGE -Xcc -DDEBUG\=1 -module-name Figranium -package-name spi_builder_workspace -frontend-parseable-output -disable-clang-spi -target-sdk-version 11.4 -target-sdk-name watchos11.4 -external-plugin-path /Applications/Xcode-16.3.0.app/Contents/Developer/Platforms/WatchOS.platform/Developer/usr/lib/swift/host/plugins\#/Applications/Xcode-16.3.0.app/Contents/Developer/Platforms/WatchOS.platform/Developer/usr/bin/swift-plugin-server -external-plugin-path /Applications/Xcode-16.3.0.app/Contents/Developer/Platforms/WatchOS.platform/Developer/usr/local/lib/swift/host/plugins\#/Applications/Xcode-16.3.0.app/Contents/Developer/Platforms/WatchOS.platform/Developer/usr/bin/swift-plugin-server -in-process-plugin-server-path /Applications/Xcode-16.3.0.app/Contents/Developer/Toolchains/XcodeDefault.xctoolchain/usr/lib/swift/host/libSwiftInProcPluginServer.dylib -plugin-path /Applications/Xcode-16.3.0.app/Contents/Developer/Toolchains/XcodeDefault.xctoolchain/usr/lib/swift/host/plugins -plugin-path /Applications/Xcode-16.3.0.app/Contents/Developer/Toolchains/XcodeDefault.xctoolchain/usr/local/lib/swift/host/plugins -o /Users/admin/builder/spi-builder-workspace/.derivedData/Build/Intermediates.noindex/Figranium.build/Debug-watchos/Figranium.build/Objects-normal/arm64_32/Client.o -index-unit-output-path /Figranium.build/Debug-watchos/Figranium.build/Objects-normal/arm64_32/Client.o -index-store-path /Users/admin/builder/spi-builder-workspace/.derivedData/Index.noindex/DataStore -index-system-modules
SwiftCompile normal arm64_32 /Users/admin/builder/spi-builder-workspace/Sources/Figranium/Client.swift (in target 'Figranium' from project 'Figranium')
cd /Users/admin/builder/spi-builder-workspace/.swiftpm/xcode
/Users/admin/builder/spi-builder-workspace/Sources/Figranium/Client.swift:73:24: error: module 'Swift' has no member named 'Task'
let task = Swift.Task { do {
^~~~~ ~~~~
SwiftCompile normal arm64_32 Compiling\ Templates.swift /Users/admin/builder/spi-builder-workspace/Sources/Figranium/Templates.swift (in target 'Figranium' from project 'Figranium')
SwiftCompile normal arm64_32 /Users/admin/builder/spi-builder-workspace/Sources/Figranium/Templates.swift (in target 'Figranium' from project 'Figranium')
cd /Users/admin/builder/spi-builder-workspace/.swiftpm/xcode
SwiftCompile normal arm64_32 Compiling\ Resources.swift /Users/admin/builder/spi-builder-workspace/Sources/Figranium/Resources.swift (in target 'Figranium' from project 'Figranium')
SwiftCompile normal arm64_32 /Users/admin/builder/spi-builder-workspace/Sources/Figranium/Resources.swift (in target 'Figranium' from project 'Figranium')
cd /Users/admin/builder/spi-builder-workspace/.swiftpm/xcode
/Users/admin/builder/spi-builder-workspace/Sources/Figranium/Resources.swift:48:207: error: module 'Swift' has no member named 'Task'
public func watch(_ executionID: String, interval: Duration = .seconds(1), options: RequestOptions = .init()) -> AsyncThrowingStream<Execution, Error> { AsyncThrowingStream { continuation in let task = Swift.Task { do { var lastStatus: String?; while !Swift.Task.isCancelled { let value = try await get(executionID, options: options); if value.status != lastStatus { continuation.yield(value); lastStatus = value.status }; if ["success", "error", "stopped", "crashed", "anti_bot"].contains(value.outcome ?? value.status ?? "") { continuation.finish(); return }; try await Swift.Task.sleep(for: interval) } } catch { continuation.finish(throwing: error) } }; continuation.onTermination = { _ in task.cancel() } } }
^~~~~ ~~~~
/Users/admin/builder/spi-builder-workspace/Sources/Figranium/Resources.swift:48:257: error: module 'Swift' has no member named 'Task'
public func watch(_ executionID: String, interval: Duration = .seconds(1), options: RequestOptions = .init()) -> AsyncThrowingStream<Execution, Error> { AsyncThrowingStream { continuation in let task = Swift.Task { do { var lastStatus: String?; while !Swift.Task.isCancelled { let value = try await get(executionID, options: options); if value.status != lastStatus { continuation.yield(value); lastStatus = value.status }; if ["success", "error", "stopped", "crashed", "anti_bot"].contains(value.outcome ?? value.status ?? "") { continuation.finish(); return }; try await Swift.Task.sleep(for: interval) } } catch { continuation.finish(throwing: error) } }; continuation.onTermination = { _ in task.cancel() } } }
^~~~~ ~~~~
SwiftCompile normal arm64 Compiling\ Actions.swift /Users/admin/builder/spi-builder-workspace/Sources/Figranium/Actions.swift (in target 'Figranium' from project 'Figranium')
SwiftCompile normal arm64 /Users/admin/builder/spi-builder-workspace/Sources/Figranium/Actions.swift (in target 'Figranium' from project 'Figranium')
cd /Users/admin/builder/spi-builder-workspace/.swiftpm/xcode
SwiftEmitModule normal arm64 Emitting\ module\ for\ Figranium (in target 'Figranium' from project 'Figranium')
EmitSwiftModule normal arm64 (in target 'Figranium' from project 'Figranium')
cd /Users/admin/builder/spi-builder-workspace/.swiftpm/xcode
SwiftCompile normal arm64 Compiling\ Models.swift /Users/admin/builder/spi-builder-workspace/Sources/Figranium/Models.swift (in target 'Figranium' from project 'Figranium')
SwiftCompile normal arm64 /Users/admin/builder/spi-builder-workspace/Sources/Figranium/Models.swift (in target 'Figranium' from project 'Figranium')
cd /Users/admin/builder/spi-builder-workspace/.swiftpm/xcode
SwiftCompile normal arm64 Compiling\ Templates.swift /Users/admin/builder/spi-builder-workspace/Sources/Figranium/Templates.swift (in target 'Figranium' from project 'Figranium')
SwiftCompile normal arm64 /Users/admin/builder/spi-builder-workspace/Sources/Figranium/Templates.swift (in target 'Figranium' from project 'Figranium')
cd /Users/admin/builder/spi-builder-workspace/.swiftpm/xcode
SwiftDriverJobDiscovery normal arm64_32 Emitting module for Figranium (in target 'Figranium' from project 'Figranium')
SwiftDriverJobDiscovery normal arm64 Emitting module for Figranium (in target 'Figranium' from project 'Figranium')
SwiftDriver\ Compilation\ Requirements Figranium normal arm64_32 com.apple.xcode.tools.swift.compiler (in target 'Figranium' from project 'Figranium')
cd /Users/admin/builder/spi-builder-workspace/.swiftpm/xcode
builtin-Swift-Compilation-Requirements -- /Applications/Xcode-16.3.0.app/Contents/Developer/Toolchains/XcodeDefault.xctoolchain/usr/bin/swiftc -module-name Figranium -Onone -enforce-exclusivity\=checked @/Users/admin/builder/spi-builder-workspace/.derivedData/Build/Intermediates.noindex/Figranium.build/Debug-watchos/Figranium.build/Objects-normal/arm64_32/Figranium.SwiftFileList -DSWIFT_PACKAGE -DDEBUG -stats-output-dir .stats -plugin-path /Applications/Xcode-16.3.0.app/Contents/Developer/Toolchains/XcodeDefault.xctoolchain/usr/lib/swift/host/plugins/testing -enable-experimental-feature DebugDescriptionMacro -sdk /Applications/Xcode-16.3.0.app/Contents/Developer/Platforms/WatchOS.platform/Developer/SDKs/WatchOS11.4.sdk -target arm64_32-apple-watchos9.0 -g -module-cache-path /Users/admin/builder/spi-builder-workspace/.derivedData/ModuleCache.noindex -Xfrontend -serialize-debugging-options -profile-coverage-mapping -profile-generate -enable-testing -index-store-path /Users/admin/builder/spi-builder-workspace/.derivedData/Index.noindex/DataStore -swift-version 6 -I /Users/admin/builder/spi-builder-workspace/.derivedData/Build/Products/Debug-watchos -I /Applications/Xcode-16.3.0.app/Contents/Developer/Platforms/WatchOS.platform/Developer/usr/lib -F /Users/admin/builder/spi-builder-workspace/.derivedData/Build/Products/Debug-watchos -F /Applications/Xcode-16.3.0.app/Contents/Developer/Platforms/WatchOS.platform/Developer/Library/Frameworks -F /Applications/Xcode-16.3.0.app/Contents/Developer/Platforms/WatchOS.platform/Developer/SDKs/WatchOS11.4.sdk/Developer/Library/Frameworks -c -j10 -enable-batch-mode -incremental -Xcc -ivfsstatcache -Xcc /Users/admin/builder/spi-builder-workspace/.derivedData/SDKStatCaches.noindex/watchos11.4-22T246-43efb940ff07ba2497b70ec94253f576.sdkstatcache -output-file-map /Users/admin/builder/spi-builder-workspace/.derivedData/Build/Intermediates.noindex/Figranium.build/Debug-watchos/Figranium.build/Objects-normal/arm64_32/Figranium-OutputFileMap.json -use-frontend-parseable-output -save-temps -no-color-diagnostics -serialize-diagnostics -emit-dependencies -emit-module -emit-module-path /Users/admin/builder/spi-builder-workspace/.derivedData/Build/Intermediates.noindex/Figranium.build/Debug-watchos/Figranium.build/Objects-normal/arm64_32/Figranium.swiftmodule -validate-clang-modules-once -clang-build-session-file /Users/admin/builder/spi-builder-workspace/.derivedData/ModuleCache.noindex/Session.modulevalidation -package-name spi_builder_workspace -Xcc -I/Users/admin/builder/spi-builder-workspace/.derivedData/Build/Intermediates.noindex/Figranium.build/Debug-watchos/Figranium.build/swift-overrides.hmap -emit-const-values -Xfrontend -const-gather-protocols-file -Xfrontend /Users/admin/builder/spi-builder-workspace/.derivedData/Build/Intermediates.noindex/Figranium.build/Debug-watchos/Figranium.build/Objects-normal/arm64_32/Figranium_const_extract_protocols.json -Xcc -I/Users/admin/builder/spi-builder-workspace/.derivedData/Build/Products/Debug-watchos/include -Xcc -I/Users/admin/builder/spi-builder-workspace/.derivedData/Build/Intermediates.noindex/Figranium.build/Debug-watchos/Figranium.build/DerivedSources-normal/arm64_32 -Xcc -I/Users/admin/builder/spi-builder-workspace/.derivedData/Build/Intermediates.noindex/Figranium.build/Debug-watchos/Figranium.build/DerivedSources/arm64_32 -Xcc -I/Users/admin/builder/spi-builder-workspace/.derivedData/Build/Intermediates.noindex/Figranium.build/Debug-watchos/Figranium.build/DerivedSources -Xcc -DSWIFT_PACKAGE -Xcc -DDEBUG\=1 -emit-objc-header -emit-objc-header-path /Users/admin/builder/spi-builder-workspace/.derivedData/Build/Intermediates.noindex/Figranium.build/Debug-watchos/Figranium.build/Objects-normal/arm64_32/Figranium-Swift.h -working-directory /Users/admin/builder/spi-builder-workspace/.swiftpm/xcode -experimental-emit-module-separately -disable-cmo
SwiftDriverJobDiscovery normal arm64_32 Compiling FoundationModels.swift (in target 'Figranium' from project 'Figranium')
SwiftDriver\ Compilation\ Requirements Figranium normal arm64 com.apple.xcode.tools.swift.compiler (in target 'Figranium' from project 'Figranium')
cd /Users/admin/builder/spi-builder-workspace/.swiftpm/xcode
builtin-Swift-Compilation-Requirements -- /Applications/Xcode-16.3.0.app/Contents/Developer/Toolchains/XcodeDefault.xctoolchain/usr/bin/swiftc -module-name Figranium -Onone -enforce-exclusivity\=checked @/Users/admin/builder/spi-builder-workspace/.derivedData/Build/Intermediates.noindex/Figranium.build/Debug-watchos/Figranium.build/Objects-normal/arm64/Figranium.SwiftFileList -DSWIFT_PACKAGE -DDEBUG -stats-output-dir .stats -plugin-path /Applications/Xcode-16.3.0.app/Contents/Developer/Toolchains/XcodeDefault.xctoolchain/usr/lib/swift/host/plugins/testing -enable-experimental-feature DebugDescriptionMacro -sdk /Applications/Xcode-16.3.0.app/Contents/Developer/Platforms/WatchOS.platform/Developer/SDKs/WatchOS11.4.sdk -target arm64-apple-watchos9.0 -g -module-cache-path /Users/admin/builder/spi-builder-workspace/.derivedData/ModuleCache.noindex -Xfrontend -serialize-debugging-options -profile-coverage-mapping -profile-generate -enable-testing -index-store-path /Users/admin/builder/spi-builder-workspace/.derivedData/Index.noindex/DataStore -swift-version 6 -I /Users/admin/builder/spi-builder-workspace/.derivedData/Build/Products/Debug-watchos -I /Applications/Xcode-16.3.0.app/Contents/Developer/Platforms/WatchOS.platform/Developer/usr/lib -F /Users/admin/builder/spi-builder-workspace/.derivedData/Build/Products/Debug-watchos -F /Applications/Xcode-16.3.0.app/Contents/Developer/Platforms/WatchOS.platform/Developer/Library/Frameworks -F /Applications/Xcode-16.3.0.app/Contents/Developer/Platforms/WatchOS.platform/Developer/SDKs/WatchOS11.4.sdk/Developer/Library/Frameworks -c -j10 -enable-batch-mode -incremental -Xcc -ivfsstatcache -Xcc /Users/admin/builder/spi-builder-workspace/.derivedData/SDKStatCaches.noindex/watchos11.4-22T246-43efb940ff07ba2497b70ec94253f576.sdkstatcache -output-file-map /Users/admin/builder/spi-builder-workspace/.derivedData/Build/Intermediates.noindex/Figranium.build/Debug-watchos/Figranium.build/Objects-normal/arm64/Figranium-OutputFileMap.json -use-frontend-parseable-output -save-temps -no-color-diagnostics -serialize-diagnostics -emit-dependencies -emit-module -emit-module-path /Users/admin/builder/spi-builder-workspace/.derivedData/Build/Intermediates.noindex/Figranium.build/Debug-watchos/Figranium.build/Objects-normal/arm64/Figranium.swiftmodule -validate-clang-modules-once -clang-build-session-file /Users/admin/builder/spi-builder-workspace/.derivedData/ModuleCache.noindex/Session.modulevalidation -package-name spi_builder_workspace -Xcc -I/Users/admin/builder/spi-builder-workspace/.derivedData/Build/Intermediates.noindex/Figranium.build/Debug-watchos/Figranium.build/swift-overrides.hmap -emit-const-values -Xfrontend -const-gather-protocols-file -Xfrontend /Users/admin/builder/spi-builder-workspace/.derivedData/Build/Intermediates.noindex/Figranium.build/Debug-watchos/Figranium.build/Objects-normal/arm64/Figranium_const_extract_protocols.json -Xcc -I/Users/admin/builder/spi-builder-workspace/.derivedData/Build/Products/Debug-watchos/include -Xcc -I/Users/admin/builder/spi-builder-workspace/.derivedData/Build/Intermediates.noindex/Figranium.build/Debug-watchos/Figranium.build/DerivedSources-normal/arm64 -Xcc -I/Users/admin/builder/spi-builder-workspace/.derivedData/Build/Intermediates.noindex/Figranium.build/Debug-watchos/Figranium.build/DerivedSources/arm64 -Xcc -I/Users/admin/builder/spi-builder-workspace/.derivedData/Build/Intermediates.noindex/Figranium.build/Debug-watchos/Figranium.build/DerivedSources -Xcc -DSWIFT_PACKAGE -Xcc -DDEBUG\=1 -emit-objc-header -emit-objc-header-path /Users/admin/builder/spi-builder-workspace/.derivedData/Build/Intermediates.noindex/Figranium.build/Debug-watchos/Figranium.build/Objects-normal/arm64/Figranium-Swift.h -working-directory /Users/admin/builder/spi-builder-workspace/.swiftpm/xcode -experimental-emit-module-separately -disable-cmo
SwiftCompile normal arm64 Compiling\ Resources.swift /Users/admin/builder/spi-builder-workspace/Sources/Figranium/Resources.swift (in target 'Figranium' from project 'Figranium')
Failed frontend command:
/Applications/Xcode-16.3.0.app/Contents/Developer/Toolchains/XcodeDefault.xctoolchain/usr/bin/swift-frontend -frontend -c /Users/admin/builder/spi-builder-workspace/Sources/Figranium/Actions.swift /Users/admin/builder/spi-builder-workspace/Sources/Figranium/AppIntents.swift /Users/admin/builder/spi-builder-workspace/Sources/Figranium/Client.swift /Users/admin/builder/spi-builder-workspace/Sources/Figranium/FoundationModels.swift /Users/admin/builder/spi-builder-workspace/Sources/Figranium/Models.swift -primary-file /Users/admin/builder/spi-builder-workspace/Sources/Figranium/Resources.swift /Users/admin/builder/spi-builder-workspace/Sources/Figranium/Templates.swift -emit-dependencies-path /Users/admin/builder/spi-builder-workspace/.derivedData/Build/Intermediates.noindex/Figranium.build/Debug-watchos/Figranium.build/Objects-normal/arm64/Resources.d -emit-const-values-path /Users/admin/builder/spi-builder-workspace/.derivedData/Build/Intermediates.noindex/Figranium.build/Debug-watchos/Figranium.build/Objects-normal/arm64/Resources.swiftconstvalues -emit-reference-dependencies-path /Users/admin/builder/spi-builder-workspace/.derivedData/Build/Intermediates.noindex/Figranium.build/Debug-watchos/Figranium.build/Objects-normal/arm64/Resources.swiftdeps -serialize-diagnostics-path /Users/admin/builder/spi-builder-workspace/.derivedData/Build/Intermediates.noindex/Figranium.build/Debug-watchos/Figranium.build/Objects-normal/arm64/Resources.dia -target arm64-apple-watchos9.0 -Xllvm -aarch64-use-tbi -enable-objc-interop -stack-check -sdk /Applications/Xcode-16.3.0.app/Contents/Developer/Platforms/WatchOS.platform/Developer/SDKs/WatchOS11.4.sdk -I /Users/admin/builder/spi-builder-workspace/.derivedData/Build/Products/Debug-watchos -I /Applications/Xcode-16.3.0.app/Contents/Developer/Platforms/WatchOS.platform/Developer/usr/lib -F /Users/admin/builder/spi-builder-workspace/.derivedData/Build/Products/Debug-watchos -F /Applications/Xcode-16.3.0.app/Contents/Developer/Platforms/WatchOS.platform/Developer/Library/Frameworks -F /Applications/Xcode-16.3.0.app/Contents/Developer/Platforms/WatchOS.platform/Developer/SDKs/WatchOS11.4.sdk/Developer/Library/Frameworks -no-color-diagnostics -enable-testing -g -debug-info-format\=dwarf -dwarf-version\=4 -module-cache-path /Users/admin/builder/spi-builder-workspace/.derivedData/ModuleCache.noindex -profile-generate -profile-coverage-mapping -swift-version 6 -enforce-exclusivity\=checked -stats-output-dir /Users/admin/builder/spi-builder-workspace/.swiftpm/xcode/.stats -Onone -D SWIFT_PACKAGE -D DEBUG -serialize-debugging-options -const-gather-protocols-file /Users/admin/builder/spi-builder-workspace/.derivedData/Build/Intermediates.noindex/Figranium.build/Debug-watchos/Figranium.build/Objects-normal/arm64/Figranium_const_extract_protocols.json -enable-experimental-feature DebugDescriptionMacro -empty-abi-descriptor -plugin-path /Applications/Xcode-16.3.0.app/Contents/Developer/Toolchains/XcodeDefault.xctoolchain/usr/lib/swift/host/plugins/testing -validate-clang-modules-once -clang-build-session-file /Users/admin/builder/spi-builder-workspace/.derivedData/ModuleCache.noindex/Session.modulevalidation -Xcc -working-directory -Xcc /Users/admin/builder/spi-builder-workspace/.swiftpm/xcode -resource-dir /Applications/Xcode-16.3.0.app/Contents/Developer/Toolchains/XcodeDefault.xctoolchain/usr/lib/swift -enable-anonymous-context-mangled-names -file-compilation-dir /Users/admin/builder/spi-builder-workspace/.swiftpm/xcode -Xcc -ivfsstatcache -Xcc /Users/admin/builder/spi-builder-workspace/.derivedData/SDKStatCaches.noindex/watchos11.4-22T246-43efb940ff07ba2497b70ec94253f576.sdkstatcache -Xcc -I/Users/admin/builder/spi-builder-workspace/.derivedData/Build/Intermediates.noindex/Figranium.build/Debug-watchos/Figranium.build/swift-overrides.hmap -Xcc -I/Users/admin/builder/spi-builder-workspace/.derivedData/Build/Products/Debug-watchos/include -Xcc -I/Users/admin/builder/spi-builder-workspace/.derivedData/Build/Intermediates.noindex/Figranium.build/Debug-watchos/Figranium.build/DerivedSources-normal/arm64 -Xcc -I/Users/admin/builder/spi-builder-workspace/.derivedData/Build/Intermediates.noindex/Figranium.build/Debug-watchos/Figranium.build/DerivedSources/arm64 -Xcc -I/Users/admin/builder/spi-builder-workspace/.derivedData/Build/Intermediates.noindex/Figranium.build/Debug-watchos/Figranium.build/DerivedSources -Xcc -DSWIFT_PACKAGE -Xcc -DDEBUG\=1 -module-name Figranium -package-name spi_builder_workspace -frontend-parseable-output -disable-clang-spi -target-sdk-version 11.4 -target-sdk-name watchos11.4 -external-plugin-path /Applications/Xcode-16.3.0.app/Contents/Developer/Platforms/WatchOS.platform/Developer/usr/lib/swift/host/plugins\#/Applications/Xcode-16.3.0.app/Contents/Developer/Platforms/WatchOS.platform/Developer/usr/bin/swift-plugin-server -external-plugin-path /Applications/Xcode-16.3.0.app/Contents/Developer/Platforms/WatchOS.platform/Developer/usr/local/lib/swift/host/plugins\#/Applications/Xcode-16.3.0.app/Contents/Developer/Platforms/WatchOS.platform/Developer/usr/bin/swift-plugin-server -in-process-plugin-server-path /Applications/Xcode-16.3.0.app/Contents/Developer/Toolchains/XcodeDefault.xctoolchain/usr/lib/swift/host/libSwiftInProcPluginServer.dylib -plugin-path /Applications/Xcode-16.3.0.app/Contents/Developer/Toolchains/XcodeDefault.xctoolchain/usr/lib/swift/host/plugins -plugin-path /Applications/Xcode-16.3.0.app/Contents/Developer/Toolchains/XcodeDefault.xctoolchain/usr/local/lib/swift/host/plugins -o /Users/admin/builder/spi-builder-workspace/.derivedData/Build/Intermediates.noindex/Figranium.build/Debug-watchos/Figranium.build/Objects-normal/arm64/Resources.o -index-unit-output-path /Figranium.build/Debug-watchos/Figranium.build/Objects-normal/arm64/Resources.o -index-store-path /Users/admin/builder/spi-builder-workspace/.derivedData/Index.noindex/DataStore -index-system-modules
SwiftCompile normal arm64 /Users/admin/builder/spi-builder-workspace/Sources/Figranium/Resources.swift (in target 'Figranium' from project 'Figranium')
cd /Users/admin/builder/spi-builder-workspace/.swiftpm/xcode
/Users/admin/builder/spi-builder-workspace/Sources/Figranium/Resources.swift:48:207: error: module 'Swift' has no member named 'Task'
public func watch(_ executionID: String, interval: Duration = .seconds(1), options: RequestOptions = .init()) -> AsyncThrowingStream<Execution, Error> { AsyncThrowingStream { continuation in let task = Swift.Task { do { var lastStatus: String?; while !Swift.Task.isCancelled { let value = try await get(executionID, options: options); if value.status != lastStatus { continuation.yield(value); lastStatus = value.status }; if ["success", "error", "stopped", "crashed", "anti_bot"].contains(value.outcome ?? value.status ?? "") { continuation.finish(); return }; try await Swift.Task.sleep(for: interval) } } catch { continuation.finish(throwing: error) } }; continuation.onTermination = { _ in task.cancel() } } }
^~~~~ ~~~~
/Users/admin/builder/spi-builder-workspace/Sources/Figranium/Resources.swift:48:257: error: module 'Swift' has no member named 'Task'
public func watch(_ executionID: String, interval: Duration = .seconds(1), options: RequestOptions = .init()) -> AsyncThrowingStream<Execution, Error> { AsyncThrowingStream { continuation in let task = Swift.Task { do { var lastStatus: String?; while !Swift.Task.isCancelled { let value = try await get(executionID, options: options); if value.status != lastStatus { continuation.yield(value); lastStatus = value.status }; if ["success", "error", "stopped", "crashed", "anti_bot"].contains(value.outcome ?? value.status ?? "") { continuation.finish(); return }; try await Swift.Task.sleep(for: interval) } } catch { continuation.finish(throwing: error) } }; continuation.onTermination = { _ in task.cancel() } } }
^~~~~ ~~~~
SwiftMergeGeneratedHeaders /Users/admin/builder/spi-builder-workspace/.derivedData/Build/Intermediates.noindex/GeneratedModuleMaps-watchos/Figranium-Swift.h /Users/admin/builder/spi-builder-workspace/.derivedData/Build/Intermediates.noindex/Figranium.build/Debug-watchos/Figranium.build/Objects-normal/arm64/Figranium-Swift.h /Users/admin/builder/spi-builder-workspace/.derivedData/Build/Intermediates.noindex/Figranium.build/Debug-watchos/Figranium.build/Objects-normal/arm64_32/Figranium-Swift.h (in target 'Figranium' from project 'Figranium')
cd /Users/admin/builder/spi-builder-workspace
builtin-swiftHeaderTool -arch arm64 /Users/admin/builder/spi-builder-workspace/.derivedData/Build/Intermediates.noindex/Figranium.build/Debug-watchos/Figranium.build/Objects-normal/arm64/Figranium-Swift.h -arch arm64_32 /Users/admin/builder/spi-builder-workspace/.derivedData/Build/Intermediates.noindex/Figranium.build/Debug-watchos/Figranium.build/Objects-normal/arm64_32/Figranium-Swift.h -o /Users/admin/builder/spi-builder-workspace/.derivedData/Build/Intermediates.noindex/GeneratedModuleMaps-watchos/Figranium-Swift.h
SwiftDriverJobDiscovery normal arm64 Compiling Templates.swift (in target 'Figranium' from project 'Figranium')
Copy /Users/admin/builder/spi-builder-workspace/.derivedData/Build/Products/Debug-watchos/Figranium.swiftmodule/arm64_32-apple-watchos.swiftmodule /Users/admin/builder/spi-builder-workspace/.derivedData/Build/Intermediates.noindex/Figranium.build/Debug-watchos/Figranium.build/Objects-normal/arm64_32/Figranium.swiftmodule (in target 'Figranium' from project 'Figranium')
cd /Users/admin/builder/spi-builder-workspace
builtin-copy -exclude .DS_Store -exclude CVS -exclude .svn -exclude .git -exclude .hg -resolve-src-symlinks -rename /Users/admin/builder/spi-builder-workspace/.derivedData/Build/Intermediates.noindex/Figranium.build/Debug-watchos/Figranium.build/Objects-normal/arm64_32/Figranium.swiftmodule /Users/admin/builder/spi-builder-workspace/.derivedData/Build/Products/Debug-watchos/Figranium.swiftmodule/arm64_32-apple-watchos.swiftmodule
** BUILD FAILED **
The following build commands failed:
SwiftCompile normal arm64_32 Compiling\ Client.swift /Users/admin/builder/spi-builder-workspace/Sources/Figranium/Client.swift (in target 'Figranium' from project 'Figranium')
SwiftCompile normal arm64_32 /Users/admin/builder/spi-builder-workspace/Sources/Figranium/Client.swift (in target 'Figranium' from project 'Figranium')
SwiftCompile normal arm64_32 /Users/admin/builder/spi-builder-workspace/Sources/Figranium/Resources.swift (in target 'Figranium' from project 'Figranium')
SwiftCompile normal arm64 Compiling\ Resources.swift /Users/admin/builder/spi-builder-workspace/Sources/Figranium/Resources.swift (in target 'Figranium' from project 'Figranium')
SwiftCompile normal arm64 /Users/admin/builder/spi-builder-workspace/Sources/Figranium/Resources.swift (in target 'Figranium' from project 'Figranium')
Building workspace spi-builder-workspace with scheme Figranium
(6 failures)
Command line invocation:
/Applications/Xcode-16.3.0.app/Contents/Developer/usr/bin/xcodebuild -IDEClonedSourcePackagesDirPathOverride=/Users/admin/builder/spi-builder-workspace/.dependencies -resolvePackageDependencies
Resolve Package Graph
Resolved source packages:
Figranium: /Users/admin/builder/spi-builder-workspace
resolved source packages: Figranium
{
"dependencies" : [
],
"manifest_display_name" : "Figranium",
"name" : "Figranium",
"path" : "/Users/admin/builder/spi-builder-workspace",
"platforms" : [
{
"name" : "macos",
"version" : "13.0"
},
{
"name" : "ios",
"version" : "16.0"
},
{
"name" : "tvos",
"version" : "16.0"
},
{
"name" : "watchos",
"version" : "9.0"
}
],
"products" : [
{
"name" : "Figranium",
"targets" : [
"Figranium"
],
"type" : {
"library" : [
"automatic"
]
}
}
],
"targets" : [
{
"c99name" : "FigraniumTests",
"module_type" : "SwiftTarget",
"name" : "FigraniumTests",
"path" : "Tests/FigraniumTests",
"sources" : [
"FigraniumTests.swift"
],
"target_dependencies" : [
"Figranium"
],
"type" : "test"
},
{
"c99name" : "Figranium",
"module_type" : "SwiftTarget",
"name" : "Figranium",
"path" : "Sources/Figranium",
"product_memberships" : [
"Figranium"
],
"sources" : [
"Actions.swift",
"AppIntents.swift",
"Client.swift",
"FoundationModels.swift",
"Models.swift",
"Resources.swift",
"Templates.swift"
],
"type" : "library"
}
],
"tools_version" : "6.0"
}
{
"workspace" : {
"name" : "spi-builder-workspace",
"schemes" : [
"Figranium"
]
}
}
Running build ...
env DEVELOPER_DIR=/Applications/Xcode-16.3.0.app xcrun xcodebuild -IDEClonedSourcePackagesDirPathOverride=$PWD/.dependencies -skipMacroValidation -skipPackagePluginValidation -derivedDataPath $PWD/.derivedData build -scheme Figranium -destination generic/platform=watchOS
Command line invocation:
/Applications/Xcode-16.3.0.app/Contents/Developer/usr/bin/xcodebuild -IDEClonedSourcePackagesDirPathOverride=/Users/admin/builder/spi-builder-workspace/.dependencies -skipMacroValidation -skipPackagePluginValidation -derivedDataPath /Users/admin/builder/spi-builder-workspace/.derivedData build -scheme Figranium -destination generic/platform=watchOS
Resolve Package Graph
Resolved source packages:
Figranium: /Users/admin/builder/spi-builder-workspace
ComputePackagePrebuildTargetDependencyGraph
Prepare packages
CreateBuildRequest
SendProjectDescription
CreateBuildOperation
ComputeTargetDependencyGraph
note: Building targets in dependency order
note: Target dependency graph (2 targets)
Target 'Figranium' in project 'Figranium'
➜ Explicit dependency on target 'Figranium' in project 'Figranium'
Target 'Figranium' in project 'Figranium' (no dependencies)
GatherProvisioningInputs
CreateBuildDescription
ExecuteExternalTool /Applications/Xcode-16.3.0.app/Contents/Developer/Toolchains/XcodeDefault.xctoolchain/usr/bin/clang -v -E -dM -isysroot /Applications/Xcode-16.3.0.app/Contents/Developer/Platforms/WatchOS.platform/Developer/SDKs/WatchOS11.4.sdk -x c -c /dev/null
ExecuteExternalTool /Applications/Xcode-16.3.0.app/Contents/Developer/Toolchains/XcodeDefault.xctoolchain/usr/bin/swiftc --version
ExecuteExternalTool /Applications/Xcode-16.3.0.app/Contents/Developer/Toolchains/XcodeDefault.xctoolchain/usr/bin/ld -version_details
Build description signature: 80cfcac4b9040c0fe1fe8467131b89ad
Build description path: /Users/admin/builder/spi-builder-workspace/.derivedData/Build/Intermediates.noindex/XCBuildData/80cfcac4b9040c0fe1fe8467131b89ad.xcbuilddata
ClangStatCache /Applications/Xcode-16.3.0.app/Contents/Developer/Toolchains/XcodeDefault.xctoolchain/usr/bin/clang-stat-cache /Applications/Xcode-16.3.0.app/Contents/Developer/Platforms/WatchOS.platform/Developer/SDKs/WatchOS11.4.sdk /Users/admin/builder/spi-builder-workspace/.derivedData/SDKStatCaches.noindex/watchos11.4-22T246-43efb940ff07ba2497b70ec94253f576.sdkstatcache
cd /Users/admin/builder/spi-builder-workspace/.swiftpm/xcode
/Applications/Xcode-16.3.0.app/Contents/Developer/Toolchains/XcodeDefault.xctoolchain/usr/bin/clang-stat-cache /Applications/Xcode-16.3.0.app/Contents/Developer/Platforms/WatchOS.platform/Developer/SDKs/WatchOS11.4.sdk -o /Users/admin/builder/spi-builder-workspace/.derivedData/SDKStatCaches.noindex/watchos11.4-22T246-43efb940ff07ba2497b70ec94253f576.sdkstatcache
SwiftDriver Figranium normal arm64_32 com.apple.xcode.tools.swift.compiler (in target 'Figranium' from project 'Figranium')
cd /Users/admin/builder/spi-builder-workspace/.swiftpm/xcode
builtin-SwiftDriver -- /Applications/Xcode-16.3.0.app/Contents/Developer/Toolchains/XcodeDefault.xctoolchain/usr/bin/swiftc -module-name Figranium -Onone -enforce-exclusivity\=checked @/Users/admin/builder/spi-builder-workspace/.derivedData/Build/Intermediates.noindex/Figranium.build/Debug-watchos/Figranium.build/Objects-normal/arm64_32/Figranium.SwiftFileList -DSWIFT_PACKAGE -DDEBUG -DXcode -plugin-path /Applications/Xcode-16.3.0.app/Contents/Developer/Toolchains/XcodeDefault.xctoolchain/usr/lib/swift/host/plugins/testing -enable-experimental-feature DebugDescriptionMacro -sdk /Applications/Xcode-16.3.0.app/Contents/Developer/Platforms/WatchOS.platform/Developer/SDKs/WatchOS11.4.sdk -target arm64_32-apple-watchos9.0 -g -module-cache-path /Users/admin/builder/spi-builder-workspace/.derivedData/ModuleCache.noindex -Xfrontend -serialize-debugging-options -profile-coverage-mapping -profile-generate -enable-testing -index-store-path /Users/admin/builder/spi-builder-workspace/.derivedData/Index.noindex/DataStore -swift-version 6 -I /Users/admin/builder/spi-builder-workspace/.derivedData/Build/Products/Debug-watchos -I /Applications/Xcode-16.3.0.app/Contents/Developer/Platforms/WatchOS.platform/Developer/usr/lib -F /Users/admin/builder/spi-builder-workspace/.derivedData/Build/Products/Debug-watchos -F /Applications/Xcode-16.3.0.app/Contents/Developer/Platforms/WatchOS.platform/Developer/Library/Frameworks -F /Applications/Xcode-16.3.0.app/Contents/Developer/Platforms/WatchOS.platform/Developer/SDKs/WatchOS11.4.sdk/Developer/Library/Frameworks -c -j10 -enable-batch-mode -incremental -Xcc -ivfsstatcache -Xcc /Users/admin/builder/spi-builder-workspace/.derivedData/SDKStatCaches.noindex/watchos11.4-22T246-43efb940ff07ba2497b70ec94253f576.sdkstatcache -output-file-map /Users/admin/builder/spi-builder-workspace/.derivedData/Build/Intermediates.noindex/Figranium.build/Debug-watchos/Figranium.build/Objects-normal/arm64_32/Figranium-OutputFileMap.json -use-frontend-parseable-output -save-temps -no-color-diagnostics -serialize-diagnostics -emit-dependencies -emit-module -emit-module-path /Users/admin/builder/spi-builder-workspace/.derivedData/Build/Intermediates.noindex/Figranium.build/Debug-watchos/Figranium.build/Objects-normal/arm64_32/Figranium.swiftmodule -validate-clang-modules-once -clang-build-session-file /Users/admin/builder/spi-builder-workspace/.derivedData/ModuleCache.noindex/Session.modulevalidation -package-name spi_builder_workspace -Xcc -I/Users/admin/builder/spi-builder-workspace/.derivedData/Build/Intermediates.noindex/Figranium.build/Debug-watchos/Figranium.build/swift-overrides.hmap -emit-const-values -Xfrontend -const-gather-protocols-file -Xfrontend /Users/admin/builder/spi-builder-workspace/.derivedData/Build/Intermediates.noindex/Figranium.build/Debug-watchos/Figranium.build/Objects-normal/arm64_32/Figranium_const_extract_protocols.json -Xcc -I/Users/admin/builder/spi-builder-workspace/.derivedData/Build/Products/Debug-watchos/include -Xcc -I/Users/admin/builder/spi-builder-workspace/.derivedData/Build/Intermediates.noindex/Figranium.build/Debug-watchos/Figranium.build/DerivedSources-normal/arm64_32 -Xcc -I/Users/admin/builder/spi-builder-workspace/.derivedData/Build/Intermediates.noindex/Figranium.build/Debug-watchos/Figranium.build/DerivedSources/arm64_32 -Xcc -I/Users/admin/builder/spi-builder-workspace/.derivedData/Build/Intermediates.noindex/Figranium.build/Debug-watchos/Figranium.build/DerivedSources -Xcc -DSWIFT_PACKAGE -Xcc -DDEBUG\=1 -emit-objc-header -emit-objc-header-path /Users/admin/builder/spi-builder-workspace/.derivedData/Build/Intermediates.noindex/Figranium.build/Debug-watchos/Figranium.build/Objects-normal/arm64_32/Figranium-Swift.h -working-directory /Users/admin/builder/spi-builder-workspace/.swiftpm/xcode -experimental-emit-module-separately -disable-cmo
SwiftDriver Figranium normal arm64 com.apple.xcode.tools.swift.compiler (in target 'Figranium' from project 'Figranium')
cd /Users/admin/builder/spi-builder-workspace/.swiftpm/xcode
builtin-SwiftDriver -- /Applications/Xcode-16.3.0.app/Contents/Developer/Toolchains/XcodeDefault.xctoolchain/usr/bin/swiftc -module-name Figranium -Onone -enforce-exclusivity\=checked @/Users/admin/builder/spi-builder-workspace/.derivedData/Build/Intermediates.noindex/Figranium.build/Debug-watchos/Figranium.build/Objects-normal/arm64/Figranium.SwiftFileList -DSWIFT_PACKAGE -DDEBUG -DXcode -plugin-path /Applications/Xcode-16.3.0.app/Contents/Developer/Toolchains/XcodeDefault.xctoolchain/usr/lib/swift/host/plugins/testing -enable-experimental-feature DebugDescriptionMacro -sdk /Applications/Xcode-16.3.0.app/Contents/Developer/Platforms/WatchOS.platform/Developer/SDKs/WatchOS11.4.sdk -target arm64-apple-watchos9.0 -g -module-cache-path /Users/admin/builder/spi-builder-workspace/.derivedData/ModuleCache.noindex -Xfrontend -serialize-debugging-options -profile-coverage-mapping -profile-generate -enable-testing -index-store-path /Users/admin/builder/spi-builder-workspace/.derivedData/Index.noindex/DataStore -swift-version 6 -I /Users/admin/builder/spi-builder-workspace/.derivedData/Build/Products/Debug-watchos -I /Applications/Xcode-16.3.0.app/Contents/Developer/Platforms/WatchOS.platform/Developer/usr/lib -F /Users/admin/builder/spi-builder-workspace/.derivedData/Build/Products/Debug-watchos -F /Applications/Xcode-16.3.0.app/Contents/Developer/Platforms/WatchOS.platform/Developer/Library/Frameworks -F /Applications/Xcode-16.3.0.app/Contents/Developer/Platforms/WatchOS.platform/Developer/SDKs/WatchOS11.4.sdk/Developer/Library/Frameworks -c -j10 -enable-batch-mode -incremental -Xcc -ivfsstatcache -Xcc /Users/admin/builder/spi-builder-workspace/.derivedData/SDKStatCaches.noindex/watchos11.4-22T246-43efb940ff07ba2497b70ec94253f576.sdkstatcache -output-file-map /Users/admin/builder/spi-builder-workspace/.derivedData/Build/Intermediates.noindex/Figranium.build/Debug-watchos/Figranium.build/Objects-normal/arm64/Figranium-OutputFileMap.json -use-frontend-parseable-output -save-temps -no-color-diagnostics -serialize-diagnostics -emit-dependencies -emit-module -emit-module-path /Users/admin/builder/spi-builder-workspace/.derivedData/Build/Intermediates.noindex/Figranium.build/Debug-watchos/Figranium.build/Objects-normal/arm64/Figranium.swiftmodule -validate-clang-modules-once -clang-build-session-file /Users/admin/builder/spi-builder-workspace/.derivedData/ModuleCache.noindex/Session.modulevalidation -package-name spi_builder_workspace -Xcc -I/Users/admin/builder/spi-builder-workspace/.derivedData/Build/Intermediates.noindex/Figranium.build/Debug-watchos/Figranium.build/swift-overrides.hmap -emit-const-values -Xfrontend -const-gather-protocols-file -Xfrontend /Users/admin/builder/spi-builder-workspace/.derivedData/Build/Intermediates.noindex/Figranium.build/Debug-watchos/Figranium.build/Objects-normal/arm64/Figranium_const_extract_protocols.json -Xcc -I/Users/admin/builder/spi-builder-workspace/.derivedData/Build/Products/Debug-watchos/include -Xcc -I/Users/admin/builder/spi-builder-workspace/.derivedData/Build/Intermediates.noindex/Figranium.build/Debug-watchos/Figranium.build/DerivedSources-normal/arm64 -Xcc -I/Users/admin/builder/spi-builder-workspace/.derivedData/Build/Intermediates.noindex/Figranium.build/Debug-watchos/Figranium.build/DerivedSources/arm64 -Xcc -I/Users/admin/builder/spi-builder-workspace/.derivedData/Build/Intermediates.noindex/Figranium.build/Debug-watchos/Figranium.build/DerivedSources -Xcc -DSWIFT_PACKAGE -Xcc -DDEBUG\=1 -emit-objc-header -emit-objc-header-path /Users/admin/builder/spi-builder-workspace/.derivedData/Build/Intermediates.noindex/Figranium.build/Debug-watchos/Figranium.build/Objects-normal/arm64/Figranium-Swift.h -working-directory /Users/admin/builder/spi-builder-workspace/.swiftpm/xcode -experimental-emit-module-separately -disable-cmo
SwiftCompile normal arm64_32 Compiling\ Actions.swift /Users/admin/builder/spi-builder-workspace/Sources/Figranium/Actions.swift (in target 'Figranium' from project 'Figranium')
SwiftCompile normal arm64_32 /Users/admin/builder/spi-builder-workspace/Sources/Figranium/Actions.swift (in target 'Figranium' from project 'Figranium')
cd /Users/admin/builder/spi-builder-workspace/.swiftpm/xcode
SwiftCompile normal arm64_32 Compiling\ AppIntents.swift /Users/admin/builder/spi-builder-workspace/Sources/Figranium/AppIntents.swift (in target 'Figranium' from project 'Figranium')
SwiftCompile normal arm64_32 /Users/admin/builder/spi-builder-workspace/Sources/Figranium/AppIntents.swift (in target 'Figranium' from project 'Figranium')
cd /Users/admin/builder/spi-builder-workspace/.swiftpm/xcode
SwiftCompile normal arm64_32 Compiling\ Resources.swift /Users/admin/builder/spi-builder-workspace/Sources/Figranium/Resources.swift (in target 'Figranium' from project 'Figranium')
Failed frontend command:
/Applications/Xcode-16.3.0.app/Contents/Developer/Toolchains/XcodeDefault.xctoolchain/usr/bin/swift-frontend -frontend -c /Users/admin/builder/spi-builder-workspace/Sources/Figranium/Actions.swift /Users/admin/builder/spi-builder-workspace/Sources/Figranium/AppIntents.swift /Users/admin/builder/spi-builder-workspace/Sources/Figranium/Client.swift /Users/admin/builder/spi-builder-workspace/Sources/Figranium/FoundationModels.swift /Users/admin/builder/spi-builder-workspace/Sources/Figranium/Models.swift -primary-file /Users/admin/builder/spi-builder-workspace/Sources/Figranium/Resources.swift /Users/admin/builder/spi-builder-workspace/Sources/Figranium/Templates.swift -emit-dependencies-path /Users/admin/builder/spi-builder-workspace/.derivedData/Build/Intermediates.noindex/Figranium.build/Debug-watchos/Figranium.build/Objects-normal/arm64_32/Resources.d -emit-const-values-path /Users/admin/builder/spi-builder-workspace/.derivedData/Build/Intermediates.noindex/Figranium.build/Debug-watchos/Figranium.build/Objects-normal/arm64_32/Resources.swiftconstvalues -emit-reference-dependencies-path /Users/admin/builder/spi-builder-workspace/.derivedData/Build/Intermediates.noindex/Figranium.build/Debug-watchos/Figranium.build/Objects-normal/arm64_32/Resources.swiftdeps -serialize-diagnostics-path /Users/admin/builder/spi-builder-workspace/.derivedData/Build/Intermediates.noindex/Figranium.build/Debug-watchos/Figranium.build/Objects-normal/arm64_32/Resources.dia -target arm64_32-apple-watchos9.0 -enable-objc-interop -sdk /Applications/Xcode-16.3.0.app/Contents/Developer/Platforms/WatchOS.platform/Developer/SDKs/WatchOS11.4.sdk -I /Users/admin/builder/spi-builder-workspace/.derivedData/Build/Products/Debug-watchos -I /Applications/Xcode-16.3.0.app/Contents/Developer/Platforms/WatchOS.platform/Developer/usr/lib -F /Users/admin/builder/spi-builder-workspace/.derivedData/Build/Products/Debug-watchos -F /Applications/Xcode-16.3.0.app/Contents/Developer/Platforms/WatchOS.platform/Developer/Library/Frameworks -F /Applications/Xcode-16.3.0.app/Contents/Developer/Platforms/WatchOS.platform/Developer/SDKs/WatchOS11.4.sdk/Developer/Library/Frameworks -no-color-diagnostics -enable-testing -g -debug-info-format\=dwarf -dwarf-version\=4 -module-cache-path /Users/admin/builder/spi-builder-workspace/.derivedData/ModuleCache.noindex -profile-generate -profile-coverage-mapping -swift-version 6 -enforce-exclusivity\=checked -Onone -D SWIFT_PACKAGE -D DEBUG -D Xcode -serialize-debugging-options -const-gather-protocols-file /Users/admin/builder/spi-builder-workspace/.derivedData/Build/Intermediates.noindex/Figranium.build/Debug-watchos/Figranium.build/Objects-normal/arm64_32/Figranium_const_extract_protocols.json -enable-experimental-feature DebugDescriptionMacro -empty-abi-descriptor -plugin-path /Applications/Xcode-16.3.0.app/Contents/Developer/Toolchains/XcodeDefault.xctoolchain/usr/lib/swift/host/plugins/testing -validate-clang-modules-once -clang-build-session-file /Users/admin/builder/spi-builder-workspace/.derivedData/ModuleCache.noindex/Session.modulevalidation -Xcc -working-directory -Xcc /Users/admin/builder/spi-builder-workspace/.swiftpm/xcode -resource-dir /Applications/Xcode-16.3.0.app/Contents/Developer/Toolchains/XcodeDefault.xctoolchain/usr/lib/swift -enable-anonymous-context-mangled-names -file-compilation-dir /Users/admin/builder/spi-builder-workspace/.swiftpm/xcode -Xcc -ivfsstatcache -Xcc /Users/admin/builder/spi-builder-workspace/.derivedData/SDKStatCaches.noindex/watchos11.4-22T246-43efb940ff07ba2497b70ec94253f576.sdkstatcache -Xcc -I/Users/admin/builder/spi-builder-workspace/.derivedData/Build/Intermediates.noindex/Figranium.build/Debug-watchos/Figranium.build/swift-overrides.hmap -Xcc -I/Users/admin/builder/spi-builder-workspace/.derivedData/Build/Products/Debug-watchos/include -Xcc -I/Users/admin/builder/spi-builder-workspace/.derivedData/Build/Intermediates.noindex/Figranium.build/Debug-watchos/Figranium.build/DerivedSources-normal/arm64_32 -Xcc -I/Users/admin/builder/spi-builder-workspace/.derivedData/Build/Intermediates.noindex/Figranium.build/Debug-watchos/Figranium.build/DerivedSources/arm64_32 -Xcc -I/Users/admin/builder/spi-builder-workspace/.derivedData/Build/Intermediates.noindex/Figranium.build/Debug-watchos/Figranium.build/DerivedSources -Xcc -DSWIFT_PACKAGE -Xcc -DDEBUG\=1 -module-name Figranium -package-name spi_builder_workspace -frontend-parseable-output -disable-clang-spi -target-sdk-version 11.4 -target-sdk-name watchos11.4 -external-plugin-path /Applications/Xcode-16.3.0.app/Contents/Developer/Platforms/WatchOS.platform/Developer/usr/lib/swift/host/plugins\#/Applications/Xcode-16.3.0.app/Contents/Developer/Platforms/WatchOS.platform/Developer/usr/bin/swift-plugin-server -external-plugin-path /Applications/Xcode-16.3.0.app/Contents/Developer/Platforms/WatchOS.platform/Developer/usr/local/lib/swift/host/plugins\#/Applications/Xcode-16.3.0.app/Contents/Developer/Platforms/WatchOS.platform/Developer/usr/bin/swift-plugin-server -in-process-plugin-server-path /Applications/Xcode-16.3.0.app/Contents/Developer/Toolchains/XcodeDefault.xctoolchain/usr/lib/swift/host/libSwiftInProcPluginServer.dylib -plugin-path /Applications/Xcode-16.3.0.app/Contents/Developer/Toolchains/XcodeDefault.xctoolchain/usr/lib/swift/host/plugins -plugin-path /Applications/Xcode-16.3.0.app/Contents/Developer/Toolchains/XcodeDefault.xctoolchain/usr/local/lib/swift/host/plugins -o /Users/admin/builder/spi-builder-workspace/.derivedData/Build/Intermediates.noindex/Figranium.build/Debug-watchos/Figranium.build/Objects-normal/arm64_32/Resources.o -index-unit-output-path /Figranium.build/Debug-watchos/Figranium.build/Objects-normal/arm64_32/Resources.o -index-store-path /Users/admin/builder/spi-builder-workspace/.derivedData/Index.noindex/DataStore -index-system-modules
SwiftCompile normal arm64_32 /Users/admin/builder/spi-builder-workspace/Sources/Figranium/Resources.swift (in target 'Figranium' from project 'Figranium')
cd /Users/admin/builder/spi-builder-workspace/.swiftpm/xcode
/Users/admin/builder/spi-builder-workspace/Sources/Figranium/Resources.swift:48:207: error: module 'Swift' has no member named 'Task'
public func watch(_ executionID: String, interval: Duration = .seconds(1), options: RequestOptions = .init()) -> AsyncThrowingStream<Execution, Error> { AsyncThrowingStream { continuation in let task = Swift.Task { do { var lastStatus: String?; while !Swift.Task.isCancelled { let value = try await get(executionID, options: options); if value.status != lastStatus { continuation.yield(value); lastStatus = value.status }; if ["success", "error", "stopped", "crashed", "anti_bot"].contains(value.outcome ?? value.status ?? "") { continuation.finish(); return }; try await Swift.Task.sleep(for: interval) } } catch { continuation.finish(throwing: error) } }; continuation.onTermination = { _ in task.cancel() } } }
^~~~~ ~~~~
/Users/admin/builder/spi-builder-workspace/Sources/Figranium/Resources.swift:48:257: error: module 'Swift' has no member named 'Task'
public func watch(_ executionID: String, interval: Duration = .seconds(1), options: RequestOptions = .init()) -> AsyncThrowingStream<Execution, Error> { AsyncThrowingStream { continuation in let task = Swift.Task { do { var lastStatus: String?; while !Swift.Task.isCancelled { let value = try await get(executionID, options: options); if value.status != lastStatus { continuation.yield(value); lastStatus = value.status }; if ["success", "error", "stopped", "crashed", "anti_bot"].contains(value.outcome ?? value.status ?? "") { continuation.finish(); return }; try await Swift.Task.sleep(for: interval) } } catch { continuation.finish(throwing: error) } }; continuation.onTermination = { _ in task.cancel() } } }
^~~~~ ~~~~
SwiftCompile normal arm64_32 Compiling\ FoundationModels.swift /Users/admin/builder/spi-builder-workspace/Sources/Figranium/FoundationModels.swift (in target 'Figranium' from project 'Figranium')
SwiftCompile normal arm64_32 /Users/admin/builder/spi-builder-workspace/Sources/Figranium/FoundationModels.swift (in target 'Figranium' from project 'Figranium')
cd /Users/admin/builder/spi-builder-workspace/.swiftpm/xcode
SwiftEmitModule normal arm64_32 Emitting\ module\ for\ Figranium (in target 'Figranium' from project 'Figranium')
EmitSwiftModule normal arm64_32 (in target 'Figranium' from project 'Figranium')
cd /Users/admin/builder/spi-builder-workspace/.swiftpm/xcode
SwiftCompile normal arm64 Compiling\ Actions.swift /Users/admin/builder/spi-builder-workspace/Sources/Figranium/Actions.swift (in target 'Figranium' from project 'Figranium')
SwiftCompile normal arm64 /Users/admin/builder/spi-builder-workspace/Sources/Figranium/Actions.swift (in target 'Figranium' from project 'Figranium')
cd /Users/admin/builder/spi-builder-workspace/.swiftpm/xcode
SwiftCompile normal arm64_32 Compiling\ Templates.swift /Users/admin/builder/spi-builder-workspace/Sources/Figranium/Templates.swift (in target 'Figranium' from project 'Figranium')
SwiftCompile normal arm64_32 /Users/admin/builder/spi-builder-workspace/Sources/Figranium/Templates.swift (in target 'Figranium' from project 'Figranium')
cd /Users/admin/builder/spi-builder-workspace/.swiftpm/xcode
SwiftCompile normal arm64 Compiling\ AppIntents.swift /Users/admin/builder/spi-builder-workspace/Sources/Figranium/AppIntents.swift (in target 'Figranium' from project 'Figranium')
SwiftCompile normal arm64 /Users/admin/builder/spi-builder-workspace/Sources/Figranium/AppIntents.swift (in target 'Figranium' from project 'Figranium')
cd /Users/admin/builder/spi-builder-workspace/.swiftpm/xcode
SwiftCompile normal arm64_32 Compiling\ Client.swift /Users/admin/builder/spi-builder-workspace/Sources/Figranium/Client.swift (in target 'Figranium' from project 'Figranium')
SwiftCompile normal arm64_32 /Users/admin/builder/spi-builder-workspace/Sources/Figranium/Client.swift (in target 'Figranium' from project 'Figranium')
cd /Users/admin/builder/spi-builder-workspace/.swiftpm/xcode
SwiftEmitModule normal arm64 Emitting\ module\ for\ Figranium (in target 'Figranium' from project 'Figranium')
EmitSwiftModule normal arm64 (in target 'Figranium' from project 'Figranium')
cd /Users/admin/builder/spi-builder-workspace/.swiftpm/xcode
SwiftCompile normal arm64 Compiling\ Templates.swift /Users/admin/builder/spi-builder-workspace/Sources/Figranium/Templates.swift (in target 'Figranium' from project 'Figranium')
SwiftCompile normal arm64 /Users/admin/builder/spi-builder-workspace/Sources/Figranium/Templates.swift (in target 'Figranium' from project 'Figranium')
cd /Users/admin/builder/spi-builder-workspace/.swiftpm/xcode
SwiftDriverJobDiscovery normal arm64_32 Compiling FoundationModels.swift (in target 'Figranium' from project 'Figranium')
SwiftCompile normal arm64 Compiling\ Client.swift /Users/admin/builder/spi-builder-workspace/Sources/Figranium/Client.swift (in target 'Figranium' from project 'Figranium')
SwiftDriverJobDiscovery normal arm64_32 Compiling Templates.swift (in target 'Figranium' from project 'Figranium')
SwiftCompile normal arm64 Compiling\ Resources.swift /Users/admin/builder/spi-builder-workspace/Sources/Figranium/Resources.swift (in target 'Figranium' from project 'Figranium')
Command SwiftCompile failed with a nonzero exit code
** BUILD FAILED **
The following build commands failed:
SwiftCompile normal arm64_32 Compiling\ Resources.swift /Users/admin/builder/spi-builder-workspace/Sources/Figranium/Resources.swift (in target 'Figranium' from project 'Figranium')
SwiftCompile normal arm64_32 /Users/admin/builder/spi-builder-workspace/Sources/Figranium/Resources.swift (in target 'Figranium' from project 'Figranium')
SwiftCompile normal arm64 Compiling\ Resources.swift /Users/admin/builder/spi-builder-workspace/Sources/Figranium/Resources.swift (in target 'Figranium' from project 'Figranium')
Building workspace spi-builder-workspace with scheme Figranium
(4 failures)
BUILD FAILURE 6.1 watchOS