The Swift Package Index logo.Swift Package Index

Build Information

Failed to build AccessibilityFocused, reference main (47328a), with Swift 6.4 for macOS (SPM) on 18 Sep 2026 19:01:50 UTC.

Build Command

env DEVELOPER_DIR=/Applications/Xcode-27.0.0-Release.Candidate.app xcrun swift build --arch arm64

Build Log

========================================
RunAll
========================================
Builder version: 5.1.0
Interrupt handler set up.
========================================
Checkout
========================================
Clone URL: https://github.com/JulesMoorhouse/AccessibilityFocused.git
Reference: main
Initialized empty Git repository in /Users/admin/builder/spi-builder-workspace/.git/
From https://github.com/JulesMoorhouse/AccessibilityFocused
 * branch            main       -> FETCH_HEAD
 * [new branch]      main       -> origin/main
HEAD is now at 47328a9 chore: updated badges from swift package index
Cloned https://github.com/JulesMoorhouse/AccessibilityFocused.git
Revision (git rev-parse @):
47328a9078814919fd42d50f6684bfd317f7cf29
SUCCESS checkout https://github.com/JulesMoorhouse/AccessibilityFocused.git at main
========================================
Build
========================================
Selected platform:         macosSpm
Swift version:             6.4
Building package at path:  $PWD
https://github.com/JulesMoorhouse/AccessibilityFocused.git
Running build ...
env DEVELOPER_DIR=/Applications/Xcode-27.0.0-Release.Candidate.app xcrun swift build --arch arm64
Building for debugging...
[Planning deferred tasks]
[19 / 28]
[20 / 29] AccessibilityFocused
[30 / 99]
[33 / 99]
[41 / 99]
[43 / 99]
[44 / 99]
[49 / 99]
[52 / 99]
[55 / 99]
[61 / 99]
[64 / 99]
[66 / 99]
[67 / 99]
[77 / 99]
[79 / 99]
[80 / 99]
[83 / 99]
[85 / 99]
warning: 'spi-builder-workspace': Invalid Exclude '/Users/admin/builder/spi-builder-workspace/Sources/AccessibilityFocused/Example': File not found.
warning: 'spi-builder-workspace': Invalid Exclude '/Users/admin/builder/spi-builder-workspace/Tests/AccessibilityFocusedTests/Example': File not found.
warning: 'spi-builder-workspace': Invalid Exclude '/Users/admin/builder/spi-builder-workspace/Sources/AccessibilityFocused/Example': File not found.
warning: 'spi-builder-workspace': Invalid Exclude '/Users/admin/builder/spi-builder-workspace/Tests/AccessibilityFocusedTests/Example': File not found.
error: SwiftCompile normal arm64 failed with a nonzero exit code. Command line:     cd /Users/admin/builder

/Users/admin/builder/spi-builder-workspace/Sources/AccessibilityFocused/AccessibilityFocusSetterModifier.swift:83:36: error: cannot find type 'UIHostingController' in scope
 81 |         class Coordinator: NSObject {
 82 |             let parent: WrapperView
 83 |             var hostingController: UIHostingController<Content>!
    |                                    `- error: cannot find type 'UIHostingController' in scope
 84 |
 85 |             init(_ parent: WrapperView) {
/Users/admin/builder/spi-builder-workspace/Sources/AccessibilityFocused/AccessibilityFocusSetterModifier.swift:90:46: error: cannot find type 'UIView' in scope
 88 |         }
 89 |
 90 |         func makeUIView(context: Context) -> UIView {
    |                                              `- error: cannot find type 'UIView' in scope
 91 |             let child = UIHostingController(rootView: content)
 92 |             child.view.translatesAutoresizingMaskIntoConstraints = false
/Users/admin/builder/spi-builder-workspace/Sources/AccessibilityFocused/AccessibilityFocusSetterModifier.swift:90:34: error: cannot find type 'Context' in scope
 88 |         }
 89 |
 90 |         func makeUIView(context: Context) -> UIView {
    |                                  `- error: cannot find type 'Context' in scope
 91 |             let child = UIHostingController(rootView: content)
 92 |             child.view.translatesAutoresizingMaskIntoConstraints = false
/Users/admin/builder/spi-builder-workspace/Sources/AccessibilityFocused/AccessibilityFocusSetterModifier.swift:98:37: error: cannot find type 'UIView' in scope
 96 |         }
 97 |
 98 |         func updateUIView(_ uiView: UIView, context: Context) {
    |                                     `- error: cannot find type 'UIView' in scope
 99 |             context.coordinator.hostingController.rootView = content
100 |
/Users/admin/builder/spi-builder-workspace/Sources/AccessibilityFocused/AccessibilityFocusSetterModifier.swift:98:54: error: cannot find type 'Context' in scope
 96 |         }
 97 |
 98 |         func updateUIView(_ uiView: UIView, context: Context) {
    |                                                      `- error: cannot find type 'Context' in scope
 99 |             context.coordinator.hostingController.rootView = content
100 |
/Users/admin/builder/spi-builder-workspace/Sources/AccessibilityFocused/AccessibilityFocusSetterModifier.swift:57:48: error: cannot find type 'UIViewRepresentable' in scope
 55 |     }
 56 |
 57 |     private struct WrapperView<Content: View>: UIViewRepresentable {
    |                                                `- error: cannot find type 'UIViewRepresentable' in scope
 58 |         @Binding var focused: Bool
 59 |         @Binding var dynamicHeight: CGFloat
Failed frontend command:
/Applications/Xcode-27.0.0-Release.Candidate.app/Contents/Developer/Toolchains/XcodeDefault.xctoolchain/usr/bin/swift-frontend -frontend -emit-module -experimental-skip-non-inlinable-function-bodies-without-types /Users/admin/builder/spi-builder-workspace/Sources/AccessibilityFocused/AccessibilityFocusModifier.swift /Users/admin/builder/spi-builder-workspace/Sources/AccessibilityFocused/AccessibilityFocusSetterModifier.swift /Users/admin/builder/spi-builder-workspace/Sources/AccessibilityFocused/AccessibilityFocused.swift -target arm64-apple-macos12.0 -disable-cross-import-overlay-search -load-resolved-plugin /Applications/Xcode-27.0.0-Release.Candidate.app/Contents/Developer/Platforms/MacOSX.platform/Developer/usr/lib/swift/host/plugins/libFoundationMacros.dylib\#/Applications/Xcode-27.0.0-Release.Candidate.app/Contents/Developer/Platforms/MacOSX.platform/Developer/usr/bin/swift-plugin-server\#FoundationMacros -load-resolved-plugin /Applications/Xcode-27.0.0-Release.Candidate.app/Contents/Developer/Platforms/MacOSX.platform/Developer/usr/lib/swift/host/plugins/libObservationMacros.dylib\#/Applications/Xcode-27.0.0-Release.Candidate.app/Contents/Developer/Platforms/MacOSX.platform/Developer/usr/bin/swift-plugin-server\#ObservationMacros -load-resolved-plugin /Applications/Xcode-27.0.0-Release.Candidate.app/Contents/Developer/Platforms/MacOSX.platform/Developer/usr/lib/swift/host/plugins/libPreviewsMacros.dylib\#/Applications/Xcode-27.0.0-Release.Candidate.app/Contents/Developer/Platforms/MacOSX.platform/Developer/usr/bin/swift-plugin-server\#PreviewsMacros -load-resolved-plugin /Applications/Xcode-27.0.0-Release.Candidate.app/Contents/Developer/Platforms/MacOSX.platform/Developer/usr/lib/swift/host/plugins/libSwiftMacros.dylib\#/Applications/Xcode-27.0.0-Release.Candidate.app/Contents/Developer/Platforms/MacOSX.platform/Developer/usr/bin/swift-plugin-server\#SwiftMacros -load-resolved-plugin /Applications/Xcode-27.0.0-Release.Candidate.app/Contents/Developer/Platforms/MacOSX.platform/Developer/usr/lib/swift/host/plugins/libSwiftUIMacros.dylib\#/Applications/Xcode-27.0.0-Release.Candidate.app/Contents/Developer/Platforms/MacOSX.platform/Developer/usr/bin/swift-plugin-server\#SwiftUIMacros -disable-implicit-swift-modules -Xcc -fno-implicit-modules -Xcc -fno-implicit-module-maps -explicit-swift-module-map-file /Users/admin/builder/spi-builder-workspace/.build/out/Intermediates.noindex/AccessibilityFocused.build/Debug/AccessibilityFocused-t.build/Objects-normal/arm64/AccessibilityFocused-dependencies-1.json -Xllvm -aarch64-use-tbi -enable-objc-interop -stack-check -sdk /Applications/Xcode-27.0.0-Release.Candidate.app/Contents/Developer/Platforms/MacOSX.platform/Developer/SDKs/MacOSX27.0.sdk -I /Users/admin/builder/spi-builder-workspace/.build/out/Products/Debug -Isystem /Applications/Xcode-27.0.0-Release.Candidate.app/Contents/Developer/Platforms/MacOSX.platform/Developer/usr/lib -F /Users/admin/builder/spi-builder-workspace/.build/out/Products/Debug -F /Applications/Xcode-27.0.0-Release.Candidate.app/Contents/Developer/Platforms/MacOSX.platform/Developer/Library/Frameworks -module-cache-path /Users/admin/builder/spi-builder-workspace/.build/out/Intermediates.noindex/SwiftExplicitPrecompiledModules -color-diagnostics -Xcc -fcolor-diagnostics -enable-testing -g -debug-info-format\=dwarf -dwarf-version\=4 -swift-version 5 -Onone -D SWIFT_PACKAGE -D DEBUG -D SWIFT_MODULE_RESOURCE_BUNDLE_UNAVAILABLE -D Xcode -serialize-debugging-options -enable-experimental-feature DebugDescriptionMacro -empty-abi-descriptor -validate-clang-modules-once -clang-build-session-file /Users/admin/builder/spi-builder-workspace/.build/out/ModuleCache.noindex/Session.modulevalidation -Xcc -working-directory -Xcc /Users/admin/builder -enable-anonymous-context-mangled-names -file-compilation-dir /Users/admin/builder -Xcc -D_LIBCPP_HARDENING_MODE\=_LIBCPP_HARDENING_MODE_DEBUG -Xcc -ivfsstatcache -Xcc /Users/admin/builder/spi-builder-workspace/.build/out/SDKStatCaches.noindex/macosx27.0-26A425-80c5bbf1d171475443272936d42f90a36a22442a12e9d48fe1a705f55a1adfc4.sdkstatcache -Xcc -fmodules-prune-interval\=86400 -Xcc -fmodules-prune-after\=345600 -Xcc -I/Users/admin/builder/spi-builder-workspace/.build/out/Products/Debug/include -Xcc -I/Users/admin/builder/spi-builder-workspace/.build/out/Intermediates.noindex/AccessibilityFocused.build/Debug/AccessibilityFocused-t.build/DerivedSources-normal/arm64 -Xcc -I/Users/admin/builder/spi-builder-workspace/.build/out/Intermediates.noindex/AccessibilityFocused.build/Debug/AccessibilityFocused-t.build/DerivedSources/arm64 -Xcc -I/Users/admin/builder/spi-builder-workspace/.build/out/Intermediates.noindex/AccessibilityFocused.build/Debug/AccessibilityFocused-t.build/DerivedSources -Xcc -DSWIFT_PACKAGE -Xcc -DDEBUG\=1 -no-auto-bridging-header-chaining -module-name AccessibilityFocused -const-gather-protocols-file /Users/admin/builder/spi-builder-workspace/.build/out/Intermediates.noindex/AccessibilityFocused.build/Debug/AccessibilityFocused-t.build/Objects-normal/arm64/AccessibilityFocused_const_extract_protocols.json -disable-clang-spi -clang-target arm64-apple-macos27.0 -target-sdk-version 27.0 -target-sdk-name macosx27.0 -in-process-plugin-server-path /Applications/Xcode-27.0.0-Release.Candidate.app/Contents/Developer/Toolchains/XcodeDefault.xctoolchain/usr/lib/swift/host/libSwiftInProcPluginServer.dylib -emit-module-doc-path /Users/admin/builder/spi-builder-workspace/.build/out/Intermediates.noindex/AccessibilityFocused.build/Debug/AccessibilityFocused-t.build/Objects-normal/arm64/AccessibilityFocused.swiftdoc -emit-module-source-info-path /Users/admin/builder/spi-builder-workspace/.build/out/Intermediates.noindex/AccessibilityFocused.build/Debug/AccessibilityFocused-t.build/Objects-normal/arm64/AccessibilityFocused.swiftsourceinfo -emit-objc-header-path /Users/admin/builder/spi-builder-workspace/.build/out/Intermediates.noindex/AccessibilityFocused.build/Debug/AccessibilityFocused-t.build/Objects-normal/arm64/AccessibilityFocused-Swift.h -serialize-diagnostics-path /Users/admin/builder/spi-builder-workspace/.build/out/Intermediates.noindex/AccessibilityFocused.build/Debug/AccessibilityFocused-t.build/Objects-normal/arm64/AccessibilityFocused-primary-emit-module.dia -emit-dependencies-path /Users/admin/builder/spi-builder-workspace/.build/out/Intermediates.noindex/AccessibilityFocused.build/Debug/AccessibilityFocused-t.build/Objects-normal/arm64/AccessibilityFocused-primary-emit-module.d -parse-as-library -o /Users/admin/builder/spi-builder-workspace/.build/out/Intermediates.noindex/AccessibilityFocused.build/Debug/AccessibilityFocused-t.build/Objects-normal/arm64/AccessibilityFocused.swiftmodule -emit-abi-descriptor-path /Users/admin/builder/spi-builder-workspace/.build/out/Intermediates.noindex/AccessibilityFocused.build/Debug/AccessibilityFocused-t.build/Objects-normal/arm64/AccessibilityFocused.abi.json
error: Build failed
BUILD FAILURE 6.4 macosSpm