Build Information
Failed to build CoreImageExtensions, reference main (c90afb), with Swift 6.4 for watchOS using Xcode 27.0 on 22 Sep 2026 19:06:14 UTC.
Build Command
env DEVELOPER_DIR=/Applications/Xcode-27.0.0-Release.Candidate.app xcrun xcodebuild -IDEClonedSourcePackagesDirPathOverride=$PWD/.dependencies -skipMacroValidation -skipPackagePluginValidation -derivedDataPath $PWD/.derivedData build -scheme CoreImageExtensions-Package -destination generic/platform=watchOSBuild Log
========================================
RunAll
========================================
Builder version: 5.1.0
Interrupt handler set up.
========================================
Checkout
========================================
Clone URL: https://github.com/DigitalMasterpieces/CoreImageExtensions.git
Reference: main
Initialized empty Git repository in /Users/admin/builder/spi-builder-workspace/.git/
From https://github.com/DigitalMasterpieces/CoreImageExtensions
* branch main -> FETCH_HEAD
* [new branch] main -> origin/main
HEAD is now at c90afb5 Merge pull request #12 from DigitalMasterpieces/image-loading-options
Cloned https://github.com/DigitalMasterpieces/CoreImageExtensions.git
Revision (git rev-parse @):
c90afb5755217addfaca3ca7fbeeb2b537b865e7
SUCCESS checkout https://github.com/DigitalMasterpieces/CoreImageExtensions.git at main
========================================
Build
========================================
Selected platform: watchOS
Swift version: 6.4
Building package at path: $PWD
https://github.com/DigitalMasterpieces/CoreImageExtensions.git
Command line invocation:
/Applications/Xcode-27.0.0-Release.Candidate.app/Contents/Developer/usr/bin/xcodebuild -IDEClonedSourcePackagesDirPathOverride=/Users/admin/builder/spi-builder-workspace/.dependencies -resolvePackageDependencies
Resolve Package Graph
Resolve Package Graph
Resolved source packages:
CoreImageExtensions: /Users/admin/builder/spi-builder-workspace
resolved source packages: CoreImageExtensions
2026-09-22 15:05:25.532 xcodebuild[525:2987] [MT] IDERunDestination: Supported platforms for the buildables in the current scheme is empty.
{
"dependencies" : [
],
"manifest_display_name" : "CoreImageExtensions",
"name" : "CoreImageExtensions",
"path" : "/Users/admin/builder/spi-builder-workspace",
"platforms" : [
{
"name" : "ios",
"version" : "13.0"
},
{
"name" : "macos",
"version" : "10.15"
},
{
"name" : "tvos",
"version" : "13.0"
}
],
"products" : [
{
"name" : "CoreImageExtensions",
"targets" : [
"CoreImageExtensions"
],
"type" : {
"library" : [
"automatic"
]
}
},
{
"name" : "CoreImageExtensions-dynamic",
"targets" : [
"CoreImageExtensions"
],
"type" : {
"library" : [
"dynamic"
]
}
}
],
"targets" : [
{
"c99name" : "CoreImageExtensionsTests",
"module_type" : "SwiftTarget",
"name" : "CoreImageExtensionsTests",
"path" : "Tests",
"resources" : [
{
"path" : "/Users/admin/builder/spi-builder-workspace/Tests/Resources/AllHalfValues.exr",
"rule" : {
"process" : {
}
}
},
{
"path" : "/Users/admin/builder/spi-builder-workspace/Tests/Resources/Assets.xcassets",
"rule" : {
"process" : {
}
}
},
{
"path" : "/Users/admin/builder/spi-builder-workspace/Tests/Resources/imageInBundle.png",
"rule" : {
"process" : {
}
}
}
],
"sources" : [
"AsyncTests.swift",
"ColorExtensionsTests.swift",
"DebugExtensionTests.swift",
"EXRTests.swift",
"Float16ValueAccessTests.swift",
"Float32ValueAccessTests.swift",
"Helpers.swift",
"ImageLookupTests.swift",
"ImageTransformationTests.swift",
"RuntimeMetalKernelTests.swift",
"UInt8ValueAccessTests.swift"
],
"target_dependencies" : [
"CoreImageExtensions"
],
"type" : "test"
},
{
"c99name" : "CoreImageExtensions",
"module_type" : "SwiftTarget",
"name" : "CoreImageExtensions",
"path" : "Sources",
"product_memberships" : [
"CoreImageExtensions",
"CoreImageExtensions-dynamic"
],
"sources" : [
"CGColorSpace+Convenience.swift",
"CIColor+Extensions.swift",
"CIContext+Async.swift",
"CIContext+EXR.swift",
"CIContext+ExportQuality.swift",
"CIContext+ValueAccess.swift",
"CIImage+Blending.swift",
"CIImage+Lookup.swift",
"CIImage+Text.swift",
"CIImage+Transformation.swift",
"CIImage+ValueInit.swift",
"CIKernel+MetalSource.swift",
"DebugExtensions/CIImage+DebugProxy.swift",
"DebugExtensions/DebugProxy+DebugPixel.swift",
"DebugExtensions/DebugProxy+Export.swift",
"DebugExtensions/DebugProxy+RenderInfo.swift",
"DebugExtensions/DebugProxy+Statistics.swift",
"Pixel.swift"
],
"type" : "library"
}
],
"tools_version" : "5.3"
}
{
"workspace" : {
"name" : "CoreImageExtensions",
"schemes" : [
"CoreImageExtensions",
"CoreImageExtensions-dynamic",
"CoreImageExtensions-Package"
]
}
}
2026-09-22 15:06:06.854 xcodebuild[623:3938] [MT] IDERunDestination: Supported platforms for the buildables in the current scheme is empty.
Running build ...
env DEVELOPER_DIR=/Applications/Xcode-27.0.0-Release.Candidate.app xcrun xcodebuild -IDEClonedSourcePackagesDirPathOverride=$PWD/.dependencies -skipMacroValidation -skipPackagePluginValidation -derivedDataPath $PWD/.derivedData build -scheme CoreImageExtensions-Package -destination generic/platform=watchOS
Command line invocation:
/Applications/Xcode-27.0.0-Release.Candidate.app/Contents/Developer/usr/bin/xcodebuild -IDEClonedSourcePackagesDirPathOverride=/Users/admin/builder/spi-builder-workspace/.dependencies -skipMacroValidation -skipPackagePluginValidation -derivedDataPath /Users/admin/builder/spi-builder-workspace/.derivedData build -scheme CoreImageExtensions-Package -destination generic/platform=watchOS
Resolve Package Graph
Resolved source packages:
CoreImageExtensions: /Users/admin/builder/spi-builder-workspace
ComputePackagePrebuildTargetDependencyGraph
Prepare packages
CreateBuildRequest
SendProjectDescription
CreateBuildOperation
ComputeTargetDependencyGraph
note: Building targets in dependency order
note: Target dependency graph (3 targets)
Target 'CoreImageExtensions-dynamic-product' in project 'CoreImageExtensions'
➜ Explicit dependency on target 'CoreImageExtensions' in project 'CoreImageExtensions'
Target 'CoreImageExtensions-product' in project 'CoreImageExtensions'
➜ Explicit dependency on target 'CoreImageExtensions' in project 'CoreImageExtensions'
Target 'CoreImageExtensions' in project 'CoreImageExtensions' (no dependencies)
GatherProvisioningInputs
CreateBuildDescription
ExecuteExternalTool /Applications/Xcode-27.0.0-Release.Candidate.app/Contents/Developer/Toolchains/XcodeDefault.xctoolchain/usr/bin/clang -v -E -dM -isysroot /Applications/Xcode-27.0.0-Release.Candidate.app/Contents/Developer/Platforms/WatchOS.platform/Developer/SDKs/WatchOS27.0.sdk -x c -c /dev/null
ExecuteExternalTool /Applications/Xcode-27.0.0-Release.Candidate.app/Contents/Developer/Toolchains/XcodeDefault.xctoolchain/usr/bin/swiftc --version
ExecuteExternalTool /Applications/Xcode-27.0.0-Release.Candidate.app/Contents/Developer/Toolchains/XcodeDefault.xctoolchain/usr/bin/ld -version_details
Build description signature: 50c6079192e8097be8ca3fd3e27a3509
Build description path: /Users/admin/builder/spi-builder-workspace/.derivedData/Build/Intermediates.noindex/XCBuildData/50c6079192e8097be8ca3fd3e27a3509.xcbuilddata
CreateBuildDirectory /Users/admin/builder/spi-builder-workspace/.derivedData/SDKExplicitPrecompiledModules
cd /Users/admin/builder/spi-builder-workspace/.swiftpm/xcode
builtin-create-build-directory /Users/admin/builder/spi-builder-workspace/.derivedData/SDKExplicitPrecompiledModules
CreateBuildDirectory /Users/admin/builder/spi-builder-workspace/.derivedData/CompilationCache.noindex
cd /Users/admin/builder/spi-builder-workspace/.swiftpm/xcode
builtin-create-build-directory /Users/admin/builder/spi-builder-workspace/.derivedData/CompilationCache.noindex
CreateBuildDirectory /Users/admin/builder/spi-builder-workspace/.derivedData/ModuleCache.noindex
cd /Users/admin/builder/spi-builder-workspace/.swiftpm/xcode
builtin-create-build-directory /Users/admin/builder/spi-builder-workspace/.derivedData/ModuleCache.noindex
ClangStatCache /Applications/Xcode-27.0.0-Release.Candidate.app/Contents/Developer/Toolchains/XcodeDefault.xctoolchain/usr/bin/clang-stat-cache /Applications/Xcode-27.0.0-Release.Candidate.app/Contents/Developer/Platforms/WatchOS.platform/Developer/SDKs/WatchOS27.0.sdk /Users/admin/builder/spi-builder-workspace/.derivedData/SDKStatCaches.noindex/watchos27.0-24R360-e829b21a6f8c9b70876ba0858053c04477534ef55a1706bf4c1112bbb242f0a2.sdkstatcache
cd /Users/admin/builder/spi-builder-workspace/.swiftpm/xcode
/Applications/Xcode-27.0.0-Release.Candidate.app/Contents/Developer/Toolchains/XcodeDefault.xctoolchain/usr/bin/clang-stat-cache /Applications/Xcode-27.0.0-Release.Candidate.app/Contents/Developer/Platforms/WatchOS.platform/Developer/SDKs/WatchOS27.0.sdk -o /Users/admin/builder/spi-builder-workspace/.derivedData/SDKStatCaches.noindex/watchos27.0-24R360-e829b21a6f8c9b70876ba0858053c04477534ef55a1706bf4c1112bbb242f0a2.sdkstatcache
CreateBuildDirectory /Users/admin/builder/spi-builder-workspace/.derivedData/Build/Products
cd /Users/admin/builder/spi-builder-workspace/.swiftpm/xcode
builtin-create-build-directory /Users/admin/builder/spi-builder-workspace/.derivedData/Build/Products
CreateBuildDirectory /Users/admin/builder/spi-builder-workspace/.derivedData/Build/Intermediates.noindex
cd /Users/admin/builder/spi-builder-workspace/.swiftpm/xcode
builtin-create-build-directory /Users/admin/builder/spi-builder-workspace/.derivedData/Build/Intermediates.noindex
CreateBuildDirectory /Users/admin/builder/spi-builder-workspace/.derivedData/Build/Intermediates.noindex/SwiftExplicitPrecompiledModules
cd /Users/admin/builder/spi-builder-workspace/.swiftpm/xcode
builtin-create-build-directory /Users/admin/builder/spi-builder-workspace/.derivedData/Build/Intermediates.noindex/SwiftExplicitPrecompiledModules
CreateBuildDirectory /Users/admin/builder/spi-builder-workspace/.derivedData/Build/Products/Debug-watchos
cd /Users/admin/builder/spi-builder-workspace/.swiftpm/xcode
builtin-create-build-directory /Users/admin/builder/spi-builder-workspace/.derivedData/Build/Products/Debug-watchos
CreateBuildDirectory /Users/admin/builder/spi-builder-workspace/.derivedData/Build/Intermediates.noindex/PrecompiledHeaders
cd /Users/admin/builder/spi-builder-workspace/.swiftpm/xcode
builtin-create-build-directory /Users/admin/builder/spi-builder-workspace/.derivedData/Build/Intermediates.noindex/PrecompiledHeaders
CreateBuildDirectory /Users/admin/builder/spi-builder-workspace/.derivedData/Build/Intermediates.noindex/ExplicitPrecompiledModules
cd /Users/admin/builder/spi-builder-workspace/.swiftpm/xcode
builtin-create-build-directory /Users/admin/builder/spi-builder-workspace/.derivedData/Build/Intermediates.noindex/ExplicitPrecompiledModules
CreateBuildDirectory /Users/admin/builder/spi-builder-workspace/.derivedData/Build/Intermediates.noindex/EagerLinkingTBDs/Debug-watchos
cd /Users/admin/builder/spi-builder-workspace/.swiftpm/xcode
builtin-create-build-directory /Users/admin/builder/spi-builder-workspace/.derivedData/Build/Intermediates.noindex/EagerLinkingTBDs/Debug-watchos
CreateBuildDirectory /Users/admin/builder/spi-builder-workspace/.derivedData/Build/Products/Debug-watchos/PackageFrameworks
cd /Users/admin/builder/spi-builder-workspace/.swiftpm/xcode
builtin-create-build-directory /Users/admin/builder/spi-builder-workspace/.derivedData/Build/Products/Debug-watchos/PackageFrameworks
WriteAuxiliaryFile /Users/admin/builder/spi-builder-workspace/.derivedData/Build/Intermediates.noindex/CoreImageExtensions.build/Debug-watchos/CoreImageExtensions-dynamic-product-t.build/CoreImageExtensions-dynamic.DependencyStaticMetadataFileList (in target 'CoreImageExtensions-dynamic-product' from project 'CoreImageExtensions')
cd /Users/admin/builder/spi-builder-workspace
write-file /Users/admin/builder/spi-builder-workspace/.derivedData/Build/Intermediates.noindex/CoreImageExtensions.build/Debug-watchos/CoreImageExtensions-dynamic-product-t.build/CoreImageExtensions-dynamic.DependencyStaticMetadataFileList
WriteAuxiliaryFile /Users/admin/builder/spi-builder-workspace/.derivedData/Build/Intermediates.noindex/CoreImageExtensions.build/Debug-watchos/CoreImageExtensions-dynamic-product-t.build/empty-CoreImageExtensions-dynamic.plist (in target 'CoreImageExtensions-dynamic-product' from project 'CoreImageExtensions')
cd /Users/admin/builder/spi-builder-workspace
write-file /Users/admin/builder/spi-builder-workspace/.derivedData/Build/Intermediates.noindex/CoreImageExtensions.build/Debug-watchos/CoreImageExtensions-dynamic-product-t.build/empty-CoreImageExtensions-dynamic.plist
WriteAuxiliaryFile /Users/admin/builder/spi-builder-workspace/.derivedData/Build/Intermediates.noindex/CoreImageExtensions.build/Debug-watchos/CoreImageExtensions-dynamic-product-t.build/CoreImageExtensions-dynamic.DependencyMetadataFileList (in target 'CoreImageExtensions-dynamic-product' from project 'CoreImageExtensions')
cd /Users/admin/builder/spi-builder-workspace
write-file /Users/admin/builder/spi-builder-workspace/.derivedData/Build/Intermediates.noindex/CoreImageExtensions.build/Debug-watchos/CoreImageExtensions-dynamic-product-t.build/CoreImageExtensions-dynamic.DependencyMetadataFileList
WriteAuxiliaryFile /Users/admin/builder/spi-builder-workspace/.derivedData/Build/Intermediates.noindex/CoreImageExtensions.build/Debug-watchos/CoreImageExtensions-t.build/Objects-normal/arm64_32/CoreImageExtensions.LinkFileList (in target 'CoreImageExtensions' from project 'CoreImageExtensions')
cd /Users/admin/builder/spi-builder-workspace
write-file /Users/admin/builder/spi-builder-workspace/.derivedData/Build/Intermediates.noindex/CoreImageExtensions.build/Debug-watchos/CoreImageExtensions-t.build/Objects-normal/arm64_32/CoreImageExtensions.LinkFileList
WriteAuxiliaryFile /Users/admin/builder/spi-builder-workspace/.derivedData/Build/Intermediates.noindex/CoreImageExtensions.build/Debug-watchos/CoreImageExtensions-t.build/Objects-normal/arm64_32/CoreImageExtensions.SwiftConstValuesFileList (in target 'CoreImageExtensions' from project 'CoreImageExtensions')
cd /Users/admin/builder/spi-builder-workspace
write-file /Users/admin/builder/spi-builder-workspace/.derivedData/Build/Intermediates.noindex/CoreImageExtensions.build/Debug-watchos/CoreImageExtensions-t.build/Objects-normal/arm64_32/CoreImageExtensions.SwiftConstValuesFileList
WriteAuxiliaryFile /Users/admin/builder/spi-builder-workspace/.derivedData/Build/Intermediates.noindex/CoreImageExtensions.build/Debug-watchos/CoreImageExtensions-t.build/Objects-normal/arm64_32/CoreImageExtensions_const_extract_protocols.json (in target 'CoreImageExtensions' from project 'CoreImageExtensions')
cd /Users/admin/builder/spi-builder-workspace
write-file /Users/admin/builder/spi-builder-workspace/.derivedData/Build/Intermediates.noindex/CoreImageExtensions.build/Debug-watchos/CoreImageExtensions-t.build/Objects-normal/arm64_32/CoreImageExtensions_const_extract_protocols.json
WriteAuxiliaryFile /Users/admin/builder/spi-builder-workspace/.derivedData/Build/Intermediates.noindex/CoreImageExtensions.build/Debug-watchos/CoreImageExtensions-t.build/Objects-normal/arm64_32/CoreImageExtensions.SwiftFileList (in target 'CoreImageExtensions' from project 'CoreImageExtensions')
cd /Users/admin/builder/spi-builder-workspace
write-file /Users/admin/builder/spi-builder-workspace/.derivedData/Build/Intermediates.noindex/CoreImageExtensions.build/Debug-watchos/CoreImageExtensions-t.build/Objects-normal/arm64_32/CoreImageExtensions.SwiftFileList
WriteAuxiliaryFile /Users/admin/builder/spi-builder-workspace/.derivedData/Build/Intermediates.noindex/CoreImageExtensions.build/Debug-watchos/CoreImageExtensions-dynamic-product-t.build/Objects-normal/arm64/CoreImageExtensions-dynamic.LinkFileList (in target 'CoreImageExtensions-dynamic-product' from project 'CoreImageExtensions')
cd /Users/admin/builder/spi-builder-workspace
write-file /Users/admin/builder/spi-builder-workspace/.derivedData/Build/Intermediates.noindex/CoreImageExtensions.build/Debug-watchos/CoreImageExtensions-dynamic-product-t.build/Objects-normal/arm64/CoreImageExtensions-dynamic.LinkFileList
WriteAuxiliaryFile /Users/admin/builder/spi-builder-workspace/.derivedData/Build/Intermediates.noindex/CoreImageExtensions.build/Debug-watchos/CoreImageExtensions-dynamic-product-t.build/Objects-normal/arm64_32/CoreImageExtensions-dynamic.LinkFileList (in target 'CoreImageExtensions-dynamic-product' from project 'CoreImageExtensions')
cd /Users/admin/builder/spi-builder-workspace
write-file /Users/admin/builder/spi-builder-workspace/.derivedData/Build/Intermediates.noindex/CoreImageExtensions.build/Debug-watchos/CoreImageExtensions-dynamic-product-t.build/Objects-normal/arm64_32/CoreImageExtensions-dynamic.LinkFileList
WriteAuxiliaryFile /Users/admin/builder/spi-builder-workspace/.derivedData/Build/Intermediates.noindex/CoreImageExtensions.build/Debug-watchos/CoreImageExtensions-t.build/Objects-normal/arm64_32/CoreImageExtensions-OutputFileMap.json (in target 'CoreImageExtensions' from project 'CoreImageExtensions')
cd /Users/admin/builder/spi-builder-workspace
write-file /Users/admin/builder/spi-builder-workspace/.derivedData/Build/Intermediates.noindex/CoreImageExtensions.build/Debug-watchos/CoreImageExtensions-t.build/Objects-normal/arm64_32/CoreImageExtensions-OutputFileMap.json
WriteAuxiliaryFile /Users/admin/builder/spi-builder-workspace/.derivedData/Build/Intermediates.noindex/CoreImageExtensions.build/Debug-watchos/CoreImageExtensions-t.build/Objects-normal/arm64/CoreImageExtensions_const_extract_protocols.json (in target 'CoreImageExtensions' from project 'CoreImageExtensions')
cd /Users/admin/builder/spi-builder-workspace
write-file /Users/admin/builder/spi-builder-workspace/.derivedData/Build/Intermediates.noindex/CoreImageExtensions.build/Debug-watchos/CoreImageExtensions-t.build/Objects-normal/arm64/CoreImageExtensions_const_extract_protocols.json
WriteAuxiliaryFile /Users/admin/builder/spi-builder-workspace/.derivedData/Build/Intermediates.noindex/CoreImageExtensions.build/Debug-watchos/CoreImageExtensions-t.build/Objects-normal/arm64/CoreImageExtensions.SwiftFileList (in target 'CoreImageExtensions' from project 'CoreImageExtensions')
cd /Users/admin/builder/spi-builder-workspace
write-file /Users/admin/builder/spi-builder-workspace/.derivedData/Build/Intermediates.noindex/CoreImageExtensions.build/Debug-watchos/CoreImageExtensions-t.build/Objects-normal/arm64/CoreImageExtensions.SwiftFileList
WriteAuxiliaryFile /Users/admin/builder/spi-builder-workspace/.derivedData/Build/Intermediates.noindex/CoreImageExtensions.build/Debug-watchos/CoreImageExtensions-t.build/Objects-normal/arm64/CoreImageExtensions.SwiftConstValuesFileList (in target 'CoreImageExtensions' from project 'CoreImageExtensions')
cd /Users/admin/builder/spi-builder-workspace
write-file /Users/admin/builder/spi-builder-workspace/.derivedData/Build/Intermediates.noindex/CoreImageExtensions.build/Debug-watchos/CoreImageExtensions-t.build/Objects-normal/arm64/CoreImageExtensions.SwiftConstValuesFileList
WriteAuxiliaryFile /Users/admin/builder/spi-builder-workspace/.derivedData/Build/Intermediates.noindex/CoreImageExtensions.build/Debug-watchos/CoreImageExtensions-t.build/Objects-normal/arm64/CoreImageExtensions.LinkFileList (in target 'CoreImageExtensions' from project 'CoreImageExtensions')
cd /Users/admin/builder/spi-builder-workspace
write-file /Users/admin/builder/spi-builder-workspace/.derivedData/Build/Intermediates.noindex/CoreImageExtensions.build/Debug-watchos/CoreImageExtensions-t.build/Objects-normal/arm64/CoreImageExtensions.LinkFileList
WriteAuxiliaryFile /Users/admin/builder/spi-builder-workspace/.derivedData/Build/Intermediates.noindex/CoreImageExtensions.build/Debug-watchos/CoreImageExtensions-t.build/Objects-normal/arm64/CoreImageExtensions-OutputFileMap.json (in target 'CoreImageExtensions' from project 'CoreImageExtensions')
cd /Users/admin/builder/spi-builder-workspace
write-file /Users/admin/builder/spi-builder-workspace/.derivedData/Build/Intermediates.noindex/CoreImageExtensions.build/Debug-watchos/CoreImageExtensions-t.build/Objects-normal/arm64/CoreImageExtensions-OutputFileMap.json
WriteAuxiliaryFile /Users/admin/builder/spi-builder-workspace/.derivedData/Build/Intermediates.noindex/CoreImageExtensions.build/Debug-watchos/CoreImageExtensions-t.build/CoreImageExtensions.modulemap (in target 'CoreImageExtensions' from project 'CoreImageExtensions')
cd /Users/admin/builder/spi-builder-workspace
write-file /Users/admin/builder/spi-builder-workspace/.derivedData/Build/Intermediates.noindex/CoreImageExtensions.build/Debug-watchos/CoreImageExtensions-t.build/CoreImageExtensions.modulemap
WriteAuxiliaryFile /Users/admin/builder/spi-builder-workspace/.derivedData/Build/Intermediates.noindex/CoreImageExtensions.build/Debug-watchos/CoreImageExtensions-t.build/CoreImageExtensions.DependencyStaticMetadataFileList (in target 'CoreImageExtensions' from project 'CoreImageExtensions')
cd /Users/admin/builder/spi-builder-workspace
write-file /Users/admin/builder/spi-builder-workspace/.derivedData/Build/Intermediates.noindex/CoreImageExtensions.build/Debug-watchos/CoreImageExtensions-t.build/CoreImageExtensions.DependencyStaticMetadataFileList
WriteAuxiliaryFile /Users/admin/builder/spi-builder-workspace/.derivedData/Build/Intermediates.noindex/CoreImageExtensions.build/Debug-watchos/CoreImageExtensions-t.build/CoreImageExtensions.DependencyMetadataFileList (in target 'CoreImageExtensions' from project 'CoreImageExtensions')
cd /Users/admin/builder/spi-builder-workspace
write-file /Users/admin/builder/spi-builder-workspace/.derivedData/Build/Intermediates.noindex/CoreImageExtensions.build/Debug-watchos/CoreImageExtensions-t.build/CoreImageExtensions.DependencyMetadataFileList
MkDir /Users/admin/builder/spi-builder-workspace/.derivedData/Build/Products/Debug-watchos/PackageFrameworks/CoreImageExtensions-dynamic.framework (in target 'CoreImageExtensions-dynamic-product' from project 'CoreImageExtensions')
cd /Users/admin/builder/spi-builder-workspace
/bin/mkdir -p /Users/admin/builder/spi-builder-workspace/.derivedData/Build/Products/Debug-watchos/PackageFrameworks/CoreImageExtensions-dynamic.framework
Copy /Users/admin/builder/spi-builder-workspace/.derivedData/Build/Intermediates.noindex/GeneratedModuleMaps-watchos/CoreImageExtensions.modulemap /Users/admin/builder/spi-builder-workspace/.derivedData/Build/Intermediates.noindex/CoreImageExtensions.build/Debug-watchos/CoreImageExtensions-t.build/CoreImageExtensions.modulemap (in target 'CoreImageExtensions' from project 'CoreImageExtensions')
cd /Users/admin/builder/spi-builder-workspace
builtin-copy -exclude .DS_Store -exclude CVS -exclude .svn -exclude .git -exclude .hg -resolve-src-symlinks /Users/admin/builder/spi-builder-workspace/.derivedData/Build/Intermediates.noindex/CoreImageExtensions.build/Debug-watchos/CoreImageExtensions-t.build/CoreImageExtensions.modulemap /Users/admin/builder/spi-builder-workspace/.derivedData/Build/Intermediates.noindex/GeneratedModuleMaps-watchos
SwiftDriver CoreImageExtensions normal arm64 com.apple.xcode.tools.swift.compiler (in target 'CoreImageExtensions' from project 'CoreImageExtensions')
cd /Users/admin/builder/spi-builder-workspace/.swiftpm/xcode
builtin-SwiftDriver -- /Applications/Xcode-27.0.0-Release.Candidate.app/Contents/Developer/Toolchains/XcodeDefault.xctoolchain/usr/bin/swiftc -parse-as-library -module-name CoreImageExtensions -Onone @/Users/admin/builder/spi-builder-workspace/.derivedData/Build/Intermediates.noindex/CoreImageExtensions.build/Debug-watchos/CoreImageExtensions-t.build/Objects-normal/arm64/CoreImageExtensions.SwiftFileList -DSWIFT_PACKAGE -DDEBUG -DSWIFT_MODULE_RESOURCE_BUNDLE_UNAVAILABLE -DXcode -plugin-path /Applications/Xcode-27.0.0-Release.Candidate.app/Contents/Developer/Toolchains/XcodeDefault.xctoolchain/usr/lib/swift/host/plugins/testing -enable-experimental-feature DebugDescriptionMacro -sdk /Applications/Xcode-27.0.0-Release.Candidate.app/Contents/Developer/Platforms/WatchOS.platform/Developer/SDKs/WatchOS27.0.sdk -target arm64-apple-watchos9.0 -g -module-cache-path /Users/admin/builder/spi-builder-workspace/.derivedData/ModuleCache.noindex -Xfrontend -serialize-debugging-options -profile-coverage-mapping -profile-generate -enable-testing -index-store-path /Users/admin/builder/spi-builder-workspace/.derivedData/Index.noindex/DataStore -Xcc -D_LIBCPP_HARDENING_MODE\=_LIBCPP_HARDENING_MODE_DEBUG -swift-version 5 -I /Users/admin/builder/spi-builder-workspace/.derivedData/Build/Products/Debug-watchos -Isystem /Applications/Xcode-27.0.0-Release.Candidate.app/Contents/Developer/Platforms/WatchOS.platform/Developer/usr/lib -F /Users/admin/builder/spi-builder-workspace/.derivedData/Build/Products/Debug-watchos -F /Applications/Xcode-27.0.0-Release.Candidate.app/Contents/Developer/Platforms/WatchOS.platform/Developer/Library/Frameworks -F /Applications/Xcode-27.0.0-Release.Candidate.app/Contents/Developer/Platforms/WatchOS.platform/Developer/SDKs/WatchOS27.0.sdk/Developer/Library/Frameworks -c -j10 -enable-batch-mode -incremental -Xcc -ivfsstatcache -Xcc /Users/admin/builder/spi-builder-workspace/.derivedData/SDKStatCaches.noindex/watchos27.0-24R360-e829b21a6f8c9b70876ba0858053c04477534ef55a1706bf4c1112bbb242f0a2.sdkstatcache -output-file-map /Users/admin/builder/spi-builder-workspace/.derivedData/Build/Intermediates.noindex/CoreImageExtensions.build/Debug-watchos/CoreImageExtensions-t.build/Objects-normal/arm64/CoreImageExtensions-OutputFileMap.json -save-temps -no-color-diagnostics -explicit-module-build -module-cache-path /Users/admin/builder/spi-builder-workspace/.derivedData/Build/Intermediates.noindex/SwiftExplicitPrecompiledModules -clang-scanner-module-cache-path /Users/admin/builder/spi-builder-workspace/.derivedData/ModuleCache.noindex -sdk-module-cache-path /Users/admin/builder/spi-builder-workspace/.derivedData/SDKExplicitPrecompiledModules -emit-dependencies -emit-module -emit-module-path /Users/admin/builder/spi-builder-workspace/.derivedData/Build/Intermediates.noindex/CoreImageExtensions.build/Debug-watchos/CoreImageExtensions-t.build/Objects-normal/arm64/CoreImageExtensions.swiftmodule -serialize-diagnostics -dependency-scan-serialize-diagnostics-path /Users/admin/builder/spi-builder-workspace/.derivedData/Build/Intermediates.noindex/CoreImageExtensions.build/Debug-watchos/CoreImageExtensions-t.build/Objects-normal/arm64/CoreImageExtensions-dependency-scan.dia -validate-clang-modules-once -clang-build-session-file /Users/admin/builder/spi-builder-workspace/.derivedData/ModuleCache.noindex/Session.modulevalidation -Xcc -fmodules-prune-interval\=86400 -Xcc -fmodules-prune-after\=345600 -emit-const-values -const-gather-protocols-list /Users/admin/builder/spi-builder-workspace/.derivedData/Build/Intermediates.noindex/CoreImageExtensions.build/Debug-watchos/CoreImageExtensions-t.build/Objects-normal/arm64/CoreImageExtensions_const_extract_protocols.json -Xcc -I/Users/admin/builder/spi-builder-workspace/.derivedData/Build/Products/Debug-watchos/include -Xcc -I/Users/admin/builder/spi-builder-workspace/.derivedData/Build/Intermediates.noindex/CoreImageExtensions.build/Debug-watchos/CoreImageExtensions-t.build/DerivedSources-normal/arm64 -Xcc -I/Users/admin/builder/spi-builder-workspace/.derivedData/Build/Intermediates.noindex/CoreImageExtensions.build/Debug-watchos/CoreImageExtensions-t.build/DerivedSources/arm64 -Xcc -I/Users/admin/builder/spi-builder-workspace/.derivedData/Build/Intermediates.noindex/CoreImageExtensions.build/Debug-watchos/CoreImageExtensions-t.build/DerivedSources -Xcc -DSWIFT_PACKAGE -Xcc -DDEBUG\=1 -Xcc -DCI_SILENCE_GL_DEPRECATION -emit-objc-header -emit-objc-header-path /Users/admin/builder/spi-builder-workspace/.derivedData/Build/Intermediates.noindex/CoreImageExtensions.build/Debug-watchos/CoreImageExtensions-t.build/Objects-normal/arm64/CoreImageExtensions-Swift.h -working-directory /Users/admin/builder/spi-builder-workspace/.swiftpm/xcode -experimental-emit-module-separately -disable-cmo
/Users/admin/builder/spi-builder-workspace/Sources/CIColor+Extensions.swift:1:8: error: Unable to resolve module dependency: 'CoreImage' (in target 'CoreImageExtensions' from project 'CoreImageExtensions')
note: A dependency of main module 'CoreImageExtensions'
/Users/admin/builder/spi-builder-workspace/Sources/CIContext+Async.swift:1:8: note: Also imported here
/Users/admin/builder/spi-builder-workspace/Sources/CIContext+EXR.swift:1:8: note: Also imported here
/Users/admin/builder/spi-builder-workspace/Sources/CIContext+ExportQuality.swift:1:8: note: Also imported here
/Users/admin/builder/spi-builder-workspace/Sources/CIContext+ValueAccess.swift:1:8: note: Also imported here
/Users/admin/builder/spi-builder-workspace/Sources/CIImage+Blending.swift:1:8: note: Also imported here
/Users/admin/builder/spi-builder-workspace/Sources/CIImage+Lookup.swift:2:8: note: Also imported here
/Users/admin/builder/spi-builder-workspace/Sources/CIImage+Text.swift:1:8: note: Also imported here
/Users/admin/builder/spi-builder-workspace/Sources/CIImage+Transformation.swift:1:8: note: Also imported here
/Users/admin/builder/spi-builder-workspace/Sources/CIImage+ValueInit.swift:1:8: note: Also imported here
/Users/admin/builder/spi-builder-workspace/Sources/CIKernel+MetalSource.swift:1:8: note: Also imported here
/Users/admin/builder/spi-builder-workspace/Sources/DebugExtensions/CIImage+DebugProxy.swift:2:8: note: Also imported here
/Users/admin/builder/spi-builder-workspace/Sources/DebugExtensions/DebugProxy+DebugPixel.swift:2:8: note: Also imported here
/Users/admin/builder/spi-builder-workspace/Sources/DebugExtensions/DebugProxy+Export.swift:3:8: note: Also imported here
/Users/admin/builder/spi-builder-workspace/Sources/DebugExtensions/DebugProxy+RenderInfo.swift:2:8: note: Also imported here
/Users/admin/builder/spi-builder-workspace/Sources/DebugExtensions/DebugProxy+Statistics.swift:2:8: note: Also imported here
/Users/admin/builder/spi-builder-workspace/Sources/DebugExtensions/DebugProxy+RenderInfo.swift:3:8: error: Unable to resolve module dependency: 'PDFKit' (in target 'CoreImageExtensions' from project 'CoreImageExtensions')
note: A dependency of main module 'CoreImageExtensions'
/Users/admin/builder/spi-builder-workspace/Sources/CIColor+Extensions.swift:1:8: note: A dependency of main module 'CoreImageExtensions'
import CoreImage
^ (in target 'CoreImageExtensions' from project 'CoreImageExtensions')
/Users/admin/builder/spi-builder-workspace/Sources/CIContext+Async.swift:1:8: note: Also imported here
import CoreImage
^ (in target 'CoreImageExtensions' from project 'CoreImageExtensions')
/Users/admin/builder/spi-builder-workspace/Sources/CIContext+EXR.swift:1:8: note: Also imported here
import CoreImage
^ (in target 'CoreImageExtensions' from project 'CoreImageExtensions')
/Users/admin/builder/spi-builder-workspace/Sources/CIContext+ExportQuality.swift:1:8: note: Also imported here
import CoreImage
^ (in target 'CoreImageExtensions' from project 'CoreImageExtensions')
/Users/admin/builder/spi-builder-workspace/Sources/CIContext+ValueAccess.swift:1:8: note: Also imported here
import CoreImage
^ (in target 'CoreImageExtensions' from project 'CoreImageExtensions')
/Users/admin/builder/spi-builder-workspace/Sources/CIImage+Blending.swift:1:8: note: Also imported here
import CoreImage
^ (in target 'CoreImageExtensions' from project 'CoreImageExtensions')
/Users/admin/builder/spi-builder-workspace/Sources/CIImage+Lookup.swift:2:8: note: Also imported here
import CoreImage
^ (in target 'CoreImageExtensions' from project 'CoreImageExtensions')
/Users/admin/builder/spi-builder-workspace/Sources/CIImage+Text.swift:1:8: note: Also imported here
import CoreImage
^ (in target 'CoreImageExtensions' from project 'CoreImageExtensions')
/Users/admin/builder/spi-builder-workspace/Sources/CIImage+Transformation.swift:1:8: note: Also imported here
import CoreImage
^ (in target 'CoreImageExtensions' from project 'CoreImageExtensions')
/Users/admin/builder/spi-builder-workspace/Sources/CIImage+ValueInit.swift:1:8: note: Also imported here
import CoreImage
^ (in target 'CoreImageExtensions' from project 'CoreImageExtensions')
/Users/admin/builder/spi-builder-workspace/Sources/CIKernel+MetalSource.swift:1:8: note: Also imported here
import CoreImage
^ (in target 'CoreImageExtensions' from project 'CoreImageExtensions')
/Users/admin/builder/spi-builder-workspace/Sources/DebugExtensions/CIImage+DebugProxy.swift:2:8: note: Also imported here
import CoreImage
^ (in target 'CoreImageExtensions' from project 'CoreImageExtensions')
/Users/admin/builder/spi-builder-workspace/Sources/DebugExtensions/DebugProxy+DebugPixel.swift:2:8: note: Also imported here
import CoreImage
^ (in target 'CoreImageExtensions' from project 'CoreImageExtensions')
/Users/admin/builder/spi-builder-workspace/Sources/DebugExtensions/DebugProxy+Export.swift:3:8: note: Also imported here
import CoreImage
^ (in target 'CoreImageExtensions' from project 'CoreImageExtensions')
/Users/admin/builder/spi-builder-workspace/Sources/DebugExtensions/DebugProxy+RenderInfo.swift:2:8: note: Also imported here
import CoreImage
^ (in target 'CoreImageExtensions' from project 'CoreImageExtensions')
/Users/admin/builder/spi-builder-workspace/Sources/DebugExtensions/DebugProxy+Statistics.swift:2:8: note: Also imported here
import CoreImage
^ (in target 'CoreImageExtensions' from project 'CoreImageExtensions')
/Users/admin/builder/spi-builder-workspace/Sources/DebugExtensions/DebugProxy+RenderInfo.swift:3:8: note: A dependency of main module 'CoreImageExtensions'
import PDFKit
^ (in target 'CoreImageExtensions' from project 'CoreImageExtensions')
SwiftDriver CoreImageExtensions normal arm64_32 com.apple.xcode.tools.swift.compiler (in target 'CoreImageExtensions' from project 'CoreImageExtensions')
cd /Users/admin/builder/spi-builder-workspace/.swiftpm/xcode
builtin-SwiftDriver -- /Applications/Xcode-27.0.0-Release.Candidate.app/Contents/Developer/Toolchains/XcodeDefault.xctoolchain/usr/bin/swiftc -parse-as-library -module-name CoreImageExtensions -Onone @/Users/admin/builder/spi-builder-workspace/.derivedData/Build/Intermediates.noindex/CoreImageExtensions.build/Debug-watchos/CoreImageExtensions-t.build/Objects-normal/arm64_32/CoreImageExtensions.SwiftFileList -DSWIFT_PACKAGE -DDEBUG -DSWIFT_MODULE_RESOURCE_BUNDLE_UNAVAILABLE -DXcode -plugin-path /Applications/Xcode-27.0.0-Release.Candidate.app/Contents/Developer/Toolchains/XcodeDefault.xctoolchain/usr/lib/swift/host/plugins/testing -enable-experimental-feature DebugDescriptionMacro -sdk /Applications/Xcode-27.0.0-Release.Candidate.app/Contents/Developer/Platforms/WatchOS.platform/Developer/SDKs/WatchOS27.0.sdk -target arm64_32-apple-watchos9.0 -g -module-cache-path /Users/admin/builder/spi-builder-workspace/.derivedData/ModuleCache.noindex -Xfrontend -serialize-debugging-options -profile-coverage-mapping -profile-generate -enable-testing -index-store-path /Users/admin/builder/spi-builder-workspace/.derivedData/Index.noindex/DataStore -Xcc -D_LIBCPP_HARDENING_MODE\=_LIBCPP_HARDENING_MODE_DEBUG -swift-version 5 -I /Users/admin/builder/spi-builder-workspace/.derivedData/Build/Products/Debug-watchos -Isystem /Applications/Xcode-27.0.0-Release.Candidate.app/Contents/Developer/Platforms/WatchOS.platform/Developer/usr/lib -F /Users/admin/builder/spi-builder-workspace/.derivedData/Build/Products/Debug-watchos -F /Applications/Xcode-27.0.0-Release.Candidate.app/Contents/Developer/Platforms/WatchOS.platform/Developer/Library/Frameworks -F /Applications/Xcode-27.0.0-Release.Candidate.app/Contents/Developer/Platforms/WatchOS.platform/Developer/SDKs/WatchOS27.0.sdk/Developer/Library/Frameworks -c -j10 -enable-batch-mode -incremental -Xcc -ivfsstatcache -Xcc /Users/admin/builder/spi-builder-workspace/.derivedData/SDKStatCaches.noindex/watchos27.0-24R360-e829b21a6f8c9b70876ba0858053c04477534ef55a1706bf4c1112bbb242f0a2.sdkstatcache -output-file-map /Users/admin/builder/spi-builder-workspace/.derivedData/Build/Intermediates.noindex/CoreImageExtensions.build/Debug-watchos/CoreImageExtensions-t.build/Objects-normal/arm64_32/CoreImageExtensions-OutputFileMap.json -save-temps -no-color-diagnostics -explicit-module-build -module-cache-path /Users/admin/builder/spi-builder-workspace/.derivedData/Build/Intermediates.noindex/SwiftExplicitPrecompiledModules -clang-scanner-module-cache-path /Users/admin/builder/spi-builder-workspace/.derivedData/ModuleCache.noindex -sdk-module-cache-path /Users/admin/builder/spi-builder-workspace/.derivedData/SDKExplicitPrecompiledModules -emit-dependencies -emit-module -emit-module-path /Users/admin/builder/spi-builder-workspace/.derivedData/Build/Intermediates.noindex/CoreImageExtensions.build/Debug-watchos/CoreImageExtensions-t.build/Objects-normal/arm64_32/CoreImageExtensions.swiftmodule -serialize-diagnostics -dependency-scan-serialize-diagnostics-path /Users/admin/builder/spi-builder-workspace/.derivedData/Build/Intermediates.noindex/CoreImageExtensions.build/Debug-watchos/CoreImageExtensions-t.build/Objects-normal/arm64_32/CoreImageExtensions-dependency-scan.dia -validate-clang-modules-once -clang-build-session-file /Users/admin/builder/spi-builder-workspace/.derivedData/ModuleCache.noindex/Session.modulevalidation -Xcc -fmodules-prune-interval\=86400 -Xcc -fmodules-prune-after\=345600 -emit-const-values -const-gather-protocols-list /Users/admin/builder/spi-builder-workspace/.derivedData/Build/Intermediates.noindex/CoreImageExtensions.build/Debug-watchos/CoreImageExtensions-t.build/Objects-normal/arm64_32/CoreImageExtensions_const_extract_protocols.json -Xcc -I/Users/admin/builder/spi-builder-workspace/.derivedData/Build/Products/Debug-watchos/include -Xcc -I/Users/admin/builder/spi-builder-workspace/.derivedData/Build/Intermediates.noindex/CoreImageExtensions.build/Debug-watchos/CoreImageExtensions-t.build/DerivedSources-normal/arm64_32 -Xcc -I/Users/admin/builder/spi-builder-workspace/.derivedData/Build/Intermediates.noindex/CoreImageExtensions.build/Debug-watchos/CoreImageExtensions-t.build/DerivedSources/arm64_32 -Xcc -I/Users/admin/builder/spi-builder-workspace/.derivedData/Build/Intermediates.noindex/CoreImageExtensions.build/Debug-watchos/CoreImageExtensions-t.build/DerivedSources -Xcc -DSWIFT_PACKAGE -Xcc -DDEBUG\=1 -Xcc -DCI_SILENCE_GL_DEPRECATION -emit-objc-header -emit-objc-header-path /Users/admin/builder/spi-builder-workspace/.derivedData/Build/Intermediates.noindex/CoreImageExtensions.build/Debug-watchos/CoreImageExtensions-t.build/Objects-normal/arm64_32/CoreImageExtensions-Swift.h -working-directory /Users/admin/builder/spi-builder-workspace/.swiftpm/xcode -experimental-emit-module-separately -disable-cmo
/Users/admin/builder/spi-builder-workspace/Sources/CIColor+Extensions.swift:1:8: error: Unable to resolve module dependency: 'CoreImage' (in target 'CoreImageExtensions' from project 'CoreImageExtensions')
note: A dependency of main module 'CoreImageExtensions'
/Users/admin/builder/spi-builder-workspace/Sources/CIContext+Async.swift:1:8: note: Also imported here
/Users/admin/builder/spi-builder-workspace/Sources/CIContext+EXR.swift:1:8: note: Also imported here
/Users/admin/builder/spi-builder-workspace/Sources/CIContext+ExportQuality.swift:1:8: note: Also imported here
/Users/admin/builder/spi-builder-workspace/Sources/CIContext+ValueAccess.swift:1:8: note: Also imported here
/Users/admin/builder/spi-builder-workspace/Sources/CIImage+Blending.swift:1:8: note: Also imported here
/Users/admin/builder/spi-builder-workspace/Sources/CIImage+Lookup.swift:2:8: note: Also imported here
/Users/admin/builder/spi-builder-workspace/Sources/CIImage+Text.swift:1:8: note: Also imported here
/Users/admin/builder/spi-builder-workspace/Sources/CIImage+Transformation.swift:1:8: note: Also imported here
/Users/admin/builder/spi-builder-workspace/Sources/CIImage+ValueInit.swift:1:8: note: Also imported here
/Users/admin/builder/spi-builder-workspace/Sources/CIKernel+MetalSource.swift:1:8: note: Also imported here
/Users/admin/builder/spi-builder-workspace/Sources/DebugExtensions/CIImage+DebugProxy.swift:2:8: note: Also imported here
/Users/admin/builder/spi-builder-workspace/Sources/DebugExtensions/DebugProxy+DebugPixel.swift:2:8: note: Also imported here
/Users/admin/builder/spi-builder-workspace/Sources/DebugExtensions/DebugProxy+Export.swift:3:8: note: Also imported here
/Users/admin/builder/spi-builder-workspace/Sources/DebugExtensions/DebugProxy+RenderInfo.swift:2:8: note: Also imported here
/Users/admin/builder/spi-builder-workspace/Sources/DebugExtensions/DebugProxy+Statistics.swift:2:8: note: Also imported here
/Users/admin/builder/spi-builder-workspace/Sources/DebugExtensions/DebugProxy+RenderInfo.swift:3:8: error: Unable to resolve module dependency: 'PDFKit' (in target 'CoreImageExtensions' from project 'CoreImageExtensions')
note: A dependency of main module 'CoreImageExtensions'
/Users/admin/builder/spi-builder-workspace/Sources/CIColor+Extensions.swift:1:8: note: A dependency of main module 'CoreImageExtensions'
import CoreImage
^ (in target 'CoreImageExtensions' from project 'CoreImageExtensions')
/Users/admin/builder/spi-builder-workspace/Sources/CIContext+Async.swift:1:8: note: Also imported here
import CoreImage
^ (in target 'CoreImageExtensions' from project 'CoreImageExtensions')
/Users/admin/builder/spi-builder-workspace/Sources/CIContext+EXR.swift:1:8: note: Also imported here
import CoreImage
^ (in target 'CoreImageExtensions' from project 'CoreImageExtensions')
/Users/admin/builder/spi-builder-workspace/Sources/CIContext+ExportQuality.swift:1:8: note: Also imported here
import CoreImage
^ (in target 'CoreImageExtensions' from project 'CoreImageExtensions')
/Users/admin/builder/spi-builder-workspace/Sources/CIContext+ValueAccess.swift:1:8: note: Also imported here
import CoreImage
^ (in target 'CoreImageExtensions' from project 'CoreImageExtensions')
/Users/admin/builder/spi-builder-workspace/Sources/CIImage+Blending.swift:1:8: note: Also imported here
import CoreImage
^ (in target 'CoreImageExtensions' from project 'CoreImageExtensions')
/Users/admin/builder/spi-builder-workspace/Sources/CIImage+Lookup.swift:2:8: note: Also imported here
import CoreImage
^ (in target 'CoreImageExtensions' from project 'CoreImageExtensions')
/Users/admin/builder/spi-builder-workspace/Sources/CIImage+Text.swift:1:8: note: Also imported here
import CoreImage
^ (in target 'CoreImageExtensions' from project 'CoreImageExtensions')
/Users/admin/builder/spi-builder-workspace/Sources/CIImage+Transformation.swift:1:8: note: Also imported here
import CoreImage
^ (in target 'CoreImageExtensions' from project 'CoreImageExtensions')
/Users/admin/builder/spi-builder-workspace/Sources/CIImage+ValueInit.swift:1:8: note: Also imported here
import CoreImage
^ (in target 'CoreImageExtensions' from project 'CoreImageExtensions')
/Users/admin/builder/spi-builder-workspace/Sources/CIKernel+MetalSource.swift:1:8: note: Also imported here
import CoreImage
^ (in target 'CoreImageExtensions' from project 'CoreImageExtensions')
/Users/admin/builder/spi-builder-workspace/Sources/DebugExtensions/CIImage+DebugProxy.swift:2:8: note: Also imported here
import CoreImage
^ (in target 'CoreImageExtensions' from project 'CoreImageExtensions')
/Users/admin/builder/spi-builder-workspace/Sources/DebugExtensions/DebugProxy+DebugPixel.swift:2:8: note: Also imported here
import CoreImage
^ (in target 'CoreImageExtensions' from project 'CoreImageExtensions')
/Users/admin/builder/spi-builder-workspace/Sources/DebugExtensions/DebugProxy+Export.swift:3:8: note: Also imported here
import CoreImage
^ (in target 'CoreImageExtensions' from project 'CoreImageExtensions')
/Users/admin/builder/spi-builder-workspace/Sources/DebugExtensions/DebugProxy+RenderInfo.swift:2:8: note: Also imported here
import CoreImage
^ (in target 'CoreImageExtensions' from project 'CoreImageExtensions')
/Users/admin/builder/spi-builder-workspace/Sources/DebugExtensions/DebugProxy+Statistics.swift:2:8: note: Also imported here
import CoreImage
^ (in target 'CoreImageExtensions' from project 'CoreImageExtensions')
/Users/admin/builder/spi-builder-workspace/Sources/DebugExtensions/DebugProxy+RenderInfo.swift:3:8: note: A dependency of main module 'CoreImageExtensions'
import PDFKit
^ (in target 'CoreImageExtensions' from project 'CoreImageExtensions')
PruneExplicitPrecompiledModules /Users/admin/builder/spi-builder-workspace/.derivedData/Build/Intermediates.noindex/ExplicitPrecompiledModules
PruneExplicitPrecompiledModules /Users/admin/builder/spi-builder-workspace/.derivedData/Build/Intermediates.noindex/SwiftExplicitPrecompiledModules
PruneExplicitPrecompiledModules /Users/admin/builder/spi-builder-workspace/.derivedData/SDKExplicitPrecompiledModules
2026-09-22 15:06:08.494 xcodebuild[643:4122] [MT] IDERunDestination: Supported platforms for the buildables in the current scheme is empty.
** BUILD FAILED **
The following build commands failed:
SwiftDriver CoreImageExtensions normal arm64 com.apple.xcode.tools.swift.compiler (in target 'CoreImageExtensions' from project 'CoreImageExtensions')
SwiftDriver CoreImageExtensions normal arm64_32 com.apple.xcode.tools.swift.compiler (in target 'CoreImageExtensions' from project 'CoreImageExtensions')
Building workspace CoreImageExtensions with scheme CoreImageExtensions-Package
(3 failures)
Command line invocation:
/Applications/Xcode-27.0.0-Release.Candidate.app/Contents/Developer/usr/bin/xcodebuild -IDEClonedSourcePackagesDirPathOverride=/Users/admin/builder/spi-builder-workspace/.dependencies -resolvePackageDependencies
Resolve Package Graph
Resolved source packages:
CoreImageExtensions: /Users/admin/builder/spi-builder-workspace
resolved source packages: CoreImageExtensions
2026-09-22 15:06:11.823 xcodebuild[662:4403] [MT] IDERunDestination: Supported platforms for the buildables in the current scheme is empty.
{
"dependencies" : [
],
"manifest_display_name" : "CoreImageExtensions",
"name" : "CoreImageExtensions",
"path" : "/Users/admin/builder/spi-builder-workspace",
"platforms" : [
{
"name" : "ios",
"version" : "13.0"
},
{
"name" : "macos",
"version" : "10.15"
},
{
"name" : "tvos",
"version" : "13.0"
}
],
"products" : [
{
"name" : "CoreImageExtensions",
"targets" : [
"CoreImageExtensions"
],
"type" : {
"library" : [
"automatic"
]
}
},
{
"name" : "CoreImageExtensions-dynamic",
"targets" : [
"CoreImageExtensions"
],
"type" : {
"library" : [
"dynamic"
]
}
}
],
"targets" : [
{
"c99name" : "CoreImageExtensionsTests",
"module_type" : "SwiftTarget",
"name" : "CoreImageExtensionsTests",
"path" : "Tests",
"resources" : [
{
"path" : "/Users/admin/builder/spi-builder-workspace/Tests/Resources/AllHalfValues.exr",
"rule" : {
"process" : {
}
}
},
{
"path" : "/Users/admin/builder/spi-builder-workspace/Tests/Resources/Assets.xcassets",
"rule" : {
"process" : {
}
}
},
{
"path" : "/Users/admin/builder/spi-builder-workspace/Tests/Resources/imageInBundle.png",
"rule" : {
"process" : {
}
}
}
],
"sources" : [
"AsyncTests.swift",
"ColorExtensionsTests.swift",
"DebugExtensionTests.swift",
"EXRTests.swift",
"Float16ValueAccessTests.swift",
"Float32ValueAccessTests.swift",
"Helpers.swift",
"ImageLookupTests.swift",
"ImageTransformationTests.swift",
"RuntimeMetalKernelTests.swift",
"UInt8ValueAccessTests.swift"
],
"target_dependencies" : [
"CoreImageExtensions"
],
"type" : "test"
},
{
"c99name" : "CoreImageExtensions",
"module_type" : "SwiftTarget",
"name" : "CoreImageExtensions",
"path" : "Sources",
"product_memberships" : [
"CoreImageExtensions",
"CoreImageExtensions-dynamic"
],
"sources" : [
"CGColorSpace+Convenience.swift",
"CIColor+Extensions.swift",
"CIContext+Async.swift",
"CIContext+EXR.swift",
"CIContext+ExportQuality.swift",
"CIContext+ValueAccess.swift",
"CIImage+Blending.swift",
"CIImage+Lookup.swift",
"CIImage+Text.swift",
"CIImage+Transformation.swift",
"CIImage+ValueInit.swift",
"CIKernel+MetalSource.swift",
"DebugExtensions/CIImage+DebugProxy.swift",
"DebugExtensions/DebugProxy+DebugPixel.swift",
"DebugExtensions/DebugProxy+Export.swift",
"DebugExtensions/DebugProxy+RenderInfo.swift",
"DebugExtensions/DebugProxy+Statistics.swift",
"Pixel.swift"
],
"type" : "library"
}
],
"tools_version" : "5.3"
}
{
"workspace" : {
"name" : "CoreImageExtensions",
"schemes" : [
"CoreImageExtensions",
"CoreImageExtensions-dynamic",
"CoreImageExtensions-Package"
]
}
}
2026-09-22 15:06:13.051 xcodebuild[670:4460] [MT] IDERunDestination: Supported platforms for the buildables in the current scheme is empty.
Running build ...
env DEVELOPER_DIR=/Applications/Xcode-27.0.0-Release.Candidate.app xcrun xcodebuild -IDEClonedSourcePackagesDirPathOverride=$PWD/.dependencies -skipMacroValidation -skipPackagePluginValidation -derivedDataPath $PWD/.derivedData build -scheme CoreImageExtensions-Package -destination generic/platform=watchOS
Command line invocation:
/Applications/Xcode-27.0.0-Release.Candidate.app/Contents/Developer/usr/bin/xcodebuild -IDEClonedSourcePackagesDirPathOverride=/Users/admin/builder/spi-builder-workspace/.dependencies -skipMacroValidation -skipPackagePluginValidation -derivedDataPath /Users/admin/builder/spi-builder-workspace/.derivedData build -scheme CoreImageExtensions-Package -destination generic/platform=watchOS
Resolve Package Graph
Resolved source packages:
CoreImageExtensions: /Users/admin/builder/spi-builder-workspace
ComputePackagePrebuildTargetDependencyGraph
Prepare packages
CreateBuildRequest
SendProjectDescription
CreateBuildOperation
ComputeTargetDependencyGraph
note: Building targets in dependency order
note: Target dependency graph (3 targets)
Target 'CoreImageExtensions-dynamic-product' in project 'CoreImageExtensions'
➜ Explicit dependency on target 'CoreImageExtensions' in project 'CoreImageExtensions'
Target 'CoreImageExtensions-product' in project 'CoreImageExtensions'
➜ Explicit dependency on target 'CoreImageExtensions' in project 'CoreImageExtensions'
Target 'CoreImageExtensions' in project 'CoreImageExtensions' (no dependencies)
GatherProvisioningInputs
CreateBuildDescription
ClangStatCache /Applications/Xcode-27.0.0-Release.Candidate.app/Contents/Developer/Toolchains/XcodeDefault.xctoolchain/usr/bin/clang-stat-cache /Applications/Xcode-27.0.0-Release.Candidate.app/Contents/Developer/Platforms/WatchOS.platform/Developer/SDKs/WatchOS27.0.sdk /Users/admin/builder/spi-builder-workspace/.derivedData/SDKStatCaches.noindex/watchos27.0-24R360-e829b21a6f8c9b70876ba0858053c04477534ef55a1706bf4c1112bbb242f0a2.sdkstatcache
cd /Users/admin/builder/spi-builder-workspace/.swiftpm/xcode
/Applications/Xcode-27.0.0-Release.Candidate.app/Contents/Developer/Toolchains/XcodeDefault.xctoolchain/usr/bin/clang-stat-cache /Applications/Xcode-27.0.0-Release.Candidate.app/Contents/Developer/Platforms/WatchOS.platform/Developer/SDKs/WatchOS27.0.sdk -o /Users/admin/builder/spi-builder-workspace/.derivedData/SDKStatCaches.noindex/watchos27.0-24R360-e829b21a6f8c9b70876ba0858053c04477534ef55a1706bf4c1112bbb242f0a2.sdkstatcache
SwiftDriver CoreImageExtensions normal arm64_32 com.apple.xcode.tools.swift.compiler (in target 'CoreImageExtensions' from project 'CoreImageExtensions')
cd /Users/admin/builder/spi-builder-workspace/.swiftpm/xcode
builtin-SwiftDriver -- /Applications/Xcode-27.0.0-Release.Candidate.app/Contents/Developer/Toolchains/XcodeDefault.xctoolchain/usr/bin/swiftc -parse-as-library -module-name CoreImageExtensions -Onone @/Users/admin/builder/spi-builder-workspace/.derivedData/Build/Intermediates.noindex/CoreImageExtensions.build/Debug-watchos/CoreImageExtensions-t.build/Objects-normal/arm64_32/CoreImageExtensions.SwiftFileList -DSWIFT_PACKAGE -DDEBUG -DSWIFT_MODULE_RESOURCE_BUNDLE_UNAVAILABLE -DXcode -plugin-path /Applications/Xcode-27.0.0-Release.Candidate.app/Contents/Developer/Toolchains/XcodeDefault.xctoolchain/usr/lib/swift/host/plugins/testing -enable-experimental-feature DebugDescriptionMacro -sdk /Applications/Xcode-27.0.0-Release.Candidate.app/Contents/Developer/Platforms/WatchOS.platform/Developer/SDKs/WatchOS27.0.sdk -target arm64_32-apple-watchos9.0 -g -module-cache-path /Users/admin/builder/spi-builder-workspace/.derivedData/ModuleCache.noindex -Xfrontend -serialize-debugging-options -profile-coverage-mapping -profile-generate -enable-testing -index-store-path /Users/admin/builder/spi-builder-workspace/.derivedData/Index.noindex/DataStore -Xcc -D_LIBCPP_HARDENING_MODE\=_LIBCPP_HARDENING_MODE_DEBUG -swift-version 5 -I /Users/admin/builder/spi-builder-workspace/.derivedData/Build/Products/Debug-watchos -Isystem /Applications/Xcode-27.0.0-Release.Candidate.app/Contents/Developer/Platforms/WatchOS.platform/Developer/usr/lib -F /Users/admin/builder/spi-builder-workspace/.derivedData/Build/Products/Debug-watchos -F /Applications/Xcode-27.0.0-Release.Candidate.app/Contents/Developer/Platforms/WatchOS.platform/Developer/Library/Frameworks -F /Applications/Xcode-27.0.0-Release.Candidate.app/Contents/Developer/Platforms/WatchOS.platform/Developer/SDKs/WatchOS27.0.sdk/Developer/Library/Frameworks -c -j10 -enable-batch-mode -incremental -Xcc -ivfsstatcache -Xcc /Users/admin/builder/spi-builder-workspace/.derivedData/SDKStatCaches.noindex/watchos27.0-24R360-e829b21a6f8c9b70876ba0858053c04477534ef55a1706bf4c1112bbb242f0a2.sdkstatcache -output-file-map /Users/admin/builder/spi-builder-workspace/.derivedData/Build/Intermediates.noindex/CoreImageExtensions.build/Debug-watchos/CoreImageExtensions-t.build/Objects-normal/arm64_32/CoreImageExtensions-OutputFileMap.json -save-temps -no-color-diagnostics -explicit-module-build -module-cache-path /Users/admin/builder/spi-builder-workspace/.derivedData/Build/Intermediates.noindex/SwiftExplicitPrecompiledModules -clang-scanner-module-cache-path /Users/admin/builder/spi-builder-workspace/.derivedData/ModuleCache.noindex -sdk-module-cache-path /Users/admin/builder/spi-builder-workspace/.derivedData/SDKExplicitPrecompiledModules -emit-dependencies -emit-module -emit-module-path /Users/admin/builder/spi-builder-workspace/.derivedData/Build/Intermediates.noindex/CoreImageExtensions.build/Debug-watchos/CoreImageExtensions-t.build/Objects-normal/arm64_32/CoreImageExtensions.swiftmodule -serialize-diagnostics -dependency-scan-serialize-diagnostics-path /Users/admin/builder/spi-builder-workspace/.derivedData/Build/Intermediates.noindex/CoreImageExtensions.build/Debug-watchos/CoreImageExtensions-t.build/Objects-normal/arm64_32/CoreImageExtensions-dependency-scan.dia -validate-clang-modules-once -clang-build-session-file /Users/admin/builder/spi-builder-workspace/.derivedData/ModuleCache.noindex/Session.modulevalidation -Xcc -fmodules-prune-interval\=86400 -Xcc -fmodules-prune-after\=345600 -emit-const-values -const-gather-protocols-list /Users/admin/builder/spi-builder-workspace/.derivedData/Build/Intermediates.noindex/CoreImageExtensions.build/Debug-watchos/CoreImageExtensions-t.build/Objects-normal/arm64_32/CoreImageExtensions_const_extract_protocols.json -Xcc -I/Users/admin/builder/spi-builder-workspace/.derivedData/Build/Products/Debug-watchos/include -Xcc -I/Users/admin/builder/spi-builder-workspace/.derivedData/Build/Intermediates.noindex/CoreImageExtensions.build/Debug-watchos/CoreImageExtensions-t.build/DerivedSources-normal/arm64_32 -Xcc -I/Users/admin/builder/spi-builder-workspace/.derivedData/Build/Intermediates.noindex/CoreImageExtensions.build/Debug-watchos/CoreImageExtensions-t.build/DerivedSources/arm64_32 -Xcc -I/Users/admin/builder/spi-builder-workspace/.derivedData/Build/Intermediates.noindex/CoreImageExtensions.build/Debug-watchos/CoreImageExtensions-t.build/DerivedSources -Xcc -DSWIFT_PACKAGE -Xcc -DDEBUG\=1 -Xcc -DCI_SILENCE_GL_DEPRECATION -emit-objc-header -emit-objc-header-path /Users/admin/builder/spi-builder-workspace/.derivedData/Build/Intermediates.noindex/CoreImageExtensions.build/Debug-watchos/CoreImageExtensions-t.build/Objects-normal/arm64_32/CoreImageExtensions-Swift.h -working-directory /Users/admin/builder/spi-builder-workspace/.swiftpm/xcode -experimental-emit-module-separately -disable-cmo
/Users/admin/builder/spi-builder-workspace/Sources/CIColor+Extensions.swift:1:8: error: Unable to resolve module dependency: 'CoreImage' (in target 'CoreImageExtensions' from project 'CoreImageExtensions')
note: A dependency of main module 'CoreImageExtensions'
/Users/admin/builder/spi-builder-workspace/Sources/CIContext+Async.swift:1:8: note: Also imported here
/Users/admin/builder/spi-builder-workspace/Sources/CIContext+EXR.swift:1:8: note: Also imported here
/Users/admin/builder/spi-builder-workspace/Sources/CIContext+ExportQuality.swift:1:8: note: Also imported here
/Users/admin/builder/spi-builder-workspace/Sources/CIContext+ValueAccess.swift:1:8: note: Also imported here
/Users/admin/builder/spi-builder-workspace/Sources/CIImage+Blending.swift:1:8: note: Also imported here
/Users/admin/builder/spi-builder-workspace/Sources/CIImage+Lookup.swift:2:8: note: Also imported here
/Users/admin/builder/spi-builder-workspace/Sources/CIImage+Text.swift:1:8: note: Also imported here
/Users/admin/builder/spi-builder-workspace/Sources/CIImage+Transformation.swift:1:8: note: Also imported here
/Users/admin/builder/spi-builder-workspace/Sources/CIImage+ValueInit.swift:1:8: note: Also imported here
/Users/admin/builder/spi-builder-workspace/Sources/CIKernel+MetalSource.swift:1:8: note: Also imported here
/Users/admin/builder/spi-builder-workspace/Sources/DebugExtensions/CIImage+DebugProxy.swift:2:8: note: Also imported here
/Users/admin/builder/spi-builder-workspace/Sources/DebugExtensions/DebugProxy+DebugPixel.swift:2:8: note: Also imported here
/Users/admin/builder/spi-builder-workspace/Sources/DebugExtensions/DebugProxy+Export.swift:3:8: note: Also imported here
/Users/admin/builder/spi-builder-workspace/Sources/DebugExtensions/DebugProxy+RenderInfo.swift:2:8: note: Also imported here
/Users/admin/builder/spi-builder-workspace/Sources/DebugExtensions/DebugProxy+Statistics.swift:2:8: note: Also imported here
/Users/admin/builder/spi-builder-workspace/Sources/DebugExtensions/DebugProxy+RenderInfo.swift:3:8: error: Unable to resolve module dependency: 'PDFKit' (in target 'CoreImageExtensions' from project 'CoreImageExtensions')
note: A dependency of main module 'CoreImageExtensions'
/Users/admin/builder/spi-builder-workspace/Sources/CIColor+Extensions.swift:1:8: note: A dependency of main module 'CoreImageExtensions'
import CoreImage
^ (in target 'CoreImageExtensions' from project 'CoreImageExtensions')
/Users/admin/builder/spi-builder-workspace/Sources/CIContext+Async.swift:1:8: note: Also imported here
import CoreImage
^ (in target 'CoreImageExtensions' from project 'CoreImageExtensions')
/Users/admin/builder/spi-builder-workspace/Sources/CIContext+EXR.swift:1:8: note: Also imported here
import CoreImage
^ (in target 'CoreImageExtensions' from project 'CoreImageExtensions')
/Users/admin/builder/spi-builder-workspace/Sources/CIContext+ExportQuality.swift:1:8: note: Also imported here
import CoreImage
^ (in target 'CoreImageExtensions' from project 'CoreImageExtensions')
/Users/admin/builder/spi-builder-workspace/Sources/CIContext+ValueAccess.swift:1:8: note: Also imported here
import CoreImage
^ (in target 'CoreImageExtensions' from project 'CoreImageExtensions')
/Users/admin/builder/spi-builder-workspace/Sources/CIImage+Blending.swift:1:8: note: Also imported here
import CoreImage
^ (in target 'CoreImageExtensions' from project 'CoreImageExtensions')
/Users/admin/builder/spi-builder-workspace/Sources/CIImage+Lookup.swift:2:8: note: Also imported here
import CoreImage
^ (in target 'CoreImageExtensions' from project 'CoreImageExtensions')
/Users/admin/builder/spi-builder-workspace/Sources/CIImage+Text.swift:1:8: note: Also imported here
import CoreImage
^ (in target 'CoreImageExtensions' from project 'CoreImageExtensions')
/Users/admin/builder/spi-builder-workspace/Sources/CIImage+Transformation.swift:1:8: note: Also imported here
import CoreImage
^ (in target 'CoreImageExtensions' from project 'CoreImageExtensions')
/Users/admin/builder/spi-builder-workspace/Sources/CIImage+ValueInit.swift:1:8: note: Also imported here
import CoreImage
^ (in target 'CoreImageExtensions' from project 'CoreImageExtensions')
/Users/admin/builder/spi-builder-workspace/Sources/CIKernel+MetalSource.swift:1:8: note: Also imported here
import CoreImage
^ (in target 'CoreImageExtensions' from project 'CoreImageExtensions')
/Users/admin/builder/spi-builder-workspace/Sources/DebugExtensions/CIImage+DebugProxy.swift:2:8: note: Also imported here
import CoreImage
^ (in target 'CoreImageExtensions' from project 'CoreImageExtensions')
/Users/admin/builder/spi-builder-workspace/Sources/DebugExtensions/DebugProxy+DebugPixel.swift:2:8: note: Also imported here
import CoreImage
^ (in target 'CoreImageExtensions' from project 'CoreImageExtensions')
/Users/admin/builder/spi-builder-workspace/Sources/DebugExtensions/DebugProxy+Export.swift:3:8: note: Also imported here
import CoreImage
^ (in target 'CoreImageExtensions' from project 'CoreImageExtensions')
/Users/admin/builder/spi-builder-workspace/Sources/DebugExtensions/DebugProxy+RenderInfo.swift:2:8: note: Also imported here
import CoreImage
^ (in target 'CoreImageExtensions' from project 'CoreImageExtensions')
/Users/admin/builder/spi-builder-workspace/Sources/DebugExtensions/DebugProxy+Statistics.swift:2:8: note: Also imported here
import CoreImage
^ (in target 'CoreImageExtensions' from project 'CoreImageExtensions')
/Users/admin/builder/spi-builder-workspace/Sources/DebugExtensions/DebugProxy+RenderInfo.swift:3:8: note: A dependency of main module 'CoreImageExtensions'
import PDFKit
^ (in target 'CoreImageExtensions' from project 'CoreImageExtensions')
SwiftDriver CoreImageExtensions normal arm64 com.apple.xcode.tools.swift.compiler (in target 'CoreImageExtensions' from project 'CoreImageExtensions')
cd /Users/admin/builder/spi-builder-workspace/.swiftpm/xcode
builtin-SwiftDriver -- /Applications/Xcode-27.0.0-Release.Candidate.app/Contents/Developer/Toolchains/XcodeDefault.xctoolchain/usr/bin/swiftc -parse-as-library -module-name CoreImageExtensions -Onone @/Users/admin/builder/spi-builder-workspace/.derivedData/Build/Intermediates.noindex/CoreImageExtensions.build/Debug-watchos/CoreImageExtensions-t.build/Objects-normal/arm64/CoreImageExtensions.SwiftFileList -DSWIFT_PACKAGE -DDEBUG -DSWIFT_MODULE_RESOURCE_BUNDLE_UNAVAILABLE -DXcode -plugin-path /Applications/Xcode-27.0.0-Release.Candidate.app/Contents/Developer/Toolchains/XcodeDefault.xctoolchain/usr/lib/swift/host/plugins/testing -enable-experimental-feature DebugDescriptionMacro -sdk /Applications/Xcode-27.0.0-Release.Candidate.app/Contents/Developer/Platforms/WatchOS.platform/Developer/SDKs/WatchOS27.0.sdk -target arm64-apple-watchos9.0 -g -module-cache-path /Users/admin/builder/spi-builder-workspace/.derivedData/ModuleCache.noindex -Xfrontend -serialize-debugging-options -profile-coverage-mapping -profile-generate -enable-testing -index-store-path /Users/admin/builder/spi-builder-workspace/.derivedData/Index.noindex/DataStore -Xcc -D_LIBCPP_HARDENING_MODE\=_LIBCPP_HARDENING_MODE_DEBUG -swift-version 5 -I /Users/admin/builder/spi-builder-workspace/.derivedData/Build/Products/Debug-watchos -Isystem /Applications/Xcode-27.0.0-Release.Candidate.app/Contents/Developer/Platforms/WatchOS.platform/Developer/usr/lib -F /Users/admin/builder/spi-builder-workspace/.derivedData/Build/Products/Debug-watchos -F /Applications/Xcode-27.0.0-Release.Candidate.app/Contents/Developer/Platforms/WatchOS.platform/Developer/Library/Frameworks -F /Applications/Xcode-27.0.0-Release.Candidate.app/Contents/Developer/Platforms/WatchOS.platform/Developer/SDKs/WatchOS27.0.sdk/Developer/Library/Frameworks -c -j10 -enable-batch-mode -incremental -Xcc -ivfsstatcache -Xcc /Users/admin/builder/spi-builder-workspace/.derivedData/SDKStatCaches.noindex/watchos27.0-24R360-e829b21a6f8c9b70876ba0858053c04477534ef55a1706bf4c1112bbb242f0a2.sdkstatcache -output-file-map /Users/admin/builder/spi-builder-workspace/.derivedData/Build/Intermediates.noindex/CoreImageExtensions.build/Debug-watchos/CoreImageExtensions-t.build/Objects-normal/arm64/CoreImageExtensions-OutputFileMap.json -save-temps -no-color-diagnostics -explicit-module-build -module-cache-path /Users/admin/builder/spi-builder-workspace/.derivedData/Build/Intermediates.noindex/SwiftExplicitPrecompiledModules -clang-scanner-module-cache-path /Users/admin/builder/spi-builder-workspace/.derivedData/ModuleCache.noindex -sdk-module-cache-path /Users/admin/builder/spi-builder-workspace/.derivedData/SDKExplicitPrecompiledModules -emit-dependencies -emit-module -emit-module-path /Users/admin/builder/spi-builder-workspace/.derivedData/Build/Intermediates.noindex/CoreImageExtensions.build/Debug-watchos/CoreImageExtensions-t.build/Objects-normal/arm64/CoreImageExtensions.swiftmodule -serialize-diagnostics -dependency-scan-serialize-diagnostics-path /Users/admin/builder/spi-builder-workspace/.derivedData/Build/Intermediates.noindex/CoreImageExtensions.build/Debug-watchos/CoreImageExtensions-t.build/Objects-normal/arm64/CoreImageExtensions-dependency-scan.dia -validate-clang-modules-once -clang-build-session-file /Users/admin/builder/spi-builder-workspace/.derivedData/ModuleCache.noindex/Session.modulevalidation -Xcc -fmodules-prune-interval\=86400 -Xcc -fmodules-prune-after\=345600 -emit-const-values -const-gather-protocols-list /Users/admin/builder/spi-builder-workspace/.derivedData/Build/Intermediates.noindex/CoreImageExtensions.build/Debug-watchos/CoreImageExtensions-t.build/Objects-normal/arm64/CoreImageExtensions_const_extract_protocols.json -Xcc -I/Users/admin/builder/spi-builder-workspace/.derivedData/Build/Products/Debug-watchos/include -Xcc -I/Users/admin/builder/spi-builder-workspace/.derivedData/Build/Intermediates.noindex/CoreImageExtensions.build/Debug-watchos/CoreImageExtensions-t.build/DerivedSources-normal/arm64 -Xcc -I/Users/admin/builder/spi-builder-workspace/.derivedData/Build/Intermediates.noindex/CoreImageExtensions.build/Debug-watchos/CoreImageExtensions-t.build/DerivedSources/arm64 -Xcc -I/Users/admin/builder/spi-builder-workspace/.derivedData/Build/Intermediates.noindex/CoreImageExtensions.build/Debug-watchos/CoreImageExtensions-t.build/DerivedSources -Xcc -DSWIFT_PACKAGE -Xcc -DDEBUG\=1 -Xcc -DCI_SILENCE_GL_DEPRECATION -emit-objc-header -emit-objc-header-path /Users/admin/builder/spi-builder-workspace/.derivedData/Build/Intermediates.noindex/CoreImageExtensions.build/Debug-watchos/CoreImageExtensions-t.build/Objects-normal/arm64/CoreImageExtensions-Swift.h -working-directory /Users/admin/builder/spi-builder-workspace/.swiftpm/xcode -experimental-emit-module-separately -disable-cmo
/Users/admin/builder/spi-builder-workspace/Sources/CIColor+Extensions.swift:1:8: error: Unable to resolve module dependency: 'CoreImage' (in target 'CoreImageExtensions' from project 'CoreImageExtensions')
note: A dependency of main module 'CoreImageExtensions'
/Users/admin/builder/spi-builder-workspace/Sources/CIContext+Async.swift:1:8: note: Also imported here
/Users/admin/builder/spi-builder-workspace/Sources/CIContext+EXR.swift:1:8: note: Also imported here
/Users/admin/builder/spi-builder-workspace/Sources/CIContext+ExportQuality.swift:1:8: note: Also imported here
/Users/admin/builder/spi-builder-workspace/Sources/CIContext+ValueAccess.swift:1:8: note: Also imported here
/Users/admin/builder/spi-builder-workspace/Sources/CIImage+Blending.swift:1:8: note: Also imported here
/Users/admin/builder/spi-builder-workspace/Sources/CIImage+Lookup.swift:2:8: note: Also imported here
/Users/admin/builder/spi-builder-workspace/Sources/CIImage+Text.swift:1:8: note: Also imported here
/Users/admin/builder/spi-builder-workspace/Sources/CIImage+Transformation.swift:1:8: note: Also imported here
/Users/admin/builder/spi-builder-workspace/Sources/CIImage+ValueInit.swift:1:8: note: Also imported here
/Users/admin/builder/spi-builder-workspace/Sources/CIKernel+MetalSource.swift:1:8: note: Also imported here
/Users/admin/builder/spi-builder-workspace/Sources/DebugExtensions/CIImage+DebugProxy.swift:2:8: note: Also imported here
/Users/admin/builder/spi-builder-workspace/Sources/DebugExtensions/DebugProxy+DebugPixel.swift:2:8: note: Also imported here
/Users/admin/builder/spi-builder-workspace/Sources/DebugExtensions/DebugProxy+Export.swift:3:8: note: Also imported here
/Users/admin/builder/spi-builder-workspace/Sources/DebugExtensions/DebugProxy+RenderInfo.swift:2:8: note: Also imported here
/Users/admin/builder/spi-builder-workspace/Sources/DebugExtensions/DebugProxy+Statistics.swift:2:8: note: Also imported here
/Users/admin/builder/spi-builder-workspace/Sources/DebugExtensions/DebugProxy+RenderInfo.swift:3:8: error: Unable to resolve module dependency: 'PDFKit' (in target 'CoreImageExtensions' from project 'CoreImageExtensions')
note: A dependency of main module 'CoreImageExtensions'
/Users/admin/builder/spi-builder-workspace/Sources/CIColor+Extensions.swift:1:8: note: A dependency of main module 'CoreImageExtensions'
import CoreImage
^ (in target 'CoreImageExtensions' from project 'CoreImageExtensions')
/Users/admin/builder/spi-builder-workspace/Sources/CIContext+Async.swift:1:8: note: Also imported here
import CoreImage
^ (in target 'CoreImageExtensions' from project 'CoreImageExtensions')
/Users/admin/builder/spi-builder-workspace/Sources/CIContext+EXR.swift:1:8: note: Also imported here
import CoreImage
^ (in target 'CoreImageExtensions' from project 'CoreImageExtensions')
/Users/admin/builder/spi-builder-workspace/Sources/CIContext+ExportQuality.swift:1:8: note: Also imported here
import CoreImage
^ (in target 'CoreImageExtensions' from project 'CoreImageExtensions')
/Users/admin/builder/spi-builder-workspace/Sources/CIContext+ValueAccess.swift:1:8: note: Also imported here
import CoreImage
^ (in target 'CoreImageExtensions' from project 'CoreImageExtensions')
/Users/admin/builder/spi-builder-workspace/Sources/CIImage+Blending.swift:1:8: note: Also imported here
import CoreImage
^ (in target 'CoreImageExtensions' from project 'CoreImageExtensions')
/Users/admin/builder/spi-builder-workspace/Sources/CIImage+Lookup.swift:2:8: note: Also imported here
import CoreImage
^ (in target 'CoreImageExtensions' from project 'CoreImageExtensions')
/Users/admin/builder/spi-builder-workspace/Sources/CIImage+Text.swift:1:8: note: Also imported here
import CoreImage
^ (in target 'CoreImageExtensions' from project 'CoreImageExtensions')
/Users/admin/builder/spi-builder-workspace/Sources/CIImage+Transformation.swift:1:8: note: Also imported here
import CoreImage
^ (in target 'CoreImageExtensions' from project 'CoreImageExtensions')
/Users/admin/builder/spi-builder-workspace/Sources/CIImage+ValueInit.swift:1:8: note: Also imported here
import CoreImage
^ (in target 'CoreImageExtensions' from project 'CoreImageExtensions')
/Users/admin/builder/spi-builder-workspace/Sources/CIKernel+MetalSource.swift:1:8: note: Also imported here
import CoreImage
^ (in target 'CoreImageExtensions' from project 'CoreImageExtensions')
/Users/admin/builder/spi-builder-workspace/Sources/DebugExtensions/CIImage+DebugProxy.swift:2:8: note: Also imported here
import CoreImage
^ (in target 'CoreImageExtensions' from project 'CoreImageExtensions')
/Users/admin/builder/spi-builder-workspace/Sources/DebugExtensions/DebugProxy+DebugPixel.swift:2:8: note: Also imported here
import CoreImage
^ (in target 'CoreImageExtensions' from project 'CoreImageExtensions')
/Users/admin/builder/spi-builder-workspace/Sources/DebugExtensions/DebugProxy+Export.swift:3:8: note: Also imported here
import CoreImage
^ (in target 'CoreImageExtensions' from project 'CoreImageExtensions')
/Users/admin/builder/spi-builder-workspace/Sources/DebugExtensions/DebugProxy+RenderInfo.swift:2:8: note: Also imported here
import CoreImage
^ (in target 'CoreImageExtensions' from project 'CoreImageExtensions')
/Users/admin/builder/spi-builder-workspace/Sources/DebugExtensions/DebugProxy+Statistics.swift:2:8: note: Also imported here
import CoreImage
^ (in target 'CoreImageExtensions' from project 'CoreImageExtensions')
/Users/admin/builder/spi-builder-workspace/Sources/DebugExtensions/DebugProxy+RenderInfo.swift:3:8: note: A dependency of main module 'CoreImageExtensions'
import PDFKit
^ (in target 'CoreImageExtensions' from project 'CoreImageExtensions')
PruneExplicitPrecompiledModules /Users/admin/builder/spi-builder-workspace/.derivedData/Build/Intermediates.noindex/SwiftExplicitPrecompiledModules
PruneExplicitPrecompiledModules /Users/admin/builder/spi-builder-workspace/.derivedData/Build/Intermediates.noindex/ExplicitPrecompiledModules
PruneExplicitPrecompiledModules /Users/admin/builder/spi-builder-workspace/.derivedData/SDKExplicitPrecompiledModules
2026-09-22 15:06:14.014 xcodebuild[671:4483] [MT] IDERunDestination: Supported platforms for the buildables in the current scheme is empty.
** BUILD FAILED **
The following build commands failed:
SwiftDriver CoreImageExtensions normal arm64_32 com.apple.xcode.tools.swift.compiler (in target 'CoreImageExtensions' from project 'CoreImageExtensions')
SwiftDriver CoreImageExtensions normal arm64 com.apple.xcode.tools.swift.compiler (in target 'CoreImageExtensions' from project 'CoreImageExtensions')
Building workspace CoreImageExtensions with scheme CoreImageExtensions-Package
(3 failures)
BUILD FAILURE 6.4 watchOS