Build Information
Failed to build SKCore, reference master (656dee), with Swift 6.4 for macOS (Xcode) using Xcode 27.0 on 17 Sep 2026 01:38:19 UTC.
Build Command
env DEVELOPER_DIR=/Applications/Xcode-27.0.0-Release.Candidate.app xcrun xcodebuild -IDEClonedSourcePackagesDirPathOverride=$PWD/.dependencies -skipMacroValidation -skipPackagePluginValidation -derivedDataPath $PWD/.derivedData build -scheme SKCore-Package -destination platform=macOS,arch=arm64Build Log
========================================
RunAll
========================================
Builder version: 5.1.0
Interrupt handler set up.
========================================
Checkout
========================================
Clone URL: https://github.com/pvzig/SKCore.git
Reference: master
Initialized empty Git repository in /Users/admin/builder/spi-builder-workspace/.git/
From https://github.com/pvzig/SKCore
* branch master -> FETCH_HEAD
* [new branch] master -> origin/master
HEAD is now at 656deeb Update README.md
Cloned https://github.com/pvzig/SKCore.git
Revision (git rev-parse @):
656deeb1bedc67d90b2905899859b59fc1ffd011
SUCCESS checkout https://github.com/pvzig/SKCore.git at master
========================================
Build
========================================
Selected platform: macosXcodebuild
Swift version: 6.4
Building package at path: $PWD
https://github.com/pvzig/SKCore.git
Command line invocation:
/Applications/Xcode-27.0.0-Release.Candidate.app/Contents/Developer/usr/bin/xcodebuild -IDEClonedSourcePackagesDirPathOverride=/Users/admin/builder/spi-builder-workspace/.dependencies -resolvePackageDependencies
resolved source packages:
{
"dependencies" : [
],
"manifest_display_name" : "SKCore",
"name" : "SKCore",
"path" : "/Users/admin/builder/spi-builder-workspace",
"platforms" : [
],
"products" : [
{
"name" : "SKCore",
"targets" : [
"SKCore"
],
"type" : {
"library" : [
"automatic"
]
}
}
],
"targets" : [
{
"c99name" : "SKCoreTests",
"module_type" : "SwiftTarget",
"name" : "SKCoreTests",
"path" : "Tests/SKCoreTests",
"sources" : [
"Helper.swift",
"SKCoreTests.swift",
"XCTestManifests.swift"
],
"target_dependencies" : [
"SKCore"
],
"type" : "test"
},
{
"c99name" : "SKCore",
"module_type" : "SwiftTarget",
"name" : "SKCore",
"path" : "Sources",
"product_memberships" : [
"SKCore"
],
"sources" : [
"SKCore/Action.swift",
"SKCore/Attachment.swift",
"SKCore/AttachmentField.swift",
"SKCore/Bot.swift",
"SKCore/Channel.swift",
"SKCore/Comment.swift",
"SKCore/CustomProfile.swift",
"SKCore/CustomProfileField.swift",
"SKCore/DoNotDisturbStatus.swift",
"SKCore/Edited.swift",
"SKCore/Event.swift",
"SKCore/Extensions.swift",
"SKCore/File.swift",
"SKCore/History.swift",
"SKCore/Item.swift",
"SKCore/Message.swift",
"SKCore/OAuthConfig.swift",
"SKCore/RTMOptions.swift",
"SKCore/Reaction.swift",
"SKCore/Reply.swift",
"SKCore/Scope.swift",
"SKCore/SlackError.swift",
"SKCore/Team.swift",
"SKCore/TeamIcon.swift",
"SKCore/Topic.swift",
"SKCore/User.swift",
"SKCore/UserGroup.swift"
],
"type" : "library"
}
],
"tools_version" : "4.0"
}
{
"project" : {
"configurations" : [
"Debug",
"Release"
],
"name" : "SKCore",
"schemes" : [
"SKCore-Package",
"SKCorePackageDescription",
"SKCorePackageTests"
],
"targets" : [
"SKCore",
"SKCorePackageDescription",
"SKCorePackageTests",
"SKCoreTests"
]
}
}
Running build ...
env DEVELOPER_DIR=/Applications/Xcode-27.0.0-Release.Candidate.app xcrun xcodebuild -IDEClonedSourcePackagesDirPathOverride=$PWD/.dependencies -skipMacroValidation -skipPackagePluginValidation -derivedDataPath $PWD/.derivedData build -scheme SKCore-Package -destination platform=macOS,arch=arm64
Command line invocation:
/Applications/Xcode-27.0.0-Release.Candidate.app/Contents/Developer/usr/bin/xcodebuild -IDEClonedSourcePackagesDirPathOverride=/Users/admin/builder/spi-builder-workspace/.dependencies -skipMacroValidation -skipPackagePluginValidation -derivedDataPath /Users/admin/builder/spi-builder-workspace/.derivedData build -scheme SKCore-Package -destination platform=macOS,arch=arm64
ComputePackagePrebuildTargetDependencyGraph
Prepare packages
CreateBuildRequest
SendProjectDescription
CreateBuildOperation
ComputeTargetDependencyGraph
note: Building targets in dependency order
note: Target dependency graph (1 target)
Target 'SKCore' in project 'SKCore' (no dependencies)
GatherProvisioningInputs
CreateBuildDescription
ExecuteExternalTool /Applications/Xcode-27.0.0-Release.Candidate.app/Contents/Developer/Toolchains/XcodeDefault.xctoolchain/usr/bin/clang -v -E -dM -isysroot /Applications/Xcode-27.0.0-Release.Candidate.app/Contents/Developer/Platforms/MacOSX.platform/Developer/SDKs/MacOSX27.0.sdk -x c -c /dev/null
ExecuteExternalTool /Applications/Xcode-27.0.0-Release.Candidate.app/Contents/Developer/Toolchains/XcodeDefault.xctoolchain/usr/bin/swiftc --version
ExecuteExternalTool /Applications/Xcode-27.0.0-Release.Candidate.app/Contents/Developer/Toolchains/XcodeDefault.xctoolchain/usr/bin/ld -version_details
Build description signature: eb3d73cae46048d3e938c34d72350e8e
Build description path: /Users/admin/builder/spi-builder-workspace/.derivedData/Build/Intermediates.noindex/XCBuildData/eb3d73cae46048d3e938c34d72350e8e.xcbuilddata
/Users/admin/builder/spi-builder-workspace/SKCore.xcodeproj: error: The macOS deployment target 'MACOSX_DEPLOYMENT_TARGET' is set to 10.11, but the range of supported deployment target versions is 12.0 to 27.0.x. (in target 'SKCore' from project 'SKCore')
** BUILD FAILED **
The following build commands failed:
Building project SKCore with scheme SKCore-Package
(1 failure)
Command line invocation:
/Applications/Xcode-27.0.0-Release.Candidate.app/Contents/Developer/usr/bin/xcodebuild -IDEClonedSourcePackagesDirPathOverride=/Users/admin/builder/spi-builder-workspace/.dependencies -resolvePackageDependencies
resolved source packages:
{
"dependencies" : [
],
"manifest_display_name" : "SKCore",
"name" : "SKCore",
"path" : "/Users/admin/builder/spi-builder-workspace",
"platforms" : [
],
"products" : [
{
"name" : "SKCore",
"targets" : [
"SKCore"
],
"type" : {
"library" : [
"automatic"
]
}
}
],
"targets" : [
{
"c99name" : "SKCoreTests",
"module_type" : "SwiftTarget",
"name" : "SKCoreTests",
"path" : "Tests/SKCoreTests",
"sources" : [
"Helper.swift",
"SKCoreTests.swift",
"XCTestManifests.swift"
],
"target_dependencies" : [
"SKCore"
],
"type" : "test"
},
{
"c99name" : "SKCore",
"module_type" : "SwiftTarget",
"name" : "SKCore",
"path" : "Sources",
"product_memberships" : [
"SKCore"
],
"sources" : [
"SKCore/Action.swift",
"SKCore/Attachment.swift",
"SKCore/AttachmentField.swift",
"SKCore/Bot.swift",
"SKCore/Channel.swift",
"SKCore/Comment.swift",
"SKCore/CustomProfile.swift",
"SKCore/CustomProfileField.swift",
"SKCore/DoNotDisturbStatus.swift",
"SKCore/Edited.swift",
"SKCore/Event.swift",
"SKCore/Extensions.swift",
"SKCore/File.swift",
"SKCore/History.swift",
"SKCore/Item.swift",
"SKCore/Message.swift",
"SKCore/OAuthConfig.swift",
"SKCore/RTMOptions.swift",
"SKCore/Reaction.swift",
"SKCore/Reply.swift",
"SKCore/Scope.swift",
"SKCore/SlackError.swift",
"SKCore/Team.swift",
"SKCore/TeamIcon.swift",
"SKCore/Topic.swift",
"SKCore/User.swift",
"SKCore/UserGroup.swift"
],
"type" : "library"
}
],
"tools_version" : "4.0"
}
{
"project" : {
"configurations" : [
"Debug",
"Release"
],
"name" : "SKCore",
"schemes" : [
"SKCore-Package",
"SKCorePackageDescription",
"SKCorePackageTests"
],
"targets" : [
"SKCore",
"SKCorePackageDescription",
"SKCorePackageTests",
"SKCoreTests"
]
}
}
Running build ...
env DEVELOPER_DIR=/Applications/Xcode-27.0.0-Release.Candidate.app xcrun xcodebuild -IDEClonedSourcePackagesDirPathOverride=$PWD/.dependencies -skipMacroValidation -skipPackagePluginValidation -derivedDataPath $PWD/.derivedData build -scheme SKCore-Package -destination platform=macOS,arch=arm64
Command line invocation:
/Applications/Xcode-27.0.0-Release.Candidate.app/Contents/Developer/usr/bin/xcodebuild -IDEClonedSourcePackagesDirPathOverride=/Users/admin/builder/spi-builder-workspace/.dependencies -skipMacroValidation -skipPackagePluginValidation -derivedDataPath /Users/admin/builder/spi-builder-workspace/.derivedData build -scheme SKCore-Package -destination platform=macOS,arch=arm64
ComputePackagePrebuildTargetDependencyGraph
Prepare packages
CreateBuildRequest
SendProjectDescription
CreateBuildOperation
ComputeTargetDependencyGraph
note: Building targets in dependency order
note: Target dependency graph (1 target)
Target 'SKCore' in project 'SKCore' (no dependencies)
GatherProvisioningInputs
CreateBuildDescription
/Users/admin/builder/spi-builder-workspace/SKCore.xcodeproj: error: The macOS deployment target 'MACOSX_DEPLOYMENT_TARGET' is set to 10.11, but the range of supported deployment target versions is 12.0 to 27.0.x. (in target 'SKCore' from project 'SKCore')
** BUILD FAILED **
The following build commands failed:
Building project SKCore with scheme SKCore-Package
(1 failure)
BUILD FAILURE 6.4 macosXcodebuild