The Swift Package Index logo.Swift Package Index

Build Information

Failed to build MistralAPI, reference 1.0.0 (b476be), with Swift 6.4 for Wasm on 24 Sep 2026 06:41:12 UTC.

Build Command

bash -c docker run --pull=always --rm -v "checkouts-54344847-0":/host -w "$PWD" -e JAVA_HOME="/root/.sdkman/candidates/java/current" -e SPI_BUILD="1" -e SPI_PROCESSING="1" registry.gitlab.com/saguaro1/spi-images:wasm-6.4-latest swift build --swift-sdk swift-6.4.x-DEVELOPMENT-SNAPSHOT-2026-09-04-a_wasm 2>&1

Build Log

========================================
RunAll
========================================
Builder version: 5.1.0
Interrupt handler set up.
========================================
Checkout
========================================
Clone URL: https://github.com/atacan/MistralAPI.git
Reference: 1.0.0
Initialized empty Git repository in /host/spi-builder-workspace/.git/
hint: Using 'master' as the name for the initial branch. This default branch name
hint: is subject to change. To configure the initial branch name to use in all
hint: of your new repositories, which will suppress this warning, call:
hint:
hint: 	git config --global init.defaultBranch <name>
hint:
hint: Names commonly chosen instead of 'master' are 'main', 'trunk' and
hint: 'development'. The just-created branch can be renamed via this command:
hint:
hint: 	git branch -m <name>
From https://github.com/atacan/MistralAPI
 * tag               1.0.0      -> FETCH_HEAD
HEAD is now at b476be3 how to keep it up to date
Cloned https://github.com/atacan/MistralAPI.git
Revision (git rev-parse @):
b476be36b06356517a44f332a88ac2048c54b70a
SUCCESS checkout https://github.com/atacan/MistralAPI.git at 1.0.0
========================================
Build
========================================
Selected platform:         wasm
Swift version:             6.4
Building package at path:  $PWD
https://github.com/atacan/MistralAPI.git
Running build ...
bash -c docker run --pull=always --rm -v "checkouts-54344847-0":/host -w "$PWD" -e JAVA_HOME="/root/.sdkman/candidates/java/current" -e SPI_BUILD="1" -e SPI_PROCESSING="1" registry.gitlab.com/saguaro1/spi-images:wasm-6.4-latest swift build --swift-sdk swift-6.4.x-DEVELOPMENT-SNAPSHOT-2026-09-04-a_wasm 2>&1
wasm-6.4-latest: Pulling from saguaro1/spi-images
Digest: sha256:4328fdb43c680d205c1d6761b1e3267aa38277eefdda9ddfb17b6a0f1a77857a
Status: Image is up to date for registry.gitlab.com/saguaro1/spi-images:wasm-6.4-latest
Fetching https://github.com/atacan/UsefulThings
[1/248] Fetching usefulthings
Fetched https://github.com/atacan/UsefulThings (0.53s)
Fetching https://github.com/swift-server/swift-openapi-async-http-client
Fetching https://github.com/apple/swift-openapi-runtime.git
[1/6945] Fetching swift-openapi-runtime
[1877/7595] Fetching swift-openapi-runtime, swift-openapi-async-http-client
Fetching https://github.com/apple/swift-openapi-generator.git
Fetched https://github.com/swift-server/swift-openapi-async-http-client (0.60s)
Fetched https://github.com/apple/swift-openapi-runtime.git (0.68s)
[1/18407] Fetching swift-openapi-generator
Fetched https://github.com/apple/swift-openapi-generator.git (1.10s)
Computing version for https://github.com/swift-server/swift-openapi-async-http-client
Computed https://github.com/swift-server/swift-openapi-async-http-client at 1.5.0 (3.42s)
Fetching https://github.com/apple/swift-http-types
Fetching https://github.com/swift-server/async-http-client.git
[1/1935] Fetching swift-http-types
Fetched https://github.com/apple/swift-http-types (0.59s)
[1/16209] Fetching async-http-client
Fetched https://github.com/swift-server/async-http-client.git (1.28s)
Computing version for https://github.com/apple/swift-openapi-runtime.git
Computed https://github.com/apple/swift-openapi-runtime.git at 1.12.1 (1.62s)
Computing version for https://github.com/apple/swift-openapi-generator.git
Computed https://github.com/apple/swift-openapi-generator.git at 1.13.1 (0.39s)
Fetching https://github.com/apple/swift-algorithms
Fetching https://github.com/apple/swift-argument-parser
Fetching https://github.com/mattpolzin/OpenAPIKit
Fetching https://github.com/jpsim/Yams
[1/6145] Fetching swift-algorithms
[3197/18006] Fetching swift-algorithms, yams
[6977/36935] Fetching swift-algorithms, yams, swift-argument-parser
[36936/212102] Fetching swift-algorithms, yams, swift-argument-parser, openapikit
Fetched https://github.com/apple/swift-algorithms (1.42s)
Fetched https://github.com/jpsim/Yams (1.44s)
[20681/194096] Fetching swift-argument-parser, openapikit
Fetched https://github.com/apple/swift-argument-parser (6.84s)
Fetched https://github.com/mattpolzin/OpenAPIKit (6.90s)
Computing version for https://github.com/apple/swift-algorithms
Computed https://github.com/apple/swift-algorithms at 1.2.1 (8.01s)
Fetching https://github.com/apple/swift-numerics.git
[1/6640] Fetching swift-numerics
Fetched https://github.com/apple/swift-numerics.git (0.58s)
Computing version for https://github.com/mattpolzin/OpenAPIKit
Computed https://github.com/mattpolzin/OpenAPIKit at 6.4.0 (0.77s)
Computing version for https://github.com/apple/swift-numerics.git
Computed https://github.com/apple/swift-numerics.git at 1.1.1 (0.16s)
Computing version for https://github.com/apple/swift-http-types
Computed https://github.com/apple/swift-http-types at 1.8.0 (0.23s)
Computing version for https://github.com/apple/swift-argument-parser
Computed https://github.com/apple/swift-argument-parser at 1.8.2 (0.18s)
Computing version for https://github.com/swift-server/async-http-client.git
Computed https://github.com/swift-server/async-http-client.git at 1.36.1 (0.21s)
Fetching https://github.com/apple/swift-nio-extras.git
Fetching https://github.com/apple/swift-service-context.git
Fetching https://github.com/apple/swift-configuration.git
Fetching https://github.com/apple/swift-nio-transport-services.git
Fetching https://github.com/apple/swift-distributed-tracing.git
Fetching https://github.com/apple/swift-atomics.git
[1/1881] Fetching swift-atomics
[585/8571] Fetching swift-atomics, swift-nio-extras
[7034/12350] Fetching swift-atomics, swift-nio-extras, swift-configuration
[7169/18695] Fetching swift-atomics, swift-nio-extras, swift-configuration, swift-distributed-tracing
[17935/21558] Fetching swift-atomics, swift-nio-extras, swift-configuration, swift-distributed-tracing, swift-nio-transport-services
[21559/22934] Fetching swift-atomics, swift-nio-extras, swift-configuration, swift-distributed-tracing, swift-nio-transport-services, swift-service-context
Fetched https://github.com/apple/swift-configuration.git (1.28s)
Fetched https://github.com/apple/swift-nio-transport-services.git (1.28s)
Fetched https://github.com/apple/swift-atomics.git (1.28s)
Fetching https://github.com/apple/swift-nio-http2.git
Fetched https://github.com/apple/swift-distributed-tracing.git (1.29s)
Fetching https://github.com/apple/swift-log.git
Fetching https://github.com/apple/swift-nio.git
Fetching https://github.com/apple/swift-nio-ssl.git
Fetched https://github.com/apple/swift-service-context.git (1.41s)
Fetched https://github.com/apple/swift-nio-extras.git (1.41s)
[1/16065] Fetching swift-nio-ssl
[2/24230] Fetching swift-nio-ssl, swift-log
[10094/36482] Fetching swift-nio-ssl, swift-log, swift-nio-http2
Fetched https://github.com/apple/swift-log.git (0.87s)
[23819/28317] Fetching swift-nio-ssl, swift-nio-http2
[28318/114382] Fetching swift-nio-ssl, swift-nio-http2, swift-nio
Fetched https://github.com/apple/swift-nio-http2.git (1.63s)
[58237/102130] Fetching swift-nio-ssl, swift-nio
Fetched https://github.com/apple/swift-nio-ssl.git (2.04s)
[63689/86065] Fetching swift-nio
Fetched https://github.com/apple/swift-nio.git (3.90s)
Computing version for https://github.com/apple/swift-service-context.git
Computed https://github.com/apple/swift-service-context.git at 1.3.0 (5.54s)
Computing version for https://github.com/apple/swift-distributed-tracing.git
Computed https://github.com/apple/swift-distributed-tracing.git at 1.5.0 (0.37s)
Computing version for https://github.com/apple/swift-configuration.git
Computed https://github.com/apple/swift-configuration.git at 1.2.1 (0.25s)
Fetching https://github.com/swift-server/swift-service-lifecycle
Fetching https://github.com/apple/swift-system
Fetching https://github.com/apple/swift-collections
[1/2843] Fetching swift-service-lifecycle
[2844/9759] Fetching swift-service-lifecycle, swift-system
Fetched https://github.com/apple/swift-system (0.67s)
[1/27693] Fetching swift-collections
Fetched https://github.com/swift-server/swift-service-lifecycle (1.25s)
Fetched https://github.com/apple/swift-collections (1.26s)
Computing version for https://github.com/apple/swift-atomics.git
Computed https://github.com/apple/swift-atomics.git at 1.3.1 (1.44s)
Computing version for https://github.com/apple/swift-nio-transport-services.git
Computed https://github.com/apple/swift-nio-transport-services.git at 1.28.0 (0.19s)
Computing version for https://github.com/apple/swift-nio.git
Computed https://github.com/apple/swift-nio.git at 2.103.0 (0.40s)
Computing version for https://github.com/swift-server/swift-service-lifecycle
Computed https://github.com/swift-server/swift-service-lifecycle at 2.12.0 (0.20s)
Fetching https://github.com/apple/swift-async-algorithms.git
[1/6732] Fetching swift-async-algorithms
Fetched https://github.com/apple/swift-async-algorithms.git (1.20s)
Computing version for https://github.com/apple/swift-log.git
Computed https://github.com/apple/swift-log.git at 1.15.1 (1.49s)
Computing version for https://github.com/apple/swift-async-algorithms.git
Computed https://github.com/apple/swift-async-algorithms.git at 1.1.5 (0.28s)
Computing version for https://github.com/apple/swift-collections
Computed https://github.com/apple/swift-collections at 1.7.0 (0.29s)
Computing version for https://github.com/apple/swift-nio-http2.git
Computed https://github.com/apple/swift-nio-http2.git at 1.46.0 (0.20s)
Computing version for https://github.com/apple/swift-nio-ssl.git
Computed https://github.com/apple/swift-nio-ssl.git at 2.37.5 (0.22s)
Computing version for https://github.com/apple/swift-system
Computed https://github.com/apple/swift-system at 1.8.1 (0.21s)
Computing version for https://github.com/apple/swift-nio-extras.git
Computed https://github.com/apple/swift-nio-extras.git at 1.35.1 (0.33s)
Fetching https://github.com/apple/swift-http-structured-headers.git
Fetching https://github.com/apple/swift-asn1.git
Fetching https://github.com/apple/swift-certificates.git
[1/1253] Fetching swift-http-structured-headers
[89/3236] Fetching swift-http-structured-headers, swift-asn1
Fetched https://github.com/apple/swift-asn1.git (0.56s)
Fetched https://github.com/apple/swift-http-structured-headers.git (0.56s)
[1/7575] Fetching swift-certificates
Fetched https://github.com/apple/swift-certificates.git (0.74s)
Computing version for https://github.com/apple/swift-http-structured-headers.git
Computed https://github.com/apple/swift-http-structured-headers.git at 1.7.0 (1.01s)
Computing version for https://github.com/apple/swift-asn1.git
Computed https://github.com/apple/swift-asn1.git at 1.7.3 (0.30s)
Computing version for https://github.com/apple/swift-certificates.git
Computed https://github.com/apple/swift-certificates.git at 1.21.0 (0.35s)
Fetching https://github.com/apple/swift-crypto.git
[1/18549] Fetching swift-crypto
Fetched https://github.com/apple/swift-crypto.git (1.58s)
Computing version for https://github.com/apple/swift-crypto.git
Computed https://github.com/apple/swift-crypto.git at 5.0.0 (2.03s)
Computing version for https://github.com/jpsim/Yams
Computed https://github.com/jpsim/Yams at 6.2.2 (0.25s)
Creating working copy for https://github.com/apple/swift-asn1.git
Working copy of https://github.com/apple/swift-asn1.git resolved at 1.7.3
Creating working copy for https://github.com/apple/swift-distributed-tracing.git
Working copy of https://github.com/apple/swift-distributed-tracing.git resolved at 1.5.0
Creating working copy for https://github.com/apple/swift-crypto.git
Working copy of https://github.com/apple/swift-crypto.git resolved at 5.0.0
Creating working copy for https://github.com/apple/swift-argument-parser
Working copy of https://github.com/apple/swift-argument-parser resolved at 1.8.2
Creating working copy for https://github.com/swift-server/async-http-client.git
Working copy of https://github.com/swift-server/async-http-client.git resolved at 1.36.1
Creating working copy for https://github.com/apple/swift-service-context.git
Working copy of https://github.com/apple/swift-service-context.git resolved at 1.3.0
Creating working copy for https://github.com/apple/swift-log.git
Working copy of https://github.com/apple/swift-log.git resolved at 1.15.1
Creating working copy for https://github.com/apple/swift-nio.git
Working copy of https://github.com/apple/swift-nio.git resolved at 2.103.0
Creating working copy for https://github.com/apple/swift-certificates.git
Working copy of https://github.com/apple/swift-certificates.git resolved at 1.21.0
Creating working copy for https://github.com/apple/swift-openapi-runtime.git
Working copy of https://github.com/apple/swift-openapi-runtime.git resolved at 1.12.1
Creating working copy for https://github.com/apple/swift-nio-ssl.git
Working copy of https://github.com/apple/swift-nio-ssl.git resolved at 2.37.5
Creating working copy for https://github.com/mattpolzin/OpenAPIKit
Working copy of https://github.com/mattpolzin/OpenAPIKit resolved at 6.4.0
Creating working copy for https://github.com/apple/swift-http-structured-headers.git
Working copy of https://github.com/apple/swift-http-structured-headers.git resolved at 1.7.0
Creating working copy for https://github.com/atacan/UsefulThings
Working copy of https://github.com/atacan/UsefulThings resolved at main (3ba180c)
Creating working copy for https://github.com/apple/swift-atomics.git
Working copy of https://github.com/apple/swift-atomics.git resolved at 1.3.1
Creating working copy for https://github.com/apple/swift-system
Working copy of https://github.com/apple/swift-system resolved at 1.8.1
Creating working copy for https://github.com/apple/swift-numerics.git
Working copy of https://github.com/apple/swift-numerics.git resolved at 1.1.1
Creating working copy for https://github.com/swift-server/swift-service-lifecycle
Working copy of https://github.com/swift-server/swift-service-lifecycle resolved at 2.12.0
Creating working copy for https://github.com/apple/swift-collections
Working copy of https://github.com/apple/swift-collections resolved at 1.7.0
Creating working copy for https://github.com/swift-server/swift-openapi-async-http-client
Working copy of https://github.com/swift-server/swift-openapi-async-http-client resolved at 1.5.0
Creating working copy for https://github.com/apple/swift-nio-extras.git
Working copy of https://github.com/apple/swift-nio-extras.git resolved at 1.35.1
Creating working copy for https://github.com/apple/swift-configuration.git
Working copy of https://github.com/apple/swift-configuration.git resolved at 1.2.1
Creating working copy for https://github.com/jpsim/Yams
Working copy of https://github.com/jpsim/Yams resolved at 6.2.2
Creating working copy for https://github.com/apple/swift-async-algorithms.git
Working copy of https://github.com/apple/swift-async-algorithms.git resolved at 1.1.5
Creating working copy for https://github.com/apple/swift-openapi-generator.git
Working copy of https://github.com/apple/swift-openapi-generator.git resolved at 1.13.1
Creating working copy for https://github.com/apple/swift-algorithms
Working copy of https://github.com/apple/swift-algorithms resolved at 1.2.1
Creating working copy for https://github.com/apple/swift-nio-http2.git
Working copy of https://github.com/apple/swift-nio-http2.git resolved at 1.46.0
Creating working copy for https://github.com/apple/swift-nio-transport-services.git
Working copy of https://github.com/apple/swift-nio-transport-services.git resolved at 1.28.0
Creating working copy for https://github.com/apple/swift-http-types
Working copy of https://github.com/apple/swift-http-types resolved at 1.8.0
Building for debugging...
[Computing dependencies]
[Provisioning 1 / 76]
[Constructing description]
[Pre-planning 1 / 1556]
[Planning 334 / 1556]
[Planning 1030 / 1556]
[Planning 1493 / 1556]
[Planning deferred tasks]
[Constructing 187 / 3687]
[Constructing 2660 / 3687]
[Starting]
[6 / 892] Atomics-product
[170 / 892] InternalCollectionsUtilities
[228 / 903] _NIODataStructures
[236 / 923] RealModule
[238 / 932] RealModule
[239 / 932] ServiceContextModule
[242 / 932] _NIOBase64
[256 / 932] SystemPackage
[256 / 932] NIOConcurrencyHelpers
[264 / 932] NIOConcurrencyHelpers
[273 / 932] SystemPackage
[275 / 932] SystemPackage-product
[276 / 932] SystemPackage-product
[279 / 933] SystemPackage-product
[281 / 933] _NIOBase64
[283 / 933] ServiceContextModule-product
[284 / 934] _NIOBase64
[288 / 934] ServiceContextModule
[292 / 935] _NIODataStructures
[295 / 935] RealModule
[297 / 935] NIOConcurrencyHelpers
[299 / 935] RealModule
[300 / 935] NIOConcurrencyHelpers-product
[301 / 935] NIOConcurrencyHelpers-product
[306 / 939] HTTPTypes
[310 / 966] InternalCollectionsUtilities
[310 / 966] SystemPackage
[316 / 966] RealModule
[319 / 966] Logging
[320 / 966] Logging
[321 / 967] NIOConcurrencyHelpers
[323 / 968] NIOConcurrencyHelpers
[325 / 968] SystemPackage
[328 / 968] Logging
[329 / 968] Logging
[335 / 968] Logging-product
[337 / 968] Logging-product
[339 / 968] InternalCollectionsUtilities
[339 / 968] Logging
[349 / 969] Logging
[350 / 969] SpanPreview
[352 / 969] HTTPTypes
[353 / 969] HTTPTypes
[355 / 969] HTTPTypes
[356 / 969] HTTPTypes
[356 / 969]
[360 / 975] SpanPreview
[376 / 977] InternalCollectionsUtilities
[389 / 987] CNIOLinux
[396 / 996] CNIOLinux
[399 / 996] OpenAPIRuntime
[401 / 996] OpenAPIRuntime
[402 / 996] OpenAPIRuntime
error: SwiftCompile normal wasm32 /host/spi-builder-workspace/.build/checkouts/swift-openapi-runtime/Sources/OpenAPIRuntime/Errors/ServerError.swift failed with a nonzero exit code. Command line:     cd /host
    builtin-SwiftPerFileCompile ServerError.swift
error: SwiftCompile normal wasm32 /host/spi-builder-workspace/.build/checkouts/swift-openapi-runtime/Sources/OpenAPIRuntime/EventStreams/JSONLinesDecoding.swift failed with a nonzero exit code. Command line:     cd /host
    builtin-SwiftPerFileCompile JSONLinesDecoding.swift
error: SwiftCompile normal wasm32 /host/spi-builder-workspace/.build/checkouts/swift-openapi-runtime/Sources/OpenAPIRuntime/EventStreams/JSONLinesEncoding.swift failed with a nonzero exit code. Command line:     cd /host
    builtin-SwiftPerFileCompile JSONLinesEncoding.swift
error: SwiftCompile normal wasm32 /host/spi-builder-workspace/.build/checkouts/swift-openapi-runtime/Sources/OpenAPIRuntime/EventStreams/JSONSequenceDecoding.swift failed with a nonzero exit code. Command line:     cd /host
    builtin-SwiftPerFileCompile JSONSequenceDecoding.swift
error: SwiftCompile normal wasm32 /host/spi-builder-workspace/.build/checkouts/swift-openapi-runtime/Sources/OpenAPIRuntime/EventStreams/JSONSequenceEncoding.swift failed with a nonzero exit code. Command line:     cd /host
    builtin-SwiftPerFileCompile JSONSequenceEncoding.swift
error: SwiftCompile normal wasm32 /host/spi-builder-workspace/.build/checkouts/swift-openapi-runtime/Sources/OpenAPIRuntime/EventStreams/ServerSentEvents.swift failed with a nonzero exit code. Command line:     cd /host
    builtin-SwiftPerFileCompile ServerSentEvents.swift
error: SwiftCompile normal wasm32 /host/spi-builder-workspace/.build/checkouts/swift-openapi-runtime/Sources/OpenAPIRuntime/EventStreams/ServerSentEventsDecoding.swift failed with a nonzero exit code. Command line:     cd /host
    builtin-SwiftPerFileCompile ServerSentEventsDecoding.swift
error: SwiftCompile normal wasm32 /host/spi-builder-workspace/.build/checkouts/swift-openapi-runtime/Sources/OpenAPIRuntime/EventStreams/ServerSentEventsEncoding.swift failed with a nonzero exit code. Command line:     cd /host
    builtin-SwiftPerFileCompile ServerSentEventsEncoding.swift
error: SwiftCompile normal wasm32 /host/spi-builder-workspace/.build/checkouts/swift-openapi-runtime/Sources/OpenAPIRuntime/Interface/AsyncSequenceCommon.swift failed with a nonzero exit code. Command line:     cd /host
    builtin-SwiftPerFileCompile AsyncSequenceCommon.swift
/root/.swiftpm/swift-sdks/swift-6.4.x-DEVELOPMENT-SNAPSHOT-2026-09-04-a_wasm.artifactbundle/swift-6.4.x-DEVELOPMENT-SNAPSHOT-2026-09-04-a_wasm/wasm32-unknown-wasip1/swift.xctoolchain/usr/lib/swift_static/CoreFoundation/CoreFoundation.h:28:10: note: while building module 'wasi_emulated_signal' imported from /root/.swiftpm/swift-sdks/swift-6.4.x-DEVELOPMENT-SNAPSHOT-2026-09-04-a_wasm.artifactbundle/swift-6.4.x-DEVELOPMENT-SNAPSHOT-2026-09-04-a_wasm/wasm32-unknown-wasip1/swift.xctoolchain/usr/lib/swift_static/CoreFoundation/CoreFoundation.h:28:
 26 | #include <setjmp.h>
 27 | #endif
 28 | #include <signal.h>
    |          `- note: while building module 'wasi_emulated_signal' imported from /root/.swiftpm/swift-sdks/swift-6.4.x-DEVELOPMENT-SNAPSHOT-2026-09-04-a_wasm.artifactbundle/swift-6.4.x-DEVELOPMENT-SNAPSHOT-2026-09-04-a_wasm/wasm32-unknown-wasip1/swift.xctoolchain/usr/lib/swift_static/CoreFoundation/CoreFoundation.h:28:
 29 | #include <stddef.h>
 30 | #include <stdio.h>
<module-includes>:1:10: note: in file included from <module-includes>:1:
1 | #include "signal.h"
  |          `- note: in file included from <module-includes>:1:
2 |
/root/.swiftpm/swift-sdks/swift-6.4.x-DEVELOPMENT-SNAPSHOT-2026-09-04-a_wasm.artifactbundle/swift-6.4.x-DEVELOPMENT-SNAPSHOT-2026-09-04-a_wasm/wasm32-unknown-wasip1/WASI.sdk/include/wasm32-wasip1/signal.h:2:2: error: "wasm lacks signal support; to enable minimal signal emulation, compile with -D_WASI_EMULATED_SIGNAL and link with -lwasi-emulated-signal"
  1 | #ifndef _WASI_EMULATED_SIGNAL
  2 | #error "wasm lacks signal support; to enable minimal signal emulation, \
    |  `- error: "wasm lacks signal support; to enable minimal signal emulation, compile with -D_WASI_EMULATED_SIGNAL and link with -lwasi-emulated-signal"
  3 | compile with -D_WASI_EMULATED_SIGNAL and link with -lwasi-emulated-signal"
  4 | #else
<module-includes>:1:10: note: in file included from <module-includes>:1:
1 | #include "CoreFoundation.h"
  |          `- note: in file included from <module-includes>:1:
2 |
/root/.swiftpm/swift-sdks/swift-6.4.x-DEVELOPMENT-SNAPSHOT-2026-09-04-a_wasm.artifactbundle/swift-6.4.x-DEVELOPMENT-SNAPSHOT-2026-09-04-a_wasm/wasm32-unknown-wasip1/swift.xctoolchain/usr/lib/swift_static/CoreFoundation/CoreFoundation.h:28:10: error: could not build module 'wasi_emulated_signal'
 26 | #include <setjmp.h>
 27 | #endif
 28 | #include <signal.h>
    |          `- error: could not build module 'wasi_emulated_signal'
 29 | #include <stddef.h>
 30 | #include <stdio.h>
/root/.swiftpm/swift-sdks/swift-6.4.x-DEVELOPMENT-SNAPSHOT-2026-09-04-a_wasm.artifactbundle/swift-6.4.x-DEVELOPMENT-SNAPSHOT-2026-09-04-a_wasm/wasm32-unknown-wasip1/swift.xctoolchain/usr/lib/swift_static/CoreFoundation/ForSwiftFoundationOnly.h:86:10: note: while building module 'wasi_emulated_mman' imported from /root/.swiftpm/swift-sdks/swift-6.4.x-DEVELOPMENT-SNAPSHOT-2026-09-04-a_wasm.artifactbundle/swift-6.4.x-DEVELOPMENT-SNAPSHOT-2026-09-04-a_wasm/wasm32-unknown-wasip1/swift.xctoolchain/usr/lib/swift_static/CoreFoundation/ForSwiftFoundationOnly.h:86:
 84 | #undef _WASI_EMULATED_MMAN
 85 | #define _WASI_EMULATED_MMAN
 86 | #include <sys/mman.h>
    |          `- note: while building module 'wasi_emulated_mman' imported from /root/.swiftpm/swift-sdks/swift-6.4.x-DEVELOPMENT-SNAPSHOT-2026-09-04-a_wasm.artifactbundle/swift-6.4.x-DEVELOPMENT-SNAPSHOT-2026-09-04-a_wasm/wasm32-unknown-wasip1/swift.xctoolchain/usr/lib/swift_static/CoreFoundation/ForSwiftFoundationOnly.h:86:
 87 | #elif TARGET_OS_LINUX
 88 | #include <errno.h>
<module-includes>:1:10: note: in file included from <module-includes>:1:
1 | #include "sys/mman.h"
  |          `- note: in file included from <module-includes>:1:
2 |
/root/.swiftpm/swift-sdks/swift-6.4.x-DEVELOPMENT-SNAPSHOT-2026-09-04-a_wasm.artifactbundle/swift-6.4.x-DEVELOPMENT-SNAPSHOT-2026-09-04-a_wasm/wasm32-unknown-wasip1/WASI.sdk/include/wasm32-wasip1/sys/mman.h:2:2: error: "WASI lacks a true mmap; to enable minimal mmap emulation, compile with -D_WASI_EMULATED_MMAN and link with -lwasi-emulated-mman"
  1 | #ifndef _WASI_EMULATED_MMAN
  2 | #error "WASI lacks a true mmap; to enable minimal mmap emulation, \
    |  `- error: "WASI lacks a true mmap; to enable minimal mmap emulation, compile with -D_WASI_EMULATED_MMAN and link with -lwasi-emulated-mman"
  3 | compile with -D_WASI_EMULATED_MMAN and link with -lwasi-emulated-mman"
  4 | #else
/host/spi-builder-workspace/.build/checkouts/swift-openapi-runtime/Sources/OpenAPIRuntime/Base/OpenAPIValue.swift:22:8: error: could not build C module 'CoreFoundation'
 20 |
 21 | #if canImport(CoreFoundation) && (FullFoundation || canImport(Darwin))
 22 | import CoreFoundation
    |        `- error: could not build C module 'CoreFoundation'
 23 | #endif
 24 |
Failed frontend command:
/usr/bin/swift-frontend -frontend -c /host/spi-builder-workspace/.build/checkouts/swift-openapi-runtime/Sources/OpenAPIRuntime/Base/Acceptable.swift /host/spi-builder-workspace/.build/checkouts/swift-openapi-runtime/Sources/OpenAPIRuntime/Base/Base64EncodedData.swift /host/spi-builder-workspace/.build/checkouts/swift-openapi-runtime/Sources/OpenAPIRuntime/Base/ByteUtilities.swift /host/spi-builder-workspace/.build/checkouts/swift-openapi-runtime/Sources/OpenAPIRuntime/Base/ContentDisposition.swift /host/spi-builder-workspace/.build/checkouts/swift-openapi-runtime/Sources/OpenAPIRuntime/Base/CopyOnWriteBox.swift /host/spi-builder-workspace/.build/checkouts/swift-openapi-runtime/Sources/OpenAPIRuntime/Base/Lock.swift /host/spi-builder-workspace/.build/checkouts/swift-openapi-runtime/Sources/OpenAPIRuntime/Base/OpenAPIMIMEType.swift /host/spi-builder-workspace/.build/checkouts/swift-openapi-runtime/Sources/OpenAPIRuntime/Base/OpenAPIValue.swift /host/spi-builder-workspace/.build/checkouts/swift-openapi-runtime/Sources/OpenAPIRuntime/Base/PrettyStringConvertible.swift /host/spi-builder-workspace/.build/checkouts/swift-openapi-runtime/Sources/OpenAPIRuntime/Base/UndocumentedPayload.swift /host/spi-builder-workspace/.build/checkouts/swift-openapi-runtime/Sources/OpenAPIRuntime/Base/WarningSuppressingAnnotations.swift /host/spi-builder-workspace/.build/checkouts/swift-openapi-runtime/Sources/OpenAPIRuntime/Conversion/CodableExtensions.swift /host/spi-builder-workspace/.build/checkouts/swift-openapi-runtime/Sources/OpenAPIRuntime/Conversion/Configuration.swift /host/spi-builder-workspace/.build/checkouts/swift-openapi-runtime/Sources/OpenAPIRuntime/Conversion/Converter+Client.swift /host/spi-builder-workspace/.build/checkouts/swift-openapi-runtime/Sources/OpenAPIRuntime/Conversion/Converter+Common.swift /host/spi-builder-workspace/.build/checkouts/swift-openapi-runtime/Sources/OpenAPIRuntime/Conversion/Converter+Server.swift /host/spi-builder-workspace/.build/checkouts/swift-openapi-runtime/Sources/OpenAPIRuntime/Conversion/Converter.swift /host/spi-builder-workspace/.build/checkouts/swift-openapi-runtime/Sources/OpenAPIRuntime/Conversion/CurrencyExtensions.swift /host/spi-builder-workspace/.build/checkouts/swift-openapi-runtime/Sources/OpenAPIRuntime/Conversion/ErrorExtensions.swift /host/spi-builder-workspace/.build/checkouts/swift-openapi-runtime/Sources/OpenAPIRuntime/Conversion/FoundationExtensions.swift /host/spi-builder-workspace/.build/checkouts/swift-openapi-runtime/Sources/OpenAPIRuntime/Conversion/ParameterStyles.swift /host/spi-builder-workspace/.build/checkouts/swift-openapi-runtime/Sources/OpenAPIRuntime/Conversion/ServerVariable.swift /host/spi-builder-workspace/.build/checkouts/swift-openapi-runtime/Sources/OpenAPIRuntime/Conversion/URLExtensions.swift /host/spi-builder-workspace/.build/checkouts/swift-openapi-runtime/Sources/OpenAPIRuntime/Deprecated/Deprecated.swift /host/spi-builder-workspace/.build/checkouts/swift-openapi-runtime/Sources/OpenAPIRuntime/Errors/ClientError.swift /host/spi-builder-workspace/.build/checkouts/swift-openapi-runtime/Sources/OpenAPIRuntime/Errors/CodingErrors.swift /host/spi-builder-workspace/.build/checkouts/swift-openapi-runtime/Sources/OpenAPIRuntime/Errors/RuntimeError.swift -primary-file /host/spi-builder-workspace/.build/checkouts/swift-openapi-runtime/Sources/OpenAPIRuntime/Errors/ServerError.swift -primary-file /host/spi-builder-workspace/.build/checkouts/swift-openapi-runtime/Sources/OpenAPIRuntime/EventStreams/JSONLinesDecoding.swift -primary-file /host/spi-builder-workspace/.build/checkouts/swift-openapi-runtime/Sources/OpenAPIRuntime/EventStreams/JSONLinesEncoding.swift -primary-file /host/spi-builder-workspace/.build/checkouts/swift-openapi-runtime/Sources/OpenAPIRuntime/EventStreams/JSONSequenceDecoding.swift -primary-file /host/spi-builder-workspace/.build/checkouts/swift-openapi-runtime/Sources/OpenAPIRuntime/EventStreams/JSONSequenceEncoding.swift -primary-file /host/spi-builder-workspace/.build/checkouts/swift-openapi-runtime/Sources/OpenAPIRuntime/EventStreams/ServerSentEvents.swift -primary-file /host/spi-builder-workspace/.build/checkouts/swift-openapi-runtime/Sources/OpenAPIRuntime/EventStreams/ServerSentEventsDecoding.swift -primary-file /host/spi-builder-workspace/.build/checkouts/swift-openapi-runtime/Sources/OpenAPIRuntime/EventStreams/ServerSentEventsEncoding.swift -primary-file /host/spi-builder-workspace/.build/checkouts/swift-openapi-runtime/Sources/OpenAPIRuntime/Interface/AsyncSequenceCommon.swift /host/spi-builder-workspace/.build/checkouts/swift-openapi-runtime/Sources/OpenAPIRuntime/Interface/ClientTransport.swift /host/spi-builder-workspace/.build/checkouts/swift-openapi-runtime/Sources/OpenAPIRuntime/Interface/CurrencyTypes.swift /host/spi-builder-workspace/.build/checkouts/swift-openapi-runtime/Sources/OpenAPIRuntime/Interface/ErrorHandlingMiddleware.swift /host/spi-builder-workspace/.build/checkouts/swift-openapi-runtime/Sources/OpenAPIRuntime/Interface/HTTPBody.swift /host/spi-builder-workspace/.build/checkouts/swift-openapi-runtime/Sources/OpenAPIRuntime/Interface/QuerySpaceNormalizingMiddleware.swift /host/spi-builder-workspace/.build/checkouts/swift-openapi-runtime/Sources/OpenAPIRuntime/Interface/SendableMetatype.swift /host/spi-builder-workspace/.build/checkouts/swift-openapi-runtime/Sources/OpenAPIRuntime/Interface/ServerTransport.swift /host/spi-builder-workspace/.build/checkouts/swift-openapi-runtime/Sources/OpenAPIRuntime/Interface/UniversalClient.swift /host/spi-builder-workspace/.build/checkouts/swift-openapi-runtime/Sources/OpenAPIRuntime/Interface/UniversalServer.swift /host/spi-builder-workspace/.build/checkouts/swift-openapi-runtime/Sources/OpenAPIRuntime/Multipart/MultipartBoundaryGenerator.swift /host/spi-builder-workspace/.build/checkouts/swift-openapi-runtime/Sources/OpenAPIRuntime/Multipart/MultipartBytesToFramesSequence.swift /host/spi-builder-workspace/.build/checkouts/swift-openapi-runtime/Sources/OpenAPIRuntime/Multipart/MultipartFramesToBytesSequence.swift /host/spi-builder-workspace/.build/checkouts/swift-openapi-runtime/Sources/OpenAPIRuntime/Multipart/MultipartFramesToRawPartsSequence.swift /host/spi-builder-workspace/.build/checkouts/swift-openapi-runtime/Sources/OpenAPIRuntime/Multipart/MultipartInternalTypes.swift /host/spi-builder-workspace/.build/checkouts/swift-openapi-runtime/Sources/OpenAPIRuntime/Multipart/MultipartPublicTypes.swift /host/spi-builder-workspace/.build/checkouts/swift-openapi-runtime/Sources/OpenAPIRuntime/Multipart/MultipartPublicTypesExtensions.swift /host/spi-builder-workspace/.build/checkouts/swift-openapi-runtime/Sources/OpenAPIRuntime/Multipart/MultipartRawPartsToFramesSequence.swift /host/spi-builder-workspace/.build/checkouts/swift-openapi-runtime/Sources/OpenAPIRuntime/Multipart/MultipartValidation.swift /host/spi-builder-workspace/.build/checkouts/swift-openapi-runtime/Sources/OpenAPIRuntime/Multipart/OpenAPIMIMEType+Multipart.swift /host/spi-builder-workspace/.build/checkouts/swift-openapi-runtime/Sources/OpenAPIRuntime/URICoder/Common/URICodeCodingKey.swift /host/spi-builder-workspace/.build/checkouts/swift-openapi-runtime/Sources/OpenAPIRuntime/URICoder/Common/URICoderConfiguration.swift /host/spi-builder-workspace/.build/checkouts/swift-openapi-runtime/Sources/OpenAPIRuntime/URICoder/Common/URIEncodedNode.swift /host/spi-builder-workspace/.build/checkouts/swift-openapi-runtime/Sources/OpenAPIRuntime/URICoder/Common/URIParsedTypes.swift /host/spi-builder-workspace/.build/checkouts/swift-openapi-runtime/Sources/OpenAPIRuntime/URICoder/Decoding/URIDecoder.swift /host/spi-builder-workspace/.build/checkouts/swift-openapi-runtime/Sources/OpenAPIRuntime/URICoder/Decoding/URIValueFromNodeDecoder+Keyed.swift /host/spi-builder-workspace/.build/checkouts/swift-openapi-runtime/Sources/OpenAPIRuntime/URICoder/Decoding/URIValueFromNodeDecoder+Single.swift /host/spi-builder-workspace/.build/checkouts/swift-openapi-runtime/Sources/OpenAPIRuntime/URICoder/Decoding/URIValueFromNodeDecoder+Unkeyed.swift /host/spi-builder-workspace/.build/checkouts/swift-openapi-runtime/Sources/OpenAPIRuntime/URICoder/Decoding/URIValueFromNodeDecoder.swift /host/spi-builder-workspace/.build/checkouts/swift-openapi-runtime/Sources/OpenAPIRuntime/URICoder/Encoding/URIEncoder.swift /host/spi-builder-workspace/.build/checkouts/swift-openapi-runtime/Sources/OpenAPIRuntime/URICoder/Encoding/URIValueToNodeEncoder+Keyed.swift /host/spi-builder-workspace/.build/checkouts/swift-openapi-runtime/Sources/OpenAPIRuntime/URICoder/Encoding/URIValueToNodeEncoder+Single.swift /host/spi-builder-workspace/.build/checkouts/swift-openapi-runtime/Sources/OpenAPIRuntime/URICoder/Encoding/URIValueToNodeEncoder+Unkeyed.swift /host/spi-builder-workspace/.build/checkouts/swift-openapi-runtime/Sources/OpenAPIRuntime/URICoder/Encoding/URIValueToNodeEncoder.swift /host/spi-builder-workspace/.build/checkouts/swift-openapi-runtime/Sources/OpenAPIRuntime/URICoder/Parsing/URIParser.swift /host/spi-builder-workspace/.build/checkouts/swift-openapi-runtime/Sources/OpenAPIRuntime/URICoder/Serialization/URISerializer.swift -supplementary-output-file-map /host/spi-builder-workspace/.build/out/Intermediates.noindex/swift-openapi-runtime.build/Debug-webassembly-wasm32/OpenAPIRuntime-t.build/Objects-normal/wasm32/supplementaryOutputs-23 -target wasm32-unknown-wasip1 -disable-objc-interop -sdk /root/.swiftpm/swift-sdks/swift-6.4.x-DEVELOPMENT-SNAPSHOT-2026-09-04-a_wasm.artifactbundle/swift-6.4.x-DEVELOPMENT-SNAPSHOT-2026-09-04-a_wasm/wasm32-unknown-wasip1/WASI.sdk -sysroot /root/.swiftpm/swift-sdks/swift-6.4.x-DEVELOPMENT-SNAPSHOT-2026-09-04-a_wasm.artifactbundle/swift-6.4.x-DEVELOPMENT-SNAPSHOT-2026-09-04-a_wasm/wasm32-unknown-wasip1/WASI.sdk -I /host/spi-builder-workspace/.build/out/Products/Debug-webassembly-wasm32 -module-cache-path /host/spi-builder-workspace/.build/out/ModuleCache.noindex -color-diagnostics -Xcc -fcolor-diagnostics -enable-testing -g -debug-info-format\=dwarf -dwarf-version\=4 -suppress-warnings -swift-version 6 -Onone -D SWIFT_PACKAGE -D DEBUG -D SWIFT_MODULE_RESOURCE_BUNDLE_UNAVAILABLE -D FullFoundation -D Xcode -serialize-debugging-options -enable-upcoming-feature ExistentialAny -enable-upcoming-feature MemberImportVisibility -enable-upcoming-feature InternalImportsByDefault -enable-experimental-feature DebugDescriptionMacro -empty-abi-descriptor -external-plugin-path /usr/lib/swift/host/plugins/testing\#/usr/bin/swift-plugin-server -user-module-version 1.12.1 -validate-clang-modules-once -clang-build-session-file /host/spi-builder-workspace/.build/out/ModuleCache.noindex/Session.modulevalidation -Xcc -working-directory -Xcc /host -resource-dir /root/.swiftpm/swift-sdks/swift-6.4.x-DEVELOPMENT-SNAPSHOT-2026-09-04-a_wasm.artifactbundle/swift-6.4.x-DEVELOPMENT-SNAPSHOT-2026-09-04-a_wasm/wasm32-unknown-wasip1/swift.xctoolchain/usr/lib/swift_static -use-static-resource-dir -enable-anonymous-context-mangled-names -file-compilation-dir /host -Xcc -resource-dir -Xcc /root/.swiftpm/swift-sdks/swift-6.4.x-DEVELOPMENT-SNAPSHOT-2026-09-04-a_wasm.artifactbundle/swift-6.4.x-DEVELOPMENT-SNAPSHOT-2026-09-04-a_wasm/wasm32-unknown-wasip1/swift.xctoolchain/usr/lib/swift_static/clang -Xcc -D_LIBCPP_HARDENING_MODE\=_LIBCPP_HARDENING_MODE_DEBUG -Xcc -fmodules-prune-interval\=86400 -Xcc -fmodules-prune-after\=345600 -Xcc -I/host/spi-builder-workspace/.build/out/Products/Debug-webassembly-wasm32/include -Xcc -I/host/spi-builder-workspace/.build/out/Intermediates.noindex/swift-openapi-runtime.build/Debug-webassembly-wasm32/OpenAPIRuntime-t.build/DerivedSources-normal/wasm32 -Xcc -I/host/spi-builder-workspace/.build/out/Intermediates.noindex/swift-openapi-runtime.build/Debug-webassembly-wasm32/OpenAPIRuntime-t.build/DerivedSources/wasm32 -Xcc -I/host/spi-builder-workspace/.build/out/Intermediates.noindex/swift-openapi-runtime.build/Debug-webassembly-wasm32/OpenAPIRuntime-t.build/DerivedSources -Xcc -DSWIFT_PACKAGE -Xcc -DDEBUG\=1 -no-auto-bridging-header-chaining -module-name OpenAPIRuntime -package-name swift_openapi_runtime -const-gather-protocols-file /host/spi-builder-workspace/.build/out/Intermediates.noindex/swift-openapi-runtime.build/Debug-webassembly-wasm32/OpenAPIRuntime-t.build/Objects-normal/wasm32/OpenAPIRuntime_const_extract_protocols.json -in-process-plugin-server-path /usr/lib/swift/host/libSwiftInProcPluginServer.so -plugin-path /usr/lib/swift/host/plugins -plugin-path /usr/local/lib/swift/host/plugins -parse-as-library -o /host/spi-builder-workspace/.build/out/Intermediates.noindex/swift-openapi-runtime.build/Debug-webassembly-wasm32/OpenAPIRuntime-t.build/Objects-normal/wasm32/ServerError.o -o /host/spi-builder-workspace/.build/out/Intermediates.noindex/swift-openapi-runtime.build/Debug-webassembly-wasm32/OpenAPIRuntime-t.build/Objects-normal/wasm32/JSONLinesDecoding.o -o /host/spi-builder-workspace/.build/out/Intermediates.noindex/swift-openapi-runtime.build/Debug-webassembly-wasm32/OpenAPIRuntime-t.build/Objects-normal/wasm32/JSONLinesEncoding.o -o /host/spi-builder-workspace/.build/out/Intermediates.noindex/swift-openapi-runtime.build/Debug-webassembly-wasm32/OpenAPIRuntime-t.build/Objects-normal/wasm32/JSONSequenceDecoding.o -o /host/spi-builder-workspace/.build/out/Intermediates.noindex/swift-openapi-runtime.build/Debug-webassembly-wasm32/OpenAPIRuntime-t.build/Objects-normal/wasm32/JSONSequenceEncoding.o -o /host/spi-builder-workspace/.build/out/Intermediates.noindex/swift-openapi-runtime.build/Debug-webassembly-wasm32/OpenAPIRuntime-t.build/Objects-normal/wasm32/ServerSentEvents.o -o /host/spi-builder-workspace/.build/out/Intermediates.noindex/swift-openapi-runtime.build/Debug-webassembly-wasm32/OpenAPIRuntime-t.build/Objects-normal/wasm32/ServerSentEventsDecoding.o -o /host/spi-builder-workspace/.build/out/Intermediates.noindex/swift-openapi-runtime.build/Debug-webassembly-wasm32/OpenAPIRuntime-t.build/Objects-normal/wasm32/ServerSentEventsEncoding.o -o /host/spi-builder-workspace/.build/out/Intermediates.noindex/swift-openapi-runtime.build/Debug-webassembly-wasm32/OpenAPIRuntime-t.build/Objects-normal/wasm32/AsyncSequenceCommon.o -index-unit-output-path /swift-openapi-runtime.build/Debug-webassembly-wasm32/OpenAPIRuntime-t.build/Objects-normal/wasm32/ServerError.o -index-unit-output-path /swift-openapi-runtime.build/Debug-webassembly-wasm32/OpenAPIRuntime-t.build/Objects-normal/wasm32/JSONLinesDecoding.o -index-unit-output-path /swift-openapi-runtime.build/Debug-webassembly-wasm32/OpenAPIRuntime-t.build/Objects-normal/wasm32/JSONLinesEncoding.o -index-unit-output-path /swift-openapi-runtime.build/Debug-webassembly-wasm32/OpenAPIRuntime-t.build/Objects-normal/wasm32/JSONSequenceDecoding.o -index-unit-output-path /swift-openapi-runtime.build/Debug-webassembly-wasm32/OpenAPIRuntime-t.build/Objects-normal/wasm32/JSONSequenceEncoding.o -index-unit-output-path /swift-openapi-runtime.build/Debug-webassembly-wasm32/OpenAPIRuntime-t.build/Objects-normal/wasm32/ServerSentEvents.o -index-unit-output-path /swift-openapi-runtime.build/Debug-webassembly-wasm32/OpenAPIRuntime-t.build/Objects-normal/wasm32/ServerSentEventsDecoding.o -index-unit-output-path /swift-openapi-runtime.build/Debug-webassembly-wasm32/OpenAPIRuntime-t.build/Objects-normal/wasm32/ServerSentEventsEncoding.o -index-unit-output-path /swift-openapi-runtime.build/Debug-webassembly-wasm32/OpenAPIRuntime-t.build/Objects-normal/wasm32/AsyncSequenceCommon.o -index-store-path /host/spi-builder-workspace/.build/out -index-system-modules
error: SwiftCompile normal wasm32 /host/spi-builder-workspace/.build/checkouts/swift-openapi-runtime/Sources/OpenAPIRuntime/Multipart/OpenAPIMIMEType+Multipart.swift failed with a nonzero exit code. Command line:     cd /host
    builtin-SwiftPerFileCompile OpenAPIMIMEType+Multipart.swift
error: SwiftCompile normal wasm32 /host/spi-builder-workspace/.build/checkouts/swift-openapi-runtime/Sources/OpenAPIRuntime/URICoder/Common/URICodeCodingKey.swift failed with a nonzero exit code. Command line:     cd /host
    builtin-SwiftPerFileCompile URICodeCodingKey.swift
error: SwiftCompile normal wasm32 /host/spi-builder-workspace/.build/checkouts/swift-openapi-runtime/Sources/OpenAPIRuntime/URICoder/Common/URICoderConfiguration.swift failed with a nonzero exit code. Command line:     cd /host
    builtin-SwiftPerFileCompile URICoderConfiguration.swift
error: SwiftCompile normal wasm32 /host/spi-builder-workspace/.build/checkouts/swift-openapi-runtime/Sources/OpenAPIRuntime/URICoder/Common/URIEncodedNode.swift failed with a nonzero exit code. Command line:     cd /host
    builtin-SwiftPerFileCompile URIEncodedNode.swift
error: SwiftCompile normal wasm32 /host/spi-builder-workspace/.build/checkouts/swift-openapi-runtime/Sources/OpenAPIRuntime/URICoder/Common/URIParsedTypes.swift failed with a nonzero exit code. Command line:     cd /host
    builtin-SwiftPerFileCompile URIParsedTypes.swift
error: SwiftCompile normal wasm32 /host/spi-builder-workspace/.build/checkouts/swift-openapi-runtime/Sources/OpenAPIRuntime/URICoder/Decoding/URIDecoder.swift failed with a nonzero exit code. Command line:     cd /host
    builtin-SwiftPerFileCompile URIDecoder.swift
error: SwiftCompile normal wasm32 /host/spi-builder-workspace/.build/checkouts/swift-openapi-runtime/Sources/OpenAPIRuntime/URICoder/Decoding/URIValueFromNodeDecoder+Keyed.swift failed with a nonzero exit code. Command line:     cd /host
    builtin-SwiftPerFileCompile URIValueFromNodeDecoder+Keyed.swift
[403 / 997] OpenAPIRuntime
error: SwiftCompile normal wasm32 /host/spi-builder-workspace/.build/checkouts/swift-openapi-runtime/Sources/OpenAPIRuntime/URICoder/Decoding/URIValueFromNodeDecoder+Single.swift failed with a nonzero exit code. Command line:     cd /host
    builtin-SwiftPerFileCompile URIValueFromNodeDecoder+Single.swift
error: SwiftCompile normal wasm32 /host/spi-builder-workspace/.build/checkouts/swift-openapi-runtime/Sources/OpenAPIRuntime/URICoder/Decoding/URIValueFromNodeDecoder+Unkeyed.swift failed with a nonzero exit code. Command line:     cd /host
    builtin-SwiftPerFileCompile URIValueFromNodeDecoder+Unkeyed.swift
/root/.swiftpm/swift-sdks/swift-6.4.x-DEVELOPMENT-SNAPSHOT-2026-09-04-a_wasm.artifactbundle/swift-6.4.x-DEVELOPMENT-SNAPSHOT-2026-09-04-a_wasm/wasm32-unknown-wasip1/swift.xctoolchain/usr/lib/swift_static/CoreFoundation/CoreFoundation.h:28:10: note: while building module 'wasi_emulated_signal' imported from /root/.swiftpm/swift-sdks/swift-6.4.x-DEVELOPMENT-SNAPSHOT-2026-09-04-a_wasm.artifactbundle/swift-6.4.x-DEVELOPMENT-SNAPSHOT-2026-09-04-a_wasm/wasm32-unknown-wasip1/swift.xctoolchain/usr/lib/swift_static/CoreFoundation/CoreFoundation.h:28:
 26 | #include <setjmp.h>
 27 | #endif
 28 | #include <signal.h>
    |          `- note: while building module 'wasi_emulated_signal' imported from /root/.swiftpm/swift-sdks/swift-6.4.x-DEVELOPMENT-SNAPSHOT-2026-09-04-a_wasm.artifactbundle/swift-6.4.x-DEVELOPMENT-SNAPSHOT-2026-09-04-a_wasm/wasm32-unknown-wasip1/swift.xctoolchain/usr/lib/swift_static/CoreFoundation/CoreFoundation.h:28:
 29 | #include <stddef.h>
 30 | #include <stdio.h>
<module-includes>:1:10: note: in file included from <module-includes>:1:
1 | #include "signal.h"
  |          `- note: in file included from <module-includes>:1:
2 |
/root/.swiftpm/swift-sdks/swift-6.4.x-DEVELOPMENT-SNAPSHOT-2026-09-04-a_wasm.artifactbundle/swift-6.4.x-DEVELOPMENT-SNAPSHOT-2026-09-04-a_wasm/wasm32-unknown-wasip1/WASI.sdk/include/wasm32-wasip1/signal.h:2:2: error: "wasm lacks signal support; to enable minimal signal emulation, compile with -D_WASI_EMULATED_SIGNAL and link with -lwasi-emulated-signal"
  1 | #ifndef _WASI_EMULATED_SIGNAL
  2 | #error "wasm lacks signal support; to enable minimal signal emulation, \
    |  `- error: "wasm lacks signal support; to enable minimal signal emulation, compile with -D_WASI_EMULATED_SIGNAL and link with -lwasi-emulated-signal"
  3 | compile with -D_WASI_EMULATED_SIGNAL and link with -lwasi-emulated-signal"
  4 | #else
<module-includes>:1:10: note: in file included from <module-includes>:1:
1 | #include "CoreFoundation.h"
  |          `- note: in file included from <module-includes>:1:
2 |
/root/.swiftpm/swift-sdks/swift-6.4.x-DEVELOPMENT-SNAPSHOT-2026-09-04-a_wasm.artifactbundle/swift-6.4.x-DEVELOPMENT-SNAPSHOT-2026-09-04-a_wasm/wasm32-unknown-wasip1/swift.xctoolchain/usr/lib/swift_static/CoreFoundation/CoreFoundation.h:28:10: error: could not build module 'wasi_emulated_signal'
 26 | #include <setjmp.h>
 27 | #endif
 28 | #include <signal.h>
    |          `- error: could not build module 'wasi_emulated_signal'
 29 | #include <stddef.h>
 30 | #include <stdio.h>
/root/.swiftpm/swift-sdks/swift-6.4.x-DEVELOPMENT-SNAPSHOT-2026-09-04-a_wasm.artifactbundle/swift-6.4.x-DEVELOPMENT-SNAPSHOT-2026-09-04-a_wasm/wasm32-unknown-wasip1/swift.xctoolchain/usr/lib/swift_static/CoreFoundation/ForSwiftFoundationOnly.h:86:10: note: while building module 'wasi_emulated_mman' imported from /root/.swiftpm/swift-sdks/swift-6.4.x-DEVELOPMENT-SNAPSHOT-2026-09-04-a_wasm.artifactbundle/swift-6.4.x-DEVELOPMENT-SNAPSHOT-2026-09-04-a_wasm/wasm32-unknown-wasip1/swift.xctoolchain/usr/lib/swift_static/CoreFoundation/ForSwiftFoundationOnly.h:86:
 84 | #undef _WASI_EMULATED_MMAN
 85 | #define _WASI_EMULATED_MMAN
 86 | #include <sys/mman.h>
    |          `- note: while building module 'wasi_emulated_mman' imported from /root/.swiftpm/swift-sdks/swift-6.4.x-DEVELOPMENT-SNAPSHOT-2026-09-04-a_wasm.artifactbundle/swift-6.4.x-DEVELOPMENT-SNAPSHOT-2026-09-04-a_wasm/wasm32-unknown-wasip1/swift.xctoolchain/usr/lib/swift_static/CoreFoundation/ForSwiftFoundationOnly.h:86:
 87 | #elif TARGET_OS_LINUX
 88 | #include <errno.h>
<module-includes>:1:10: note: in file included from <module-includes>:1:
1 | #include "sys/mman.h"
  |          `- note: in file included from <module-includes>:1:
2 |
/root/.swiftpm/swift-sdks/swift-6.4.x-DEVELOPMENT-SNAPSHOT-2026-09-04-a_wasm.artifactbundle/swift-6.4.x-DEVELOPMENT-SNAPSHOT-2026-09-04-a_wasm/wasm32-unknown-wasip1/WASI.sdk/include/wasm32-wasip1/sys/mman.h:2:2: error: "WASI lacks a true mmap; to enable minimal mmap emulation, compile with -D_WASI_EMULATED_MMAN and link with -lwasi-emulated-mman"
  1 | #ifndef _WASI_EMULATED_MMAN
  2 | #error "WASI lacks a true mmap; to enable minimal mmap emulation, \
    |  `- error: "WASI lacks a true mmap; to enable minimal mmap emulation, compile with -D_WASI_EMULATED_MMAN and link with -lwasi-emulated-mman"
  3 | compile with -D_WASI_EMULATED_MMAN and link with -lwasi-emulated-mman"
  4 | #else
/host/spi-builder-workspace/.build/checkouts/swift-openapi-runtime/Sources/OpenAPIRuntime/Base/OpenAPIValue.swift:22:8: error: could not build C module 'CoreFoundation'
 20 |
 21 | #if canImport(CoreFoundation) && (FullFoundation || canImport(Darwin))
 22 | import CoreFoundation
    |        `- error: could not build C module 'CoreFoundation'
 23 | #endif
 24 |
Failed frontend command:
/usr/bin/swift-frontend -frontend -c /host/spi-builder-workspace/.build/checkouts/swift-openapi-runtime/Sources/OpenAPIRuntime/Base/Acceptable.swift /host/spi-builder-workspace/.build/checkouts/swift-openapi-runtime/Sources/OpenAPIRuntime/Base/Base64EncodedData.swift /host/spi-builder-workspace/.build/checkouts/swift-openapi-runtime/Sources/OpenAPIRuntime/Base/ByteUtilities.swift /host/spi-builder-workspace/.build/checkouts/swift-openapi-runtime/Sources/OpenAPIRuntime/Base/ContentDisposition.swift /host/spi-builder-workspace/.build/checkouts/swift-openapi-runtime/Sources/OpenAPIRuntime/Base/CopyOnWriteBox.swift /host/spi-builder-workspace/.build/checkouts/swift-openapi-runtime/Sources/OpenAPIRuntime/Base/Lock.swift /host/spi-builder-workspace/.build/checkouts/swift-openapi-runtime/Sources/OpenAPIRuntime/Base/OpenAPIMIMEType.swift /host/spi-builder-workspace/.build/checkouts/swift-openapi-runtime/Sources/OpenAPIRuntime/Base/OpenAPIValue.swift /host/spi-builder-workspace/.build/checkouts/swift-openapi-runtime/Sources/OpenAPIRuntime/Base/PrettyStringConvertible.swift /host/spi-builder-workspace/.build/checkouts/swift-openapi-runtime/Sources/OpenAPIRuntime/Base/UndocumentedPayload.swift /host/spi-builder-workspace/.build/checkouts/swift-openapi-runtime/Sources/OpenAPIRuntime/Base/WarningSuppressingAnnotations.swift /host/spi-builder-workspace/.build/checkouts/swift-openapi-runtime/Sources/OpenAPIRuntime/Conversion/CodableExtensions.swift /host/spi-builder-workspace/.build/checkouts/swift-openapi-runtime/Sources/OpenAPIRuntime/Conversion/Configuration.swift /host/spi-builder-workspace/.build/checkouts/swift-openapi-runtime/Sources/OpenAPIRuntime/Conversion/Converter+Client.swift /host/spi-builder-workspace/.build/checkouts/swift-openapi-runtime/Sources/OpenAPIRuntime/Conversion/Converter+Common.swift /host/spi-builder-workspace/.build/checkouts/swift-openapi-runtime/Sources/OpenAPIRuntime/Conversion/Converter+Server.swift /host/spi-builder-workspace/.build/checkouts/swift-openapi-runtime/Sources/OpenAPIRuntime/Conversion/Converter.swift /host/spi-builder-workspace/.build/checkouts/swift-openapi-runtime/Sources/OpenAPIRuntime/Conversion/CurrencyExtensions.swift /host/spi-builder-workspace/.build/checkouts/swift-openapi-runtime/Sources/OpenAPIRuntime/Conversion/ErrorExtensions.swift /host/spi-builder-workspace/.build/checkouts/swift-openapi-runtime/Sources/OpenAPIRuntime/Conversion/FoundationExtensions.swift /host/spi-builder-workspace/.build/checkouts/swift-openapi-runtime/Sources/OpenAPIRuntime/Conversion/ParameterStyles.swift /host/spi-builder-workspace/.build/checkouts/swift-openapi-runtime/Sources/OpenAPIRuntime/Conversion/ServerVariable.swift /host/spi-builder-workspace/.build/checkouts/swift-openapi-runtime/Sources/OpenAPIRuntime/Conversion/URLExtensions.swift /host/spi-builder-workspace/.build/checkouts/swift-openapi-runtime/Sources/OpenAPIRuntime/Deprecated/Deprecated.swift /host/spi-builder-workspace/.build/checkouts/swift-openapi-runtime/Sources/OpenAPIRuntime/Errors/ClientError.swift /host/spi-builder-workspace/.build/checkouts/swift-openapi-runtime/Sources/OpenAPIRuntime/Errors/CodingErrors.swift /host/spi-builder-workspace/.build/checkouts/swift-openapi-runtime/Sources/OpenAPIRuntime/Errors/RuntimeError.swift /host/spi-builder-workspace/.build/checkouts/swift-openapi-runtime/Sources/OpenAPIRuntime/Errors/ServerError.swift /host/spi-builder-workspace/.build/checkouts/swift-openapi-runtime/Sources/OpenAPIRuntime/EventStreams/JSONLinesDecoding.swift /host/spi-builder-workspace/.build/checkouts/swift-openapi-runtime/Sources/OpenAPIRuntime/EventStreams/JSONLinesEncoding.swift /host/spi-builder-workspace/.build/checkouts/swift-openapi-runtime/Sources/OpenAPIRuntime/EventStreams/JSONSequenceDecoding.swift /host/spi-builder-workspace/.build/checkouts/swift-openapi-runtime/Sources/OpenAPIRuntime/EventStreams/JSONSequenceEncoding.swift /host/spi-builder-workspace/.build/checkouts/swift-openapi-runtime/Sources/OpenAPIRuntime/EventStreams/ServerSentEvents.swift /host/spi-builder-workspace/.build/checkouts/swift-openapi-runtime/Sources/OpenAPIRuntime/EventStreams/ServerSentEventsDecoding.swift /host/spi-builder-workspace/.build/checkouts/swift-openapi-runtime/Sources/OpenAPIRuntime/EventStreams/ServerSentEventsEncoding.swift /host/spi-builder-workspace/.build/checkouts/swift-openapi-runtime/Sources/OpenAPIRuntime/Interface/AsyncSequenceCommon.swift /host/spi-builder-workspace/.build/checkouts/swift-openapi-runtime/Sources/OpenAPIRuntime/Interface/ClientTransport.swift /host/spi-builder-workspace/.build/checkouts/swift-openapi-runtime/Sources/OpenAPIRuntime/Interface/CurrencyTypes.swift /host/spi-builder-workspace/.build/checkouts/swift-openapi-runtime/Sources/OpenAPIRuntime/Interface/ErrorHandlingMiddleware.swift /host/spi-builder-workspace/.build/checkouts/swift-openapi-runtime/Sources/OpenAPIRuntime/Interface/HTTPBody.swift /host/spi-builder-workspace/.build/checkouts/swift-openapi-runtime/Sources/OpenAPIRuntime/Interface/QuerySpaceNormalizingMiddleware.swift /host/spi-builder-workspace/.build/checkouts/swift-openapi-runtime/Sources/OpenAPIRuntime/Interface/SendableMetatype.swift /host/spi-builder-workspace/.build/checkouts/swift-openapi-runtime/Sources/OpenAPIRuntime/Interface/ServerTransport.swift /host/spi-builder-workspace/.build/checkouts/swift-openapi-runtime/Sources/OpenAPIRuntime/Interface/UniversalClient.swift /host/spi-builder-workspace/.build/checkouts/swift-openapi-runtime/Sources/OpenAPIRuntime/Interface/UniversalServer.swift /host/spi-builder-workspace/.build/checkouts/swift-openapi-runtime/Sources/OpenAPIRuntime/Multipart/MultipartBoundaryGenerator.swift /host/spi-builder-workspace/.build/checkouts/swift-openapi-runtime/Sources/OpenAPIRuntime/Multipart/MultipartBytesToFramesSequence.swift /host/spi-builder-workspace/.build/checkouts/swift-openapi-runtime/Sources/OpenAPIRuntime/Multipart/MultipartFramesToBytesSequence.swift /host/spi-builder-workspace/.build/checkouts/swift-openapi-runtime/Sources/OpenAPIRuntime/Multipart/MultipartFramesToRawPartsSequence.swift /host/spi-builder-workspace/.build/checkouts/swift-openapi-runtime/Sources/OpenAPIRuntime/Multipart/MultipartInternalTypes.swift /host/spi-builder-workspace/.build/checkouts/swift-openapi-runtime/Sources/OpenAPIRuntime/Multipart/MultipartPublicTypes.swift /host/spi-builder-workspace/.build/checkouts/swift-openapi-runtime/Sources/OpenAPIRuntime/Multipart/MultipartPublicTypesExtensions.swift /host/spi-builder-workspace/.build/checkouts/swift-openapi-runtime/Sources/OpenAPIRuntime/Multipart/MultipartRawPartsToFramesSequence.swift /host/spi-builder-workspace/.build/checkouts/swift-openapi-runtime/Sources/OpenAPIRuntime/Multipart/MultipartValidation.swift -primary-file /host/spi-builder-workspace/.build/checkouts/swift-openapi-runtime/Sources/OpenAPIRuntime/Multipart/OpenAPIMIMEType+Multipart.swift -primary-file /host/spi-builder-workspace/.build/checkouts/swift-openapi-runtime/Sources/OpenAPIRuntime/URICoder/Common/URICodeCodingKey.swift -primary-file /host/spi-builder-workspace/.build/checkouts/swift-openapi-runtime/Sources/OpenAPIRuntime/URICoder/Common/URICoderConfiguration.swift -primary-file /host/spi-builder-workspace/.build/checkouts/swift-openapi-runtime/Sources/OpenAPIRuntime/URICoder/Common/URIEncodedNode.swift -primary-file /host/spi-builder-workspace/.build/checkouts/swift-openapi-runtime/Sources/OpenAPIRuntime/URICoder/Common/URIParsedTypes.swift -primary-file /host/spi-builder-workspace/.build/checkouts/swift-openapi-runtime/Sources/OpenAPIRuntime/URICoder/Decoding/URIDecoder.swift -primary-file /host/spi-builder-workspace/.build/checkouts/swift-openapi-runtime/Sources/OpenAPIRuntime/URICoder/Decoding/URIValueFromNodeDecoder+Keyed.swift -primary-file /host/spi-builder-workspace/.build/checkouts/swift-openapi-runtime/Sources/OpenAPIRuntime/URICoder/Decoding/URIValueFromNodeDecoder+Single.swift -primary-file /host/spi-builder-workspace/.build/checkouts/swift-openapi-runtime/Sources/OpenAPIRuntime/URICoder/Decoding/URIValueFromNodeDecoder+Unkeyed.swift /host/spi-builder-workspace/.build/checkouts/swift-openapi-runtime/Sources/OpenAPIRuntime/URICoder/Decoding/URIValueFromNodeDecoder.swift /host/spi-builder-workspace/.build/checkouts/swift-openapi-runtime/Sources/OpenAPIRuntime/URICoder/Encoding/URIEncoder.swift /host/spi-builder-workspace/.build/checkouts/swift-openapi-runtime/Sources/OpenAPIRuntime/URICoder/Encoding/URIValueToNodeEncoder+Keyed.swift /host/spi-builder-workspace/.build/checkouts/swift-openapi-runtime/Sources/OpenAPIRuntime/URICoder/Encoding/URIValueToNodeEncoder+Single.swift /host/spi-builder-workspace/.build/checkouts/swift-openapi-runtime/Sources/OpenAPIRuntime/URICoder/Encoding/URIValueToNodeEncoder+Unkeyed.swift /host/spi-builder-workspace/.build/checkouts/swift-openapi-runtime/Sources/OpenAPIRuntime/URICoder/Encoding/URIValueToNodeEncoder.swift /host/spi-builder-workspace/.build/checkouts/swift-openapi-runtime/Sources/OpenAPIRuntime/URICoder/Parsing/URIParser.swift /host/spi-builder-workspace/.build/checkouts/swift-openapi-runtime/Sources/OpenAPIRuntime/URICoder/Serialization/URISerializer.swift -supplementary-output-file-map /host/spi-builder-workspace/.build/out/Intermediates.noindex/swift-openapi-runtime.build/Debug-webassembly-wasm32/OpenAPIRuntime-t.build/Objects-normal/wasm32/supplementaryOutputs-26 -target wasm32-unknown-wasip1 -disable-objc-interop -sdk /root/.swiftpm/swift-sdks/swift-6.4.x-DEVELOPMENT-SNAPSHOT-2026-09-04-a_wasm.artifactbundle/swift-6.4.x-DEVELOPMENT-SNAPSHOT-2026-09-04-a_wasm/wasm32-unknown-wasip1/WASI.sdk -sysroot /root/.swiftpm/swift-sdks/swift-6.4.x-DEVELOPMENT-SNAPSHOT-2026-09-04-a_wasm.artifactbundle/swift-6.4.x-DEVELOPMENT-SNAPSHOT-2026-09-04-a_wasm/wasm32-unknown-wasip1/WASI.sdk -I /host/spi-builder-workspace/.build/out/Products/Debug-webassembly-wasm32 -module-cache-path /host/spi-builder-workspace/.build/out/ModuleCache.noindex -color-diagnostics -Xcc -fcolor-diagnostics -enable-testing -g -debug-info-format\=dwarf -dwarf-version\=4 -suppress-warnings -swift-version 6 -Onone -D SWIFT_PACKAGE -D DEBUG -D SWIFT_MODULE_RESOURCE_BUNDLE_UNAVAILABLE -D FullFoundation -D Xcode -serialize-debugging-options -enable-upcoming-feature ExistentialAny -enable-upcoming-feature MemberImportVisibility -enable-upcoming-feature InternalImportsByDefault -enable-experimental-feature DebugDescriptionMacro -empty-abi-descriptor -external-plugin-path /usr/lib/swift/host/plugins/testing\#/usr/bin/swift-plugin-server -user-module-version 1.12.1 -validate-clang-modules-once -clang-build-session-file /host/spi-builder-workspace/.build/out/ModuleCache.noindex/Session.modulevalidation -Xcc -working-directory -Xcc /host -resource-dir /root/.swiftpm/swift-sdks/swift-6.4.x-DEVELOPMENT-SNAPSHOT-2026-09-04-a_wasm.artifactbundle/swift-6.4.x-DEVELOPMENT-SNAPSHOT-2026-09-04-a_wasm/wasm32-unknown-wasip1/swift.xctoolchain/usr/lib/swift_static -use-static-resource-dir -enable-anonymous-context-mangled-names -file-compilation-dir /host -Xcc -resource-dir -Xcc /root/.swiftpm/swift-sdks/swift-6.4.x-DEVELOPMENT-SNAPSHOT-2026-09-04-a_wasm.artifactbundle/swift-6.4.x-DEVELOPMENT-SNAPSHOT-2026-09-04-a_wasm/wasm32-unknown-wasip1/swift.xctoolchain/usr/lib/swift_static/clang -Xcc -D_LIBCPP_HARDENING_MODE\=_LIBCPP_HARDENING_MODE_DEBUG -Xcc -fmodules-prune-interval\=86400 -Xcc -fmodules-prune-after\=345600 -Xcc -I/host/spi-builder-workspace/.build/out/Products/Debug-webassembly-wasm32/include -Xcc -I/host/spi-builder-workspace/.build/out/Intermediates.noindex/swift-openapi-runtime.build/Debug-webassembly-wasm32/OpenAPIRuntime-t.build/DerivedSources-normal/wasm32 -Xcc -I/host/spi-builder-workspace/.build/out/Intermediates.noindex/swift-openapi-runtime.build/Debug-webassembly-wasm32/OpenAPIRuntime-t.build/DerivedSources/wasm32 -Xcc -I/host/spi-builder-workspace/.build/out/Intermediates.noindex/swift-openapi-runtime.build/Debug-webassembly-wasm32/OpenAPIRuntime-t.build/DerivedSources -Xcc -DSWIFT_PACKAGE -Xcc -DDEBUG\=1 -no-auto-bridging-header-chaining -module-name OpenAPIRuntime -package-name swift_openapi_runtime -const-gather-protocols-file /host/spi-builder-workspace/.build/out/Intermediates.noindex/swift-openapi-runtime.build/Debug-webassembly-wasm32/OpenAPIRuntime-t.build/Objects-normal/wasm32/OpenAPIRuntime_const_extract_protocols.json -in-process-plugin-server-path /usr/lib/swift/host/libSwiftInProcPluginServer.so -plugin-path /usr/lib/swift/host/plugins -plugin-path /usr/local/lib/swift/host/plugins -parse-as-library -o /host/spi-builder-workspace/.build/out/Intermediates.noindex/swift-openapi-runtime.build/Debug-webassembly-wasm32/OpenAPIRuntime-t.build/Objects-normal/wasm32/OpenAPIMIMEType+Multipart.o -o /host/spi-builder-workspace/.build/out/Intermediates.noindex/swift-openapi-runtime.build/Debug-webassembly-wasm32/OpenAPIRuntime-t.build/Objects-normal/wasm32/URICodeCodingKey.o -o /host/spi-builder-workspace/.build/out/Intermediates.noindex/swift-openapi-runtime.build/Debug-webassembly-wasm32/OpenAPIRuntime-t.build/Objects-normal/wasm32/URICoderConfiguration.o -o /host/spi-builder-workspace/.build/out/Intermediates.noindex/swift-openapi-runtime.build/Debug-webassembly-wasm32/OpenAPIRuntime-t.build/Objects-normal/wasm32/URIEncodedNode.o -o /host/spi-builder-workspace/.build/out/Intermediates.noindex/swift-openapi-runtime.build/Debug-webassembly-wasm32/OpenAPIRuntime-t.build/Objects-normal/wasm32/URIParsedTypes.o -o /host/spi-builder-workspace/.build/out/Intermediates.noindex/swift-openapi-runtime.build/Debug-webassembly-wasm32/OpenAPIRuntime-t.build/Objects-normal/wasm32/URIDecoder.o -o /host/spi-builder-workspace/.build/out/Intermediates.noindex/swift-openapi-runtime.build/Debug-webassembly-wasm32/OpenAPIRuntime-t.build/Objects-normal/wasm32/URIValueFromNodeDecoder+Keyed.o -o /host/spi-builder-workspace/.build/out/Intermediates.noindex/swift-openapi-runtime.build/Debug-webassembly-wasm32/OpenAPIRuntime-t.build/Objects-normal/wasm32/URIValueFromNodeDecoder+Single.o -o /host/spi-builder-workspace/.build/out/Intermediates.noindex/swift-openapi-runtime.build/Debug-webassembly-wasm32/OpenAPIRuntime-t.build/Objects-normal/wasm32/URIValueFromNodeDecoder+Unkeyed.o -index-unit-output-path /swift-openapi-runtime.build/Debug-webassembly-wasm32/OpenAPIRuntime-t.build/Objects-normal/wasm32/OpenAPIMIMEType+Multipart.o -index-unit-output-path /swift-openapi-runtime.build/Debug-webassembly-wasm32/OpenAPIRuntime-t.build/Objects-normal/wasm32/URICodeCodingKey.o -index-unit-output-path /swift-openapi-runtime.build/Debug-webassembly-wasm32/OpenAPIRuntime-t.build/Objects-normal/wasm32/URICoderConfiguration.o -index-unit-output-path /swift-openapi-runtime.build/Debug-webassembly-wasm32/OpenAPIRuntime-t.build/Objects-normal/wasm32/URIEncodedNode.o -index-unit-output-path /swift-openapi-runtime.build/Debug-webassembly-wasm32/OpenAPIRuntime-t.build/Objects-normal/wasm32/URIParsedTypes.o -index-unit-output-path /swift-openapi-runtime.build/Debug-webassembly-wasm32/OpenAPIRuntime-t.build/Objects-normal/wasm32/URIDecoder.o -index-unit-output-path /swift-openapi-runtime.build/Debug-webassembly-wasm32/OpenAPIRuntime-t.build/Objects-normal/wasm32/URIValueFromNodeDecoder+Keyed.o -index-unit-output-path /swift-openapi-runtime.build/Debug-webassembly-wasm32/OpenAPIRuntime-t.build/Objects-normal/wasm32/URIValueFromNodeDecoder+Single.o -index-unit-output-path /swift-openapi-runtime.build/Debug-webassembly-wasm32/OpenAPIRuntime-t.build/Objects-normal/wasm32/URIValueFromNodeDecoder+Unkeyed.o -index-store-path /host/spi-builder-workspace/.build/out -index-system-modules
error: Build failed
BUILD FAILURE 6.4 wasm