The Swift Package Index logo.Swift Package Index

Build Information

Failed to build NearbySSL, reference 0.7.3 (6e1004), with Swift 6.4 for Wasm on 21 Sep 2026 23:43:56 UTC.

Build Command

bash -c docker run --pull=always --rm -v "checkouts-54344845-1":/host -w "$PWD" -e JAVA_HOME="/root/.sdkman/candidates/java/current" -e SPI_BUILD="1" -e SPI_PROCESSING="1" registry.gitlab.com/saguaro1/spi-images:wasm-6.4-latest swift build --swift-sdk swift-6.4.x-DEVELOPMENT-SNAPSHOT-2026-09-04-a_wasm 2>&1

Build Log

========================================
RunAll
========================================
Builder version: 5.1.0
Interrupt handler set up.
========================================
Checkout
========================================
Clone URL: https://github.com/monzo/boringssl-SwiftPM.git
Reference: 0.7.3
Initialized empty Git repository in /host/spi-builder-workspace/.git/
hint: Using 'master' as the name for the initial branch. This default branch name
hint: is subject to change. To configure the initial branch name to use in all
hint: of your new repositories, which will suppress this warning, call:
hint:
hint: 	git config --global init.defaultBranch <name>
hint:
hint: Names commonly chosen instead of 'master' are 'main', 'trunk' and
hint: 'development'. The just-created branch can be renamed via this command:
hint:
hint: 	git branch -m <name>
From https://github.com/monzo/boringssl-SwiftPM
 * tag               0.7.3      -> FETCH_HEAD
HEAD is now at 6e10046 ✍️ Change target name to avoid clash with Firebase
Cloned https://github.com/monzo/boringssl-SwiftPM.git
Revision (git rev-parse @):
6e10046127b993c69e25e5552d018f67d061ea35
SUCCESS checkout https://github.com/monzo/boringssl-SwiftPM.git at 0.7.3
========================================
Build
========================================
Selected platform:         wasm
Swift version:             6.4
Building package at path:  $PWD
https://github.com/monzo/boringssl-SwiftPM.git
Running build ...
bash -c docker run --pull=always --rm -v "checkouts-54344845-1":/host -w "$PWD" -e JAVA_HOME="/root/.sdkman/candidates/java/current" -e SPI_BUILD="1" -e SPI_PROCESSING="1" registry.gitlab.com/saguaro1/spi-images:wasm-6.4-latest swift build --swift-sdk swift-6.4.x-DEVELOPMENT-SNAPSHOT-2026-09-04-a_wasm 2>&1
wasm-6.4-latest: Pulling from saguaro1/spi-images
Digest: sha256:4328fdb43c680d205c1d6761b1e3267aa38277eefdda9ddfb17b6a0f1a77857a
Status: Image is up to date for registry.gitlab.com/saguaro1/spi-images:wasm-6.4-latest
warning: 'spi-builder-workspace': ignoring target 'build-test' in package 'spi-builder-workspace'; C language in tests is not yet supported
warning: 'spi-builder-workspace': ignoring target 'build-test' in package 'spi-builder-workspace'; C language in tests is not yet supported
Building for debugging...
[Planning deferred tasks]
[26 / 356] NearbySSL
[27 / 356] NearbySSL
[28 / 356] NearbySSL
[32 / 356] NearbySSL
[36 / 356] NearbySSL
[38 / 356] NearbySSL
[43 / 356] NearbySSL
[48 / 356] NearbySSL
[50 / 356] NearbySSL
[55 / 356] NearbySSL
[60 / 356] NearbySSL
[65 / 356] NearbySSL
[70 / 356] NearbySSL
[74 / 356] NearbySSL
[80 / 356] NearbySSL
[82 / 356] NearbySSL
[87 / 356] NearbySSL
[90 / 356] NearbySSL
/host/spi-builder-workspace/src/crypto/fipsmodule/rand/urandom.c:248:10: error: call to undeclared function 'dup'; ISO C99 and later do not support implicit function declarations [-Wimplicit-function-declaration]
  248 |     fd = dup(fd);
      |          ^
/host/spi-builder-workspace/src/crypto/fipsmodule/rand/urandom.c:346:8: error: call to undeclared function 'dup'; ISO C99 and later do not support implicit function declarations [-Wimplicit-function-declaration]
  346 |   fd = dup(fd);
      |        ^
2 errors generated.
error: CompileC /host/spi-builder-workspace/.build/out/Intermediates.noindex/NearbySSL.build/Debug-webassembly-wasm32/NearbySSL-t.build/Objects-normal/wasm32/urandom.o /host/spi-builder-workspace/src/crypto/fipsmodule/rand/urandom.c normal wasm32 c com.apple.compilers.llvm.clang.1_0.compiler failed with a nonzero exit code. Command line:     cd /host

    Using response file: /host/spi-builder-workspace/.build/out/Intermediates.noindex/NearbySSL.build/Debug-webassembly-wasm32/NearbySSL-t.build/Objects-normal/wasm32/9f65232cb83f8421e3a495a5062eba382369c975104ee97bafc405ab795bfc5e-common-args.resp

    /usr/bin/clang -x c -target wasm32-unknown-wasip1 -fmessage-length\=0 -fdiagnostics-show-note-include-stack -fmacro-backtrace-limit\=0 -fcolor-diagnostics -Wno-trigraphs -Wno-missing-field-initializers -Wno-missing-prototypes -Wno-return-type -Wno-missing-braces -Wparentheses -Wswitch -Wno-unused-function -Wno-unused-label -Wno-unused-parameter -Wno-unused-variable -Wunused-value -Wno-empty-body -Wno-uninitialized -Wno-unknown-pragmas -Wno-shadow -Wno-four-char-constants -Wno-conversion -Wno-constant-conversion -Wno-int-conversion -Wno-bool-conversion -Wno-enum-conversion -Wno-float-conversion -Wno-non-literal-null-conversion -Wno-objc-literal-conversion -Wno-shorten-64-to-32 -Wpointer-sign -Wno-newline-eof -Wno-implicit-fallthrough -fstrict-aliasing -Wdeprecated-declarations -Wno-sign-conversion -Wno-infinite-recursion -Wno-comma -Wno-block-capture-autoreleasing -Wno-strict-prototypes -Wno-semicolon-before-method-body --sysroot /root/.swiftpm/swift-sdks/swift-6.4.x-DEVELOPMENT-SNAPSHOT-2026-09-04-a_wasm.artifactbundle/swift-6.4.x-DEVELOPMENT-SNAPSHOT-2026-09-04-a_wasm/wasm32-unknown-wasip1/WASI.sdk @/host/spi-builder-workspace/.build/out/Intermediates.noindex/NearbySSL.build/Debug-webassembly-wasm32/NearbySSL-t.build/Objects-normal/wasm32/9f65232cb83f8421e3a495a5062eba382369c975104ee97bafc405ab795bfc5e-common-args.resp -MMD -MT dependencies -MF /host/spi-builder-workspace/.build/out/Intermediates.noindex/NearbySSL.build/Debug-webassembly-wasm32/NearbySSL-t.build/Objects-normal/wasm32/urandom.d --serialize-diagnostics /host/spi-builder-workspace/.build/out/Intermediates.noindex/NearbySSL.build/Debug-webassembly-wasm32/NearbySSL-t.build/Objects-normal/wasm32/urandom.dia -c /host/spi-builder-workspace/src/crypto/fipsmodule/rand/urandom.c -o /host/spi-builder-workspace/.build/out/Intermediates.noindex/NearbySSL.build/Debug-webassembly-wasm32/NearbySSL-t.build/Objects-normal/wasm32/urandom.o
error: Build failed
BUILD FAILURE 6.4 wasm