Build Information
Failed to build LCPermissionsKit, reference main (305a76), with Swift 6.4 for watchOS using Xcode 27.0 on 23 Sep 2026 18:07:13 UTC.
Build Command
env DEVELOPER_DIR=/Applications/Xcode-27.0.0-Release.Candidate.app xcrun xcodebuild -IDEClonedSourcePackagesDirPathOverride=$PWD/.dependencies -skipMacroValidation -skipPackagePluginValidation -derivedDataPath $PWD/.derivedData build -scheme LCPermissionsKit -destination generic/platform=watchOSBuild Log
========================================
RunAll
========================================
Builder version: 5.1.0
Interrupt handler set up.
========================================
Checkout
========================================
Clone URL: https://github.com/DevLiuSir/LCPermissionsKit.git
Reference: main
Initialized empty Git repository in /Users/admin/builder/spi-builder-workspace/.git/
From https://github.com/DevLiuSir/LCPermissionsKit
* branch main -> FETCH_HEAD
* [new branch] main -> origin/main
HEAD is now at 305a765 update readme file
Cloned https://github.com/DevLiuSir/LCPermissionsKit.git
Revision (git rev-parse @):
305a7653c6595f50de16aaaa4e11835c9043d75b
SUCCESS checkout https://github.com/DevLiuSir/LCPermissionsKit.git at main
========================================
Build
========================================
Selected platform: watchOS
Swift version: 6.4
Building package at path: $PWD
https://github.com/DevLiuSir/LCPermissionsKit.git
Command line invocation:
/Applications/Xcode-27.0.0-Release.Candidate.app/Contents/Developer/usr/bin/xcodebuild -IDEClonedSourcePackagesDirPathOverride=/Users/admin/builder/spi-builder-workspace/.dependencies -resolvePackageDependencies
Resolve Package Graph
Resolve Package Graph
Resolved source packages:
LCPermissionsKit: /Users/admin/builder/spi-builder-workspace
resolved source packages: LCPermissionsKit
2026-09-23 14:06:34.063 xcodebuild[529:3027] [MT] IDERunDestination: Supported platforms for the buildables in the current scheme is empty.
{
"dependencies" : [
],
"manifest_display_name" : "LCPermissionsKit",
"name" : "LCPermissionsKit",
"path" : "/Users/admin/builder/spi-builder-workspace",
"platforms" : [
{
"name" : "macos",
"version" : "10.15"
}
],
"products" : [
{
"name" : "LCPermissionsKit",
"targets" : [
"LCPermissionsKit"
],
"type" : {
"library" : [
"automatic"
]
}
}
],
"targets" : [
{
"c99name" : "LCPermissionsKitTests",
"module_type" : "SwiftTarget",
"name" : "LCPermissionsKitTests",
"path" : "Tests/LCPermissionsKitTests",
"sources" : [
"LCPermissionsKitTests.swift"
],
"target_dependencies" : [
"LCPermissionsKit"
],
"type" : "test"
},
{
"c99name" : "LCPermissionsKit",
"module_type" : "SwiftTarget",
"name" : "LCPermissionsKit",
"path" : "Sources/LCPermissionsKit",
"product_memberships" : [
"LCPermissionsKit"
],
"sources" : [
"Private/Calendar/LCCalendarAuthorizer.swift",
"Private/Contacts/LCContactsAuthorization.swift",
"Private/Contacts/LCContactsAuthorizer.swift",
"Private/FullDiskAccess/LCFullDiskAccessAuthorizer.swift",
"Private/LCAuthorizer.swift",
"Private/Photos/LCPhotosAuthorizer.swift",
"Pubilc/LCAuthorizationStatus.swift",
"Pubilc/LCPermissionType.swift",
"Pubilc/LCPermissionsKit.swift"
],
"type" : "library"
}
],
"tools_version" : "5.10"
}
{
"workspace" : {
"name" : "LCPermissionsKit",
"schemes" : [
"LCPermissionsKit"
]
}
}
2026-09-23 14:07:06.243 xcodebuild[626:3836] [MT] IDERunDestination: Supported platforms for the buildables in the current scheme is empty.
Running build ...
env DEVELOPER_DIR=/Applications/Xcode-27.0.0-Release.Candidate.app xcrun xcodebuild -IDEClonedSourcePackagesDirPathOverride=$PWD/.dependencies -skipMacroValidation -skipPackagePluginValidation -derivedDataPath $PWD/.derivedData build -scheme LCPermissionsKit -destination generic/platform=watchOS
Command line invocation:
/Applications/Xcode-27.0.0-Release.Candidate.app/Contents/Developer/usr/bin/xcodebuild -IDEClonedSourcePackagesDirPathOverride=/Users/admin/builder/spi-builder-workspace/.dependencies -skipMacroValidation -skipPackagePluginValidation -derivedDataPath /Users/admin/builder/spi-builder-workspace/.derivedData build -scheme LCPermissionsKit -destination generic/platform=watchOS
Resolve Package Graph
Resolved source packages:
LCPermissionsKit: /Users/admin/builder/spi-builder-workspace
ComputePackagePrebuildTargetDependencyGraph
Prepare packages
CreateBuildRequest
SendProjectDescription
CreateBuildOperation
ComputeTargetDependencyGraph
note: Building targets in dependency order
note: Target dependency graph (2 targets)
Target 'LCPermissionsKit-product' in project 'LCPermissionsKit'
➜ Explicit dependency on target 'LCPermissionsKit' in project 'LCPermissionsKit'
Target 'LCPermissionsKit' in project 'LCPermissionsKit' (no dependencies)
GatherProvisioningInputs
CreateBuildDescription
ExecuteExternalTool /Applications/Xcode-27.0.0-Release.Candidate.app/Contents/Developer/Toolchains/XcodeDefault.xctoolchain/usr/bin/clang -v -E -dM -isysroot /Applications/Xcode-27.0.0-Release.Candidate.app/Contents/Developer/Platforms/WatchOS.platform/Developer/SDKs/WatchOS27.0.sdk -x c -c /dev/null
ExecuteExternalTool /Applications/Xcode-27.0.0-Release.Candidate.app/Contents/Developer/Toolchains/XcodeDefault.xctoolchain/usr/bin/swiftc --version
ExecuteExternalTool /Applications/Xcode-27.0.0-Release.Candidate.app/Contents/Developer/Toolchains/XcodeDefault.xctoolchain/usr/bin/ld -version_details
Build description signature: 831f5f7cf541652c73d1d11ff76005df
Build description path: /Users/admin/builder/spi-builder-workspace/.derivedData/Build/Intermediates.noindex/XCBuildData/831f5f7cf541652c73d1d11ff76005df.xcbuilddata
CreateBuildDirectory /Users/admin/builder/spi-builder-workspace/.derivedData/SDKExplicitPrecompiledModules
cd /Users/admin/builder/spi-builder-workspace/.swiftpm/xcode
builtin-create-build-directory /Users/admin/builder/spi-builder-workspace/.derivedData/SDKExplicitPrecompiledModules
CreateBuildDirectory /Users/admin/builder/spi-builder-workspace/.derivedData/ModuleCache.noindex
cd /Users/admin/builder/spi-builder-workspace/.swiftpm/xcode
builtin-create-build-directory /Users/admin/builder/spi-builder-workspace/.derivedData/ModuleCache.noindex
CreateBuildDirectory /Users/admin/builder/spi-builder-workspace/.derivedData/CompilationCache.noindex
cd /Users/admin/builder/spi-builder-workspace/.swiftpm/xcode
builtin-create-build-directory /Users/admin/builder/spi-builder-workspace/.derivedData/CompilationCache.noindex
CreateBuildDirectory /Users/admin/builder/spi-builder-workspace/.derivedData/Build/Intermediates.noindex
cd /Users/admin/builder/spi-builder-workspace/.swiftpm/xcode
builtin-create-build-directory /Users/admin/builder/spi-builder-workspace/.derivedData/Build/Intermediates.noindex
CreateBuildDirectory /Users/admin/builder/spi-builder-workspace/.derivedData/Build/Products
cd /Users/admin/builder/spi-builder-workspace/.swiftpm/xcode
builtin-create-build-directory /Users/admin/builder/spi-builder-workspace/.derivedData/Build/Products
ClangStatCache /Applications/Xcode-27.0.0-Release.Candidate.app/Contents/Developer/Toolchains/XcodeDefault.xctoolchain/usr/bin/clang-stat-cache /Applications/Xcode-27.0.0-Release.Candidate.app/Contents/Developer/Platforms/WatchOS.platform/Developer/SDKs/WatchOS27.0.sdk /Users/admin/builder/spi-builder-workspace/.derivedData/SDKStatCaches.noindex/watchos27.0-24R360-e829b21a6f8c9b70876ba0858053c04477534ef55a1706bf4c1112bbb242f0a2.sdkstatcache
cd /Users/admin/builder/spi-builder-workspace/.swiftpm/xcode
/Applications/Xcode-27.0.0-Release.Candidate.app/Contents/Developer/Toolchains/XcodeDefault.xctoolchain/usr/bin/clang-stat-cache /Applications/Xcode-27.0.0-Release.Candidate.app/Contents/Developer/Platforms/WatchOS.platform/Developer/SDKs/WatchOS27.0.sdk -o /Users/admin/builder/spi-builder-workspace/.derivedData/SDKStatCaches.noindex/watchos27.0-24R360-e829b21a6f8c9b70876ba0858053c04477534ef55a1706bf4c1112bbb242f0a2.sdkstatcache
CreateBuildDirectory /Users/admin/builder/spi-builder-workspace/.derivedData/Build/Intermediates.noindex/SwiftExplicitPrecompiledModules
cd /Users/admin/builder/spi-builder-workspace/.swiftpm/xcode
builtin-create-build-directory /Users/admin/builder/spi-builder-workspace/.derivedData/Build/Intermediates.noindex/SwiftExplicitPrecompiledModules
CreateBuildDirectory /Users/admin/builder/spi-builder-workspace/.derivedData/Build/Intermediates.noindex/PrecompiledHeaders
cd /Users/admin/builder/spi-builder-workspace/.swiftpm/xcode
builtin-create-build-directory /Users/admin/builder/spi-builder-workspace/.derivedData/Build/Intermediates.noindex/PrecompiledHeaders
CreateBuildDirectory /Users/admin/builder/spi-builder-workspace/.derivedData/Build/Intermediates.noindex/ExplicitPrecompiledModules
cd /Users/admin/builder/spi-builder-workspace/.swiftpm/xcode
builtin-create-build-directory /Users/admin/builder/spi-builder-workspace/.derivedData/Build/Intermediates.noindex/ExplicitPrecompiledModules
CreateBuildDirectory /Users/admin/builder/spi-builder-workspace/.derivedData/Build/Products/Debug-watchos
cd /Users/admin/builder/spi-builder-workspace/.swiftpm/xcode
builtin-create-build-directory /Users/admin/builder/spi-builder-workspace/.derivedData/Build/Products/Debug-watchos
CreateBuildDirectory /Users/admin/builder/spi-builder-workspace/.derivedData/Build/Intermediates.noindex/EagerLinkingTBDs/Debug-watchos
cd /Users/admin/builder/spi-builder-workspace/.swiftpm/xcode
builtin-create-build-directory /Users/admin/builder/spi-builder-workspace/.derivedData/Build/Intermediates.noindex/EagerLinkingTBDs/Debug-watchos
CreateBuildDirectory /Users/admin/builder/spi-builder-workspace/.derivedData/Build/Products/Debug-watchos/PackageFrameworks
cd /Users/admin/builder/spi-builder-workspace/.swiftpm/xcode
builtin-create-build-directory /Users/admin/builder/spi-builder-workspace/.derivedData/Build/Products/Debug-watchos/PackageFrameworks
WriteAuxiliaryFile /Users/admin/builder/spi-builder-workspace/.derivedData/Build/Intermediates.noindex/LCPermissionsKit.build/Debug-watchos/LCPermissionsKit-t.build/LCPermissionsKit.modulemap (in target 'LCPermissionsKit' from project 'LCPermissionsKit')
cd /Users/admin/builder/spi-builder-workspace
write-file /Users/admin/builder/spi-builder-workspace/.derivedData/Build/Intermediates.noindex/LCPermissionsKit.build/Debug-watchos/LCPermissionsKit-t.build/LCPermissionsKit.modulemap
WriteAuxiliaryFile /Users/admin/builder/spi-builder-workspace/.derivedData/Build/Intermediates.noindex/LCPermissionsKit.build/Debug-watchos/LCPermissionsKit-t.build/Objects-normal/arm64/LCPermissionsKit_const_extract_protocols.json (in target 'LCPermissionsKit' from project 'LCPermissionsKit')
cd /Users/admin/builder/spi-builder-workspace
write-file /Users/admin/builder/spi-builder-workspace/.derivedData/Build/Intermediates.noindex/LCPermissionsKit.build/Debug-watchos/LCPermissionsKit-t.build/Objects-normal/arm64/LCPermissionsKit_const_extract_protocols.json
WriteAuxiliaryFile /Users/admin/builder/spi-builder-workspace/.derivedData/Build/Intermediates.noindex/LCPermissionsKit.build/Debug-watchos/LCPermissionsKit-t.build/Objects-normal/arm64_32/LCPermissionsKit_const_extract_protocols.json (in target 'LCPermissionsKit' from project 'LCPermissionsKit')
cd /Users/admin/builder/spi-builder-workspace
write-file /Users/admin/builder/spi-builder-workspace/.derivedData/Build/Intermediates.noindex/LCPermissionsKit.build/Debug-watchos/LCPermissionsKit-t.build/Objects-normal/arm64_32/LCPermissionsKit_const_extract_protocols.json
WriteAuxiliaryFile /Users/admin/builder/spi-builder-workspace/.derivedData/Build/Intermediates.noindex/LCPermissionsKit.build/Debug-watchos/LCPermissionsKit-t.build/Objects-normal/arm64/LCPermissionsKit.SwiftConstValuesFileList (in target 'LCPermissionsKit' from project 'LCPermissionsKit')
cd /Users/admin/builder/spi-builder-workspace
write-file /Users/admin/builder/spi-builder-workspace/.derivedData/Build/Intermediates.noindex/LCPermissionsKit.build/Debug-watchos/LCPermissionsKit-t.build/Objects-normal/arm64/LCPermissionsKit.SwiftConstValuesFileList
WriteAuxiliaryFile /Users/admin/builder/spi-builder-workspace/.derivedData/Build/Intermediates.noindex/LCPermissionsKit.build/Debug-watchos/LCPermissionsKit-t.build/Objects-normal/arm64/LCPermissionsKit.SwiftFileList (in target 'LCPermissionsKit' from project 'LCPermissionsKit')
cd /Users/admin/builder/spi-builder-workspace
write-file /Users/admin/builder/spi-builder-workspace/.derivedData/Build/Intermediates.noindex/LCPermissionsKit.build/Debug-watchos/LCPermissionsKit-t.build/Objects-normal/arm64/LCPermissionsKit.SwiftFileList
WriteAuxiliaryFile /Users/admin/builder/spi-builder-workspace/.derivedData/Build/Intermediates.noindex/LCPermissionsKit.build/Debug-watchos/LCPermissionsKit-t.build/Objects-normal/arm64_32/LCPermissionsKit-OutputFileMap.json (in target 'LCPermissionsKit' from project 'LCPermissionsKit')
cd /Users/admin/builder/spi-builder-workspace
write-file /Users/admin/builder/spi-builder-workspace/.derivedData/Build/Intermediates.noindex/LCPermissionsKit.build/Debug-watchos/LCPermissionsKit-t.build/Objects-normal/arm64_32/LCPermissionsKit-OutputFileMap.json
WriteAuxiliaryFile /Users/admin/builder/spi-builder-workspace/.derivedData/Build/Intermediates.noindex/LCPermissionsKit.build/Debug-watchos/LCPermissionsKit-t.build/Objects-normal/arm64_32/LCPermissionsKit.LinkFileList (in target 'LCPermissionsKit' from project 'LCPermissionsKit')
cd /Users/admin/builder/spi-builder-workspace
write-file /Users/admin/builder/spi-builder-workspace/.derivedData/Build/Intermediates.noindex/LCPermissionsKit.build/Debug-watchos/LCPermissionsKit-t.build/Objects-normal/arm64_32/LCPermissionsKit.LinkFileList
WriteAuxiliaryFile /Users/admin/builder/spi-builder-workspace/.derivedData/Build/Intermediates.noindex/LCPermissionsKit.build/Debug-watchos/LCPermissionsKit-t.build/Objects-normal/arm64_32/LCPermissionsKit.SwiftFileList (in target 'LCPermissionsKit' from project 'LCPermissionsKit')
cd /Users/admin/builder/spi-builder-workspace
write-file /Users/admin/builder/spi-builder-workspace/.derivedData/Build/Intermediates.noindex/LCPermissionsKit.build/Debug-watchos/LCPermissionsKit-t.build/Objects-normal/arm64_32/LCPermissionsKit.SwiftFileList
WriteAuxiliaryFile /Users/admin/builder/spi-builder-workspace/.derivedData/Build/Intermediates.noindex/LCPermissionsKit.build/Debug-watchos/LCPermissionsKit-t.build/Objects-normal/arm64_32/LCPermissionsKit.SwiftConstValuesFileList (in target 'LCPermissionsKit' from project 'LCPermissionsKit')
cd /Users/admin/builder/spi-builder-workspace
write-file /Users/admin/builder/spi-builder-workspace/.derivedData/Build/Intermediates.noindex/LCPermissionsKit.build/Debug-watchos/LCPermissionsKit-t.build/Objects-normal/arm64_32/LCPermissionsKit.SwiftConstValuesFileList
WriteAuxiliaryFile /Users/admin/builder/spi-builder-workspace/.derivedData/Build/Intermediates.noindex/LCPermissionsKit.build/Debug-watchos/LCPermissionsKit-t.build/Objects-normal/arm64/LCPermissionsKit.LinkFileList (in target 'LCPermissionsKit' from project 'LCPermissionsKit')
cd /Users/admin/builder/spi-builder-workspace
write-file /Users/admin/builder/spi-builder-workspace/.derivedData/Build/Intermediates.noindex/LCPermissionsKit.build/Debug-watchos/LCPermissionsKit-t.build/Objects-normal/arm64/LCPermissionsKit.LinkFileList
WriteAuxiliaryFile /Users/admin/builder/spi-builder-workspace/.derivedData/Build/Intermediates.noindex/LCPermissionsKit.build/Debug-watchos/LCPermissionsKit-t.build/Objects-normal/arm64/LCPermissionsKit-OutputFileMap.json (in target 'LCPermissionsKit' from project 'LCPermissionsKit')
cd /Users/admin/builder/spi-builder-workspace
write-file /Users/admin/builder/spi-builder-workspace/.derivedData/Build/Intermediates.noindex/LCPermissionsKit.build/Debug-watchos/LCPermissionsKit-t.build/Objects-normal/arm64/LCPermissionsKit-OutputFileMap.json
WriteAuxiliaryFile /Users/admin/builder/spi-builder-workspace/.derivedData/Build/Intermediates.noindex/LCPermissionsKit.build/Debug-watchos/LCPermissionsKit-t.build/LCPermissionsKit.DependencyStaticMetadataFileList (in target 'LCPermissionsKit' from project 'LCPermissionsKit')
cd /Users/admin/builder/spi-builder-workspace
write-file /Users/admin/builder/spi-builder-workspace/.derivedData/Build/Intermediates.noindex/LCPermissionsKit.build/Debug-watchos/LCPermissionsKit-t.build/LCPermissionsKit.DependencyStaticMetadataFileList
WriteAuxiliaryFile /Users/admin/builder/spi-builder-workspace/.derivedData/Build/Intermediates.noindex/LCPermissionsKit.build/Debug-watchos/LCPermissionsKit-t.build/LCPermissionsKit.DependencyMetadataFileList (in target 'LCPermissionsKit' from project 'LCPermissionsKit')
cd /Users/admin/builder/spi-builder-workspace
write-file /Users/admin/builder/spi-builder-workspace/.derivedData/Build/Intermediates.noindex/LCPermissionsKit.build/Debug-watchos/LCPermissionsKit-t.build/LCPermissionsKit.DependencyMetadataFileList
Copy /Users/admin/builder/spi-builder-workspace/.derivedData/Build/Intermediates.noindex/GeneratedModuleMaps-watchos/LCPermissionsKit.modulemap /Users/admin/builder/spi-builder-workspace/.derivedData/Build/Intermediates.noindex/LCPermissionsKit.build/Debug-watchos/LCPermissionsKit-t.build/LCPermissionsKit.modulemap (in target 'LCPermissionsKit' from project 'LCPermissionsKit')
cd /Users/admin/builder/spi-builder-workspace
builtin-copy -exclude .DS_Store -exclude CVS -exclude .svn -exclude .git -exclude .hg -resolve-src-symlinks /Users/admin/builder/spi-builder-workspace/.derivedData/Build/Intermediates.noindex/LCPermissionsKit.build/Debug-watchos/LCPermissionsKit-t.build/LCPermissionsKit.modulemap /Users/admin/builder/spi-builder-workspace/.derivedData/Build/Intermediates.noindex/GeneratedModuleMaps-watchos
SwiftDriver LCPermissionsKit normal arm64 com.apple.xcode.tools.swift.compiler (in target 'LCPermissionsKit' from project 'LCPermissionsKit')
cd /Users/admin/builder/spi-builder-workspace/.swiftpm/xcode
builtin-SwiftDriver -- /Applications/Xcode-27.0.0-Release.Candidate.app/Contents/Developer/Toolchains/XcodeDefault.xctoolchain/usr/bin/swiftc -parse-as-library -module-name LCPermissionsKit -Onone @/Users/admin/builder/spi-builder-workspace/.derivedData/Build/Intermediates.noindex/LCPermissionsKit.build/Debug-watchos/LCPermissionsKit-t.build/Objects-normal/arm64/LCPermissionsKit.SwiftFileList -DSWIFT_PACKAGE -DDEBUG -DSWIFT_MODULE_RESOURCE_BUNDLE_UNAVAILABLE -DXcode -plugin-path /Applications/Xcode-27.0.0-Release.Candidate.app/Contents/Developer/Toolchains/XcodeDefault.xctoolchain/usr/lib/swift/host/plugins/testing -enable-experimental-feature DebugDescriptionMacro -sdk /Applications/Xcode-27.0.0-Release.Candidate.app/Contents/Developer/Platforms/WatchOS.platform/Developer/SDKs/WatchOS27.0.sdk -target arm64-apple-watchos9.0 -g -module-cache-path /Users/admin/builder/spi-builder-workspace/.derivedData/ModuleCache.noindex -Xfrontend -serialize-debugging-options -profile-coverage-mapping -profile-generate -enable-testing -index-store-path /Users/admin/builder/spi-builder-workspace/.derivedData/Index.noindex/DataStore -Xcc -D_LIBCPP_HARDENING_MODE\=_LIBCPP_HARDENING_MODE_DEBUG -swift-version 5 -I /Users/admin/builder/spi-builder-workspace/.derivedData/Build/Products/Debug-watchos -Isystem /Applications/Xcode-27.0.0-Release.Candidate.app/Contents/Developer/Platforms/WatchOS.platform/Developer/usr/lib -F /Users/admin/builder/spi-builder-workspace/.derivedData/Build/Products/Debug-watchos -F /Applications/Xcode-27.0.0-Release.Candidate.app/Contents/Developer/Platforms/WatchOS.platform/Developer/Library/Frameworks -F /Applications/Xcode-27.0.0-Release.Candidate.app/Contents/Developer/Platforms/WatchOS.platform/Developer/SDKs/WatchOS27.0.sdk/Developer/Library/Frameworks -c -j10 -enable-batch-mode -incremental -Xcc -ivfsstatcache -Xcc /Users/admin/builder/spi-builder-workspace/.derivedData/SDKStatCaches.noindex/watchos27.0-24R360-e829b21a6f8c9b70876ba0858053c04477534ef55a1706bf4c1112bbb242f0a2.sdkstatcache -output-file-map /Users/admin/builder/spi-builder-workspace/.derivedData/Build/Intermediates.noindex/LCPermissionsKit.build/Debug-watchos/LCPermissionsKit-t.build/Objects-normal/arm64/LCPermissionsKit-OutputFileMap.json -save-temps -no-color-diagnostics -explicit-module-build -module-cache-path /Users/admin/builder/spi-builder-workspace/.derivedData/Build/Intermediates.noindex/SwiftExplicitPrecompiledModules -clang-scanner-module-cache-path /Users/admin/builder/spi-builder-workspace/.derivedData/ModuleCache.noindex -sdk-module-cache-path /Users/admin/builder/spi-builder-workspace/.derivedData/SDKExplicitPrecompiledModules -emit-dependencies -emit-module -emit-module-path /Users/admin/builder/spi-builder-workspace/.derivedData/Build/Intermediates.noindex/LCPermissionsKit.build/Debug-watchos/LCPermissionsKit-t.build/Objects-normal/arm64/LCPermissionsKit.swiftmodule -serialize-diagnostics -dependency-scan-serialize-diagnostics-path /Users/admin/builder/spi-builder-workspace/.derivedData/Build/Intermediates.noindex/LCPermissionsKit.build/Debug-watchos/LCPermissionsKit-t.build/Objects-normal/arm64/LCPermissionsKit-dependency-scan.dia -validate-clang-modules-once -clang-build-session-file /Users/admin/builder/spi-builder-workspace/.derivedData/ModuleCache.noindex/Session.modulevalidation -Xcc -fmodules-prune-interval\=86400 -Xcc -fmodules-prune-after\=345600 -package-name spi_builder_workspace -emit-const-values -const-gather-protocols-list /Users/admin/builder/spi-builder-workspace/.derivedData/Build/Intermediates.noindex/LCPermissionsKit.build/Debug-watchos/LCPermissionsKit-t.build/Objects-normal/arm64/LCPermissionsKit_const_extract_protocols.json -Xcc -I/Users/admin/builder/spi-builder-workspace/.derivedData/Build/Products/Debug-watchos/include -Xcc -I/Users/admin/builder/spi-builder-workspace/.derivedData/Build/Intermediates.noindex/LCPermissionsKit.build/Debug-watchos/LCPermissionsKit-t.build/DerivedSources-normal/arm64 -Xcc -I/Users/admin/builder/spi-builder-workspace/.derivedData/Build/Intermediates.noindex/LCPermissionsKit.build/Debug-watchos/LCPermissionsKit-t.build/DerivedSources/arm64 -Xcc -I/Users/admin/builder/spi-builder-workspace/.derivedData/Build/Intermediates.noindex/LCPermissionsKit.build/Debug-watchos/LCPermissionsKit-t.build/DerivedSources -Xcc -DSWIFT_PACKAGE -Xcc -DDEBUG\=1 -emit-objc-header -emit-objc-header-path /Users/admin/builder/spi-builder-workspace/.derivedData/Build/Intermediates.noindex/LCPermissionsKit.build/Debug-watchos/LCPermissionsKit-t.build/Objects-normal/arm64/LCPermissionsKit-Swift.h -working-directory /Users/admin/builder/spi-builder-workspace/.swiftpm/xcode -experimental-emit-module-separately -disable-cmo
/Users/admin/builder/spi-builder-workspace/Sources/LCPermissionsKit/Private/Calendar/LCCalendarAuthorizer.swift:8:8: error: Unable to resolve module dependency: 'Cocoa' (in target 'LCPermissionsKit' from project 'LCPermissionsKit')
note: A dependency of main module 'LCPermissionsKit'
/Users/admin/builder/spi-builder-workspace/Sources/LCPermissionsKit/Private/Contacts/LCContactsAuthorizer.swift:8:8: note: Also imported here
/Users/admin/builder/spi-builder-workspace/Sources/LCPermissionsKit/Private/FullDiskAccess/LCFullDiskAccessAuthorizer.swift:8:8: note: Also imported here
/Users/admin/builder/spi-builder-workspace/Sources/LCPermissionsKit/Private/Photos/LCPhotosAuthorizer.swift:8:8: note: Also imported here
/Users/admin/builder/spi-builder-workspace/Sources/LCPermissionsKit/Private/Photos/LCPhotosAuthorizer.swift:9:8: error: Unable to resolve module dependency: 'Photos' (in target 'LCPermissionsKit' from project 'LCPermissionsKit')
note: A dependency of main module 'LCPermissionsKit'
/Users/admin/builder/spi-builder-workspace/Sources/LCPermissionsKit/Private/Calendar/LCCalendarAuthorizer.swift:8:8: note: A dependency of main module 'LCPermissionsKit'
import Cocoa
^ (in target 'LCPermissionsKit' from project 'LCPermissionsKit')
/Users/admin/builder/spi-builder-workspace/Sources/LCPermissionsKit/Private/Contacts/LCContactsAuthorizer.swift:8:8: note: Also imported here
import Cocoa
^ (in target 'LCPermissionsKit' from project 'LCPermissionsKit')
/Users/admin/builder/spi-builder-workspace/Sources/LCPermissionsKit/Private/FullDiskAccess/LCFullDiskAccessAuthorizer.swift:8:8: note: Also imported here
import Cocoa
^ (in target 'LCPermissionsKit' from project 'LCPermissionsKit')
/Users/admin/builder/spi-builder-workspace/Sources/LCPermissionsKit/Private/Photos/LCPhotosAuthorizer.swift:8:8: note: Also imported here
import Cocoa
^ (in target 'LCPermissionsKit' from project 'LCPermissionsKit')
/Users/admin/builder/spi-builder-workspace/Sources/LCPermissionsKit/Private/Photos/LCPhotosAuthorizer.swift:9:8: note: A dependency of main module 'LCPermissionsKit'
import Photos
^ (in target 'LCPermissionsKit' from project 'LCPermissionsKit')
SwiftDriver LCPermissionsKit normal arm64_32 com.apple.xcode.tools.swift.compiler (in target 'LCPermissionsKit' from project 'LCPermissionsKit')
cd /Users/admin/builder/spi-builder-workspace/.swiftpm/xcode
builtin-SwiftDriver -- /Applications/Xcode-27.0.0-Release.Candidate.app/Contents/Developer/Toolchains/XcodeDefault.xctoolchain/usr/bin/swiftc -parse-as-library -module-name LCPermissionsKit -Onone @/Users/admin/builder/spi-builder-workspace/.derivedData/Build/Intermediates.noindex/LCPermissionsKit.build/Debug-watchos/LCPermissionsKit-t.build/Objects-normal/arm64_32/LCPermissionsKit.SwiftFileList -DSWIFT_PACKAGE -DDEBUG -DSWIFT_MODULE_RESOURCE_BUNDLE_UNAVAILABLE -DXcode -plugin-path /Applications/Xcode-27.0.0-Release.Candidate.app/Contents/Developer/Toolchains/XcodeDefault.xctoolchain/usr/lib/swift/host/plugins/testing -enable-experimental-feature DebugDescriptionMacro -sdk /Applications/Xcode-27.0.0-Release.Candidate.app/Contents/Developer/Platforms/WatchOS.platform/Developer/SDKs/WatchOS27.0.sdk -target arm64_32-apple-watchos9.0 -g -module-cache-path /Users/admin/builder/spi-builder-workspace/.derivedData/ModuleCache.noindex -Xfrontend -serialize-debugging-options -profile-coverage-mapping -profile-generate -enable-testing -index-store-path /Users/admin/builder/spi-builder-workspace/.derivedData/Index.noindex/DataStore -Xcc -D_LIBCPP_HARDENING_MODE\=_LIBCPP_HARDENING_MODE_DEBUG -swift-version 5 -I /Users/admin/builder/spi-builder-workspace/.derivedData/Build/Products/Debug-watchos -Isystem /Applications/Xcode-27.0.0-Release.Candidate.app/Contents/Developer/Platforms/WatchOS.platform/Developer/usr/lib -F /Users/admin/builder/spi-builder-workspace/.derivedData/Build/Products/Debug-watchos -F /Applications/Xcode-27.0.0-Release.Candidate.app/Contents/Developer/Platforms/WatchOS.platform/Developer/Library/Frameworks -F /Applications/Xcode-27.0.0-Release.Candidate.app/Contents/Developer/Platforms/WatchOS.platform/Developer/SDKs/WatchOS27.0.sdk/Developer/Library/Frameworks -c -j10 -enable-batch-mode -incremental -Xcc -ivfsstatcache -Xcc /Users/admin/builder/spi-builder-workspace/.derivedData/SDKStatCaches.noindex/watchos27.0-24R360-e829b21a6f8c9b70876ba0858053c04477534ef55a1706bf4c1112bbb242f0a2.sdkstatcache -output-file-map /Users/admin/builder/spi-builder-workspace/.derivedData/Build/Intermediates.noindex/LCPermissionsKit.build/Debug-watchos/LCPermissionsKit-t.build/Objects-normal/arm64_32/LCPermissionsKit-OutputFileMap.json -save-temps -no-color-diagnostics -explicit-module-build -module-cache-path /Users/admin/builder/spi-builder-workspace/.derivedData/Build/Intermediates.noindex/SwiftExplicitPrecompiledModules -clang-scanner-module-cache-path /Users/admin/builder/spi-builder-workspace/.derivedData/ModuleCache.noindex -sdk-module-cache-path /Users/admin/builder/spi-builder-workspace/.derivedData/SDKExplicitPrecompiledModules -emit-dependencies -emit-module -emit-module-path /Users/admin/builder/spi-builder-workspace/.derivedData/Build/Intermediates.noindex/LCPermissionsKit.build/Debug-watchos/LCPermissionsKit-t.build/Objects-normal/arm64_32/LCPermissionsKit.swiftmodule -serialize-diagnostics -dependency-scan-serialize-diagnostics-path /Users/admin/builder/spi-builder-workspace/.derivedData/Build/Intermediates.noindex/LCPermissionsKit.build/Debug-watchos/LCPermissionsKit-t.build/Objects-normal/arm64_32/LCPermissionsKit-dependency-scan.dia -validate-clang-modules-once -clang-build-session-file /Users/admin/builder/spi-builder-workspace/.derivedData/ModuleCache.noindex/Session.modulevalidation -Xcc -fmodules-prune-interval\=86400 -Xcc -fmodules-prune-after\=345600 -package-name spi_builder_workspace -emit-const-values -const-gather-protocols-list /Users/admin/builder/spi-builder-workspace/.derivedData/Build/Intermediates.noindex/LCPermissionsKit.build/Debug-watchos/LCPermissionsKit-t.build/Objects-normal/arm64_32/LCPermissionsKit_const_extract_protocols.json -Xcc -I/Users/admin/builder/spi-builder-workspace/.derivedData/Build/Products/Debug-watchos/include -Xcc -I/Users/admin/builder/spi-builder-workspace/.derivedData/Build/Intermediates.noindex/LCPermissionsKit.build/Debug-watchos/LCPermissionsKit-t.build/DerivedSources-normal/arm64_32 -Xcc -I/Users/admin/builder/spi-builder-workspace/.derivedData/Build/Intermediates.noindex/LCPermissionsKit.build/Debug-watchos/LCPermissionsKit-t.build/DerivedSources/arm64_32 -Xcc -I/Users/admin/builder/spi-builder-workspace/.derivedData/Build/Intermediates.noindex/LCPermissionsKit.build/Debug-watchos/LCPermissionsKit-t.build/DerivedSources -Xcc -DSWIFT_PACKAGE -Xcc -DDEBUG\=1 -emit-objc-header -emit-objc-header-path /Users/admin/builder/spi-builder-workspace/.derivedData/Build/Intermediates.noindex/LCPermissionsKit.build/Debug-watchos/LCPermissionsKit-t.build/Objects-normal/arm64_32/LCPermissionsKit-Swift.h -working-directory /Users/admin/builder/spi-builder-workspace/.swiftpm/xcode -experimental-emit-module-separately -disable-cmo
/Users/admin/builder/spi-builder-workspace/Sources/LCPermissionsKit/Private/Calendar/LCCalendarAuthorizer.swift:8:8: error: Unable to resolve module dependency: 'Cocoa' (in target 'LCPermissionsKit' from project 'LCPermissionsKit')
note: A dependency of main module 'LCPermissionsKit'
/Users/admin/builder/spi-builder-workspace/Sources/LCPermissionsKit/Private/Contacts/LCContactsAuthorizer.swift:8:8: note: Also imported here
/Users/admin/builder/spi-builder-workspace/Sources/LCPermissionsKit/Private/FullDiskAccess/LCFullDiskAccessAuthorizer.swift:8:8: note: Also imported here
/Users/admin/builder/spi-builder-workspace/Sources/LCPermissionsKit/Private/Photos/LCPhotosAuthorizer.swift:8:8: note: Also imported here
/Users/admin/builder/spi-builder-workspace/Sources/LCPermissionsKit/Private/Photos/LCPhotosAuthorizer.swift:9:8: error: Unable to resolve module dependency: 'Photos' (in target 'LCPermissionsKit' from project 'LCPermissionsKit')
note: A dependency of main module 'LCPermissionsKit'
/Users/admin/builder/spi-builder-workspace/Sources/LCPermissionsKit/Private/Calendar/LCCalendarAuthorizer.swift:8:8: note: A dependency of main module 'LCPermissionsKit'
import Cocoa
^ (in target 'LCPermissionsKit' from project 'LCPermissionsKit')
/Users/admin/builder/spi-builder-workspace/Sources/LCPermissionsKit/Private/Contacts/LCContactsAuthorizer.swift:8:8: note: Also imported here
import Cocoa
^ (in target 'LCPermissionsKit' from project 'LCPermissionsKit')
/Users/admin/builder/spi-builder-workspace/Sources/LCPermissionsKit/Private/FullDiskAccess/LCFullDiskAccessAuthorizer.swift:8:8: note: Also imported here
import Cocoa
^ (in target 'LCPermissionsKit' from project 'LCPermissionsKit')
/Users/admin/builder/spi-builder-workspace/Sources/LCPermissionsKit/Private/Photos/LCPhotosAuthorizer.swift:8:8: note: Also imported here
import Cocoa
^ (in target 'LCPermissionsKit' from project 'LCPermissionsKit')
/Users/admin/builder/spi-builder-workspace/Sources/LCPermissionsKit/Private/Photos/LCPhotosAuthorizer.swift:9:8: note: A dependency of main module 'LCPermissionsKit'
import Photos
^ (in target 'LCPermissionsKit' from project 'LCPermissionsKit')
PruneExplicitPrecompiledModules /Users/admin/builder/spi-builder-workspace/.derivedData/Build/Intermediates.noindex/SwiftExplicitPrecompiledModules
PruneExplicitPrecompiledModules /Users/admin/builder/spi-builder-workspace/.derivedData/Build/Intermediates.noindex/ExplicitPrecompiledModules
PruneExplicitPrecompiledModules /Users/admin/builder/spi-builder-workspace/.derivedData/SDKExplicitPrecompiledModules
2026-09-23 14:07:07.760 xcodebuild[627:3882] [MT] IDERunDestination: Supported platforms for the buildables in the current scheme is empty.
** BUILD FAILED **
The following build commands failed:
SwiftDriver LCPermissionsKit normal arm64 com.apple.xcode.tools.swift.compiler (in target 'LCPermissionsKit' from project 'LCPermissionsKit')
SwiftDriver LCPermissionsKit normal arm64_32 com.apple.xcode.tools.swift.compiler (in target 'LCPermissionsKit' from project 'LCPermissionsKit')
Building workspace LCPermissionsKit with scheme LCPermissionsKit
(3 failures)
Command line invocation:
/Applications/Xcode-27.0.0-Release.Candidate.app/Contents/Developer/usr/bin/xcodebuild -IDEClonedSourcePackagesDirPathOverride=/Users/admin/builder/spi-builder-workspace/.dependencies -resolvePackageDependencies
Resolve Package Graph
Resolved source packages:
LCPermissionsKit: /Users/admin/builder/spi-builder-workspace
resolved source packages: LCPermissionsKit
2026-09-23 14:07:10.830 xcodebuild[662:4248] [MT] IDERunDestination: Supported platforms for the buildables in the current scheme is empty.
{
"dependencies" : [
],
"manifest_display_name" : "LCPermissionsKit",
"name" : "LCPermissionsKit",
"path" : "/Users/admin/builder/spi-builder-workspace",
"platforms" : [
{
"name" : "macos",
"version" : "10.15"
}
],
"products" : [
{
"name" : "LCPermissionsKit",
"targets" : [
"LCPermissionsKit"
],
"type" : {
"library" : [
"automatic"
]
}
}
],
"targets" : [
{
"c99name" : "LCPermissionsKitTests",
"module_type" : "SwiftTarget",
"name" : "LCPermissionsKitTests",
"path" : "Tests/LCPermissionsKitTests",
"sources" : [
"LCPermissionsKitTests.swift"
],
"target_dependencies" : [
"LCPermissionsKit"
],
"type" : "test"
},
{
"c99name" : "LCPermissionsKit",
"module_type" : "SwiftTarget",
"name" : "LCPermissionsKit",
"path" : "Sources/LCPermissionsKit",
"product_memberships" : [
"LCPermissionsKit"
],
"sources" : [
"Private/Calendar/LCCalendarAuthorizer.swift",
"Private/Contacts/LCContactsAuthorization.swift",
"Private/Contacts/LCContactsAuthorizer.swift",
"Private/FullDiskAccess/LCFullDiskAccessAuthorizer.swift",
"Private/LCAuthorizer.swift",
"Private/Photos/LCPhotosAuthorizer.swift",
"Pubilc/LCAuthorizationStatus.swift",
"Pubilc/LCPermissionType.swift",
"Pubilc/LCPermissionsKit.swift"
],
"type" : "library"
}
],
"tools_version" : "5.10"
}
{
"workspace" : {
"name" : "LCPermissionsKit",
"schemes" : [
"LCPermissionsKit"
]
}
}
2026-09-23 14:07:12.024 xcodebuild[681:4386] [MT] IDERunDestination: Supported platforms for the buildables in the current scheme is empty.
Running build ...
env DEVELOPER_DIR=/Applications/Xcode-27.0.0-Release.Candidate.app xcrun xcodebuild -IDEClonedSourcePackagesDirPathOverride=$PWD/.dependencies -skipMacroValidation -skipPackagePluginValidation -derivedDataPath $PWD/.derivedData build -scheme LCPermissionsKit -destination generic/platform=watchOS
Command line invocation:
/Applications/Xcode-27.0.0-Release.Candidate.app/Contents/Developer/usr/bin/xcodebuild -IDEClonedSourcePackagesDirPathOverride=/Users/admin/builder/spi-builder-workspace/.dependencies -skipMacroValidation -skipPackagePluginValidation -derivedDataPath /Users/admin/builder/spi-builder-workspace/.derivedData build -scheme LCPermissionsKit -destination generic/platform=watchOS
Resolve Package Graph
Resolved source packages:
LCPermissionsKit: /Users/admin/builder/spi-builder-workspace
ComputePackagePrebuildTargetDependencyGraph
Prepare packages
CreateBuildRequest
SendProjectDescription
CreateBuildOperation
ComputeTargetDependencyGraph
note: Building targets in dependency order
note: Target dependency graph (2 targets)
Target 'LCPermissionsKit-product' in project 'LCPermissionsKit'
➜ Explicit dependency on target 'LCPermissionsKit' in project 'LCPermissionsKit'
Target 'LCPermissionsKit' in project 'LCPermissionsKit' (no dependencies)
GatherProvisioningInputs
CreateBuildDescription
ClangStatCache /Applications/Xcode-27.0.0-Release.Candidate.app/Contents/Developer/Toolchains/XcodeDefault.xctoolchain/usr/bin/clang-stat-cache /Applications/Xcode-27.0.0-Release.Candidate.app/Contents/Developer/Platforms/WatchOS.platform/Developer/SDKs/WatchOS27.0.sdk /Users/admin/builder/spi-builder-workspace/.derivedData/SDKStatCaches.noindex/watchos27.0-24R360-e829b21a6f8c9b70876ba0858053c04477534ef55a1706bf4c1112bbb242f0a2.sdkstatcache
cd /Users/admin/builder/spi-builder-workspace/.swiftpm/xcode
/Applications/Xcode-27.0.0-Release.Candidate.app/Contents/Developer/Toolchains/XcodeDefault.xctoolchain/usr/bin/clang-stat-cache /Applications/Xcode-27.0.0-Release.Candidate.app/Contents/Developer/Platforms/WatchOS.platform/Developer/SDKs/WatchOS27.0.sdk -o /Users/admin/builder/spi-builder-workspace/.derivedData/SDKStatCaches.noindex/watchos27.0-24R360-e829b21a6f8c9b70876ba0858053c04477534ef55a1706bf4c1112bbb242f0a2.sdkstatcache
SwiftDriver LCPermissionsKit normal arm64_32 com.apple.xcode.tools.swift.compiler (in target 'LCPermissionsKit' from project 'LCPermissionsKit')
cd /Users/admin/builder/spi-builder-workspace/.swiftpm/xcode
builtin-SwiftDriver -- /Applications/Xcode-27.0.0-Release.Candidate.app/Contents/Developer/Toolchains/XcodeDefault.xctoolchain/usr/bin/swiftc -parse-as-library -module-name LCPermissionsKit -Onone @/Users/admin/builder/spi-builder-workspace/.derivedData/Build/Intermediates.noindex/LCPermissionsKit.build/Debug-watchos/LCPermissionsKit-t.build/Objects-normal/arm64_32/LCPermissionsKit.SwiftFileList -DSWIFT_PACKAGE -DDEBUG -DSWIFT_MODULE_RESOURCE_BUNDLE_UNAVAILABLE -DXcode -plugin-path /Applications/Xcode-27.0.0-Release.Candidate.app/Contents/Developer/Toolchains/XcodeDefault.xctoolchain/usr/lib/swift/host/plugins/testing -enable-experimental-feature DebugDescriptionMacro -sdk /Applications/Xcode-27.0.0-Release.Candidate.app/Contents/Developer/Platforms/WatchOS.platform/Developer/SDKs/WatchOS27.0.sdk -target arm64_32-apple-watchos9.0 -g -module-cache-path /Users/admin/builder/spi-builder-workspace/.derivedData/ModuleCache.noindex -Xfrontend -serialize-debugging-options -profile-coverage-mapping -profile-generate -enable-testing -index-store-path /Users/admin/builder/spi-builder-workspace/.derivedData/Index.noindex/DataStore -Xcc -D_LIBCPP_HARDENING_MODE\=_LIBCPP_HARDENING_MODE_DEBUG -swift-version 5 -I /Users/admin/builder/spi-builder-workspace/.derivedData/Build/Products/Debug-watchos -Isystem /Applications/Xcode-27.0.0-Release.Candidate.app/Contents/Developer/Platforms/WatchOS.platform/Developer/usr/lib -F /Users/admin/builder/spi-builder-workspace/.derivedData/Build/Products/Debug-watchos -F /Applications/Xcode-27.0.0-Release.Candidate.app/Contents/Developer/Platforms/WatchOS.platform/Developer/Library/Frameworks -F /Applications/Xcode-27.0.0-Release.Candidate.app/Contents/Developer/Platforms/WatchOS.platform/Developer/SDKs/WatchOS27.0.sdk/Developer/Library/Frameworks -c -j10 -enable-batch-mode -incremental -Xcc -ivfsstatcache -Xcc /Users/admin/builder/spi-builder-workspace/.derivedData/SDKStatCaches.noindex/watchos27.0-24R360-e829b21a6f8c9b70876ba0858053c04477534ef55a1706bf4c1112bbb242f0a2.sdkstatcache -output-file-map /Users/admin/builder/spi-builder-workspace/.derivedData/Build/Intermediates.noindex/LCPermissionsKit.build/Debug-watchos/LCPermissionsKit-t.build/Objects-normal/arm64_32/LCPermissionsKit-OutputFileMap.json -save-temps -no-color-diagnostics -explicit-module-build -module-cache-path /Users/admin/builder/spi-builder-workspace/.derivedData/Build/Intermediates.noindex/SwiftExplicitPrecompiledModules -clang-scanner-module-cache-path /Users/admin/builder/spi-builder-workspace/.derivedData/ModuleCache.noindex -sdk-module-cache-path /Users/admin/builder/spi-builder-workspace/.derivedData/SDKExplicitPrecompiledModules -emit-dependencies -emit-module -emit-module-path /Users/admin/builder/spi-builder-workspace/.derivedData/Build/Intermediates.noindex/LCPermissionsKit.build/Debug-watchos/LCPermissionsKit-t.build/Objects-normal/arm64_32/LCPermissionsKit.swiftmodule -serialize-diagnostics -dependency-scan-serialize-diagnostics-path /Users/admin/builder/spi-builder-workspace/.derivedData/Build/Intermediates.noindex/LCPermissionsKit.build/Debug-watchos/LCPermissionsKit-t.build/Objects-normal/arm64_32/LCPermissionsKit-dependency-scan.dia -validate-clang-modules-once -clang-build-session-file /Users/admin/builder/spi-builder-workspace/.derivedData/ModuleCache.noindex/Session.modulevalidation -Xcc -fmodules-prune-interval\=86400 -Xcc -fmodules-prune-after\=345600 -package-name spi_builder_workspace -emit-const-values -const-gather-protocols-list /Users/admin/builder/spi-builder-workspace/.derivedData/Build/Intermediates.noindex/LCPermissionsKit.build/Debug-watchos/LCPermissionsKit-t.build/Objects-normal/arm64_32/LCPermissionsKit_const_extract_protocols.json -Xcc -I/Users/admin/builder/spi-builder-workspace/.derivedData/Build/Products/Debug-watchos/include -Xcc -I/Users/admin/builder/spi-builder-workspace/.derivedData/Build/Intermediates.noindex/LCPermissionsKit.build/Debug-watchos/LCPermissionsKit-t.build/DerivedSources-normal/arm64_32 -Xcc -I/Users/admin/builder/spi-builder-workspace/.derivedData/Build/Intermediates.noindex/LCPermissionsKit.build/Debug-watchos/LCPermissionsKit-t.build/DerivedSources/arm64_32 -Xcc -I/Users/admin/builder/spi-builder-workspace/.derivedData/Build/Intermediates.noindex/LCPermissionsKit.build/Debug-watchos/LCPermissionsKit-t.build/DerivedSources -Xcc -DSWIFT_PACKAGE -Xcc -DDEBUG\=1 -emit-objc-header -emit-objc-header-path /Users/admin/builder/spi-builder-workspace/.derivedData/Build/Intermediates.noindex/LCPermissionsKit.build/Debug-watchos/LCPermissionsKit-t.build/Objects-normal/arm64_32/LCPermissionsKit-Swift.h -working-directory /Users/admin/builder/spi-builder-workspace/.swiftpm/xcode -experimental-emit-module-separately -disable-cmo
/Users/admin/builder/spi-builder-workspace/Sources/LCPermissionsKit/Private/Calendar/LCCalendarAuthorizer.swift:8:8: error: Unable to resolve module dependency: 'Cocoa' (in target 'LCPermissionsKit' from project 'LCPermissionsKit')
note: A dependency of main module 'LCPermissionsKit'
/Users/admin/builder/spi-builder-workspace/Sources/LCPermissionsKit/Private/Contacts/LCContactsAuthorizer.swift:8:8: note: Also imported here
/Users/admin/builder/spi-builder-workspace/Sources/LCPermissionsKit/Private/FullDiskAccess/LCFullDiskAccessAuthorizer.swift:8:8: note: Also imported here
/Users/admin/builder/spi-builder-workspace/Sources/LCPermissionsKit/Private/Photos/LCPhotosAuthorizer.swift:8:8: note: Also imported here
/Users/admin/builder/spi-builder-workspace/Sources/LCPermissionsKit/Private/Photos/LCPhotosAuthorizer.swift:9:8: error: Unable to resolve module dependency: 'Photos' (in target 'LCPermissionsKit' from project 'LCPermissionsKit')
note: A dependency of main module 'LCPermissionsKit'
/Users/admin/builder/spi-builder-workspace/Sources/LCPermissionsKit/Private/Calendar/LCCalendarAuthorizer.swift:8:8: note: A dependency of main module 'LCPermissionsKit'
import Cocoa
^ (in target 'LCPermissionsKit' from project 'LCPermissionsKit')
/Users/admin/builder/spi-builder-workspace/Sources/LCPermissionsKit/Private/Contacts/LCContactsAuthorizer.swift:8:8: note: Also imported here
import Cocoa
^ (in target 'LCPermissionsKit' from project 'LCPermissionsKit')
/Users/admin/builder/spi-builder-workspace/Sources/LCPermissionsKit/Private/FullDiskAccess/LCFullDiskAccessAuthorizer.swift:8:8: note: Also imported here
import Cocoa
^ (in target 'LCPermissionsKit' from project 'LCPermissionsKit')
/Users/admin/builder/spi-builder-workspace/Sources/LCPermissionsKit/Private/Photos/LCPhotosAuthorizer.swift:8:8: note: Also imported here
import Cocoa
^ (in target 'LCPermissionsKit' from project 'LCPermissionsKit')
/Users/admin/builder/spi-builder-workspace/Sources/LCPermissionsKit/Private/Photos/LCPhotosAuthorizer.swift:9:8: note: A dependency of main module 'LCPermissionsKit'
import Photos
^ (in target 'LCPermissionsKit' from project 'LCPermissionsKit')
SwiftDriver LCPermissionsKit normal arm64 com.apple.xcode.tools.swift.compiler (in target 'LCPermissionsKit' from project 'LCPermissionsKit')
cd /Users/admin/builder/spi-builder-workspace/.swiftpm/xcode
builtin-SwiftDriver -- /Applications/Xcode-27.0.0-Release.Candidate.app/Contents/Developer/Toolchains/XcodeDefault.xctoolchain/usr/bin/swiftc -parse-as-library -module-name LCPermissionsKit -Onone @/Users/admin/builder/spi-builder-workspace/.derivedData/Build/Intermediates.noindex/LCPermissionsKit.build/Debug-watchos/LCPermissionsKit-t.build/Objects-normal/arm64/LCPermissionsKit.SwiftFileList -DSWIFT_PACKAGE -DDEBUG -DSWIFT_MODULE_RESOURCE_BUNDLE_UNAVAILABLE -DXcode -plugin-path /Applications/Xcode-27.0.0-Release.Candidate.app/Contents/Developer/Toolchains/XcodeDefault.xctoolchain/usr/lib/swift/host/plugins/testing -enable-experimental-feature DebugDescriptionMacro -sdk /Applications/Xcode-27.0.0-Release.Candidate.app/Contents/Developer/Platforms/WatchOS.platform/Developer/SDKs/WatchOS27.0.sdk -target arm64-apple-watchos9.0 -g -module-cache-path /Users/admin/builder/spi-builder-workspace/.derivedData/ModuleCache.noindex -Xfrontend -serialize-debugging-options -profile-coverage-mapping -profile-generate -enable-testing -index-store-path /Users/admin/builder/spi-builder-workspace/.derivedData/Index.noindex/DataStore -Xcc -D_LIBCPP_HARDENING_MODE\=_LIBCPP_HARDENING_MODE_DEBUG -swift-version 5 -I /Users/admin/builder/spi-builder-workspace/.derivedData/Build/Products/Debug-watchos -Isystem /Applications/Xcode-27.0.0-Release.Candidate.app/Contents/Developer/Platforms/WatchOS.platform/Developer/usr/lib -F /Users/admin/builder/spi-builder-workspace/.derivedData/Build/Products/Debug-watchos -F /Applications/Xcode-27.0.0-Release.Candidate.app/Contents/Developer/Platforms/WatchOS.platform/Developer/Library/Frameworks -F /Applications/Xcode-27.0.0-Release.Candidate.app/Contents/Developer/Platforms/WatchOS.platform/Developer/SDKs/WatchOS27.0.sdk/Developer/Library/Frameworks -c -j10 -enable-batch-mode -incremental -Xcc -ivfsstatcache -Xcc /Users/admin/builder/spi-builder-workspace/.derivedData/SDKStatCaches.noindex/watchos27.0-24R360-e829b21a6f8c9b70876ba0858053c04477534ef55a1706bf4c1112bbb242f0a2.sdkstatcache -output-file-map /Users/admin/builder/spi-builder-workspace/.derivedData/Build/Intermediates.noindex/LCPermissionsKit.build/Debug-watchos/LCPermissionsKit-t.build/Objects-normal/arm64/LCPermissionsKit-OutputFileMap.json -save-temps -no-color-diagnostics -explicit-module-build -module-cache-path /Users/admin/builder/spi-builder-workspace/.derivedData/Build/Intermediates.noindex/SwiftExplicitPrecompiledModules -clang-scanner-module-cache-path /Users/admin/builder/spi-builder-workspace/.derivedData/ModuleCache.noindex -sdk-module-cache-path /Users/admin/builder/spi-builder-workspace/.derivedData/SDKExplicitPrecompiledModules -emit-dependencies -emit-module -emit-module-path /Users/admin/builder/spi-builder-workspace/.derivedData/Build/Intermediates.noindex/LCPermissionsKit.build/Debug-watchos/LCPermissionsKit-t.build/Objects-normal/arm64/LCPermissionsKit.swiftmodule -serialize-diagnostics -dependency-scan-serialize-diagnostics-path /Users/admin/builder/spi-builder-workspace/.derivedData/Build/Intermediates.noindex/LCPermissionsKit.build/Debug-watchos/LCPermissionsKit-t.build/Objects-normal/arm64/LCPermissionsKit-dependency-scan.dia -validate-clang-modules-once -clang-build-session-file /Users/admin/builder/spi-builder-workspace/.derivedData/ModuleCache.noindex/Session.modulevalidation -Xcc -fmodules-prune-interval\=86400 -Xcc -fmodules-prune-after\=345600 -package-name spi_builder_workspace -emit-const-values -const-gather-protocols-list /Users/admin/builder/spi-builder-workspace/.derivedData/Build/Intermediates.noindex/LCPermissionsKit.build/Debug-watchos/LCPermissionsKit-t.build/Objects-normal/arm64/LCPermissionsKit_const_extract_protocols.json -Xcc -I/Users/admin/builder/spi-builder-workspace/.derivedData/Build/Products/Debug-watchos/include -Xcc -I/Users/admin/builder/spi-builder-workspace/.derivedData/Build/Intermediates.noindex/LCPermissionsKit.build/Debug-watchos/LCPermissionsKit-t.build/DerivedSources-normal/arm64 -Xcc -I/Users/admin/builder/spi-builder-workspace/.derivedData/Build/Intermediates.noindex/LCPermissionsKit.build/Debug-watchos/LCPermissionsKit-t.build/DerivedSources/arm64 -Xcc -I/Users/admin/builder/spi-builder-workspace/.derivedData/Build/Intermediates.noindex/LCPermissionsKit.build/Debug-watchos/LCPermissionsKit-t.build/DerivedSources -Xcc -DSWIFT_PACKAGE -Xcc -DDEBUG\=1 -emit-objc-header -emit-objc-header-path /Users/admin/builder/spi-builder-workspace/.derivedData/Build/Intermediates.noindex/LCPermissionsKit.build/Debug-watchos/LCPermissionsKit-t.build/Objects-normal/arm64/LCPermissionsKit-Swift.h -working-directory /Users/admin/builder/spi-builder-workspace/.swiftpm/xcode -experimental-emit-module-separately -disable-cmo
/Users/admin/builder/spi-builder-workspace/Sources/LCPermissionsKit/Private/Calendar/LCCalendarAuthorizer.swift:8:8: error: Unable to resolve module dependency: 'Cocoa' (in target 'LCPermissionsKit' from project 'LCPermissionsKit')
note: A dependency of main module 'LCPermissionsKit'
/Users/admin/builder/spi-builder-workspace/Sources/LCPermissionsKit/Private/Contacts/LCContactsAuthorizer.swift:8:8: note: Also imported here
/Users/admin/builder/spi-builder-workspace/Sources/LCPermissionsKit/Private/FullDiskAccess/LCFullDiskAccessAuthorizer.swift:8:8: note: Also imported here
/Users/admin/builder/spi-builder-workspace/Sources/LCPermissionsKit/Private/Photos/LCPhotosAuthorizer.swift:8:8: note: Also imported here
/Users/admin/builder/spi-builder-workspace/Sources/LCPermissionsKit/Private/Photos/LCPhotosAuthorizer.swift:9:8: error: Unable to resolve module dependency: 'Photos' (in target 'LCPermissionsKit' from project 'LCPermissionsKit')
note: A dependency of main module 'LCPermissionsKit'
/Users/admin/builder/spi-builder-workspace/Sources/LCPermissionsKit/Private/Calendar/LCCalendarAuthorizer.swift:8:8: note: A dependency of main module 'LCPermissionsKit'
import Cocoa
^ (in target 'LCPermissionsKit' from project 'LCPermissionsKit')
/Users/admin/builder/spi-builder-workspace/Sources/LCPermissionsKit/Private/Contacts/LCContactsAuthorizer.swift:8:8: note: Also imported here
import Cocoa
^ (in target 'LCPermissionsKit' from project 'LCPermissionsKit')
/Users/admin/builder/spi-builder-workspace/Sources/LCPermissionsKit/Private/FullDiskAccess/LCFullDiskAccessAuthorizer.swift:8:8: note: Also imported here
import Cocoa
^ (in target 'LCPermissionsKit' from project 'LCPermissionsKit')
/Users/admin/builder/spi-builder-workspace/Sources/LCPermissionsKit/Private/Photos/LCPhotosAuthorizer.swift:8:8: note: Also imported here
import Cocoa
^ (in target 'LCPermissionsKit' from project 'LCPermissionsKit')
/Users/admin/builder/spi-builder-workspace/Sources/LCPermissionsKit/Private/Photos/LCPhotosAuthorizer.swift:9:8: note: A dependency of main module 'LCPermissionsKit'
import Photos
^ (in target 'LCPermissionsKit' from project 'LCPermissionsKit')
PruneExplicitPrecompiledModules /Users/admin/builder/spi-builder-workspace/.derivedData/Build/Intermediates.noindex/ExplicitPrecompiledModules
PruneExplicitPrecompiledModules /Users/admin/builder/spi-builder-workspace/.derivedData/Build/Intermediates.noindex/SwiftExplicitPrecompiledModules
PruneExplicitPrecompiledModules /Users/admin/builder/spi-builder-workspace/.derivedData/SDKExplicitPrecompiledModules
2026-09-23 14:07:13.003 xcodebuild[682:4412] [MT] IDERunDestination: Supported platforms for the buildables in the current scheme is empty.
** BUILD FAILED **
The following build commands failed:
SwiftDriver LCPermissionsKit normal arm64_32 com.apple.xcode.tools.swift.compiler (in target 'LCPermissionsKit' from project 'LCPermissionsKit')
SwiftDriver LCPermissionsKit normal arm64 com.apple.xcode.tools.swift.compiler (in target 'LCPermissionsKit' from project 'LCPermissionsKit')
Building workspace LCPermissionsKit with scheme LCPermissionsKit
(3 failures)
BUILD FAILURE 6.4 watchOS